119.12.178.116 - - [16/Apr/2026:12:56:25 -0600] "GET /wp-content/plugins/ninja-forms/assets/js/min/front-end.js?ver=3.14.2 HTTP/1.1" 200 115974 "https://thelomad.com/medical-treatment-guidelines-and-other-helpful-links/" "Mozilla/5.0 (X11; Linux x86_64) AppleWebKit/537.36 (KHTML, like Gecko) HeadlessChrome/106.0.5249.30 Safari/537.36"
119.12.176.92 - - [16/Apr/2026:12:56:25 -0600] "GET /wp-content/plugins/ninja-forms-multi-part/assets/js/min/front-end.js?ver=3.0.26 HTTP/1.1" 200 13131 "https://thelomad.com/lomad-vip/" "Mozilla/5.0 (X11; Linux x86_64) AppleWebKit/537.36 (KHTML, like Gecko) HeadlessChrome/106.0.5249.30 Safari/537.36"
161.123.164.150 - - [16/Apr/2026:12:56:25 -0600] "GET /wp-content/themes/Divi/includes/builder/feature/dynamic-assets/assets/js/sticky-elements.js?ver=4.27.6 HTTP/1.1" 200 209183 "https://thelomad.com/lomad-vip/" "Mozilla/5.0 (X11; Linux x86_64) AppleWebKit/537.36 (KHTML, like Gecko) HeadlessChrome/106.0.5249.30 Safari/537.36"
139.5.104.130 - - [16/Apr/2026:12:56:25 -0600] "GET /wp-content/themes/Divi/includes/builder/feature/dynamic-assets/assets/js/magnific-popup.js HTTP/1.1" 200 22272 "https://thelomad.com/lomad-vip/" "Mozilla/5.0 (X11; Linux x86_64) AppleWebKit/537.36 (KHTML, like Gecko) HeadlessChrome/106.0.5249.30 Safari/537.36"
94.176.80.49 - - [16/Apr/2026:12:56:25 -0600] "GET /wp-content/plugins/w3-total-cache/pub/js/lazyload.min.js HTTP/1.1" 200 7462 "https://thelomad.com/lomad-vip/" "Mozilla/5.0 (X11; Linux x86_64) AppleWebKit/537.36 (KHTML, like Gecko) HeadlessChrome/106.0.5249.30 Safari/537.36"
173.44.58.143 - - [16/Apr/2026:12:56:19 -0600] "GET /disclaimer/ HTTP/1.1" 301 - "-" "Mozilla/5.0 (X11; Linux x86_64) AppleWebKit/537.36 (KHTML, like Gecko) HeadlessChrome/106.0.5249.30 Safari/537.36"
180.149.20.45 - - [16/Apr/2026:12:56:21 -0600] "GET /the-teams/ HTTP/1.1" 301 - "-" "Mozilla/5.0 (X11; Linux x86_64) AppleWebKit/537.36 (KHTML, like Gecko) HeadlessChrome/106.0.5249.30 Safari/537.36"
152.39.212.189 - - [16/Apr/2026:12:56:21 -0600] "GET /about/ HTTP/1.1" 301 - "-" "Mozilla/5.0 (X11; Linux x86_64) AppleWebKit/537.36 (KHTML, like Gecko) HeadlessChrome/106.0.5249.30 Safari/537.36"
180.149.20.45 - - [16/Apr/2026:12:56:27 -0600] "GET /the-team/ HTTP/1.1" 200 63332 "-" "Mozilla/5.0 (X11; Linux x86_64) AppleWebKit/537.36 (KHTML, like Gecko) HeadlessChrome/106.0.5249.30 Safari/537.36"
180.149.20.45 - - [16/Apr/2026:12:56:28 -0600] "GET /wp-includes/js/jquery/jquery.min.js?ver=3.7.1 HTTP/1.1" 200 87553 "https://thelomad.com/the-team/" "Mozilla/5.0 (X11; Linux x86_64) AppleWebKit/537.36 (KHTML, like Gecko) HeadlessChrome/106.0.5249.30 Safari/537.36"
213.188.83.228 - - [16/Apr/2026:12:56:28 -0600] "GET /wp-includes/js/jquery/jquery-migrate.min.js?ver=3.4.1 HTTP/1.1" 200 13577 "https://thelomad.com/the-team/" "Mozilla/5.0 (X11; Linux x86_64) AppleWebKit/537.36 (KHTML, like Gecko) HeadlessChrome/106.0.5249.30 Safari/537.36"
213.188.83.228 - - [16/Apr/2026:12:56:28 -0600] "GET /wp-content/plugins/pdf-viewer-for-wordpress/tnc-resources/modaal.min.js?ver=12.5.5 HTTP/1.1" 200 20301 "https://thelomad.com/the-team/" "Mozilla/5.0 (X11; Linux x86_64) AppleWebKit/537.36 (KHTML, like Gecko) HeadlessChrome/106.0.5249.30 Safari/537.36"
180.149.20.45 - - [16/Apr/2026:12:56:28 -0600] "GET /wp-content/plugins/pdf-viewer-for-wordpress/tnc-resources/custom-modal.js?ver=12.5.5 HTTP/1.1" 200 185 "https://thelomad.com/the-team/" "Mozilla/5.0 (X11; Linux x86_64) AppleWebKit/537.36 (KHTML, like Gecko) HeadlessChrome/106.0.5249.30 Safari/537.36"
180.149.20.45 - - [16/Apr/2026:12:56:28 -0600] "GET /wp-content/plugins/addons-for-divi/assets/libs/slick/slick.min.js?ver=4.2.2 HTTP/1.1" 200 43245 "https://thelomad.com/the-team/" "Mozilla/5.0 (X11; Linux x86_64) AppleWebKit/537.36 (KHTML, like Gecko) HeadlessChrome/106.0.5249.30 Safari/537.36"
213.188.83.228 - - [16/Apr/2026:12:56:28 -0600] "GET /wp-content/plugins/addons-for-divi/assets/libs/magnific-popup/magnific-popup.js?ver=4.2.2 HTTP/1.1" 200 43807 "https://thelomad.com/the-team/" "Mozilla/5.0 (X11; Linux x86_64) AppleWebKit/537.36 (KHTML, like Gecko) HeadlessChrome/106.0.5249.30 Safari/537.36"
204.44.108.149 - - [16/Apr/2026:12:56:28 -0600] "GET /wp-content/plugins/addons-for-divi/assets/libs/counter-up/counter-up.min.js?ver=4.2.2 HTTP/1.1" 200 1928 "https://thelomad.com/the-team/" "Mozilla/5.0 (X11; Linux x86_64) AppleWebKit/537.36 (KHTML, like Gecko) HeadlessChrome/106.0.5249.30 Safari/537.36"
180.149.20.45 - - [16/Apr/2026:12:56:28 -0600] "GET /wp-content/plugins/addons-for-divi/assets/js/frontend.js?ver=4.2.2 HTTP/1.1" 200 5006 "https://thelomad.com/the-team/" "Mozilla/5.0 (X11; Linux x86_64) AppleWebKit/537.36 (KHTML, like Gecko) HeadlessChrome/106.0.5249.30 Safari/537.36"
213.188.83.228 - - [16/Apr/2026:12:56:28 -0600] "GET /wp-content/plugins/addons-for-divi/assets/deprecated/popup.min.js?ver=4.2.2 HTTP/1.1" 200 4825 "https://thelomad.com/the-team/" "Mozilla/5.0 (X11; Linux x86_64) AppleWebKit/537.36 (KHTML, like Gecko) HeadlessChrome/106.0.5249.30 Safari/537.36"
204.44.108.149 - - [16/Apr/2026:12:56:28 -0600] "GET /wp-content/themes/Divi/includes/builder/feature/dynamic-assets/assets/js/jquery.fitvids.js?ver=4.27.6 HTTP/1.1" 200 3349 "https://thelomad.com/the-team/" "Mozilla/5.0 (X11; Linux x86_64) AppleWebKit/537.36 (KHTML, like Gecko) HeadlessChrome/106.0.5249.30 Safari/537.36"
119.12.192.118 - - [16/Apr/2026:12:56:28 -0600] "GET /wp-content/plugins/pojo-accessibility/modules/legacy/assets/js/app.min.js?ver=1.0.0 HTTP/1.1" 200 5313 "https://thelomad.com/the-team/" "Mozilla/5.0 (X11; Linux x86_64) AppleWebKit/537.36 (KHTML, like Gecko) HeadlessChrome/106.0.5249.30 Safari/537.36"
180.149.20.45 - - [16/Apr/2026:12:56:28 -0600] "GET /wp-content/plugins/breadcrumbs-divi-module/scripts/frontend-bundle.min.js?ver=1.2.4 HTTP/1.1" 200 560 "https://thelomad.com/the-team/" "Mozilla/5.0 (X11; Linux x86_64) AppleWebKit/537.36 (KHTML, like Gecko) HeadlessChrome/106.0.5249.30 Safari/537.36"
119.12.187.239 - - [16/Apr/2026:12:56:28 -0600] "GET /wp-content/themes/Divi/js/scripts.min.js?ver=4.27.6 HTTP/1.1" 200 274461 "https://thelomad.com/the-team/" "Mozilla/5.0 (X11; Linux x86_64) AppleWebKit/537.36 (KHTML, like Gecko) HeadlessChrome/106.0.5249.30 Safari/537.36"
213.188.83.228 - - [16/Apr/2026:12:56:28 -0600] "GET /wp-content/plugins/divi-blurb-extended/scripts/frontend-bundle.min.js?ver=2.2.7 HTTP/1.1" 200 5938 "https://thelomad.com/the-team/" "Mozilla/5.0 (X11; Linux x86_64) AppleWebKit/537.36 (KHTML, like Gecko) HeadlessChrome/106.0.5249.30 Safari/537.36"
119.12.192.118 - - [16/Apr/2026:12:56:28 -0600] "GET /wp-includes/js/dist/vendor/react.min.js?ver=18.3.1.1 HTTP/1.1" 200 10628 "https://thelomad.com/the-team/" "Mozilla/5.0 (X11; Linux x86_64) AppleWebKit/537.36 (KHTML, like Gecko) HeadlessChrome/106.0.5249.30 Safari/537.36"
180.149.20.45 - - [16/Apr/2026:12:56:28 -0600] "GET /wp-includes/js/dist/escape-html.min.js?ver=6561a406d2d232a6fbd2 HTTP/1.1" 200 1000 "https://thelomad.com/the-team/" "Mozilla/5.0 (X11; Linux x86_64) AppleWebKit/537.36 (KHTML, like Gecko) HeadlessChrome/106.0.5249.30 Safari/537.36"
152.39.212.189 - - [16/Apr/2026:12:56:28 -0600] "GET /home/about/ HTTP/1.1" 200 63699 "-" "Mozilla/5.0 (X11; Linux x86_64) AppleWebKit/537.36 (KHTML, like Gecko) HeadlessChrome/106.0.5249.30 Safari/537.36"
213.188.83.228 - - [16/Apr/2026:12:56:28 -0600] "GET /wp-includes/js/dist/element.min.js?ver=6a582b0c827fa25df3dd HTTP/1.1" 200 12112 "https://thelomad.com/the-team/" "Mozilla/5.0 (X11; Linux x86_64) AppleWebKit/537.36 (KHTML, like Gecko) HeadlessChrome/106.0.5249.30 Safari/537.36"
180.149.20.45 - - [16/Apr/2026:12:56:28 -0600] "GET /wp-includes/js/dist/i18n.min.js?ver=c26c3dc7bed366793375 HTTP/1.1" 200 5314 "https://thelomad.com/the-team/" "Mozilla/5.0 (X11; Linux x86_64) AppleWebKit/537.36 (KHTML, like Gecko) HeadlessChrome/106.0.5249.30 Safari/537.36"
119.12.192.118 - - [16/Apr/2026:12:56:29 -0600] "GET /wp-includes/js/dist/hooks.min.js?ver=dd5603f07f9220ed27f1 HTTP/1.1" 200 5661 "https://thelomad.com/the-team/" "Mozilla/5.0 (X11; Linux x86_64) AppleWebKit/537.36 (KHTML, like Gecko) HeadlessChrome/106.0.5249.30 Safari/537.36"
119.12.187.239 - - [16/Apr/2026:12:56:29 -0600] "GET /wp-content/plugins/filebird-document-library/blocks/dist/frontend.js?ver=3.0.8 HTTP/1.1" 200 25573 "https://thelomad.com/the-team/" "Mozilla/5.0 (X11; Linux x86_64) AppleWebKit/537.36 (KHTML, like Gecko) HeadlessChrome/106.0.5249.30 Safari/537.36"
93.180.195.241 - - [16/Apr/2026:12:56:22 -0600] "GET /webinars/ HTTP/1.1" 301 - "-" "Mozilla/5.0 (X11; Linux x86_64) AppleWebKit/537.36 (KHTML, like Gecko) HeadlessChrome/106.0.5249.30 Safari/537.36"
204.44.108.149 - - [16/Apr/2026:12:56:28 -0600] "GET /wp-includes/js/dist/vendor/react-dom.min.js?ver=18.3.1.1 HTTP/1.1" 200 128946 "https://thelomad.com/the-team/" "Mozilla/5.0 (X11; Linux x86_64) AppleWebKit/537.36 (KHTML, like Gecko) HeadlessChrome/106.0.5249.30 Safari/537.36"
180.149.20.45 - - [16/Apr/2026:12:56:29 -0600] "GET /wp-content/themes/Divi/core/admin/js/common.js?ver=4.27.6 HTTP/1.1" 200 1343 "https://thelomad.com/the-team/" "Mozilla/5.0 (X11; Linux x86_64) AppleWebKit/537.36 (KHTML, like Gecko) HeadlessChrome/106.0.5249.30 Safari/537.36"
119.12.192.118 - - [16/Apr/2026:12:56:29 -0600] "GET /wp-includes/js/underscore.min.js?ver=1.13.7 HTTP/1.1" 200 18905 "https://thelomad.com/the-team/" "Mozilla/5.0 (X11; Linux x86_64) AppleWebKit/537.36 (KHTML, like Gecko) HeadlessChrome/106.0.5249.30 Safari/537.36"
213.188.83.228 - - [16/Apr/2026:12:56:29 -0600] "GET /wp-includes/js/backbone.min.js?ver=1.6.0 HTTP/1.1" 200 24301 "https://thelomad.com/the-team/" "Mozilla/5.0 (X11; Linux x86_64) AppleWebKit/537.36 (KHTML, like Gecko) HeadlessChrome/106.0.5249.30 Safari/537.36"
152.39.212.189 - - [16/Apr/2026:12:56:29 -0600] "GET /wp-includes/js/jquery/jquery.min.js?ver=3.7.1 HTTP/1.1" 200 87553 "https://thelomad.com/home/about/" "Mozilla/5.0 (X11; Linux x86_64) AppleWebKit/537.36 (KHTML, like Gecko) HeadlessChrome/106.0.5249.30 Safari/537.36"
204.44.108.149 - - [16/Apr/2026:12:56:29 -0600] "GET /wp-content/plugins/ninja-forms/assets/js/min/front-end-deps.js?ver=3.14.2 HTTP/1.1" 200 66590 "https://thelomad.com/the-team/" "Mozilla/5.0 (X11; Linux x86_64) AppleWebKit/537.36 (KHTML, like Gecko) HeadlessChrome/106.0.5249.30 Safari/537.36"
180.149.20.45 - - [16/Apr/2026:12:56:29 -0600] "GET /wp-content/plugins/ninja-forms-conditionals/assets/js/min/front-end.js?ver=6.9.4 HTTP/1.1" 200 38607 "https://thelomad.com/the-team/" "Mozilla/5.0 (X11; Linux x86_64) AppleWebKit/537.36 (KHTML, like Gecko) HeadlessChrome/106.0.5249.30 Safari/537.36"
213.188.83.228 - - [16/Apr/2026:12:56:29 -0600] "GET /wp-content/plugins/ninja-forms-multi-part/assets/js/min/front-end.js?ver=3.0.26 HTTP/1.1" 200 13131 "https://thelomad.com/the-team/" "Mozilla/5.0 (X11; Linux x86_64) AppleWebKit/537.36 (KHTML, like Gecko) HeadlessChrome/106.0.5249.30 Safari/537.36"
119.12.187.239 - - [16/Apr/2026:12:56:29 -0600] "GET /wp-content/plugins/ninja-forms/assets/js/min/front-end.js?ver=3.14.2 HTTP/1.1" 200 115974 "https://thelomad.com/the-team/" "Mozilla/5.0 (X11; Linux x86_64) AppleWebKit/537.36 (KHTML, like Gecko) HeadlessChrome/106.0.5249.30 Safari/537.36"
119.12.192.118 - - [16/Apr/2026:12:56:29 -0600] "GET /wp-content/themes/Divi/includes/builder/feature/dynamic-assets/assets/js/sticky-elements.js?ver=4.27.6 HTTP/1.1" 200 209183 "https://thelomad.com/the-team/" "Mozilla/5.0 (X11; Linux x86_64) AppleWebKit/537.36 (KHTML, like Gecko) HeadlessChrome/106.0.5249.30 Safari/537.36"
213.188.83.228 - - [16/Apr/2026:12:56:29 -0600] "GET /wp-content/plugins/w3-total-cache/pub/js/lazyload.min.js HTTP/1.1" 200 7462 "https://thelomad.com/the-team/" "Mozilla/5.0 (X11; Linux x86_64) AppleWebKit/537.36 (KHTML, like Gecko) HeadlessChrome/106.0.5249.30 Safari/537.36"
204.44.108.149 - - [16/Apr/2026:12:56:29 -0600] "GET /wp-content/themes/Divi/includes/builder/feature/dynamic-assets/assets/js/magnific-popup.js HTTP/1.1" 200 22272 "https://thelomad.com/the-team/" "Mozilla/5.0 (X11; Linux x86_64) AppleWebKit/537.36 (KHTML, like Gecko) HeadlessChrome/106.0.5249.30 Safari/537.36"
152.39.212.189 - - [16/Apr/2026:12:56:29 -0600] "GET /wp-includes/js/jquery/jquery-migrate.min.js?ver=3.4.1 HTTP/1.1" 200 13577 "https://thelomad.com/home/about/" "Mozilla/5.0 (X11; Linux x86_64) AppleWebKit/537.36 (KHTML, like Gecko) HeadlessChrome/106.0.5249.30 Safari/537.36"
185.240.252.95 - - [16/Apr/2026:12:56:29 -0600] "GET /wp-content/plugins/ninja-forms-style/layouts/assets/js/min/front-end.js?ver=3.0.29 HTTP/1.1" 200 7967 "https://thelomad.com/the-team/" "Mozilla/5.0 (X11; Linux x86_64) AppleWebKit/537.36 (KHTML, like Gecko) HeadlessChrome/106.0.5249.30 Safari/537.36"
152.39.212.189 - - [16/Apr/2026:12:56:29 -0600] "GET /wp-content/plugins/pdf-viewer-for-wordpress/tnc-resources/modaal.min.js?ver=12.5.5 HTTP/1.1" 200 20301 "https://thelomad.com/home/about/" "Mozilla/5.0 (X11; Linux x86_64) AppleWebKit/537.36 (KHTML, like Gecko) HeadlessChrome/106.0.5249.30 Safari/537.36"
152.39.212.189 - - [16/Apr/2026:12:56:29 -0600] "GET /wp-content/plugins/addons-for-divi/assets/libs/magnific-popup/magnific-popup.js?ver=4.2.2 HTTP/1.1" 200 43807 "https://thelomad.com/home/about/" "Mozilla/5.0 (X11; Linux x86_64) AppleWebKit/537.36 (KHTML, like Gecko) HeadlessChrome/106.0.5249.30 Safari/537.36"
206.204.0.111 - - [16/Apr/2026:12:56:29 -0600] "GET /wp-content/plugins/pdf-viewer-for-wordpress/tnc-resources/custom-modal.js?ver=12.5.5 HTTP/1.1" 200 185 "https://thelomad.com/home/about/" "Mozilla/5.0 (X11; Linux x86_64) AppleWebKit/537.36 (KHTML, like Gecko) HeadlessChrome/106.0.5249.30 Safari/537.36"
152.39.192.61 - - [16/Apr/2026:12:56:29 -0600] "GET /wp-content/plugins/addons-for-divi/assets/libs/slick/slick.min.js?ver=4.2.2 HTTP/1.1" 200 43245 "https://thelomad.com/home/about/" "Mozilla/5.0 (X11; Linux x86_64) AppleWebKit/537.36 (KHTML, like Gecko) HeadlessChrome/106.0.5249.30 Safari/537.36"
152.39.212.189 - - [16/Apr/2026:12:56:29 -0600] "GET /wp-content/plugins/addons-for-divi/assets/libs/counter-up/counter-up.min.js?ver=4.2.2 HTTP/1.1" 200 1928 "https://thelomad.com/home/about/" "Mozilla/5.0 (X11; Linux x86_64) AppleWebKit/537.36 (KHTML, like Gecko) HeadlessChrome/106.0.5249.30 Safari/537.36"
119.12.200.10 - - [16/Apr/2026:12:56:29 -0600] "GET /wp-content/plugins/addons-for-divi/assets/deprecated/popup.min.js?ver=4.2.2 HTTP/1.1" 200 4825 "https://thelomad.com/home/about/" "Mozilla/5.0 (X11; Linux x86_64) AppleWebKit/537.36 (KHTML, like Gecko) HeadlessChrome/106.0.5249.30 Safari/537.36"
93.180.195.241 - - [16/Apr/2026:12:56:29 -0600] "GET /lomadtv/ HTTP/1.1" 200 63539 "-" "Mozilla/5.0 (X11; Linux x86_64) AppleWebKit/537.36 (KHTML, like Gecko) HeadlessChrome/106.0.5249.30 Safari/537.36"
104.194.202.136 - - [16/Apr/2026:12:56:29 -0600] "GET /wp-content/plugins/pojo-accessibility/modules/legacy/assets/js/app.min.js?ver=1.0.0 HTTP/1.1" 200 5313 "https://thelomad.com/home/about/" "Mozilla/5.0 (X11; Linux x86_64) AppleWebKit/537.36 (KHTML, like Gecko) HeadlessChrome/106.0.5249.30 Safari/537.36"
206.204.0.111 - - [16/Apr/2026:12:56:29 -0600] "GET /wp-content/plugins/addons-for-divi/assets/js/frontend.js?ver=4.2.2 HTTP/1.1" 200 5006 "https://thelomad.com/home/about/" "Mozilla/5.0 (X11; Linux x86_64) AppleWebKit/537.36 (KHTML, like Gecko) HeadlessChrome/106.0.5249.30 Safari/537.36"
93.180.195.241 - - [16/Apr/2026:12:56:29 -0600] "GET /wp-includes/js/jquery/jquery-migrate.min.js?ver=3.4.1 HTTP/1.1" 200 13577 "https://thelomad.com/lomadtv/" "Mozilla/5.0 (X11; Linux x86_64) AppleWebKit/537.36 (KHTML, like Gecko) HeadlessChrome/106.0.5249.30 Safari/537.36"
152.39.212.189 - - [16/Apr/2026:12:56:29 -0600] "GET /wp-content/themes/Divi/js/scripts.min.js?ver=4.27.6 HTTP/1.1" 200 274461 "https://thelomad.com/home/about/" "Mozilla/5.0 (X11; Linux x86_64) AppleWebKit/537.36 (KHTML, like Gecko) HeadlessChrome/106.0.5249.30 Safari/537.36"
93.180.195.241 - - [16/Apr/2026:12:56:29 -0600] "GET /wp-content/plugins/pdf-viewer-for-wordpress/tnc-resources/modaal.min.js?ver=12.5.5 HTTP/1.1" 200 20301 "https://thelomad.com/lomadtv/" "Mozilla/5.0 (X11; Linux x86_64) AppleWebKit/537.36 (KHTML, like Gecko) HeadlessChrome/106.0.5249.30 Safari/537.36"
188.119.118.197 - - [16/Apr/2026:12:56:29 -0600] "GET /wp-includes/js/jquery/jquery.min.js?ver=3.7.1 HTTP/1.1" 200 87553 "https://thelomad.com/lomadtv/" "Mozilla/5.0 (X11; Linux x86_64) AppleWebKit/537.36 (KHTML, like Gecko) HeadlessChrome/106.0.5249.30 Safari/537.36"
119.12.200.10 - - [16/Apr/2026:12:56:29 -0600] "GET /wp-content/plugins/breadcrumbs-divi-module/scripts/frontend-bundle.min.js?ver=1.2.4 HTTP/1.1" 200 560 "https://thelomad.com/home/about/" "Mozilla/5.0 (X11; Linux x86_64) AppleWebKit/537.36 (KHTML, like Gecko) HeadlessChrome/106.0.5249.30 Safari/537.36"
93.180.195.241 - - [16/Apr/2026:12:56:29 -0600] "GET /wp-content/plugins/pdf-viewer-for-wordpress/tnc-resources/custom-modal.js?ver=12.5.5 HTTP/1.1" 200 185 "https://thelomad.com/lomadtv/" "Mozilla/5.0 (X11; Linux x86_64) AppleWebKit/537.36 (KHTML, like Gecko) HeadlessChrome/106.0.5249.30 Safari/537.36"
152.39.192.61 - - [16/Apr/2026:12:56:29 -0600] "GET /wp-includes/js/dist/vendor/react.min.js?ver=18.3.1.1 HTTP/1.1" 200 10628 "https://thelomad.com/home/about/" "Mozilla/5.0 (X11; Linux x86_64) AppleWebKit/537.36 (KHTML, like Gecko) HeadlessChrome/106.0.5249.30 Safari/537.36"
45.13.251.231 - - [16/Apr/2026:12:56:29 -0600] "GET /wp-content/plugins/addons-for-divi/assets/libs/magnific-popup/magnific-popup.js?ver=4.2.2 HTTP/1.1" 200 43807 "https://thelomad.com/lomadtv/" "Mozilla/5.0 (X11; Linux x86_64) AppleWebKit/537.36 (KHTML, like Gecko) HeadlessChrome/106.0.5249.30 Safari/537.36"
104.194.202.136 - - [16/Apr/2026:12:56:29 -0600] "GET /wp-content/plugins/divi-blurb-extended/scripts/frontend-bundle.min.js?ver=2.2.7 HTTP/1.1" 200 5938 "https://thelomad.com/home/about/" "Mozilla/5.0 (X11; Linux x86_64) AppleWebKit/537.36 (KHTML, like Gecko) HeadlessChrome/106.0.5249.30 Safari/537.36"
204.44.102.60 - - [16/Apr/2026:12:56:29 -0600] "GET /wp-content/plugins/addons-for-divi/assets/js/frontend.js?ver=4.2.2 HTTP/1.1" 200 5006 "https://thelomad.com/lomadtv/" "Mozilla/5.0 (X11; Linux x86_64) AppleWebKit/537.36 (KHTML, like Gecko) HeadlessChrome/106.0.5249.30 Safari/537.36"
188.119.118.197 - - [16/Apr/2026:12:56:29 -0600] "GET /wp-content/plugins/addons-for-divi/assets/libs/slick/slick.min.js?ver=4.2.2 HTTP/1.1" 200 43245 "https://thelomad.com/lomadtv/" "Mozilla/5.0 (X11; Linux x86_64) AppleWebKit/537.36 (KHTML, like Gecko) HeadlessChrome/106.0.5249.30 Safari/537.36"
152.39.212.189 - - [16/Apr/2026:12:56:29 -0600] "GET /wp-includes/js/dist/vendor/react-dom.min.js?ver=18.3.1.1 HTTP/1.1" 200 128946 "https://thelomad.com/home/about/" "Mozilla/5.0 (X11; Linux x86_64) AppleWebKit/537.36 (KHTML, like Gecko) HeadlessChrome/106.0.5249.30 Safari/537.36"
152.39.143.250 - - [16/Apr/2026:12:56:29 -0600] "GET /wp-content/plugins/addons-for-divi/assets/libs/counter-up/counter-up.min.js?ver=4.2.2 HTTP/1.1" 200 1928 "https://thelomad.com/lomadtv/" "Mozilla/5.0 (X11; Linux x86_64) AppleWebKit/537.36 (KHTML, like Gecko) HeadlessChrome/106.0.5249.30 Safari/537.36"
93.180.195.241 - - [16/Apr/2026:12:56:29 -0600] "GET /wp-content/plugins/pojo-accessibility/modules/legacy/assets/js/app.min.js?ver=1.0.0 HTTP/1.1" 200 5313 "https://thelomad.com/lomadtv/" "Mozilla/5.0 (X11; Linux x86_64) AppleWebKit/537.36 (KHTML, like Gecko) HeadlessChrome/106.0.5249.30 Safari/537.36"
152.39.172.100 - - [16/Apr/2026:12:56:29 -0600] "GET /wp-content/plugins/addons-for-divi/assets/deprecated/popup.min.js?ver=4.2.2 HTTP/1.1" 200 4825 "https://thelomad.com/lomadtv/" "Mozilla/5.0 (X11; Linux x86_64) AppleWebKit/537.36 (KHTML, like Gecko) HeadlessChrome/106.0.5249.30 Safari/537.36"
206.204.0.111 - - [16/Apr/2026:12:56:29 -0600] "GET /wp-content/themes/Divi/includes/builder/feature/dynamic-assets/assets/js/jquery.fitvids.js?ver=4.27.6 HTTP/1.1" 200 3349 "https://thelomad.com/home/about/" "Mozilla/5.0 (X11; Linux x86_64) AppleWebKit/537.36 (KHTML, like Gecko) HeadlessChrome/106.0.5249.30 Safari/537.36"
119.12.200.10 - - [16/Apr/2026:12:56:29 -0600] "GET /wp-includes/js/dist/escape-html.min.js?ver=6561a406d2d232a6fbd2 HTTP/1.1" 200 1000 "https://thelomad.com/home/about/" "Mozilla/5.0 (X11; Linux x86_64) AppleWebKit/537.36 (KHTML, like Gecko) HeadlessChrome/106.0.5249.30 Safari/537.36"
152.39.192.61 - - [16/Apr/2026:12:56:29 -0600] "GET /wp-includes/js/dist/element.min.js?ver=6a582b0c827fa25df3dd HTTP/1.1" 200 12112 "https://thelomad.com/home/about/" "Mozilla/5.0 (X11; Linux x86_64) AppleWebKit/537.36 (KHTML, like Gecko) HeadlessChrome/106.0.5249.30 Safari/537.36"
93.180.195.241 - - [16/Apr/2026:12:56:30 -0600] "GET /wp-content/themes/Divi/includes/builder/feature/dynamic-assets/assets/js/jquery.fitvids.js?ver=4.27.6 HTTP/1.1" 200 3349 "https://thelomad.com/lomadtv/" "Mozilla/5.0 (X11; Linux x86_64) AppleWebKit/537.36 (KHTML, like Gecko) HeadlessChrome/106.0.5249.30 Safari/537.36"
204.44.102.60 - - [16/Apr/2026:12:56:30 -0600] "GET /wp-content/plugins/breadcrumbs-divi-module/scripts/frontend-bundle.min.js?ver=1.2.4 HTTP/1.1" 200 560 "https://thelomad.com/lomadtv/" "Mozilla/5.0 (X11; Linux x86_64) AppleWebKit/537.36 (KHTML, like Gecko) HeadlessChrome/106.0.5249.30 Safari/537.36"
152.39.143.250 - - [16/Apr/2026:12:56:30 -0600] "GET /wp-content/themes/Divi/includes/builder/feature/dynamic-assets/assets/js/jquery.mobile.js?ver=4.27.6 HTTP/1.1" 200 10776 "https://thelomad.com/lomadtv/" "Mozilla/5.0 (X11; Linux x86_64) AppleWebKit/537.36 (KHTML, like Gecko) HeadlessChrome/106.0.5249.30 Safari/537.36"
152.39.212.189 - - [16/Apr/2026:12:56:30 -0600] "GET /wp-includes/js/dist/hooks.min.js?ver=dd5603f07f9220ed27f1 HTTP/1.1" 200 5661 "https://thelomad.com/home/about/" "Mozilla/5.0 (X11; Linux x86_64) AppleWebKit/537.36 (KHTML, like Gecko) HeadlessChrome/106.0.5249.30 Safari/537.36"
152.39.172.100 - - [16/Apr/2026:12:56:30 -0600] "GET /wp-content/plugins/divi-blurb-extended/scripts/frontend-bundle.min.js?ver=2.2.7 HTTP/1.1" 200 5938 "https://thelomad.com/lomadtv/" "Mozilla/5.0 (X11; Linux x86_64) AppleWebKit/537.36 (KHTML, like Gecko) HeadlessChrome/106.0.5249.30 Safari/537.36"
188.119.118.197 - - [16/Apr/2026:12:56:30 -0600] "GET /wp-content/themes/Divi/js/scripts.min.js?ver=4.27.6 HTTP/1.1" 200 274461 "https://thelomad.com/lomadtv/" "Mozilla/5.0 (X11; Linux x86_64) AppleWebKit/537.36 (KHTML, like Gecko) HeadlessChrome/106.0.5249.30 Safari/537.36"
45.13.251.231 - - [16/Apr/2026:12:56:30 -0600] "GET /wp-includes/js/dist/vendor/react.min.js?ver=18.3.1.1 HTTP/1.1" 200 10628 "https://thelomad.com/lomadtv/" "Mozilla/5.0 (X11; Linux x86_64) AppleWebKit/537.36 (KHTML, like Gecko) HeadlessChrome/106.0.5249.30 Safari/537.36"
152.39.192.61 - - [16/Apr/2026:12:56:30 -0600] "GET /wp-content/themes/Divi/core/admin/js/common.js?ver=4.27.6 HTTP/1.1" 200 1343 "https://thelomad.com/home/about/" "Mozilla/5.0 (X11; Linux x86_64) AppleWebKit/537.36 (KHTML, like Gecko) HeadlessChrome/106.0.5249.30 Safari/537.36"
204.44.102.60 - - [16/Apr/2026:12:56:30 -0600] "GET /wp-includes/js/dist/escape-html.min.js?ver=6561a406d2d232a6fbd2 HTTP/1.1" 200 1000 "https://thelomad.com/lomadtv/" "Mozilla/5.0 (X11; Linux x86_64) AppleWebKit/537.36 (KHTML, like Gecko) HeadlessChrome/106.0.5249.30 Safari/537.36"
119.12.200.10 - - [16/Apr/2026:12:56:30 -0600] "GET /wp-includes/js/dist/i18n.min.js?ver=c26c3dc7bed366793375 HTTP/1.1" 200 5314 "https://thelomad.com/home/about/" "Mozilla/5.0 (X11; Linux x86_64) AppleWebKit/537.36 (KHTML, like Gecko) HeadlessChrome/106.0.5249.30 Safari/537.36"
152.39.143.250 - - [16/Apr/2026:12:56:30 -0600] "GET /wp-includes/js/dist/element.min.js?ver=6a582b0c827fa25df3dd HTTP/1.1" 200 12112 "https://thelomad.com/lomadtv/" "Mozilla/5.0 (X11; Linux x86_64) AppleWebKit/537.36 (KHTML, like Gecko) HeadlessChrome/106.0.5249.30 Safari/537.36"
93.180.195.241 - - [16/Apr/2026:12:56:30 -0600] "GET /wp-includes/js/dist/vendor/react-dom.min.js?ver=18.3.1.1 HTTP/1.1" 200 128946 "https://thelomad.com/lomadtv/" "Mozilla/5.0 (X11; Linux x86_64) AppleWebKit/537.36 (KHTML, like Gecko) HeadlessChrome/106.0.5249.30 Safari/537.36"
152.39.172.100 - - [16/Apr/2026:12:56:30 -0600] "GET /wp-includes/js/dist/hooks.min.js?ver=dd5603f07f9220ed27f1 HTTP/1.1" 200 5661 "https://thelomad.com/lomadtv/" "Mozilla/5.0 (X11; Linux x86_64) AppleWebKit/537.36 (KHTML, like Gecko) HeadlessChrome/106.0.5249.30 Safari/537.36"
152.39.212.189 - - [16/Apr/2026:12:56:30 -0600] "GET /wp-content/plugins/ninja-forms/assets/js/min/front-end-deps.js?ver=3.14.2 HTTP/1.1" 200 66590 "https://thelomad.com/home/about/" "Mozilla/5.0 (X11; Linux x86_64) AppleWebKit/537.36 (KHTML, like Gecko) HeadlessChrome/106.0.5249.30 Safari/537.36"
45.13.251.231 - - [16/Apr/2026:12:56:30 -0600] "GET /wp-includes/js/dist/i18n.min.js?ver=c26c3dc7bed366793375 HTTP/1.1" 200 5314 "https://thelomad.com/lomadtv/" "Mozilla/5.0 (X11; Linux x86_64) AppleWebKit/537.36 (KHTML, like Gecko) HeadlessChrome/106.0.5249.30 Safari/537.36"
104.194.202.136 - - [16/Apr/2026:12:56:30 -0600] "GET /wp-includes/js/backbone.min.js?ver=1.6.0 HTTP/1.1" 200 24301 "https://thelomad.com/home/about/" "Mozilla/5.0 (X11; Linux x86_64) AppleWebKit/537.36 (KHTML, like Gecko) HeadlessChrome/106.0.5249.30 Safari/537.36"
119.13.196.94 - - [16/Apr/2026:12:56:30 -0600] "GET /wp-content/plugins/filebird-document-library/blocks/dist/frontend.js?ver=3.0.8 HTTP/1.1" 200 25573 "https://thelomad.com/home/about/" "Mozilla/5.0 (X11; Linux x86_64) AppleWebKit/537.36 (KHTML, like Gecko) HeadlessChrome/106.0.5249.30 Safari/537.36"
204.44.102.60 - - [16/Apr/2026:12:56:30 -0600] "GET /wp-content/plugins/filebird-document-library/blocks/dist/frontend.js?ver=3.0.8 HTTP/1.1" 200 25573 "https://thelomad.com/lomadtv/" "Mozilla/5.0 (X11; Linux x86_64) AppleWebKit/537.36 (KHTML, like Gecko) HeadlessChrome/106.0.5249.30 Safari/537.36"
152.39.143.250 - - [16/Apr/2026:12:56:30 -0600] "GET /wp-content/themes/Divi/core/admin/js/common.js?ver=4.27.6 HTTP/1.1" 200 1343 "https://thelomad.com/lomadtv/" "Mozilla/5.0 (X11; Linux x86_64) AppleWebKit/537.36 (KHTML, like Gecko) HeadlessChrome/106.0.5249.30 Safari/537.36"
93.180.195.241 - - [16/Apr/2026:12:56:30 -0600] "GET /wp-includes/js/backbone.min.js?ver=1.6.0 HTTP/1.1" 200 24301 "https://thelomad.com/lomadtv/" "Mozilla/5.0 (X11; Linux x86_64) AppleWebKit/537.36 (KHTML, like Gecko) HeadlessChrome/106.0.5249.30 Safari/537.36"
45.13.251.231 - - [16/Apr/2026:12:56:30 -0600] "GET /wp-content/plugins/ninja-forms/assets/js/min/front-end-deps.js?ver=3.14.2 HTTP/1.1" 200 66590 "https://thelomad.com/lomadtv/" "Mozilla/5.0 (X11; Linux x86_64) AppleWebKit/537.36 (KHTML, like Gecko) HeadlessChrome/106.0.5249.30 Safari/537.36"
188.119.118.197 - - [16/Apr/2026:12:56:30 -0600] "GET /wp-includes/js/underscore.min.js?ver=1.13.7 HTTP/1.1" 200 18905 "https://thelomad.com/lomadtv/" "Mozilla/5.0 (X11; Linux x86_64) AppleWebKit/537.36 (KHTML, like Gecko) HeadlessChrome/106.0.5249.30 Safari/537.36"
206.204.0.111 - - [16/Apr/2026:12:56:30 -0600] "GET /wp-includes/js/underscore.min.js?ver=1.13.7 HTTP/1.1" 200 18905 "https://thelomad.com/home/about/" "Mozilla/5.0 (X11; Linux x86_64) AppleWebKit/537.36 (KHTML, like Gecko) HeadlessChrome/106.0.5249.30 Safari/537.36"
93.180.195.241 - - [16/Apr/2026:12:56:30 -0600] "GET /wp-content/plugins/ninja-forms-conditionals/assets/js/min/front-end.js?ver=6.9.4 HTTP/1.1" 200 38607 "https://thelomad.com/lomadtv/" "Mozilla/5.0 (X11; Linux x86_64) AppleWebKit/537.36 (KHTML, like Gecko) HeadlessChrome/106.0.5249.30 Safari/537.36"
152.39.192.61 - - [16/Apr/2026:12:56:30 -0600] "GET /wp-content/plugins/ninja-forms-conditionals/assets/js/min/front-end.js?ver=6.9.4 HTTP/1.1" 200 38607 "https://thelomad.com/home/about/" "Mozilla/5.0 (X11; Linux x86_64) AppleWebKit/537.36 (KHTML, like Gecko) HeadlessChrome/106.0.5249.30 Safari/537.36"
119.12.200.10 - - [16/Apr/2026:12:56:30 -0600] "GET /wp-content/plugins/ninja-forms/assets/js/min/front-end.js?ver=3.14.2 HTTP/1.1" 200 115974 "https://thelomad.com/home/about/" "Mozilla/5.0 (X11; Linux x86_64) AppleWebKit/537.36 (KHTML, like Gecko) HeadlessChrome/106.0.5249.30 Safari/537.36"
188.119.118.197 - - [16/Apr/2026:12:56:30 -0600] "GET /wp-content/plugins/ninja-forms-multi-part/assets/js/min/front-end.js?ver=3.0.26 HTTP/1.1" 200 13131 "https://thelomad.com/lomadtv/" "Mozilla/5.0 (X11; Linux x86_64) AppleWebKit/537.36 (KHTML, like Gecko) HeadlessChrome/106.0.5249.30 Safari/537.36"
152.39.212.189 - - [16/Apr/2026:12:56:30 -0600] "GET /wp-content/plugins/ninja-forms-style/layouts/assets/js/min/front-end.js?ver=3.0.29 HTTP/1.1" 200 7967 "https://thelomad.com/home/about/" "Mozilla/5.0 (X11; Linux x86_64) AppleWebKit/537.36 (KHTML, like Gecko) HeadlessChrome/106.0.5249.30 Safari/537.36"
152.39.143.250 - - [16/Apr/2026:12:56:30 -0600] "GET /wp-content/plugins/ninja-forms-style/layouts/assets/js/min/front-end.js?ver=3.0.29 HTTP/1.1" 200 7967 "https://thelomad.com/lomadtv/" "Mozilla/5.0 (X11; Linux x86_64) AppleWebKit/537.36 (KHTML, like Gecko) HeadlessChrome/106.0.5249.30 Safari/537.36"
45.13.251.231 - - [16/Apr/2026:12:56:30 -0600] "GET /wp-content/themes/Divi/includes/builder/feature/dynamic-assets/assets/js/magnific-popup.js HTTP/1.1" 200 22272 "https://thelomad.com/lomadtv/" "Mozilla/5.0 (X11; Linux x86_64) AppleWebKit/537.36 (KHTML, like Gecko) HeadlessChrome/106.0.5249.30 Safari/537.36"
93.180.195.241 - - [16/Apr/2026:12:56:30 -0600] "GET /wp-content/plugins/w3-total-cache/pub/js/lazyload.min.js HTTP/1.1" 200 7462 "https://thelomad.com/lomadtv/" "Mozilla/5.0 (X11; Linux x86_64) AppleWebKit/537.36 (KHTML, like Gecko) HeadlessChrome/106.0.5249.30 Safari/537.36"
152.39.172.100 - - [16/Apr/2026:12:56:30 -0600] "GET /wp-content/plugins/ninja-forms/assets/js/min/front-end.js?ver=3.14.2 HTTP/1.1" 200 115974 "https://thelomad.com/lomadtv/" "Mozilla/5.0 (X11; Linux x86_64) AppleWebKit/537.36 (KHTML, like Gecko) HeadlessChrome/106.0.5249.30 Safari/537.36"
204.44.102.60 - - [16/Apr/2026:12:56:30 -0600] "GET /wp-content/themes/Divi/includes/builder/feature/dynamic-assets/assets/js/sticky-elements.js?ver=4.27.6 HTTP/1.1" 200 209183 "https://thelomad.com/lomadtv/" "Mozilla/5.0 (X11; Linux x86_64) AppleWebKit/537.36 (KHTML, like Gecko) HeadlessChrome/106.0.5249.30 Safari/537.36"
119.13.196.94 - - [16/Apr/2026:12:56:30 -0600] "GET /wp-content/plugins/ninja-forms-multi-part/assets/js/min/front-end.js?ver=3.0.26 HTTP/1.1" 200 13131 "https://thelomad.com/home/about/" "Mozilla/5.0 (X11; Linux x86_64) AppleWebKit/537.36 (KHTML, like Gecko) HeadlessChrome/106.0.5249.30 Safari/537.36"
152.39.212.189 - - [16/Apr/2026:12:56:30 -0600] "GET /wp-content/themes/Divi/includes/builder/feature/dynamic-assets/assets/js/sticky-elements.js?ver=4.27.6 HTTP/1.1" 200 209183 "https://thelomad.com/home/about/" "Mozilla/5.0 (X11; Linux x86_64) AppleWebKit/537.36 (KHTML, like Gecko) HeadlessChrome/106.0.5249.30 Safari/537.36"
152.39.192.61 - - [16/Apr/2026:12:56:30 -0600] "GET /wp-content/themes/Divi/includes/builder/feature/dynamic-assets/assets/js/magnific-popup.js HTTP/1.1" 200 22272 "https://thelomad.com/home/about/" "Mozilla/5.0 (X11; Linux x86_64) AppleWebKit/537.36 (KHTML, like Gecko) HeadlessChrome/106.0.5249.30 Safari/537.36"
206.204.0.111 - - [16/Apr/2026:12:56:30 -0600] "GET /wp-content/plugins/w3-total-cache/pub/js/lazyload.min.js HTTP/1.1" 200 7462 "https://thelomad.com/home/about/" "Mozilla/5.0 (X11; Linux x86_64) AppleWebKit/537.36 (KHTML, like Gecko) HeadlessChrome/106.0.5249.30 Safari/537.36"
122.55.94.34 - - [16/Apr/2026:12:56:24 -0600] "GET /wp-admin/ HTTP/1.1" 302 - "-" "Mozilla/5.0 (Windows NT 10.0; Win64; x64) AppleWebKit/537.36 (KHTML, like Gecko) Chrome/147.0.0.0 Safari/537.36"
94.176.56.118 - - [16/Apr/2026:12:56:31 -0600] "GET /lomadtv/melanies-minutes/ HTTP/1.1" 200 63400 "-" "Mozilla/5.0 (X11; Linux x86_64) AppleWebKit/537.36 (KHTML, like Gecko) HeadlessChrome/106.0.5249.30 Safari/537.36"
94.176.56.118 - - [16/Apr/2026:12:56:32 -0600] "GET /wp-includes/js/jquery/jquery.min.js?ver=3.7.1 HTTP/1.1" 200 87553 "https://thelomad.com/lomadtv/melanies-minutes/" "Mozilla/5.0 (X11; Linux x86_64) AppleWebKit/537.36 (KHTML, like Gecko) HeadlessChrome/106.0.5249.30 Safari/537.36"
94.176.56.118 - - [16/Apr/2026:12:56:32 -0600] "GET /wp-includes/js/jquery/jquery-migrate.min.js?ver=3.4.1 HTTP/1.1" 200 13577 "https://thelomad.com/lomadtv/melanies-minutes/" "Mozilla/5.0 (X11; Linux x86_64) AppleWebKit/537.36 (KHTML, like Gecko) HeadlessChrome/106.0.5249.30 Safari/537.36"
122.55.94.34 - - [16/Apr/2026:12:56:32 -0600] "GET /wp-content/uploads/font-awesome/v6.7.2/css/svg-with-js.css HTTP/1.1" 200 10197 "http://thelomad.com/" "Mozilla/5.0 (Windows NT 10.0; Win64; x64) AppleWebKit/537.36 (KHTML, like Gecko) Chrome/147.0.0.0 Safari/537.36"
94.176.56.118 - - [16/Apr/2026:12:56:32 -0600] "GET /wp-content/plugins/pdf-viewer-for-wordpress/tnc-resources/modaal.min.js?ver=12.5.5 HTTP/1.1" 200 20301 "https://thelomad.com/lomadtv/melanies-minutes/" "Mozilla/5.0 (X11; Linux x86_64) AppleWebKit/537.36 (KHTML, like Gecko) HeadlessChrome/106.0.5249.30 Safari/537.36"
94.176.56.118 - - [16/Apr/2026:12:56:32 -0600] "GET /wp-content/plugins/pdf-viewer-for-wordpress/tnc-resources/custom-modal.js?ver=12.5.5 HTTP/1.1" 200 185 "https://thelomad.com/lomadtv/melanies-minutes/" "Mozilla/5.0 (X11; Linux x86_64) AppleWebKit/537.36 (KHTML, like Gecko) HeadlessChrome/106.0.5249.30 Safari/537.36"
94.176.56.118 - - [16/Apr/2026:12:56:33 -0600] "GET /wp-content/plugins/addons-for-divi/assets/libs/magnific-popup/magnific-popup.js?ver=4.2.2 HTTP/1.1" 200 43807 "https://thelomad.com/lomadtv/melanies-minutes/" "Mozilla/5.0 (X11; Linux x86_64) AppleWebKit/537.36 (KHTML, like Gecko) HeadlessChrome/106.0.5249.30 Safari/537.36"
94.176.56.118 - - [16/Apr/2026:12:56:33 -0600] "GET /wp-content/plugins/addons-for-divi/assets/libs/slick/slick.min.js?ver=4.2.2 HTTP/1.1" 200 43245 "https://thelomad.com/lomadtv/melanies-minutes/" "Mozilla/5.0 (X11; Linux x86_64) AppleWebKit/537.36 (KHTML, like Gecko) HeadlessChrome/106.0.5249.30 Safari/537.36"
94.176.56.118 - - [16/Apr/2026:12:56:33 -0600] "GET /wp-content/plugins/addons-for-divi/assets/libs/counter-up/counter-up.min.js?ver=4.2.2 HTTP/1.1" 200 1928 "https://thelomad.com/lomadtv/melanies-minutes/" "Mozilla/5.0 (X11; Linux x86_64) AppleWebKit/537.36 (KHTML, like Gecko) HeadlessChrome/106.0.5249.30 Safari/537.36"
94.176.56.118 - - [16/Apr/2026:12:56:33 -0600] "GET /wp-content/plugins/addons-for-divi/assets/js/frontend.js?ver=4.2.2 HTTP/1.1" 200 5006 "https://thelomad.com/lomadtv/melanies-minutes/" "Mozilla/5.0 (X11; Linux x86_64) AppleWebKit/537.36 (KHTML, like Gecko) HeadlessChrome/106.0.5249.30 Safari/537.36"
94.176.56.118 - - [16/Apr/2026:12:56:33 -0600] "GET /wp-content/plugins/addons-for-divi/assets/deprecated/popup.min.js?ver=4.2.2 HTTP/1.1" 200 4825 "https://thelomad.com/lomadtv/melanies-minutes/" "Mozilla/5.0 (X11; Linux x86_64) AppleWebKit/537.36 (KHTML, like Gecko) HeadlessChrome/106.0.5249.30 Safari/537.36"
94.176.56.118 - - [16/Apr/2026:12:56:33 -0600] "GET /wp-content/plugins/pojo-accessibility/modules/legacy/assets/js/app.min.js?ver=1.0.0 HTTP/1.1" 200 5313 "https://thelomad.com/lomadtv/melanies-minutes/" "Mozilla/5.0 (X11; Linux x86_64) AppleWebKit/537.36 (KHTML, like Gecko) HeadlessChrome/106.0.5249.30 Safari/537.36"
2.57.77.223 - - [16/Apr/2026:12:56:33 -0600] "GET /wp-content/themes/Divi/includes/builder/feature/dynamic-assets/assets/js/jquery.fitvids.js?ver=4.27.6 HTTP/1.1" 200 3349 "https://thelomad.com/lomadtv/melanies-minutes/" "Mozilla/5.0 (X11; Linux x86_64) AppleWebKit/537.36 (KHTML, like Gecko) HeadlessChrome/106.0.5249.30 Safari/537.36"
139.5.105.198 - - [16/Apr/2026:12:56:33 -0600] "GET /wp-content/plugins/breadcrumbs-divi-module/scripts/frontend-bundle.min.js?ver=1.2.4 HTTP/1.1" 200 560 "https://thelomad.com/lomadtv/melanies-minutes/" "Mozilla/5.0 (X11; Linux x86_64) AppleWebKit/537.36 (KHTML, like Gecko) HeadlessChrome/106.0.5249.30 Safari/537.36"
94.176.56.118 - - [16/Apr/2026:12:56:33 -0600] "GET /wp-includes/js/dist/vendor/react.min.js?ver=18.3.1.1 HTTP/1.1" 200 10628 "https://thelomad.com/lomadtv/melanies-minutes/" "Mozilla/5.0 (X11; Linux x86_64) AppleWebKit/537.36 (KHTML, like Gecko) HeadlessChrome/106.0.5249.30 Safari/537.36"
213.188.86.96 - - [16/Apr/2026:12:56:33 -0600] "GET /wp-content/themes/Divi/js/scripts.min.js?ver=4.27.6 HTTP/1.1" 200 274461 "https://thelomad.com/lomadtv/melanies-minutes/" "Mozilla/5.0 (X11; Linux x86_64) AppleWebKit/537.36 (KHTML, like Gecko) HeadlessChrome/106.0.5249.30 Safari/537.36"
206.204.45.93 - - [16/Apr/2026:12:56:33 -0600] "GET /wp-content/plugins/divi-blurb-extended/scripts/frontend-bundle.min.js?ver=2.2.7 HTTP/1.1" 200 5938 "https://thelomad.com/lomadtv/melanies-minutes/" "Mozilla/5.0 (X11; Linux x86_64) AppleWebKit/537.36 (KHTML, like Gecko) HeadlessChrome/106.0.5249.30 Safari/537.36"
2.57.77.223 - - [16/Apr/2026:12:56:33 -0600] "GET /wp-includes/js/dist/vendor/react-dom.min.js?ver=18.3.1.1 HTTP/1.1" 200 128946 "https://thelomad.com/lomadtv/melanies-minutes/" "Mozilla/5.0 (X11; Linux x86_64) AppleWebKit/537.36 (KHTML, like Gecko) HeadlessChrome/106.0.5249.30 Safari/537.36"
206.204.45.93 - - [16/Apr/2026:12:56:34 -0600] "GET /wp-includes/js/dist/element.min.js?ver=6a582b0c827fa25df3dd HTTP/1.1" 200 12112 "https://thelomad.com/lomadtv/melanies-minutes/" "Mozilla/5.0 (X11; Linux x86_64) AppleWebKit/537.36 (KHTML, like Gecko) HeadlessChrome/106.0.5249.30 Safari/537.36"
94.176.56.118 - - [16/Apr/2026:12:56:34 -0600] "GET /wp-includes/js/dist/hooks.min.js?ver=dd5603f07f9220ed27f1 HTTP/1.1" 200 5661 "https://thelomad.com/lomadtv/melanies-minutes/" "Mozilla/5.0 (X11; Linux x86_64) AppleWebKit/537.36 (KHTML, like Gecko) HeadlessChrome/106.0.5249.30 Safari/537.36"
213.188.86.96 - - [16/Apr/2026:12:56:34 -0600] "GET /wp-includes/js/dist/i18n.min.js?ver=c26c3dc7bed366793375 HTTP/1.1" 200 5314 "https://thelomad.com/lomadtv/melanies-minutes/" "Mozilla/5.0 (X11; Linux x86_64) AppleWebKit/537.36 (KHTML, like Gecko) HeadlessChrome/106.0.5249.30 Safari/537.36"
139.5.105.198 - - [16/Apr/2026:12:56:34 -0600] "GET /wp-includes/js/dist/escape-html.min.js?ver=6561a406d2d232a6fbd2 HTTP/1.1" 200 1000 "https://thelomad.com/lomadtv/melanies-minutes/" "Mozilla/5.0 (X11; Linux x86_64) AppleWebKit/537.36 (KHTML, like Gecko) HeadlessChrome/106.0.5249.30 Safari/537.36"
119.13.196.171 - - [16/Apr/2026:12:56:34 -0600] "GET /wp-content/plugins/filebird-document-library/blocks/dist/frontend.js?ver=3.0.8 HTTP/1.1" 200 25573 "https://thelomad.com/lomadtv/melanies-minutes/" "Mozilla/5.0 (X11; Linux x86_64) AppleWebKit/537.36 (KHTML, like Gecko) HeadlessChrome/106.0.5249.30 Safari/537.36"
213.188.86.96 - - [16/Apr/2026:12:56:34 -0600] "GET /wp-includes/js/underscore.min.js?ver=1.13.7 HTTP/1.1" 200 18905 "https://thelomad.com/lomadtv/melanies-minutes/" "Mozilla/5.0 (X11; Linux x86_64) AppleWebKit/537.36 (KHTML, like Gecko) HeadlessChrome/106.0.5249.30 Safari/537.36"
94.176.56.118 - - [16/Apr/2026:12:56:34 -0600] "GET /wp-content/plugins/divi-blurb-extended/scripts/imagesloaded.pkgd.min.js?ver=4.1.4 HTTP/1.1" 200 5594 "https://thelomad.com/lomadtv/melanies-minutes/" "Mozilla/5.0 (X11; Linux x86_64) AppleWebKit/537.36 (KHTML, like Gecko) HeadlessChrome/106.0.5249.30 Safari/537.36"
206.204.45.93 - - [16/Apr/2026:12:56:34 -0600] "GET /wp-content/themes/Divi/core/admin/js/common.js?ver=4.27.6 HTTP/1.1" 200 1343 "https://thelomad.com/lomadtv/melanies-minutes/" "Mozilla/5.0 (X11; Linux x86_64) AppleWebKit/537.36 (KHTML, like Gecko) HeadlessChrome/106.0.5249.30 Safari/537.36"
139.5.105.198 - - [16/Apr/2026:12:56:34 -0600] "GET /wp-includes/js/backbone.min.js?ver=1.6.0 HTTP/1.1" 200 24301 "https://thelomad.com/lomadtv/melanies-minutes/" "Mozilla/5.0 (X11; Linux x86_64) AppleWebKit/537.36 (KHTML, like Gecko) HeadlessChrome/106.0.5249.30 Safari/537.36"
2.57.77.223 - - [16/Apr/2026:12:56:34 -0600] "GET /wp-content/plugins/ninja-forms/assets/js/min/front-end-deps.js?ver=3.14.2 HTTP/1.1" 200 66590 "https://thelomad.com/lomadtv/melanies-minutes/" "Mozilla/5.0 (X11; Linux x86_64) AppleWebKit/537.36 (KHTML, like Gecko) HeadlessChrome/106.0.5249.30 Safari/537.36"
213.188.86.96 - - [16/Apr/2026:12:56:34 -0600] "GET /wp-content/plugins/ninja-forms-conditionals/assets/js/min/front-end.js?ver=6.9.4 HTTP/1.1" 200 38607 "https://thelomad.com/lomadtv/melanies-minutes/" "Mozilla/5.0 (X11; Linux x86_64) AppleWebKit/537.36 (KHTML, like Gecko) HeadlessChrome/106.0.5249.30 Safari/537.36"
94.176.56.118 - - [16/Apr/2026:12:56:34 -0600] "GET /wp-content/plugins/ninja-forms-multi-part/assets/js/min/front-end.js?ver=3.0.26 HTTP/1.1" 200 13131 "https://thelomad.com/lomadtv/melanies-minutes/" "Mozilla/5.0 (X11; Linux x86_64) AppleWebKit/537.36 (KHTML, like Gecko) HeadlessChrome/106.0.5249.30 Safari/537.36"
206.204.45.93 - - [16/Apr/2026:12:56:34 -0600] "GET /wp-content/plugins/ninja-forms-style/layouts/assets/js/min/front-end.js?ver=3.0.29 HTTP/1.1" 200 7967 "https://thelomad.com/lomadtv/melanies-minutes/" "Mozilla/5.0 (X11; Linux x86_64) AppleWebKit/537.36 (KHTML, like Gecko) HeadlessChrome/106.0.5249.30 Safari/537.36"
119.13.196.171 - - [16/Apr/2026:12:56:34 -0600] "GET /wp-content/plugins/ninja-forms/assets/js/min/front-end.js?ver=3.14.2 HTTP/1.1" 200 115974 "https://thelomad.com/lomadtv/melanies-minutes/" "Mozilla/5.0 (X11; Linux x86_64) AppleWebKit/537.36 (KHTML, like Gecko) HeadlessChrome/106.0.5249.30 Safari/537.36"
122.55.94.34 - - [16/Apr/2026:12:56:34 -0600] "GET /wp-content/uploads/et-fonts/Metropolis-Medium.ttf HTTP/1.1" 200 75476 "http://thelomad.com/" "Mozilla/5.0 (Windows NT 10.0; Win64; x64) AppleWebKit/537.36 (KHTML, like Gecko) Chrome/147.0.0.0 Safari/537.36"
122.55.94.34 - - [16/Apr/2026:12:56:34 -0600] "GET /wp-content/uploads/et-fonts/Metropolis-Regular-1.otf HTTP/1.1" 200 23124 "http://thelomad.com/" "Mozilla/5.0 (Windows NT 10.0; Win64; x64) AppleWebKit/537.36 (KHTML, like Gecko) Chrome/147.0.0.0 Safari/537.36"
213.188.86.96 - - [16/Apr/2026:12:56:34 -0600] "GET /wp-content/themes/Divi/includes/builder/feature/dynamic-assets/assets/js/magnific-popup.js HTTP/1.1" 200 22272 "https://thelomad.com/lomadtv/melanies-minutes/" "Mozilla/5.0 (X11; Linux x86_64) AppleWebKit/537.36 (KHTML, like Gecko) HeadlessChrome/106.0.5249.30 Safari/537.36"
2.57.77.223 - - [16/Apr/2026:12:56:34 -0600] "GET /wp-content/themes/Divi/includes/builder/feature/dynamic-assets/assets/js/sticky-elements.js?ver=4.27.6 HTTP/1.1" 200 209183 "https://thelomad.com/lomadtv/melanies-minutes/" "Mozilla/5.0 (X11; Linux x86_64) AppleWebKit/537.36 (KHTML, like Gecko) HeadlessChrome/106.0.5249.30 Safari/537.36"
139.5.105.198 - - [16/Apr/2026:12:56:34 -0600] "GET /wp-content/plugins/w3-total-cache/pub/js/lazyload.min.js HTTP/1.1" 200 7462 "https://thelomad.com/lomadtv/melanies-minutes/" "Mozilla/5.0 (X11; Linux x86_64) AppleWebKit/537.36 (KHTML, like Gecko) HeadlessChrome/106.0.5249.30 Safari/537.36"
122.55.94.34 - - [16/Apr/2026:12:56:34 -0600] "GET /wp-content/uploads/2026/03/LOMAD-Home-Page-Contact-Form-Bkgd-2026-2.0.png HTTP/1.1" 200 1865581 "http://thelomad.com/" "Mozilla/5.0 (Windows NT 10.0; Win64; x64) AppleWebKit/537.36 (KHTML, like Gecko) Chrome/147.0.0.0 Safari/537.36"
122.55.94.34 - - [16/Apr/2026:12:56:35 -0600] "GET /wp-content/uploads/et-fonts/Metropolis-Medium.ttf HTTP/1.1" 200 75476 "http://thelomad.com/" "Mozilla/5.0 (Windows NT 10.0; Win64; x64) AppleWebKit/537.36 (KHTML, like Gecko) Chrome/147.0.0.0 Safari/537.36"
222.127.103.194 - - [16/Apr/2026:12:56:35 -0600] "GET /wp-content/uploads/et-fonts/Metropolis-Regular-1.otf HTTP/1.1" 200 23124 "http://thelomad.com/" "Mozilla/5.0 (Windows NT 10.0; Win64; x64) AppleWebKit/537.36 (KHTML, like Gecko) Chrome/147.0.0.0 Safari/537.36"
216.194.89.156 - - [16/Apr/2026:12:56:33 -0600] "GET /the-team/legal-assistants-and-paralegals/thomas-m-dickinson/ HTTP/1.1" 200 63598 "-" "Mozilla/5.0 (X11; Linux x86_64) AppleWebKit/537.36 (KHTML, like Gecko) HeadlessChrome/106.0.5249.30 Safari/537.36"
213.188.81.65 - - [16/Apr/2026:12:56:33 -0600] "GET /the-team/attorneys/brian-k-prince/ HTTP/1.1" 200 64838 "-" "Mozilla/5.0 (X11; Linux x86_64) AppleWebKit/537.36 (KHTML, like Gecko) HeadlessChrome/106.0.5249.30 Safari/537.36"
216.194.89.156 - - [16/Apr/2026:12:56:35 -0600] "GET /wp-includes/js/jquery/jquery.min.js?ver=3.7.1 HTTP/1.1" 200 87553 "https://thelomad.com/the-team/legal-assistants-and-paralegals/thomas-m-dickinson/" "Mozilla/5.0 (X11; Linux x86_64) AppleWebKit/537.36 (KHTML, like Gecko) HeadlessChrome/106.0.5249.30 Safari/537.36"
119.13.220.169 - - [16/Apr/2026:12:56:36 -0600] "GET /wp-includes/js/jquery/jquery-migrate.min.js?ver=3.4.1 HTTP/1.1" 200 13577 "https://thelomad.com/the-team/legal-assistants-and-paralegals/thomas-m-dickinson/" "Mozilla/5.0 (X11; Linux x86_64) AppleWebKit/537.36 (KHTML, like Gecko) HeadlessChrome/106.0.5249.30 Safari/537.36"
216.194.89.156 - - [16/Apr/2026:12:56:36 -0600] "GET /wp-content/plugins/pdf-viewer-for-wordpress/tnc-resources/modaal.min.js?ver=12.5.5 HTTP/1.1" 200 20301 "https://thelomad.com/the-team/legal-assistants-and-paralegals/thomas-m-dickinson/" "Mozilla/5.0 (X11; Linux x86_64) AppleWebKit/537.36 (KHTML, like Gecko) HeadlessChrome/106.0.5249.30 Safari/537.36"
206.204.9.189 - - [16/Apr/2026:12:56:36 -0600] "GET /wp-content/plugins/pdf-viewer-for-wordpress/tnc-resources/custom-modal.js?ver=12.5.5 HTTP/1.1" 200 185 "https://thelomad.com/the-team/legal-assistants-and-paralegals/thomas-m-dickinson/" "Mozilla/5.0 (X11; Linux x86_64) AppleWebKit/537.36 (KHTML, like Gecko) HeadlessChrome/106.0.5249.30 Safari/537.36"
213.188.81.65 - - [16/Apr/2026:12:56:36 -0600] "GET /wp-includes/js/jquery/jquery.min.js?ver=3.7.1 HTTP/1.1" 200 87553 "https://thelomad.com/the-team/attorneys/brian-k-prince/" "Mozilla/5.0 (X11; Linux x86_64) AppleWebKit/537.36 (KHTML, like Gecko) HeadlessChrome/106.0.5249.30 Safari/537.36"
45.114.241.185 - - [16/Apr/2026:12:56:36 -0600] "GET /wp-content/plugins/addons-for-divi/assets/libs/magnific-popup/magnific-popup.js?ver=4.2.2 HTTP/1.1" 200 43807 "https://thelomad.com/the-team/legal-assistants-and-paralegals/thomas-m-dickinson/" "Mozilla/5.0 (X11; Linux x86_64) AppleWebKit/537.36 (KHTML, like Gecko) HeadlessChrome/106.0.5249.30 Safari/537.36"
94.176.89.143 - - [16/Apr/2026:12:56:36 -0600] "GET /wp-content/plugins/addons-for-divi/assets/libs/slick/slick.min.js?ver=4.2.2 HTTP/1.1" 200 43245 "https://thelomad.com/the-team/legal-assistants-and-paralegals/thomas-m-dickinson/" "Mozilla/5.0 (X11; Linux x86_64) AppleWebKit/537.36 (KHTML, like Gecko) HeadlessChrome/106.0.5249.30 Safari/537.36"
119.13.220.169 - - [16/Apr/2026:12:56:36 -0600] "GET /wp-content/plugins/addons-for-divi/assets/js/frontend.js?ver=4.2.2 HTTP/1.1" 200 5006 "https://thelomad.com/the-team/legal-assistants-and-paralegals/thomas-m-dickinson/" "Mozilla/5.0 (X11; Linux x86_64) AppleWebKit/537.36 (KHTML, like Gecko) HeadlessChrome/106.0.5249.30 Safari/537.36"
119.12.176.33 - - [16/Apr/2026:12:56:36 -0600] "GET /wp-content/plugins/addons-for-divi/assets/libs/counter-up/counter-up.min.js?ver=4.2.2 HTTP/1.1" 200 1928 "https://thelomad.com/the-team/legal-assistants-and-paralegals/thomas-m-dickinson/" "Mozilla/5.0 (X11; Linux x86_64) AppleWebKit/537.36 (KHTML, like Gecko) HeadlessChrome/106.0.5249.30 Safari/537.36"
216.194.89.156 - - [16/Apr/2026:12:56:36 -0600] "GET /wp-content/plugins/addons-for-divi/assets/deprecated/popup.min.js?ver=4.2.2 HTTP/1.1" 200 4825 "https://thelomad.com/the-team/legal-assistants-and-paralegals/thomas-m-dickinson/" "Mozilla/5.0 (X11; Linux x86_64) AppleWebKit/537.36 (KHTML, like Gecko) HeadlessChrome/106.0.5249.30 Safari/537.36"
206.204.9.189 - - [16/Apr/2026:12:56:36 -0600] "GET /wp-content/plugins/pojo-accessibility/modules/legacy/assets/js/app.min.js?ver=1.0.0 HTTP/1.1" 200 5313 "https://thelomad.com/the-team/legal-assistants-and-paralegals/thomas-m-dickinson/" "Mozilla/5.0 (X11; Linux x86_64) AppleWebKit/537.36 (KHTML, like Gecko) HeadlessChrome/106.0.5249.30 Safari/537.36"
161.123.165.20 - - [16/Apr/2026:12:56:36 -0600] "GET /wp-includes/js/jquery/jquery-migrate.min.js?ver=3.4.1 HTTP/1.1" 200 13577 "https://thelomad.com/the-team/attorneys/brian-k-prince/" "Mozilla/5.0 (X11; Linux x86_64) AppleWebKit/537.36 (KHTML, like Gecko) HeadlessChrome/106.0.5249.30 Safari/537.36"
152.39.155.210 - - [16/Apr/2026:12:56:36 -0600] "GET /wp-content/plugins/pdf-viewer-for-wordpress/tnc-resources/modaal.min.js?ver=12.5.5 HTTP/1.1" 200 20301 "https://thelomad.com/the-team/attorneys/brian-k-prince/" "Mozilla/5.0 (X11; Linux x86_64) AppleWebKit/537.36 (KHTML, like Gecko) HeadlessChrome/106.0.5249.30 Safari/537.36"
119.12.176.33 - - [16/Apr/2026:12:56:36 -0600] "GET /wp-content/themes/Divi/includes/builder/feature/dynamic-assets/assets/js/jquery.fitvids.js?ver=4.27.6 HTTP/1.1" 200 3349 "https://thelomad.com/the-team/legal-assistants-and-paralegals/thomas-m-dickinson/" "Mozilla/5.0 (X11; Linux x86_64) AppleWebKit/537.36 (KHTML, like Gecko) HeadlessChrome/106.0.5249.30 Safari/537.36"
216.194.89.156 - - [16/Apr/2026:12:56:36 -0600] "GET /wp-content/plugins/breadcrumbs-divi-module/scripts/frontend-bundle.min.js?ver=1.2.4 HTTP/1.1" 200 560 "https://thelomad.com/the-team/legal-assistants-and-paralegals/thomas-m-dickinson/" "Mozilla/5.0 (X11; Linux x86_64) AppleWebKit/537.36 (KHTML, like Gecko) HeadlessChrome/106.0.5249.30 Safari/537.36"
206.204.9.189 - - [16/Apr/2026:12:56:36 -0600] "GET /wp-content/plugins/divi-blurb-extended/scripts/frontend-bundle.min.js?ver=2.2.7 HTTP/1.1" 200 5938 "https://thelomad.com/the-team/legal-assistants-and-paralegals/thomas-m-dickinson/" "Mozilla/5.0 (X11; Linux x86_64) AppleWebKit/537.36 (KHTML, like Gecko) HeadlessChrome/106.0.5249.30 Safari/537.36"
152.39.191.209 - - [16/Apr/2026:12:56:36 -0600] "GET /wp-content/plugins/pdf-viewer-for-wordpress/tnc-resources/custom-modal.js?ver=12.5.5 HTTP/1.1" 200 185 "https://thelomad.com/the-team/attorneys/brian-k-prince/" "Mozilla/5.0 (X11; Linux x86_64) AppleWebKit/537.36 (KHTML, like Gecko) HeadlessChrome/106.0.5249.30 Safari/537.36"
