45.41.190.186 - - [16/Apr/2026:12:56:39 -0600] "GET /wp-includes/js/underscore.min.js?ver=1.13.7 HTTP/1.1" 200 18905 "https://thelomad.com/the-team/attorneys/brendan-t-shannon/" "Mozilla/5.0 (X11; Linux x86_64) AppleWebKit/537.36 (KHTML, like Gecko) HeadlessChrome/106.0.5249.30 Safari/537.36"
95.215.38.247 - - [16/Apr/2026:12:56:39 -0600] "GET /wp-content/plugins/addons-for-divi/assets/libs/slick/slick.min.js?ver=4.2.2 HTTP/1.1" 200 43245 "https://thelomad.com/the-team/attorneys/maria-lua/" "Mozilla/5.0 (X11; Linux x86_64) AppleWebKit/537.36 (KHTML, like Gecko) HeadlessChrome/106.0.5249.30 Safari/537.36"
185.66.137.139 - - [16/Apr/2026:12:56:39 -0600] "GET /wp-includes/js/backbone.min.js?ver=1.6.0 HTTP/1.1" 200 24301 "https://thelomad.com/the-team/attorneys/brendan-t-shannon/" "Mozilla/5.0 (X11; Linux x86_64) AppleWebKit/537.36 (KHTML, like Gecko) HeadlessChrome/106.0.5249.30 Safari/537.36"
119.13.196.94 - - [16/Apr/2026:12:56:39 -0600] "GET /wp-content/plugins/ninja-forms/assets/js/min/front-end.js?ver=3.14.2 HTTP/1.1" 200 115974 "https://thelomad.com/the-team/attorneys/brendan-t-shannon/" "Mozilla/5.0 (X11; Linux x86_64) AppleWebKit/537.36 (KHTML, like Gecko) HeadlessChrome/106.0.5249.30 Safari/537.36"
94.176.89.143 - - [16/Apr/2026:12:56:39 -0600] "GET /wp-content/plugins/addons-for-divi/assets/libs/counter-up/counter-up.min.js?ver=4.2.2 HTTP/1.1" 200 1928 "https://thelomad.com/the-team/attorneys/maria-lua/" "Mozilla/5.0 (X11; Linux x86_64) AppleWebKit/537.36 (KHTML, like Gecko) HeadlessChrome/106.0.5249.30 Safari/537.36"
206.204.25.178 - - [16/Apr/2026:12:56:39 -0600] "GET /wp-content/plugins/ninja-forms-conditionals/assets/js/min/front-end.js?ver=6.9.4 HTTP/1.1" 200 38607 "https://thelomad.com/the-team/attorneys/brendan-t-shannon/" "Mozilla/5.0 (X11; Linux x86_64) AppleWebKit/537.36 (KHTML, like Gecko) HeadlessChrome/106.0.5249.30 Safari/537.36"
203.78.175.230 - - [16/Apr/2026:12:56:39 -0600] "GET /wp-content/plugins/addons-for-divi/assets/js/frontend.js?ver=4.2.2 HTTP/1.1" 200 5006 "https://thelomad.com/the-team/attorneys/maria-lua/" "Mozilla/5.0 (X11; Linux x86_64) AppleWebKit/537.36 (KHTML, like Gecko) HeadlessChrome/106.0.5249.30 Safari/537.36"
46.232.208.204 - - [16/Apr/2026:12:56:39 -0600] "GET /wp-content/plugins/ninja-forms/assets/js/min/front-end-deps.js?ver=3.14.2 HTTP/1.1" 200 66590 "https://thelomad.com/the-team/attorneys/brendan-t-shannon/" "Mozilla/5.0 (X11; Linux x86_64) AppleWebKit/537.36 (KHTML, like Gecko) HeadlessChrome/106.0.5249.30 Safari/537.36"
193.142.103.45 - - [16/Apr/2026:12:56:39 -0600] "GET /wp-content/plugins/addons-for-divi/assets/deprecated/popup.min.js?ver=4.2.2 HTTP/1.1" 200 4825 "https://thelomad.com/the-team/attorneys/maria-lua/" "Mozilla/5.0 (X11; Linux x86_64) AppleWebKit/537.36 (KHTML, like Gecko) HeadlessChrome/106.0.5249.30 Safari/537.36"
185.66.137.139 - - [16/Apr/2026:12:56:39 -0600] "GET /wp-content/plugins/ninja-forms-multi-part/assets/js/min/front-end.js?ver=3.0.26 HTTP/1.1" 200 13131 "https://thelomad.com/the-team/attorneys/brendan-t-shannon/" "Mozilla/5.0 (X11; Linux x86_64) AppleWebKit/537.36 (KHTML, like Gecko) HeadlessChrome/106.0.5249.30 Safari/537.36"
45.41.190.186 - - [16/Apr/2026:12:56:39 -0600] "GET /wp-content/themes/Divi/includes/builder/feature/dynamic-assets/assets/js/sticky-elements.js?ver=4.27.6 HTTP/1.1" 200 209183 "https://thelomad.com/the-team/attorneys/brendan-t-shannon/" "Mozilla/5.0 (X11; Linux x86_64) AppleWebKit/537.36 (KHTML, like Gecko) HeadlessChrome/106.0.5249.30 Safari/537.36"
188.94.84.147 - - [16/Apr/2026:12:56:39 -0600] "GET /wp-content/plugins/ninja-forms-style/layouts/assets/js/min/front-end.js?ver=3.0.29 HTTP/1.1" 200 7967 "https://thelomad.com/the-team/attorneys/brendan-t-shannon/" "Mozilla/5.0 (X11; Linux x86_64) AppleWebKit/537.36 (KHTML, like Gecko) HeadlessChrome/106.0.5249.30 Safari/537.36"
94.176.89.143 - - [16/Apr/2026:12:56:39 -0600] "GET /wp-content/plugins/pojo-accessibility/modules/legacy/assets/js/app.min.js?ver=1.0.0 HTTP/1.1" 200 5313 "https://thelomad.com/the-team/attorneys/maria-lua/" "Mozilla/5.0 (X11; Linux x86_64) AppleWebKit/537.36 (KHTML, like Gecko) HeadlessChrome/106.0.5249.30 Safari/537.36"
103.30.13.120 - - [16/Apr/2026:12:56:39 -0600] "GET /wp-content/plugins/breadcrumbs-divi-module/scripts/frontend-bundle.min.js?ver=1.2.4 HTTP/1.1" 200 560 "https://thelomad.com/the-team/attorneys/maria-lua/" "Mozilla/5.0 (X11; Linux x86_64) AppleWebKit/537.36 (KHTML, like Gecko) HeadlessChrome/106.0.5249.30 Safari/537.36"
95.215.38.247 - - [16/Apr/2026:12:56:39 -0600] "GET /wp-content/themes/Divi/js/scripts.min.js?ver=4.27.6 HTTP/1.1" 200 274461 "https://thelomad.com/the-team/attorneys/maria-lua/" "Mozilla/5.0 (X11; Linux x86_64) AppleWebKit/537.36 (KHTML, like Gecko) HeadlessChrome/106.0.5249.30 Safari/537.36"
203.78.175.230 - - [16/Apr/2026:12:56:39 -0600] "GET /wp-content/themes/Divi/includes/builder/feature/dynamic-assets/assets/js/jquery.fitvids.js?ver=4.27.6 HTTP/1.1" 200 3349 "https://thelomad.com/the-team/attorneys/maria-lua/" "Mozilla/5.0 (X11; Linux x86_64) AppleWebKit/537.36 (KHTML, like Gecko) HeadlessChrome/106.0.5249.30 Safari/537.36"
46.232.208.204 - - [16/Apr/2026:12:56:39 -0600] "GET /wp-content/plugins/w3-total-cache/pub/js/lazyload.min.js HTTP/1.1" 200 7462 "https://thelomad.com/the-team/attorneys/brendan-t-shannon/" "Mozilla/5.0 (X11; Linux x86_64) AppleWebKit/537.36 (KHTML, like Gecko) HeadlessChrome/106.0.5249.30 Safari/537.36"
119.13.196.94 - - [16/Apr/2026:12:56:39 -0600] "GET /wp-content/themes/Divi/includes/builder/feature/dynamic-assets/assets/js/magnific-popup.js HTTP/1.1" 200 22272 "https://thelomad.com/the-team/attorneys/brendan-t-shannon/" "Mozilla/5.0 (X11; Linux x86_64) AppleWebKit/537.36 (KHTML, like Gecko) HeadlessChrome/106.0.5249.30 Safari/537.36"
193.142.103.45 - - [16/Apr/2026:12:56:39 -0600] "GET /wp-content/plugins/divi-blurb-extended/scripts/frontend-bundle.min.js?ver=2.2.7 HTTP/1.1" 200 5938 "https://thelomad.com/the-team/attorneys/maria-lua/" "Mozilla/5.0 (X11; Linux x86_64) AppleWebKit/537.36 (KHTML, like Gecko) HeadlessChrome/106.0.5249.30 Safari/537.36"
94.176.89.143 - - [16/Apr/2026:12:56:39 -0600] "GET /wp-includes/js/dist/vendor/react.min.js?ver=18.3.1.1 HTTP/1.1" 200 10628 "https://thelomad.com/the-team/attorneys/maria-lua/" "Mozilla/5.0 (X11; Linux x86_64) AppleWebKit/537.36 (KHTML, like Gecko) HeadlessChrome/106.0.5249.30 Safari/537.36"
103.30.13.120 - - [16/Apr/2026:12:56:39 -0600] "GET /wp-includes/js/dist/vendor/react-dom.min.js?ver=18.3.1.1 HTTP/1.1" 200 128946 "https://thelomad.com/the-team/attorneys/maria-lua/" "Mozilla/5.0 (X11; Linux x86_64) AppleWebKit/537.36 (KHTML, like Gecko) HeadlessChrome/106.0.5249.30 Safari/537.36"
203.78.175.230 - - [16/Apr/2026:12:56:39 -0600] "GET /wp-includes/js/dist/escape-html.min.js?ver=6561a406d2d232a6fbd2 HTTP/1.1" 200 1000 "https://thelomad.com/the-team/attorneys/maria-lua/" "Mozilla/5.0 (X11; Linux x86_64) AppleWebKit/537.36 (KHTML, like Gecko) HeadlessChrome/106.0.5249.30 Safari/537.36"
95.215.38.247 - - [16/Apr/2026:12:56:39 -0600] "GET /wp-includes/js/dist/element.min.js?ver=6a582b0c827fa25df3dd HTTP/1.1" 200 12112 "https://thelomad.com/the-team/attorneys/maria-lua/" "Mozilla/5.0 (X11; Linux x86_64) AppleWebKit/537.36 (KHTML, like Gecko) HeadlessChrome/106.0.5249.30 Safari/537.36"
94.176.89.143 - - [16/Apr/2026:12:56:39 -0600] "GET /wp-includes/js/dist/i18n.min.js?ver=c26c3dc7bed366793375 HTTP/1.1" 200 5314 "https://thelomad.com/the-team/attorneys/maria-lua/" "Mozilla/5.0 (X11; Linux x86_64) AppleWebKit/537.36 (KHTML, like Gecko) HeadlessChrome/106.0.5249.30 Safari/537.36"
103.30.13.120 - - [16/Apr/2026:12:56:39 -0600] "GET /wp-content/plugins/filebird-document-library/blocks/dist/frontend.js?ver=3.0.8 HTTP/1.1" 200 25573 "https://thelomad.com/the-team/attorneys/maria-lua/" "Mozilla/5.0 (X11; Linux x86_64) AppleWebKit/537.36 (KHTML, like Gecko) HeadlessChrome/106.0.5249.30 Safari/537.36"
203.78.175.230 - - [16/Apr/2026:12:56:39 -0600] "GET /wp-content/themes/Divi/core/admin/js/common.js?ver=4.27.6 HTTP/1.1" 200 1343 "https://thelomad.com/the-team/attorneys/maria-lua/" "Mozilla/5.0 (X11; Linux x86_64) AppleWebKit/537.36 (KHTML, like Gecko) HeadlessChrome/106.0.5249.30 Safari/537.36"
95.215.38.247 - - [16/Apr/2026:12:56:39 -0600] "GET /wp-content/plugins/divi-blurb-extended/scripts/imagesloaded.pkgd.min.js?ver=4.1.4 HTTP/1.1" 200 5594 "https://thelomad.com/the-team/attorneys/maria-lua/" "Mozilla/5.0 (X11; Linux x86_64) AppleWebKit/537.36 (KHTML, like Gecko) HeadlessChrome/106.0.5249.30 Safari/537.36"
94.176.89.143 - - [16/Apr/2026:12:56:39 -0600] "GET /wp-includes/js/underscore.min.js?ver=1.13.7 HTTP/1.1" 200 18905 "https://thelomad.com/the-team/attorneys/maria-lua/" "Mozilla/5.0 (X11; Linux x86_64) AppleWebKit/537.36 (KHTML, like Gecko) HeadlessChrome/106.0.5249.30 Safari/537.36"
103.30.13.120 - - [16/Apr/2026:12:56:39 -0600] "GET /wp-includes/js/backbone.min.js?ver=1.6.0 HTTP/1.1" 200 24301 "https://thelomad.com/the-team/attorneys/maria-lua/" "Mozilla/5.0 (X11; Linux x86_64) AppleWebKit/537.36 (KHTML, like Gecko) HeadlessChrome/106.0.5249.30 Safari/537.36"
95.215.38.247 - - [16/Apr/2026:12:56:39 -0600] "GET /wp-content/plugins/ninja-forms-conditionals/assets/js/min/front-end.js?ver=6.9.4 HTTP/1.1" 200 38607 "https://thelomad.com/the-team/attorneys/maria-lua/" "Mozilla/5.0 (X11; Linux x86_64) AppleWebKit/537.36 (KHTML, like Gecko) HeadlessChrome/106.0.5249.30 Safari/537.36"
203.78.175.230 - - [16/Apr/2026:12:56:39 -0600] "GET /wp-content/plugins/ninja-forms/assets/js/min/front-end.js?ver=3.14.2 HTTP/1.1" 200 115974 "https://thelomad.com/the-team/attorneys/maria-lua/" "Mozilla/5.0 (X11; Linux x86_64) AppleWebKit/537.36 (KHTML, like Gecko) HeadlessChrome/106.0.5249.30 Safari/537.36"
94.176.89.143 - - [16/Apr/2026:12:56:40 -0600] "GET /wp-content/plugins/ninja-forms-style/layouts/assets/js/min/front-end.js?ver=3.0.29 HTTP/1.1" 200 7967 "https://thelomad.com/the-team/attorneys/maria-lua/" "Mozilla/5.0 (X11; Linux x86_64) AppleWebKit/537.36 (KHTML, like Gecko) HeadlessChrome/106.0.5249.30 Safari/537.36"
95.215.38.247 - - [16/Apr/2026:12:56:40 -0600] "GET /wp-content/plugins/ninja-forms-multi-part/assets/js/min/front-end.js?ver=3.0.26 HTTP/1.1" 200 13131 "https://thelomad.com/the-team/attorneys/maria-lua/" "Mozilla/5.0 (X11; Linux x86_64) AppleWebKit/537.36 (KHTML, like Gecko) HeadlessChrome/106.0.5249.30 Safari/537.36"
103.30.13.120 - - [16/Apr/2026:12:56:40 -0600] "GET /wp-content/themes/Divi/includes/builder/feature/dynamic-assets/assets/js/sticky-elements.js?ver=4.27.6 HTTP/1.1" 200 209183 "https://thelomad.com/the-team/attorneys/maria-lua/" "Mozilla/5.0 (X11; Linux x86_64) AppleWebKit/537.36 (KHTML, like Gecko) HeadlessChrome/106.0.5249.30 Safari/537.36"
94.176.89.143 - - [16/Apr/2026:12:56:40 -0600] "GET /wp-content/themes/Divi/includes/builder/feature/dynamic-assets/assets/js/magnific-popup.js HTTP/1.1" 200 22272 "https://thelomad.com/the-team/attorneys/maria-lua/" "Mozilla/5.0 (X11; Linux x86_64) AppleWebKit/537.36 (KHTML, like Gecko) HeadlessChrome/106.0.5249.30 Safari/537.36"
95.215.38.247 - - [16/Apr/2026:12:56:40 -0600] "GET /wp-content/plugins/w3-total-cache/pub/js/lazyload.min.js HTTP/1.1" 200 7462 "https://thelomad.com/the-team/attorneys/maria-lua/" "Mozilla/5.0 (X11; Linux x86_64) AppleWebKit/537.36 (KHTML, like Gecko) HeadlessChrome/106.0.5249.30 Safari/537.36"
193.142.103.45 - - [16/Apr/2026:12:56:40 -0600] "GET /wp-includes/js/dist/hooks.min.js?ver=dd5603f07f9220ed27f1 HTTP/1.1" 200 5661 "https://thelomad.com/the-team/attorneys/maria-lua/" "Mozilla/5.0 (X11; Linux x86_64) AppleWebKit/537.36 (KHTML, like Gecko) HeadlessChrome/106.0.5249.30 Safari/537.36"
185.10.4.158 - - [16/Apr/2026:12:56:40 -0600] "GET /wp-content/plugins/ninja-forms/assets/js/min/front-end-deps.js?ver=3.14.2 HTTP/1.1" 200 66590 "https://thelomad.com/the-team/attorneys/maria-lua/" "Mozilla/5.0 (X11; Linux x86_64) AppleWebKit/537.36 (KHTML, like Gecko) HeadlessChrome/106.0.5249.30 Safari/537.36"
206.204.28.204 - - [16/Apr/2026:12:56:37 -0600] "GET /w-9-form-page/ HTTP/1.1" 200 62270 "-" "Mozilla/5.0 (X11; Linux x86_64) AppleWebKit/537.36 (KHTML, like Gecko) HeadlessChrome/106.0.5249.30 Safari/537.36"
206.204.28.204 - - [16/Apr/2026:12:56:40 -0600] "GET /wp-includes/js/jquery/jquery.min.js?ver=3.7.1 HTTP/1.1" 200 87553 "https://thelomad.com/w-9-form-page/" "Mozilla/5.0 (X11; Linux x86_64) AppleWebKit/537.36 (KHTML, like Gecko) HeadlessChrome/106.0.5249.30 Safari/537.36"
206.204.28.204 - - [16/Apr/2026:12:56:40 -0600] "GET /wp-includes/js/jquery/jquery-migrate.min.js?ver=3.4.1 HTTP/1.1" 200 13577 "https://thelomad.com/w-9-form-page/" "Mozilla/5.0 (X11; Linux x86_64) AppleWebKit/537.36 (KHTML, like Gecko) HeadlessChrome/106.0.5249.30 Safari/537.36"
206.204.28.204 - - [16/Apr/2026:12:56:40 -0600] "GET /wp-content/plugins/pdf-viewer-for-wordpress/tnc-resources/modaal.min.js?ver=12.5.5 HTTP/1.1" 200 20301 "https://thelomad.com/w-9-form-page/" "Mozilla/5.0 (X11; Linux x86_64) AppleWebKit/537.36 (KHTML, like Gecko) HeadlessChrome/106.0.5249.30 Safari/537.36"
206.204.28.204 - - [16/Apr/2026:12:56:41 -0600] "GET /wp-content/plugins/pdf-viewer-for-wordpress/tnc-resources/custom-modal.js?ver=12.5.5 HTTP/1.1" 200 185 "https://thelomad.com/w-9-form-page/" "Mozilla/5.0 (X11; Linux x86_64) AppleWebKit/537.36 (KHTML, like Gecko) HeadlessChrome/106.0.5249.30 Safari/537.36"
206.204.28.204 - - [16/Apr/2026:12:56:41 -0600] "GET /wp-content/plugins/addons-for-divi/assets/libs/magnific-popup/magnific-popup.js?ver=4.2.2 HTTP/1.1" 200 43807 "https://thelomad.com/w-9-form-page/" "Mozilla/5.0 (X11; Linux x86_64) AppleWebKit/537.36 (KHTML, like Gecko) HeadlessChrome/106.0.5249.30 Safari/537.36"
206.204.28.204 - - [16/Apr/2026:12:56:41 -0600] "GET /wp-content/plugins/addons-for-divi/assets/libs/slick/slick.min.js?ver=4.2.2 HTTP/1.1" 200 43245 "https://thelomad.com/w-9-form-page/" "Mozilla/5.0 (X11; Linux x86_64) AppleWebKit/537.36 (KHTML, like Gecko) HeadlessChrome/106.0.5249.30 Safari/537.36"
206.204.28.204 - - [16/Apr/2026:12:56:41 -0600] "GET /wp-content/plugins/addons-for-divi/assets/libs/counter-up/counter-up.min.js?ver=4.2.2 HTTP/1.1" 200 1928 "https://thelomad.com/w-9-form-page/" "Mozilla/5.0 (X11; Linux x86_64) AppleWebKit/537.36 (KHTML, like Gecko) HeadlessChrome/106.0.5249.30 Safari/537.36"
206.204.28.204 - - [16/Apr/2026:12:56:41 -0600] "GET /wp-content/plugins/addons-for-divi/assets/js/frontend.js?ver=4.2.2 HTTP/1.1" 200 5006 "https://thelomad.com/w-9-form-page/" "Mozilla/5.0 (X11; Linux x86_64) AppleWebKit/537.36 (KHTML, like Gecko) HeadlessChrome/106.0.5249.30 Safari/537.36"
206.204.28.204 - - [16/Apr/2026:12:56:41 -0600] "GET /wp-content/plugins/addons-for-divi/assets/deprecated/popup.min.js?ver=4.2.2 HTTP/1.1" 200 4825 "https://thelomad.com/w-9-form-page/" "Mozilla/5.0 (X11; Linux x86_64) AppleWebKit/537.36 (KHTML, like Gecko) HeadlessChrome/106.0.5249.30 Safari/537.36"
206.204.28.204 - - [16/Apr/2026:12:56:41 -0600] "GET /wp-content/plugins/pojo-accessibility/modules/legacy/assets/js/app.min.js?ver=1.0.0 HTTP/1.1" 200 5313 "https://thelomad.com/w-9-form-page/" "Mozilla/5.0 (X11; Linux x86_64) AppleWebKit/537.36 (KHTML, like Gecko) HeadlessChrome/106.0.5249.30 Safari/537.36"
206.204.28.204 - - [16/Apr/2026:12:56:42 -0600] "GET /wp-content/themes/Divi/js/scripts.min.js?ver=4.27.6 HTTP/1.1" 200 274461 "https://thelomad.com/w-9-form-page/" "Mozilla/5.0 (X11; Linux x86_64) AppleWebKit/537.36 (KHTML, like Gecko) HeadlessChrome/106.0.5249.30 Safari/537.36"
206.204.28.204 - - [16/Apr/2026:12:56:42 -0600] "GET /wp-content/themes/Divi/includes/builder/feature/dynamic-assets/assets/js/jquery.fitvids.js?ver=4.27.6 HTTP/1.1" 200 3349 "https://thelomad.com/w-9-form-page/" "Mozilla/5.0 (X11; Linux x86_64) AppleWebKit/537.36 (KHTML, like Gecko) HeadlessChrome/106.0.5249.30 Safari/537.36"
206.204.28.204 - - [16/Apr/2026:12:56:42 -0600] "GET /wp-content/plugins/breadcrumbs-divi-module/scripts/frontend-bundle.min.js?ver=1.2.4 HTTP/1.1" 200 560 "https://thelomad.com/w-9-form-page/" "Mozilla/5.0 (X11; Linux x86_64) AppleWebKit/537.36 (KHTML, like Gecko) HeadlessChrome/106.0.5249.30 Safari/537.36"
206.204.28.204 - - [16/Apr/2026:12:56:42 -0600] "GET /wp-content/plugins/divi-blurb-extended/scripts/frontend-bundle.min.js?ver=2.2.7 HTTP/1.1" 200 5938 "https://thelomad.com/w-9-form-page/" "Mozilla/5.0 (X11; Linux x86_64) AppleWebKit/537.36 (KHTML, like Gecko) HeadlessChrome/106.0.5249.30 Safari/537.36"
206.204.28.204 - - [16/Apr/2026:12:56:42 -0600] "GET /wp-includes/js/dist/vendor/react.min.js?ver=18.3.1.1 HTTP/1.1" 200 10628 "https://thelomad.com/w-9-form-page/" "Mozilla/5.0 (X11; Linux x86_64) AppleWebKit/537.36 (KHTML, like Gecko) HeadlessChrome/106.0.5249.30 Safari/537.36"
206.204.28.204 - - [16/Apr/2026:12:56:42 -0600] "GET /wp-includes/js/dist/vendor/react-dom.min.js?ver=18.3.1.1 HTTP/1.1" 200 128946 "https://thelomad.com/w-9-form-page/" "Mozilla/5.0 (X11; Linux x86_64) AppleWebKit/537.36 (KHTML, like Gecko) HeadlessChrome/106.0.5249.30 Safari/537.36"
206.204.28.204 - - [16/Apr/2026:12:56:42 -0600] "GET /wp-includes/js/dist/escape-html.min.js?ver=6561a406d2d232a6fbd2 HTTP/1.1" 200 1000 "https://thelomad.com/w-9-form-page/" "Mozilla/5.0 (X11; Linux x86_64) AppleWebKit/537.36 (KHTML, like Gecko) HeadlessChrome/106.0.5249.30 Safari/537.36"
180.149.3.177 - - [16/Apr/2026:12:56:38 -0600] "GET /the-team/legal-assistants-and-paralegals/jillian-m-chavers/ HTTP/1.1" 200 62114 "-" "Mozilla/5.0 (X11; Linux x86_64) AppleWebKit/537.36 (KHTML, like Gecko) HeadlessChrome/106.0.5249.30 Safari/537.36"
206.204.28.204 - - [16/Apr/2026:12:56:43 -0600] "GET /wp-includes/js/dist/element.min.js?ver=6a582b0c827fa25df3dd HTTP/1.1" 200 12112 "https://thelomad.com/w-9-form-page/" "Mozilla/5.0 (X11; Linux x86_64) AppleWebKit/537.36 (KHTML, like Gecko) HeadlessChrome/106.0.5249.30 Safari/537.36"
161.123.239.50 - - [16/Apr/2026:12:56:43 -0600] "GET /wp-includes/js/jquery/jquery-migrate.min.js?ver=3.4.1 HTTP/1.1" 200 13577 "https://thelomad.com/the-team/legal-assistants-and-paralegals/jillian-m-chavers/" "Mozilla/5.0 (X11; Linux x86_64) AppleWebKit/537.36 (KHTML, like Gecko) HeadlessChrome/106.0.5249.30 Safari/537.36"
180.149.3.177 - - [16/Apr/2026:12:56:43 -0600] "GET /wp-content/plugins/pdf-viewer-for-wordpress/tnc-resources/modaal.min.js?ver=12.5.5 HTTP/1.1" 200 20301 "https://thelomad.com/the-team/legal-assistants-and-paralegals/jillian-m-chavers/" "Mozilla/5.0 (X11; Linux x86_64) AppleWebKit/537.36 (KHTML, like Gecko) HeadlessChrome/106.0.5249.30 Safari/537.36"
94.176.1.70 - - [16/Apr/2026:12:56:43 -0600] "GET /wp-content/plugins/pdf-viewer-for-wordpress/tnc-resources/custom-modal.js?ver=12.5.5 HTTP/1.1" 200 185 "https://thelomad.com/the-team/legal-assistants-and-paralegals/jillian-m-chavers/" "Mozilla/5.0 (X11; Linux x86_64) AppleWebKit/537.36 (KHTML, like Gecko) HeadlessChrome/106.0.5249.30 Safari/537.36"
206.204.53.75 - - [16/Apr/2026:12:56:43 -0600] "GET /wp-includes/js/jquery/jquery.min.js?ver=3.7.1 HTTP/1.1" 200 87553 "https://thelomad.com/the-team/legal-assistants-and-paralegals/jillian-m-chavers/" "Mozilla/5.0 (X11; Linux x86_64) AppleWebKit/537.36 (KHTML, like Gecko) HeadlessChrome/106.0.5249.30 Safari/537.36"
93.114.9.153 - - [16/Apr/2026:12:56:43 -0600] "GET /wp-content/plugins/addons-for-divi/assets/libs/magnific-popup/magnific-popup.js?ver=4.2.2 HTTP/1.1" 200 43807 "https://thelomad.com/the-team/legal-assistants-and-paralegals/jillian-m-chavers/" "Mozilla/5.0 (X11; Linux x86_64) AppleWebKit/537.36 (KHTML, like Gecko) HeadlessChrome/106.0.5249.30 Safari/537.36"
180.149.3.177 - - [16/Apr/2026:12:56:43 -0600] "GET /wp-content/plugins/addons-for-divi/assets/libs/slick/slick.min.js?ver=4.2.2 HTTP/1.1" 200 43245 "https://thelomad.com/the-team/legal-assistants-and-paralegals/jillian-m-chavers/" "Mozilla/5.0 (X11; Linux x86_64) AppleWebKit/537.36 (KHTML, like Gecko) HeadlessChrome/106.0.5249.30 Safari/537.36"
161.123.239.50 - - [16/Apr/2026:12:56:43 -0600] "GET /wp-content/plugins/addons-for-divi/assets/libs/counter-up/counter-up.min.js?ver=4.2.2 HTTP/1.1" 200 1928 "https://thelomad.com/the-team/legal-assistants-and-paralegals/jillian-m-chavers/" "Mozilla/5.0 (X11; Linux x86_64) AppleWebKit/537.36 (KHTML, like Gecko) HeadlessChrome/106.0.5249.30 Safari/537.36"
206.204.53.75 - - [16/Apr/2026:12:56:43 -0600] "GET /wp-content/plugins/addons-for-divi/assets/js/frontend.js?ver=4.2.2 HTTP/1.1" 200 5006 "https://thelomad.com/the-team/legal-assistants-and-paralegals/jillian-m-chavers/" "Mozilla/5.0 (X11; Linux x86_64) AppleWebKit/537.36 (KHTML, like Gecko) HeadlessChrome/106.0.5249.30 Safari/537.36"
161.123.239.50 - - [16/Apr/2026:12:56:43 -0600] "GET /wp-content/themes/Divi/includes/builder/feature/dynamic-assets/assets/js/jquery.fitvids.js?ver=4.27.6 HTTP/1.1" 200 3349 "https://thelomad.com/the-team/legal-assistants-and-paralegals/jillian-m-chavers/" "Mozilla/5.0 (X11; Linux x86_64) AppleWebKit/537.36 (KHTML, like Gecko) HeadlessChrome/106.0.5249.30 Safari/537.36"
93.114.9.153 - - [16/Apr/2026:12:56:43 -0600] "GET /wp-content/themes/Divi/js/scripts.min.js?ver=4.27.6 HTTP/1.1" 200 274461 "https://thelomad.com/the-team/legal-assistants-and-paralegals/jillian-m-chavers/" "Mozilla/5.0 (X11; Linux x86_64) AppleWebKit/537.36 (KHTML, like Gecko) HeadlessChrome/106.0.5249.30 Safari/537.36"
94.176.1.70 - - [16/Apr/2026:12:56:43 -0600] "GET /wp-content/plugins/addons-for-divi/assets/deprecated/popup.min.js?ver=4.2.2 HTTP/1.1" 200 4825 "https://thelomad.com/the-team/legal-assistants-and-paralegals/jillian-m-chavers/" "Mozilla/5.0 (X11; Linux x86_64) AppleWebKit/537.36 (KHTML, like Gecko) HeadlessChrome/106.0.5249.30 Safari/537.36"
206.204.53.75 - - [16/Apr/2026:12:56:43 -0600] "GET /wp-content/plugins/breadcrumbs-divi-module/scripts/frontend-bundle.min.js?ver=1.2.4 HTTP/1.1" 200 560 "https://thelomad.com/the-team/legal-assistants-and-paralegals/jillian-m-chavers/" "Mozilla/5.0 (X11; Linux x86_64) AppleWebKit/537.36 (KHTML, like Gecko) HeadlessChrome/106.0.5249.30 Safari/537.36"
180.149.3.177 - - [16/Apr/2026:12:56:43 -0600] "GET /wp-content/plugins/pojo-accessibility/modules/legacy/assets/js/app.min.js?ver=1.0.0 HTTP/1.1" 200 5313 "https://thelomad.com/the-team/legal-assistants-and-paralegals/jillian-m-chavers/" "Mozilla/5.0 (X11; Linux x86_64) AppleWebKit/537.36 (KHTML, like Gecko) HeadlessChrome/106.0.5249.30 Safari/537.36"
161.123.239.50 - - [16/Apr/2026:12:56:43 -0600] "GET /wp-content/plugins/divi-blurb-extended/scripts/frontend-bundle.min.js?ver=2.2.7 HTTP/1.1" 200 5938 "https://thelomad.com/the-team/legal-assistants-and-paralegals/jillian-m-chavers/" "Mozilla/5.0 (X11; Linux x86_64) AppleWebKit/537.36 (KHTML, like Gecko) HeadlessChrome/106.0.5249.30 Safari/537.36"
206.204.53.75 - - [16/Apr/2026:12:56:43 -0600] "GET /wp-includes/js/dist/vendor/react.min.js?ver=18.3.1.1 HTTP/1.1" 200 10628 "https://thelomad.com/the-team/legal-assistants-and-paralegals/jillian-m-chavers/" "Mozilla/5.0 (X11; Linux x86_64) AppleWebKit/537.36 (KHTML, like Gecko) HeadlessChrome/106.0.5249.30 Safari/537.36"
94.176.1.70 - - [16/Apr/2026:12:56:43 -0600] "GET /wp-includes/js/dist/escape-html.min.js?ver=6561a406d2d232a6fbd2 HTTP/1.1" 200 1000 "https://thelomad.com/the-team/legal-assistants-and-paralegals/jillian-m-chavers/" "Mozilla/5.0 (X11; Linux x86_64) AppleWebKit/537.36 (KHTML, like Gecko) HeadlessChrome/106.0.5249.30 Safari/537.36"
206.204.28.204 - - [16/Apr/2026:12:56:43 -0600] "GET /wp-includes/js/dist/hooks.min.js?ver=dd5603f07f9220ed27f1 HTTP/1.1" 200 5661 "https://thelomad.com/w-9-form-page/" "Mozilla/5.0 (X11; Linux x86_64) AppleWebKit/537.36 (KHTML, like Gecko) HeadlessChrome/106.0.5249.30 Safari/537.36"
180.149.3.177 - - [16/Apr/2026:12:56:43 -0600] "GET /wp-includes/js/dist/vendor/react-dom.min.js?ver=18.3.1.1 HTTP/1.1" 200 128946 "https://thelomad.com/the-team/legal-assistants-and-paralegals/jillian-m-chavers/" "Mozilla/5.0 (X11; Linux x86_64) AppleWebKit/537.36 (KHTML, like Gecko) HeadlessChrome/106.0.5249.30 Safari/537.36"
161.123.239.50 - - [16/Apr/2026:12:56:43 -0600] "GET /wp-includes/js/dist/hooks.min.js?ver=dd5603f07f9220ed27f1 HTTP/1.1" 200 5661 "https://thelomad.com/the-team/legal-assistants-and-paralegals/jillian-m-chavers/" "Mozilla/5.0 (X11; Linux x86_64) AppleWebKit/537.36 (KHTML, like Gecko) HeadlessChrome/106.0.5249.30 Safari/537.36"
94.139.61.147 - - [16/Apr/2026:12:56:43 -0600] "GET /wp-includes/js/dist/element.min.js?ver=6a582b0c827fa25df3dd HTTP/1.1" 200 12112 "https://thelomad.com/the-team/legal-assistants-and-paralegals/jillian-m-chavers/" "Mozilla/5.0 (X11; Linux x86_64) AppleWebKit/537.36 (KHTML, like Gecko) HeadlessChrome/106.0.5249.30 Safari/537.36"
93.114.9.153 - - [16/Apr/2026:12:56:43 -0600] "GET /wp-content/plugins/filebird-document-library/blocks/dist/frontend.js?ver=3.0.8 HTTP/1.1" 200 25573 "https://thelomad.com/the-team/legal-assistants-and-paralegals/jillian-m-chavers/" "Mozilla/5.0 (X11; Linux x86_64) AppleWebKit/537.36 (KHTML, like Gecko) HeadlessChrome/106.0.5249.30 Safari/537.36"
206.204.53.75 - - [16/Apr/2026:12:56:43 -0600] "GET /wp-includes/js/dist/i18n.min.js?ver=c26c3dc7bed366793375 HTTP/1.1" 200 5314 "https://thelomad.com/the-team/legal-assistants-and-paralegals/jillian-m-chavers/" "Mozilla/5.0 (X11; Linux x86_64) AppleWebKit/537.36 (KHTML, like Gecko) HeadlessChrome/106.0.5249.30 Safari/537.36"
180.149.3.177 - - [16/Apr/2026:12:56:43 -0600] "GET /wp-content/plugins/divi-blurb-extended/scripts/imagesloaded.pkgd.min.js?ver=4.1.4 HTTP/1.1" 200 5594 "https://thelomad.com/the-team/legal-assistants-and-paralegals/jillian-m-chavers/" "Mozilla/5.0 (X11; Linux x86_64) AppleWebKit/537.36 (KHTML, like Gecko) HeadlessChrome/106.0.5249.30 Safari/537.36"
94.176.1.70 - - [16/Apr/2026:12:56:43 -0600] "GET /wp-content/themes/Divi/core/admin/js/common.js?ver=4.27.6 HTTP/1.1" 200 1343 "https://thelomad.com/the-team/legal-assistants-and-paralegals/jillian-m-chavers/" "Mozilla/5.0 (X11; Linux x86_64) AppleWebKit/537.36 (KHTML, like Gecko) HeadlessChrome/106.0.5249.30 Safari/537.36"
161.123.239.50 - - [16/Apr/2026:12:56:43 -0600] "GET /wp-includes/js/underscore.min.js?ver=1.13.7 HTTP/1.1" 200 18905 "https://thelomad.com/the-team/legal-assistants-and-paralegals/jillian-m-chavers/" "Mozilla/5.0 (X11; Linux x86_64) AppleWebKit/537.36 (KHTML, like Gecko) HeadlessChrome/106.0.5249.30 Safari/537.36"
206.204.53.75 - - [16/Apr/2026:12:56:43 -0600] "GET /wp-includes/js/backbone.min.js?ver=1.6.0 HTTP/1.1" 200 24301 "https://thelomad.com/the-team/legal-assistants-and-paralegals/jillian-m-chavers/" "Mozilla/5.0 (X11; Linux x86_64) AppleWebKit/537.36 (KHTML, like Gecko) HeadlessChrome/106.0.5249.30 Safari/537.36"
180.149.3.177 - - [16/Apr/2026:12:56:43 -0600] "GET /wp-content/plugins/ninja-forms/assets/js/min/front-end.js?ver=3.14.2 HTTP/1.1" 200 115974 "https://thelomad.com/the-team/legal-assistants-and-paralegals/jillian-m-chavers/" "Mozilla/5.0 (X11; Linux x86_64) AppleWebKit/537.36 (KHTML, like Gecko) HeadlessChrome/106.0.5249.30 Safari/537.36"
206.204.28.204 - - [16/Apr/2026:12:56:43 -0600] "GET /wp-includes/js/dist/i18n.min.js?ver=c26c3dc7bed366793375 HTTP/1.1" 200 5314 "https://thelomad.com/w-9-form-page/" "Mozilla/5.0 (X11; Linux x86_64) AppleWebKit/537.36 (KHTML, like Gecko) HeadlessChrome/106.0.5249.30 Safari/537.36"
93.114.9.153 - - [16/Apr/2026:12:56:43 -0600] "GET /wp-content/plugins/ninja-forms/assets/js/min/front-end-deps.js?ver=3.14.2 HTTP/1.1" 200 66590 "https://thelomad.com/the-team/legal-assistants-and-paralegals/jillian-m-chavers/" "Mozilla/5.0 (X11; Linux x86_64) AppleWebKit/537.36 (KHTML, like Gecko) HeadlessChrome/106.0.5249.30 Safari/537.36"
161.123.239.50 - - [16/Apr/2026:12:56:43 -0600] "GET /wp-content/plugins/ninja-forms-multi-part/assets/js/min/front-end.js?ver=3.0.26 HTTP/1.1" 200 13131 "https://thelomad.com/the-team/legal-assistants-and-paralegals/jillian-m-chavers/" "Mozilla/5.0 (X11; Linux x86_64) AppleWebKit/537.36 (KHTML, like Gecko) HeadlessChrome/106.0.5249.30 Safari/537.36"
94.139.61.147 - - [16/Apr/2026:12:56:43 -0600] "GET /wp-content/plugins/ninja-forms-conditionals/assets/js/min/front-end.js?ver=6.9.4 HTTP/1.1" 200 38607 "https://thelomad.com/the-team/legal-assistants-and-paralegals/jillian-m-chavers/" "Mozilla/5.0 (X11; Linux x86_64) AppleWebKit/537.36 (KHTML, like Gecko) HeadlessChrome/106.0.5249.30 Safari/537.36"
94.176.1.70 - - [16/Apr/2026:12:56:43 -0600] "GET /wp-content/plugins/ninja-forms-style/layouts/assets/js/min/front-end.js?ver=3.0.29 HTTP/1.1" 200 7967 "https://thelomad.com/the-team/legal-assistants-and-paralegals/jillian-m-chavers/" "Mozilla/5.0 (X11; Linux x86_64) AppleWebKit/537.36 (KHTML, like Gecko) HeadlessChrome/106.0.5249.30 Safari/537.36"
93.114.9.153 - - [16/Apr/2026:12:56:43 -0600] "GET /wp-content/plugins/w3-total-cache/pub/js/lazyload.min.js HTTP/1.1" 200 7462 "https://thelomad.com/the-team/legal-assistants-and-paralegals/jillian-m-chavers/" "Mozilla/5.0 (X11; Linux x86_64) AppleWebKit/537.36 (KHTML, like Gecko) HeadlessChrome/106.0.5249.30 Safari/537.36"
180.149.3.177 - - [16/Apr/2026:12:56:43 -0600] "GET /wp-content/themes/Divi/includes/builder/feature/dynamic-assets/assets/js/magnific-popup.js HTTP/1.1" 200 22272 "https://thelomad.com/the-team/legal-assistants-and-paralegals/jillian-m-chavers/" "Mozilla/5.0 (X11; Linux x86_64) AppleWebKit/537.36 (KHTML, like Gecko) HeadlessChrome/106.0.5249.30 Safari/537.36"
206.204.53.75 - - [16/Apr/2026:12:56:43 -0600] "GET /wp-content/themes/Divi/includes/builder/feature/dynamic-assets/assets/js/sticky-elements.js?ver=4.27.6 HTTP/1.1" 200 209183 "https://thelomad.com/the-team/legal-assistants-and-paralegals/jillian-m-chavers/" "Mozilla/5.0 (X11; Linux x86_64) AppleWebKit/537.36 (KHTML, like Gecko) HeadlessChrome/106.0.5249.30 Safari/537.36"
206.204.28.204 - - [16/Apr/2026:12:56:43 -0600] "GET /wp-content/plugins/filebird-document-library/blocks/dist/frontend.js?ver=3.0.8 HTTP/1.1" 200 25573 "https://thelomad.com/w-9-form-page/" "Mozilla/5.0 (X11; Linux x86_64) AppleWebKit/537.36 (KHTML, like Gecko) HeadlessChrome/106.0.5249.30 Safari/537.36"
206.204.28.204 - - [16/Apr/2026:12:56:43 -0600] "GET /wp-content/themes/Divi/core/admin/js/common.js?ver=4.27.6 HTTP/1.1" 200 1343 "https://thelomad.com/w-9-form-page/" "Mozilla/5.0 (X11; Linux x86_64) AppleWebKit/537.36 (KHTML, like Gecko) HeadlessChrome/106.0.5249.30 Safari/537.36"
206.204.28.204 - - [16/Apr/2026:12:56:44 -0600] "GET /wp-includes/js/underscore.min.js?ver=1.13.7 HTTP/1.1" 200 18905 "https://thelomad.com/w-9-form-page/" "Mozilla/5.0 (X11; Linux x86_64) AppleWebKit/537.36 (KHTML, like Gecko) HeadlessChrome/106.0.5249.30 Safari/537.36"
91.92.217.165 - - [16/Apr/2026:12:56:39 -0600] "GET /the-team/workers-compensation-team/monika-s-tan/ HTTP/1.1" 500 2431 "-" "Mozilla/5.0 (X11; Linux x86_64) AppleWebKit/537.36 (KHTML, like Gecko) HeadlessChrome/106.0.5249.30 Safari/537.36"
119.12.200.218 - - [16/Apr/2026:12:56:39 -0600] "GET /the-team/workers-compensation-team/leo/ HTTP/1.1" 500 2431 "-" "Mozilla/5.0 (X11; Linux x86_64) AppleWebKit/537.36 (KHTML, like Gecko) HeadlessChrome/106.0.5249.30 Safari/537.36"
206.204.28.204 - - [16/Apr/2026:12:56:44 -0600] "GET /wp-includes/js/backbone.min.js?ver=1.6.0 HTTP/1.1" 200 24301 "https://thelomad.com/w-9-form-page/" "Mozilla/5.0 (X11; Linux x86_64) AppleWebKit/537.36 (KHTML, like Gecko) HeadlessChrome/106.0.5249.30 Safari/537.36"
180.149.1.47 - - [16/Apr/2026:12:56:39 -0600] "GET /the-team/workers-compensation-team/ishmael-nketiah/ HTTP/1.1" 500 2431 "-" "Mozilla/5.0 (X11; Linux x86_64) AppleWebKit/537.36 (KHTML, like Gecko) HeadlessChrome/106.0.5249.30 Safari/537.36"
206.204.28.204 - - [16/Apr/2026:12:56:44 -0600] "GET /wp-content/plugins/ninja-forms/assets/js/min/front-end-deps.js?ver=3.14.2 HTTP/1.1" 200 66590 "https://thelomad.com/w-9-form-page/" "Mozilla/5.0 (X11; Linux x86_64) AppleWebKit/537.36 (KHTML, like Gecko) HeadlessChrome/106.0.5249.30 Safari/537.36"
152.39.243.102 - - [16/Apr/2026:12:56:39 -0600] "GET /the-team/workers-compensation-team/brian-k-prince/ HTTP/1.1" 500 2431 "-" "Mozilla/5.0 (X11; Linux x86_64) AppleWebKit/537.36 (KHTML, like Gecko) HeadlessChrome/106.0.5249.30 Safari/537.36"
206.204.28.204 - - [16/Apr/2026:12:56:44 -0600] "GET /wp-content/plugins/ninja-forms/assets/js/min/front-end.js?ver=3.14.2 HTTP/1.1" 200 115974 "https://thelomad.com/w-9-form-page/" "Mozilla/5.0 (X11; Linux x86_64) AppleWebKit/537.36 (KHTML, like Gecko) HeadlessChrome/106.0.5249.30 Safari/537.36"
206.204.28.204 - - [16/Apr/2026:12:56:44 -0600] "GET /wp-content/plugins/ninja-forms-conditionals/assets/js/min/front-end.js?ver=6.9.4 HTTP/1.1" 200 38607 "https://thelomad.com/w-9-form-page/" "Mozilla/5.0 (X11; Linux x86_64) AppleWebKit/537.36 (KHTML, like Gecko) HeadlessChrome/106.0.5249.30 Safari/537.36"
91.92.217.165 - - [16/Apr/2026:12:56:38 -0600] "GET /the-team/workers-compensation-team/patrick-mcneill/ HTTP/1.1" 500 2431 "-" "Mozilla/5.0 (X11; Linux x86_64) AppleWebKit/537.36 (KHTML, like Gecko) HeadlessChrome/106.0.5249.30 Safari/537.36"
94.176.54.21 - - [16/Apr/2026:12:56:44 -0600] "GET /wp-content/plugins/ninja-forms-style/layouts/assets/js/min/front-end.js?ver=3.0.29 HTTP/1.1" 200 7967 "https://thelomad.com/w-9-form-page/" "Mozilla/5.0 (X11; Linux x86_64) AppleWebKit/537.36 (KHTML, like Gecko) HeadlessChrome/106.0.5249.30 Safari/537.36"
206.204.28.204 - - [16/Apr/2026:12:56:44 -0600] "GET /wp-content/plugins/ninja-forms-multi-part/assets/js/min/front-end.js?ver=3.0.26 HTTP/1.1" 200 13131 "https://thelomad.com/w-9-form-page/" "Mozilla/5.0 (X11; Linux x86_64) AppleWebKit/537.36 (KHTML, like Gecko) HeadlessChrome/106.0.5249.30 Safari/537.36"
5.183.243.69 - - [16/Apr/2026:12:56:39 -0600] "GET /the-team/workers-compensation-team/andrew-gould/ HTTP/1.1" 500 2431 "-" "Mozilla/5.0 (X11; Linux x86_64) AppleWebKit/537.36 (KHTML, like Gecko) HeadlessChrome/106.0.5249.30 Safari/537.36"
162.43.224.117 - - [16/Apr/2026:12:56:44 -0600] "GET /wp-content/themes/Divi/includes/builder/feature/dynamic-assets/assets/js/sticky-elements.js?ver=4.27.6 HTTP/1.1" 200 209183 "https://thelomad.com/w-9-form-page/" "Mozilla/5.0 (X11; Linux x86_64) AppleWebKit/537.36 (KHTML, like Gecko) HeadlessChrome/106.0.5249.30 Safari/537.36"
94.176.54.21 - - [16/Apr/2026:12:56:45 -0600] "GET /wp-content/themes/Divi/includes/builder/feature/dynamic-assets/assets/js/magnific-popup.js HTTP/1.1" 200 22272 "https://thelomad.com/w-9-form-page/" "Mozilla/5.0 (X11; Linux x86_64) AppleWebKit/537.36 (KHTML, like Gecko) HeadlessChrome/106.0.5249.30 Safari/537.36"
206.204.28.204 - - [16/Apr/2026:12:56:45 -0600] "GET /wp-content/plugins/w3-total-cache/pub/js/lazyload.min.js HTTP/1.1" 200 7462 "https://thelomad.com/w-9-form-page/" "Mozilla/5.0 (X11; Linux x86_64) AppleWebKit/537.36 (KHTML, like Gecko) HeadlessChrome/106.0.5249.30 Safari/537.36"
119.12.207.160 - - [16/Apr/2026:12:56:39 -0600] "GET /the-team/workers-compensation-team/melissa-a-day/ HTTP/1.1" 500 2431 "-" "Mozilla/5.0 (X11; Linux x86_64) AppleWebKit/537.36 (KHTML, like Gecko) HeadlessChrome/106.0.5249.30 Safari/537.36"
203.78.168.3 - - [16/Apr/2026:12:56:40 -0600] "GET /the-team/workers-compensation-team/raquel-gordon/ HTTP/1.1" 500 2431 "-" "Mozilla/5.0 (X11; Linux x86_64) AppleWebKit/537.36 (KHTML, like Gecko) HeadlessChrome/106.0.5249.30 Safari/537.36"
180.149.22.101 - - [16/Apr/2026:12:56:42 -0600] "GET /the-team/attorneys/melissa-a-day/ HTTP/1.1" 200 65235 "-" "Mozilla/5.0 (X11; Linux x86_64) AppleWebKit/537.36 (KHTML, like Gecko) HeadlessChrome/106.0.5249.30 Safari/537.36"
180.149.22.101 - - [16/Apr/2026:12:56:47 -0600] "GET /wp-includes/js/jquery/jquery-migrate.min.js?ver=3.4.1 HTTP/1.1" 200 13577 "https://thelomad.com/the-team/attorneys/melissa-a-day/" "Mozilla/5.0 (X11; Linux x86_64) AppleWebKit/537.36 (KHTML, like Gecko) HeadlessChrome/106.0.5249.30 Safari/537.36"
188.212.140.86 - - [16/Apr/2026:12:56:47 -0600] "GET /wp-includes/js/jquery/jquery.min.js?ver=3.7.1 HTTP/1.1" 200 87553 "https://thelomad.com/the-team/attorneys/melissa-a-day/" "Mozilla/5.0 (X11; Linux x86_64) AppleWebKit/537.36 (KHTML, like Gecko) HeadlessChrome/106.0.5249.30 Safari/537.36"
180.149.27.123 - - [16/Apr/2026:12:56:47 -0600] "GET /wp-content/plugins/pdf-viewer-for-wordpress/tnc-resources/custom-modal.js?ver=12.5.5 HTTP/1.1" 200 185 "https://thelomad.com/the-team/attorneys/melissa-a-day/" "Mozilla/5.0 (X11; Linux x86_64) AppleWebKit/537.36 (KHTML, like Gecko) HeadlessChrome/106.0.5249.30 Safari/537.36"
152.39.174.217 - - [16/Apr/2026:12:56:47 -0600] "GET /wp-content/plugins/pdf-viewer-for-wordpress/tnc-resources/modaal.min.js?ver=12.5.5 HTTP/1.1" 200 20301 "https://thelomad.com/the-team/attorneys/melissa-a-day/" "Mozilla/5.0 (X11; Linux x86_64) AppleWebKit/537.36 (KHTML, like Gecko) HeadlessChrome/106.0.5249.30 Safari/537.36"
180.149.22.101 - - [16/Apr/2026:12:56:47 -0600] "GET /wp-content/plugins/addons-for-divi/assets/libs/slick/slick.min.js?ver=4.2.2 HTTP/1.1" 200 43245 "https://thelomad.com/the-team/attorneys/melissa-a-day/" "Mozilla/5.0 (X11; Linux x86_64) AppleWebKit/537.36 (KHTML, like Gecko) HeadlessChrome/106.0.5249.30 Safari/537.36"
180.149.27.123 - - [16/Apr/2026:12:56:47 -0600] "GET /wp-content/plugins/addons-for-divi/assets/js/frontend.js?ver=4.2.2 HTTP/1.1" 200 5006 "https://thelomad.com/the-team/attorneys/melissa-a-day/" "Mozilla/5.0 (X11; Linux x86_64) AppleWebKit/537.36 (KHTML, like Gecko) HeadlessChrome/106.0.5249.30 Safari/537.36"
162.43.237.92 - - [16/Apr/2026:12:56:47 -0600] "GET /wp-content/plugins/addons-for-divi/assets/libs/counter-up/counter-up.min.js?ver=4.2.2 HTTP/1.1" 200 1928 "https://thelomad.com/the-team/attorneys/melissa-a-day/" "Mozilla/5.0 (X11; Linux x86_64) AppleWebKit/537.36 (KHTML, like Gecko) HeadlessChrome/106.0.5249.30 Safari/537.36"
162.43.235.191 - - [16/Apr/2026:12:56:47 -0600] "GET /wp-content/plugins/addons-for-divi/assets/libs/magnific-popup/magnific-popup.js?ver=4.2.2 HTTP/1.1" 200 43807 "https://thelomad.com/the-team/attorneys/melissa-a-day/" "Mozilla/5.0 (X11; Linux x86_64) AppleWebKit/537.36 (KHTML, like Gecko) HeadlessChrome/106.0.5249.30 Safari/537.36"
188.212.140.86 - - [16/Apr/2026:12:56:47 -0600] "GET /wp-content/plugins/addons-for-divi/assets/deprecated/popup.min.js?ver=4.2.2 HTTP/1.1" 200 4825 "https://thelomad.com/the-team/attorneys/melissa-a-day/" "Mozilla/5.0 (X11; Linux x86_64) AppleWebKit/537.36 (KHTML, like Gecko) HeadlessChrome/106.0.5249.30 Safari/537.36"
180.149.22.101 - - [16/Apr/2026:12:56:47 -0600] "GET /wp-content/plugins/pojo-accessibility/modules/legacy/assets/js/app.min.js?ver=1.0.0 HTTP/1.1" 200 5313 "https://thelomad.com/the-team/attorneys/melissa-a-day/" "Mozilla/5.0 (X11; Linux x86_64) AppleWebKit/537.36 (KHTML, like Gecko) HeadlessChrome/106.0.5249.30 Safari/537.36"
162.43.235.191 - - [16/Apr/2026:12:56:47 -0600] "GET /wp-content/plugins/breadcrumbs-divi-module/scripts/frontend-bundle.min.js?ver=1.2.4 HTTP/1.1" 200 560 "https://thelomad.com/the-team/attorneys/melissa-a-day/" "Mozilla/5.0 (X11; Linux x86_64) AppleWebKit/537.36 (KHTML, like Gecko) HeadlessChrome/106.0.5249.30 Safari/537.36"
152.39.174.217 - - [16/Apr/2026:12:56:47 -0600] "GET /wp-content/themes/Divi/includes/builder/feature/dynamic-assets/assets/js/jquery.fitvids.js?ver=4.27.6 HTTP/1.1" 200 3349 "https://thelomad.com/the-team/attorneys/melissa-a-day/" "Mozilla/5.0 (X11; Linux x86_64) AppleWebKit/537.36 (KHTML, like Gecko) HeadlessChrome/106.0.5249.30 Safari/537.36"
188.212.140.86 - - [16/Apr/2026:12:56:47 -0600] "GET /wp-includes/js/dist/vendor/react.min.js?ver=18.3.1.1 HTTP/1.1" 200 10628 "https://thelomad.com/the-team/attorneys/melissa-a-day/" "Mozilla/5.0 (X11; Linux x86_64) AppleWebKit/537.36 (KHTML, like Gecko) HeadlessChrome/106.0.5249.30 Safari/537.36"
162.43.237.92 - - [16/Apr/2026:12:56:47 -0600] "GET /wp-content/plugins/divi-blurb-extended/scripts/frontend-bundle.min.js?ver=2.2.7 HTTP/1.1" 200 5938 "https://thelomad.com/the-team/attorneys/melissa-a-day/" "Mozilla/5.0 (X11; Linux x86_64) AppleWebKit/537.36 (KHTML, like Gecko) HeadlessChrome/106.0.5249.30 Safari/537.36"
162.43.235.191 - - [16/Apr/2026:12:56:47 -0600] "GET /wp-includes/js/dist/escape-html.min.js?ver=6561a406d2d232a6fbd2 HTTP/1.1" 200 1000 "https://thelomad.com/the-team/attorneys/melissa-a-day/" "Mozilla/5.0 (X11; Linux x86_64) AppleWebKit/537.36 (KHTML, like Gecko) HeadlessChrome/106.0.5249.30 Safari/537.36"
92.114.81.6 - - [16/Apr/2026:12:56:42 -0600] "GET /the-team/attorneys/vicki-buehler/ HTTP/1.1" 500 2431 "-" "Mozilla/5.0 (X11; Linux x86_64) AppleWebKit/537.36 (KHTML, like Gecko) HeadlessChrome/106.0.5249.30 Safari/537.36"
180.149.27.123 - - [16/Apr/2026:12:56:47 -0600] "GET /wp-content/themes/Divi/js/scripts.min.js?ver=4.27.6 HTTP/1.1" 200 274461 "https://thelomad.com/the-team/attorneys/melissa-a-day/" "Mozilla/5.0 (X11; Linux x86_64) AppleWebKit/537.36 (KHTML, like Gecko) HeadlessChrome/106.0.5249.30 Safari/537.36"
188.212.140.86 - - [16/Apr/2026:12:56:47 -0600] "GET /wp-includes/js/dist/element.min.js?ver=6a582b0c827fa25df3dd HTTP/1.1" 200 12112 "https://thelomad.com/the-team/attorneys/melissa-a-day/" "Mozilla/5.0 (X11; Linux x86_64) AppleWebKit/537.36 (KHTML, like Gecko) HeadlessChrome/106.0.5249.30 Safari/537.36"
180.149.22.101 - - [16/Apr/2026:12:56:47 -0600] "GET /wp-includes/js/dist/vendor/react-dom.min.js?ver=18.3.1.1 HTTP/1.1" 200 128946 "https://thelomad.com/the-team/attorneys/melissa-a-day/" "Mozilla/5.0 (X11; Linux x86_64) AppleWebKit/537.36 (KHTML, like Gecko) HeadlessChrome/106.0.5249.30 Safari/537.36"
152.39.174.217 - - [16/Apr/2026:12:56:47 -0600] "GET /wp-includes/js/dist/hooks.min.js?ver=dd5603f07f9220ed27f1 HTTP/1.1" 200 5661 "https://thelomad.com/the-team/attorneys/melissa-a-day/" "Mozilla/5.0 (X11; Linux x86_64) AppleWebKit/537.36 (KHTML, like Gecko) HeadlessChrome/106.0.5249.30 Safari/537.36"
162.43.237.92 - - [16/Apr/2026:12:56:47 -0600] "GET /wp-includes/js/dist/i18n.min.js?ver=c26c3dc7bed366793375 HTTP/1.1" 200 5314 "https://thelomad.com/the-team/attorneys/melissa-a-day/" "Mozilla/5.0 (X11; Linux x86_64) AppleWebKit/537.36 (KHTML, like Gecko) HeadlessChrome/106.0.5249.30 Safari/537.36"
162.43.235.191 - - [16/Apr/2026:12:56:47 -0600] "GET /wp-content/plugins/filebird-document-library/blocks/dist/frontend.js?ver=3.0.8 HTTP/1.1" 200 25573 "https://thelomad.com/the-team/attorneys/melissa-a-day/" "Mozilla/5.0 (X11; Linux x86_64) AppleWebKit/537.36 (KHTML, like Gecko) HeadlessChrome/106.0.5249.30 Safari/537.36"
188.212.140.86 - - [16/Apr/2026:12:56:47 -0600] "GET /wp-content/themes/Divi/core/admin/js/common.js?ver=4.27.6 HTTP/1.1" 200 1343 "https://thelomad.com/the-team/attorneys/melissa-a-day/" "Mozilla/5.0 (X11; Linux x86_64) AppleWebKit/537.36 (KHTML, like Gecko) HeadlessChrome/106.0.5249.30 Safari/537.36"
180.149.22.101 - - [16/Apr/2026:12:56:47 -0600] "GET /wp-content/plugins/divi-blurb-extended/scripts/imagesloaded.pkgd.min.js?ver=4.1.4 HTTP/1.1" 200 5594 "https://thelomad.com/the-team/attorneys/melissa-a-day/" "Mozilla/5.0 (X11; Linux x86_64) AppleWebKit/537.36 (KHTML, like Gecko) HeadlessChrome/106.0.5249.30 Safari/537.36"
162.43.235.191 - - [16/Apr/2026:12:56:47 -0600] "GET /wp-content/plugins/ninja-forms/assets/js/min/front-end.js?ver=3.14.2 HTTP/1.1" 200 115974 "https://thelomad.com/the-team/attorneys/melissa-a-day/" "Mozilla/5.0 (X11; Linux x86_64) AppleWebKit/537.36 (KHTML, like Gecko) HeadlessChrome/106.0.5249.30 Safari/537.36"
152.39.174.217 - - [16/Apr/2026:12:56:47 -0600] "GET /wp-includes/js/underscore.min.js?ver=1.13.7 HTTP/1.1" 200 18905 "https://thelomad.com/the-team/attorneys/melissa-a-day/" "Mozilla/5.0 (X11; Linux x86_64) AppleWebKit/537.36 (KHTML, like Gecko) HeadlessChrome/106.0.5249.30 Safari/537.36"
180.149.27.123 - - [16/Apr/2026:12:56:47 -0600] "GET /wp-includes/js/backbone.min.js?ver=1.6.0 HTTP/1.1" 200 24301 "https://thelomad.com/the-team/attorneys/melissa-a-day/" "Mozilla/5.0 (X11; Linux x86_64) AppleWebKit/537.36 (KHTML, like Gecko) HeadlessChrome/106.0.5249.30 Safari/537.36"
188.212.140.86 - - [16/Apr/2026:12:56:47 -0600] "GET /wp-content/plugins/ninja-forms-conditionals/assets/js/min/front-end.js?ver=6.9.4 HTTP/1.1" 200 38607 "https://thelomad.com/the-team/attorneys/melissa-a-day/" "Mozilla/5.0 (X11; Linux x86_64) AppleWebKit/537.36 (KHTML, like Gecko) HeadlessChrome/106.0.5249.30 Safari/537.36"
180.149.22.101 - - [16/Apr/2026:12:56:47 -0600] "GET /wp-content/plugins/ninja-forms-style/layouts/assets/js/min/front-end.js?ver=3.0.29 HTTP/1.1" 200 7967 "https://thelomad.com/the-team/attorneys/melissa-a-day/" "Mozilla/5.0 (X11; Linux x86_64) AppleWebKit/537.36 (KHTML, like Gecko) HeadlessChrome/106.0.5249.30 Safari/537.36"
152.39.174.217 - - [16/Apr/2026:12:56:47 -0600] "GET /wp-content/plugins/ninja-forms-multi-part/assets/js/min/front-end.js?ver=3.0.26 HTTP/1.1" 200 13131 "https://thelomad.com/the-team/attorneys/melissa-a-day/" "Mozilla/5.0 (X11; Linux x86_64) AppleWebKit/537.36 (KHTML, like Gecko) HeadlessChrome/106.0.5249.30 Safari/537.36"
180.149.27.123 - - [16/Apr/2026:12:56:47 -0600] "GET /wp-content/themes/Divi/includes/builder/feature/dynamic-assets/assets/js/sticky-elements.js?ver=4.27.6 HTTP/1.1" 200 209183 "https://thelomad.com/the-team/attorneys/melissa-a-day/" "Mozilla/5.0 (X11; Linux x86_64) AppleWebKit/537.36 (KHTML, like Gecko) HeadlessChrome/106.0.5249.30 Safari/537.36"
162.43.237.92 - - [16/Apr/2026:12:56:47 -0600] "GET /wp-content/plugins/ninja-forms/assets/js/min/front-end-deps.js?ver=3.14.2 HTTP/1.1" 200 66590 "https://thelomad.com/the-team/attorneys/melissa-a-day/" "Mozilla/5.0 (X11; Linux x86_64) AppleWebKit/537.36 (KHTML, like Gecko) HeadlessChrome/106.0.5249.30 Safari/537.36"
188.212.140.86 - - [16/Apr/2026:12:56:48 -0600] "GET /wp-content/plugins/w3-total-cache/pub/js/lazyload.min.js HTTP/1.1" 200 7462 "https://thelomad.com/the-team/attorneys/melissa-a-day/" "Mozilla/5.0 (X11; Linux x86_64) AppleWebKit/537.36 (KHTML, like Gecko) HeadlessChrome/106.0.5249.30 Safari/537.36"
162.43.235.191 - - [16/Apr/2026:12:56:48 -0600] "GET /wp-content/themes/Divi/includes/builder/feature/dynamic-assets/assets/js/magnific-popup.js HTTP/1.1" 200 22272 "https://thelomad.com/the-team/attorneys/melissa-a-day/" "Mozilla/5.0 (X11; Linux x86_64) AppleWebKit/537.36 (KHTML, like Gecko) HeadlessChrome/106.0.5249.30 Safari/537.36"
162.240.221.145 - - [16/Apr/2026:12:56:24 -0600] "POST /wp-cron.php?doing_wp_cron=1776365784.9051270484924316406250 HTTP/1.1" 404 15758 "-" "WordPress/6.9.4; https://thelomad.com"
119.13.206.73 - - [16/Apr/2026:12:57:19 -0600] "GET /wp-includes/js/jquery/jquery.min.js?ver=3.7.1 HTTP/1.1" 200 87553 "https://thelomad.com/disclaimer-old/" "Mozilla/5.0 (X11; Linux x86_64) AppleWebKit/537.36 (KHTML, like Gecko) HeadlessChrome/106.0.5249.30 Safari/537.36"
119.13.206.73 - - [16/Apr/2026:12:57:20 -0600] "GET /wp-includes/js/jquery/jquery-migrate.min.js?ver=3.4.1 HTTP/1.1" 200 13577 "https://thelomad.com/disclaimer-old/" "Mozilla/5.0 (X11; Linux x86_64) AppleWebKit/537.36 (KHTML, like Gecko) HeadlessChrome/106.0.5249.30 Safari/537.36"
119.13.206.73 - - [16/Apr/2026:12:57:20 -0600] "GET /wp-content/plugins/pdf-viewer-for-wordpress/tnc-resources/custom-modal.js?ver=12.5.5 HTTP/1.1" 200 185 "https://thelomad.com/disclaimer-old/" "Mozilla/5.0 (X11; Linux x86_64) AppleWebKit/537.36 (KHTML, like Gecko) HeadlessChrome/106.0.5249.30 Safari/537.36"
119.12.201.202 - - [16/Apr/2026:12:57:20 -0600] "GET /wp-content/plugins/pdf-viewer-for-wordpress/tnc-resources/modaal.min.js?ver=12.5.5 HTTP/1.1" 200 20301 "https://thelomad.com/disclaimer-old/" "Mozilla/5.0 (X11; Linux x86_64) AppleWebKit/537.36 (KHTML, like Gecko) HeadlessChrome/106.0.5249.30 Safari/537.36"
89.38.133.31 - - [16/Apr/2026:12:57:20 -0600] "GET /wp-content/plugins/addons-for-divi/assets/libs/magnific-popup/magnific-popup.js?ver=4.2.2 HTTP/1.1" 200 43807 "https://thelomad.com/disclaimer-old/" "Mozilla/5.0 (X11; Linux x86_64) AppleWebKit/537.36 (KHTML, like Gecko) HeadlessChrome/106.0.5249.30 Safari/537.36"
119.13.206.73 - - [16/Apr/2026:12:57:20 -0600] "GET /wp-content/plugins/addons-for-divi/assets/libs/slick/slick.min.js?ver=4.2.2 HTTP/1.1" 200 43245 "https://thelomad.com/disclaimer-old/" "Mozilla/5.0 (X11; Linux x86_64) AppleWebKit/537.36 (KHTML, like Gecko) HeadlessChrome/106.0.5249.30 Safari/537.36"
119.13.206.73 - - [16/Apr/2026:12:57:20 -0600] "GET /wp-content/plugins/addons-for-divi/assets/js/frontend.js?ver=4.2.2 HTTP/1.1" 200 5006 "https://thelomad.com/disclaimer-old/" "Mozilla/5.0 (X11; Linux x86_64) AppleWebKit/537.36 (KHTML, like Gecko) HeadlessChrome/106.0.5249.30 Safari/537.36"
149.19.239.127 - - [16/Apr/2026:12:57:20 -0600] "GET /wp-content/plugins/addons-for-divi/assets/libs/counter-up/counter-up.min.js?ver=4.2.2 HTTP/1.1" 200 1928 "https://thelomad.com/disclaimer-old/" "Mozilla/5.0 (X11; Linux x86_64) AppleWebKit/537.36 (KHTML, like Gecko) HeadlessChrome/106.0.5249.30 Safari/537.36"
89.38.133.31 - - [16/Apr/2026:12:57:20 -0600] "GET /wp-content/plugins/addons-for-divi/assets/deprecated/popup.min.js?ver=4.2.2 HTTP/1.1" 200 4825 "https://thelomad.com/disclaimer-old/" "Mozilla/5.0 (X11; Linux x86_64) AppleWebKit/537.36 (KHTML, like Gecko) HeadlessChrome/106.0.5249.30 Safari/537.36"
149.19.239.127 - - [16/Apr/2026:12:57:20 -0600] "GET /wp-content/themes/Divi/includes/builder/feature/dynamic-assets/assets/js/jquery.fitvids.js?ver=4.27.6 HTTP/1.1" 200 3349 "https://thelomad.com/disclaimer-old/" "Mozilla/5.0 (X11; Linux x86_64) AppleWebKit/537.36 (KHTML, like Gecko) HeadlessChrome/106.0.5249.30 Safari/537.36"
119.12.201.202 - - [16/Apr/2026:12:57:20 -0600] "GET /wp-content/themes/Divi/js/scripts.min.js?ver=4.27.6 HTTP/1.1" 200 274461 "https://thelomad.com/disclaimer-old/" "Mozilla/5.0 (X11; Linux x86_64) AppleWebKit/537.36 (KHTML, like Gecko) HeadlessChrome/106.0.5249.30 Safari/537.36"
