94.139.59.167 - - [16/Apr/2026:12:56:22 -0600] "GET /wp-content/plugins/ninja-forms-conditionals/assets/js/min/front-end.js?ver=6.9.4 HTTP/1.1" 200 38607 "https://thelomad.com/the-team/legal-assistants-and-paralegals/" "Mozilla/5.0 (X11; Linux x86_64) AppleWebKit/537.36 (KHTML, like Gecko) HeadlessChrome/106.0.5249.30 Safari/537.36"
103.30.14.180 - - [16/Apr/2026:12:56:22 -0600] "GET /wp-content/plugins/ninja-forms/assets/js/min/front-end.js?ver=3.14.2 HTTP/1.1" 200 115974 "https://thelomad.com/the-team/legal-assistants-and-paralegals/" "Mozilla/5.0 (X11; Linux x86_64) AppleWebKit/537.36 (KHTML, like Gecko) HeadlessChrome/106.0.5249.30 Safari/537.36"
154.37.103.42 - - [16/Apr/2026:12:56:22 -0600] "GET /wp-content/plugins/ninja-forms/assets/js/min/front-end-deps.js?ver=3.14.2 HTTP/1.1" 200 66590 "https://thelomad.com/the-team/legal-assistants-and-paralegals/" "Mozilla/5.0 (X11; Linux x86_64) AppleWebKit/537.36 (KHTML, like Gecko) HeadlessChrome/106.0.5249.30 Safari/537.36"
185.246.174.52 - - [16/Apr/2026:12:56:21 -0600] "GET /wp-includes/js/dist/vendor/react-dom.min.js?ver=18.3.1.1 HTTP/1.1" 200 128946 "https://thelomad.com/client-resources/workers-compensation-practice-aids/permanency/" "Mozilla/5.0 (X11; Linux x86_64) AppleWebKit/537.36 (KHTML, like Gecko) HeadlessChrome/106.0.5249.30 Safari/537.36"
180.149.23.9 - - [16/Apr/2026:12:56:22 -0600] "GET /wp-includes/js/dist/hooks.min.js?ver=dd5603f07f9220ed27f1 HTTP/1.1" 200 5661 "https://thelomad.com/client-resources/workers-compensation-practice-aids/permanency/" "Mozilla/5.0 (X11; Linux x86_64) AppleWebKit/537.36 (KHTML, like Gecko) HeadlessChrome/106.0.5249.30 Safari/537.36"
94.176.55.108 - - [16/Apr/2026:12:56:22 -0600] "GET /wp-includes/js/dist/escape-html.min.js?ver=6561a406d2d232a6fbd2 HTTP/1.1" 200 1000 "https://thelomad.com/contact/" "Mozilla/5.0 (X11; Linux x86_64) AppleWebKit/537.36 (KHTML, like Gecko) HeadlessChrome/106.0.5249.30 Safari/537.36"
152.39.198.67 - - [16/Apr/2026:12:56:22 -0600] "GET /wp-content/plugins/addons-for-divi/assets/deprecated/popup.min.js?ver=4.2.2 HTTP/1.1" 200 4825 "https://thelomad.com/the-team/careers/" "Mozilla/5.0 (X11; Linux x86_64) AppleWebKit/537.36 (KHTML, like Gecko) HeadlessChrome/106.0.5249.30 Safari/537.36"
213.188.88.197 - - [16/Apr/2026:12:56:22 -0600] "GET /wp-includes/js/dist/element.min.js?ver=6a582b0c827fa25df3dd HTTP/1.1" 200 12112 "https://thelomad.com/contact/" "Mozilla/5.0 (X11; Linux x86_64) AppleWebKit/537.36 (KHTML, like Gecko) HeadlessChrome/106.0.5249.30 Safari/537.36"
92.119.25.185 - - [16/Apr/2026:12:56:22 -0600] "GET /wp-content/themes/Divi/includes/builder/feature/dynamic-assets/assets/js/jquery.fitvids.js?ver=4.27.6 HTTP/1.1" 200 3349 "https://thelomad.com/the-team/careers/" "Mozilla/5.0 (X11; Linux x86_64) AppleWebKit/537.36 (KHTML, like Gecko) HeadlessChrome/106.0.5249.30 Safari/537.36"
119.13.223.59 - - [16/Apr/2026:12:56:22 -0600] "GET /wp-includes/js/dist/escape-html.min.js?ver=6561a406d2d232a6fbd2 HTTP/1.1" 200 1000 "https://thelomad.com/client-resources/" "Mozilla/5.0 (X11; Linux x86_64) AppleWebKit/537.36 (KHTML, like Gecko) HeadlessChrome/106.0.5249.30 Safari/537.36"
149.19.238.252 - - [16/Apr/2026:12:56:22 -0600] "GET /wp-content/plugins/divi-blurb-extended/scripts/imagesloaded.pkgd.min.js?ver=4.1.4 HTTP/1.1" 200 5594 "https://thelomad.com/client-resources/workers-compensation-practice-aids/permanency/" "Mozilla/5.0 (X11; Linux x86_64) AppleWebKit/537.36 (KHTML, like Gecko) HeadlessChrome/106.0.5249.30 Safari/537.36"
161.123.249.182 - - [16/Apr/2026:12:56:22 -0600] "GET /wp-includes/js/dist/hooks.min.js?ver=dd5603f07f9220ed27f1 HTTP/1.1" 200 5661 "https://thelomad.com/contact/" "Mozilla/5.0 (X11; Linux x86_64) AppleWebKit/537.36 (KHTML, like Gecko) HeadlessChrome/106.0.5249.30 Safari/537.36"
152.39.249.227 - - [16/Apr/2026:12:56:21 -0600] "GET /wp-content/themes/Divi/js/scripts.min.js?ver=4.27.6 HTTP/1.1" 200 274461 "https://thelomad.com/client-resources/" "Mozilla/5.0 (X11; Linux x86_64) AppleWebKit/537.36 (KHTML, like Gecko) HeadlessChrome/106.0.5249.30 Safari/537.36"
103.30.14.180 - - [16/Apr/2026:12:56:22 -0600] "GET /wp-content/plugins/ninja-forms-style/layouts/assets/js/min/front-end.js?ver=3.0.29 HTTP/1.1" 200 7967 "https://thelomad.com/the-team/legal-assistants-and-paralegals/" "Mozilla/5.0 (X11; Linux x86_64) AppleWebKit/537.36 (KHTML, like Gecko) HeadlessChrome/106.0.5249.30 Safari/537.36"
119.12.206.61 - - [16/Apr/2026:12:56:22 -0600] "GET /wp-content/themes/Divi/core/admin/js/common.js?ver=4.27.6 HTTP/1.1" 200 1343 "https://thelomad.com/client-resources/workers-compensation-practice-aids/permanency/" "Mozilla/5.0 (X11; Linux x86_64) AppleWebKit/537.36 (KHTML, like Gecko) HeadlessChrome/106.0.5249.30 Safari/537.36"
152.39.155.49 - - [16/Apr/2026:12:56:22 -0600] "GET /wp-content/themes/Divi/js/scripts.min.js?ver=4.27.6 HTTP/1.1" 200 274461 "https://thelomad.com/the-team/careers/" "Mozilla/5.0 (X11; Linux x86_64) AppleWebKit/537.36 (KHTML, like Gecko) HeadlessChrome/106.0.5249.30 Safari/537.36"
206.204.20.97 - - [16/Apr/2026:12:56:22 -0600] "GET /wp-includes/js/dist/vendor/react-dom.min.js?ver=18.3.1.1 HTTP/1.1" 200 128946 "https://thelomad.com/contact/" "Mozilla/5.0 (X11; Linux x86_64) AppleWebKit/537.36 (KHTML, like Gecko) HeadlessChrome/106.0.5249.30 Safari/537.36"
94.139.59.167 - - [16/Apr/2026:12:56:22 -0600] "GET /wp-content/plugins/ninja-forms-multi-part/assets/js/min/front-end.js?ver=3.0.26 HTTP/1.1" 200 13131 "https://thelomad.com/the-team/legal-assistants-and-paralegals/" "Mozilla/5.0 (X11; Linux x86_64) AppleWebKit/537.36 (KHTML, like Gecko) HeadlessChrome/106.0.5249.30 Safari/537.36"
149.19.238.249 - - [16/Apr/2026:12:56:22 -0600] "GET /wp-includes/js/dist/vendor/react-dom.min.js?ver=18.3.1.1 HTTP/1.1" 200 128946 "https://thelomad.com/client-resources/" "Mozilla/5.0 (X11; Linux x86_64) AppleWebKit/537.36 (KHTML, like Gecko) HeadlessChrome/106.0.5249.30 Safari/537.36"
119.13.201.37 - - [16/Apr/2026:12:56:22 -0600] "GET /wp-content/plugins/addons-for-divi/assets/js/frontend.js?ver=4.2.2 HTTP/1.1" 200 5006 "https://thelomad.com/the-team/careers/" "Mozilla/5.0 (X11; Linux x86_64) AppleWebKit/537.36 (KHTML, like Gecko) HeadlessChrome/106.0.5249.30 Safari/537.36"
154.37.103.42 - - [16/Apr/2026:12:56:22 -0600] "GET /wp-content/themes/Divi/includes/builder/feature/dynamic-assets/assets/js/sticky-elements.js?ver=4.27.6 HTTP/1.1" 200 209183 "https://thelomad.com/the-team/legal-assistants-and-paralegals/" "Mozilla/5.0 (X11; Linux x86_64) AppleWebKit/537.36 (KHTML, like Gecko) HeadlessChrome/106.0.5249.30 Safari/537.36"
152.39.248.138 - - [16/Apr/2026:12:56:22 -0600] "GET /wp-includes/js/underscore.min.js?ver=1.13.7 HTTP/1.1" 200 18905 "https://thelomad.com/client-resources/workers-compensation-practice-aids/permanency/" "Mozilla/5.0 (X11; Linux x86_64) AppleWebKit/537.36 (KHTML, like Gecko) HeadlessChrome/106.0.5249.30 Safari/537.36"
94.176.55.108 - - [16/Apr/2026:12:56:22 -0600] "GET /wp-content/plugins/filebird-document-library/blocks/dist/frontend.js?ver=3.0.8 HTTP/1.1" 200 25573 "https://thelomad.com/contact/" "Mozilla/5.0 (X11; Linux x86_64) AppleWebKit/537.36 (KHTML, like Gecko) HeadlessChrome/106.0.5249.30 Safari/537.36"
180.149.14.86 - - [16/Apr/2026:12:56:22 -0600] "GET /wp-content/plugins/pojo-accessibility/modules/legacy/assets/js/app.min.js?ver=1.0.0 HTTP/1.1" 200 5313 "https://thelomad.com/the-team/careers/" "Mozilla/5.0 (X11; Linux x86_64) AppleWebKit/537.36 (KHTML, like Gecko) HeadlessChrome/106.0.5249.30 Safari/537.36"
91.245.235.145 - - [16/Apr/2026:12:56:22 -0600] "GET /wp-includes/js/dist/element.min.js?ver=6a582b0c827fa25df3dd HTTP/1.1" 200 12112 "https://thelomad.com/client-resources/" "Mozilla/5.0 (X11; Linux x86_64) AppleWebKit/537.36 (KHTML, like Gecko) HeadlessChrome/106.0.5249.30 Safari/537.36"
209.242.200.124 - - [16/Apr/2026:12:56:22 -0600] "GET /wp-content/plugins/addons-for-divi/assets/libs/magnific-popup/magnific-popup.js?ver=4.2.2 HTTP/1.1" 200 43807 "https://thelomad.com/sitemap/" "Mozilla/5.0 (X11; Linux x86_64) AppleWebKit/537.36 (KHTML, like Gecko) HeadlessChrome/106.0.5249.30 Safari/537.36"
198.13.247.7 - - [16/Apr/2026:12:56:22 -0600] "GET /wp-content/themes/Divi/includes/builder/feature/dynamic-assets/assets/js/magnific-popup.js HTTP/1.1" 200 22272 "https://thelomad.com/the-team/legal-assistants-and-paralegals/" "Mozilla/5.0 (X11; Linux x86_64) AppleWebKit/537.36 (KHTML, like Gecko) HeadlessChrome/106.0.5249.30 Safari/537.36"
94.176.85.101 - - [16/Apr/2026:12:56:22 -0600] "GET /wp-content/plugins/w3-total-cache/pub/js/lazyload.min.js HTTP/1.1" 200 7462 "https://thelomad.com/the-team/legal-assistants-and-paralegals/" "Mozilla/5.0 (X11; Linux x86_64) AppleWebKit/537.36 (KHTML, like Gecko) HeadlessChrome/106.0.5249.30 Safari/537.36"
152.39.198.67 - - [16/Apr/2026:12:56:22 -0600] "GET /wp-content/themes/Divi/includes/builder/feature/dynamic-assets/assets/js/jquery.mobile.js?ver=4.27.6 HTTP/1.1" 200 10776 "https://thelomad.com/the-team/careers/" "Mozilla/5.0 (X11; Linux x86_64) AppleWebKit/537.36 (KHTML, like Gecko) HeadlessChrome/106.0.5249.30 Safari/537.36"
213.188.81.65 - - [16/Apr/2026:12:56:22 -0600] "GET /wp-content/plugins/pdf-viewer-for-wordpress/tnc-resources/custom-modal.js?ver=12.5.5 HTTP/1.1" 200 185 "https://thelomad.com/sitemap/" "Mozilla/5.0 (X11; Linux x86_64) AppleWebKit/537.36 (KHTML, like Gecko) HeadlessChrome/106.0.5249.30 Safari/537.36"
161.123.78.116 - - [16/Apr/2026:12:56:22 -0600] "GET /wp-includes/js/dist/i18n.min.js?ver=c26c3dc7bed366793375 HTTP/1.1" 200 5314 "https://thelomad.com/client-resources/" "Mozilla/5.0 (X11; Linux x86_64) AppleWebKit/537.36 (KHTML, like Gecko) HeadlessChrome/106.0.5249.30 Safari/537.36"
213.188.88.197 - - [16/Apr/2026:12:56:22 -0600] "GET /wp-content/themes/Divi/core/admin/js/common.js?ver=4.27.6 HTTP/1.1" 200 1343 "https://thelomad.com/contact/" "Mozilla/5.0 (X11; Linux x86_64) AppleWebKit/537.36 (KHTML, like Gecko) HeadlessChrome/106.0.5249.30 Safari/537.36"
154.17.130.242 - - [16/Apr/2026:12:56:21 -0600] "GET /wp-content/themes/Divi/js/scripts.min.js?ver=4.27.6 HTTP/1.1" 200 274461 "https://thelomad.com/contact/" "Mozilla/5.0 (X11; Linux x86_64) AppleWebKit/537.36 (KHTML, like Gecko) HeadlessChrome/106.0.5249.30 Safari/537.36"
95.215.36.187 - - [16/Apr/2026:12:56:22 -0600] "GET /wp-content/plugins/addons-for-divi/assets/libs/slick/slick.min.js?ver=4.2.2 HTTP/1.1" 200 43245 "https://thelomad.com/sitemap/" "Mozilla/5.0 (X11; Linux x86_64) AppleWebKit/537.36 (KHTML, like Gecko) HeadlessChrome/106.0.5249.30 Safari/537.36"
185.246.173.165 - - [16/Apr/2026:12:56:22 -0600] "GET /wp-content/plugins/addons-for-divi/assets/js/frontend.js?ver=4.2.2 HTTP/1.1" 200 5006 "https://thelomad.com/sitemap/" "Mozilla/5.0 (X11; Linux x86_64) AppleWebKit/537.36 (KHTML, like Gecko) HeadlessChrome/106.0.5249.30 Safari/537.36"
104.223.13.152 - - [16/Apr/2026:12:56:22 -0600] "GET /wp-includes/js/dist/hooks.min.js?ver=dd5603f07f9220ed27f1 HTTP/1.1" 200 5661 "https://thelomad.com/client-resources/" "Mozilla/5.0 (X11; Linux x86_64) AppleWebKit/537.36 (KHTML, like Gecko) HeadlessChrome/106.0.5249.30 Safari/537.36"
92.119.25.185 - - [16/Apr/2026:12:56:22 -0600] "GET /wp-content/plugins/breadcrumbs-divi-module/scripts/frontend-bundle.min.js?ver=1.2.4 HTTP/1.1" 200 560 "https://thelomad.com/the-team/careers/" "Mozilla/5.0 (X11; Linux x86_64) AppleWebKit/537.36 (KHTML, like Gecko) HeadlessChrome/106.0.5249.30 Safari/537.36"
206.204.5.200 - - [16/Apr/2026:12:56:22 -0600] "GET /wp-content/plugins/addons-for-divi/assets/libs/counter-up/counter-up.min.js?ver=4.2.2 HTTP/1.1" 200 1928 "https://thelomad.com/sitemap/" "Mozilla/5.0 (X11; Linux x86_64) AppleWebKit/537.36 (KHTML, like Gecko) HeadlessChrome/106.0.5249.30 Safari/537.36"
161.123.249.182 - - [16/Apr/2026:12:56:22 -0600] "GET /wp-content/plugins/ninja-forms/assets/js/min/front-end--inputmask.min.js?ver=3.14.2 HTTP/1.1" 200 4375 "https://thelomad.com/contact/" "Mozilla/5.0 (X11; Linux x86_64) AppleWebKit/537.36 (KHTML, like Gecko) HeadlessChrome/106.0.5249.30 Safari/537.36"
149.19.238.252 - - [16/Apr/2026:12:56:22 -0600] "GET /wp-content/plugins/ninja-forms-conditionals/assets/js/min/front-end.js?ver=6.9.4 HTTP/1.1" 200 38607 "https://thelomad.com/client-resources/workers-compensation-practice-aids/permanency/" "Mozilla/5.0 (X11; Linux x86_64) AppleWebKit/537.36 (KHTML, like Gecko) HeadlessChrome/106.0.5249.30 Safari/537.36"
180.149.23.9 - - [16/Apr/2026:12:56:22 -0600] "GET /wp-includes/js/backbone.min.js?ver=1.6.0 HTTP/1.1" 200 24301 "https://thelomad.com/client-resources/workers-compensation-practice-aids/permanency/" "Mozilla/5.0 (X11; Linux x86_64) AppleWebKit/537.36 (KHTML, like Gecko) HeadlessChrome/106.0.5249.30 Safari/537.36"
94.176.55.108 - - [16/Apr/2026:12:56:22 -0600] "GET /wp-includes/js/underscore.min.js?ver=1.13.7 HTTP/1.1" 200 18905 "https://thelomad.com/contact/" "Mozilla/5.0 (X11; Linux x86_64) AppleWebKit/537.36 (KHTML, like Gecko) HeadlessChrome/106.0.5249.30 Safari/537.36"
161.123.239.50 - - [16/Apr/2026:12:56:22 -0600] "GET /wp-content/plugins/divi-blurb-extended/scripts/frontend-bundle.min.js?ver=2.2.7 HTTP/1.1" 200 5938 "https://thelomad.com/the-team/careers/" "Mozilla/5.0 (X11; Linux x86_64) AppleWebKit/537.36 (KHTML, like Gecko) HeadlessChrome/106.0.5249.30 Safari/537.36"
119.12.206.61 - - [16/Apr/2026:12:56:22 -0600] "GET /wp-content/plugins/ninja-forms-style/layouts/assets/js/min/front-end.js?ver=3.0.29 HTTP/1.1" 200 7967 "https://thelomad.com/client-resources/workers-compensation-practice-aids/permanency/" "Mozilla/5.0 (X11; Linux x86_64) AppleWebKit/537.36 (KHTML, like Gecko) HeadlessChrome/106.0.5249.30 Safari/537.36"
203.109.55.176 - - [16/Apr/2026:12:56:22 -0600] "GET /wp-includes/js/dist/i18n.min.js?ver=c26c3dc7bed366793375 HTTP/1.1" 200 5314 "https://thelomad.com/contact/" "Mozilla/5.0 (X11; Linux x86_64) AppleWebKit/537.36 (KHTML, like Gecko) HeadlessChrome/106.0.5249.30 Safari/537.36"
180.149.30.23 - - [16/Apr/2026:12:56:22 -0600] "GET /wp-content/plugins/ninja-forms/assets/js/min/front-end-deps.js?ver=3.14.2 HTTP/1.1" 200 66590 "https://thelomad.com/client-resources/workers-compensation-practice-aids/permanency/" "Mozilla/5.0 (X11; Linux x86_64) AppleWebKit/537.36 (KHTML, like Gecko) HeadlessChrome/106.0.5249.30 Safari/537.36"
119.13.223.59 - - [16/Apr/2026:12:56:22 -0600] "GET /wp-content/plugins/filebird-document-library/blocks/dist/frontend.js?ver=3.0.8 HTTP/1.1" 200 25573 "https://thelomad.com/client-resources/" "Mozilla/5.0 (X11; Linux x86_64) AppleWebKit/537.36 (KHTML, like Gecko) HeadlessChrome/106.0.5249.30 Safari/537.36"
206.204.20.97 - - [16/Apr/2026:12:56:22 -0600] "GET /wp-includes/js/backbone.min.js?ver=1.6.0 HTTP/1.1" 200 24301 "https://thelomad.com/contact/" "Mozilla/5.0 (X11; Linux x86_64) AppleWebKit/537.36 (KHTML, like Gecko) HeadlessChrome/106.0.5249.30 Safari/537.36"
185.246.174.52 - - [16/Apr/2026:12:56:22 -0600] "GET /wp-content/plugins/ninja-forms/assets/js/min/front-end.js?ver=3.14.2 HTTP/1.1" 200 115974 "https://thelomad.com/client-resources/workers-compensation-practice-aids/permanency/" "Mozilla/5.0 (X11; Linux x86_64) AppleWebKit/537.36 (KHTML, like Gecko) HeadlessChrome/106.0.5249.30 Safari/537.36"
213.188.81.65 - - [16/Apr/2026:12:56:22 -0600] "GET /wp-content/plugins/addons-for-divi/assets/deprecated/popup.min.js?ver=4.2.2 HTTP/1.1" 200 4825 "https://thelomad.com/sitemap/" "Mozilla/5.0 (X11; Linux x86_64) AppleWebKit/537.36 (KHTML, like Gecko) HeadlessChrome/106.0.5249.30 Safari/537.36"
92.119.25.185 - - [16/Apr/2026:12:56:22 -0600] "GET /wp-includes/js/dist/hooks.min.js?ver=dd5603f07f9220ed27f1 HTTP/1.1" 200 5661 "https://thelomad.com/the-team/careers/" "Mozilla/5.0 (X11; Linux x86_64) AppleWebKit/537.36 (KHTML, like Gecko) HeadlessChrome/106.0.5249.30 Safari/537.36"
152.39.248.138 - - [16/Apr/2026:12:56:22 -0600] "GET /wp-content/plugins/ninja-forms-multi-part/assets/js/min/front-end.js?ver=3.0.26 HTTP/1.1" 200 13131 "https://thelomad.com/client-resources/workers-compensation-practice-aids/permanency/" "Mozilla/5.0 (X11; Linux x86_64) AppleWebKit/537.36 (KHTML, like Gecko) HeadlessChrome/106.0.5249.30 Safari/537.36"
119.13.207.100 - - [16/Apr/2026:12:56:22 -0600] "GET /wp-content/plugins/pojo-accessibility/modules/legacy/assets/js/app.min.js?ver=1.0.0 HTTP/1.1" 200 5313 "https://thelomad.com/sitemap/" "Mozilla/5.0 (X11; Linux x86_64) AppleWebKit/537.36 (KHTML, like Gecko) HeadlessChrome/106.0.5249.30 Safari/537.36"
152.39.155.49 - - [16/Apr/2026:12:56:22 -0600] "GET /wp-includes/js/dist/escape-html.min.js?ver=6561a406d2d232a6fbd2 HTTP/1.1" 200 1000 "https://thelomad.com/the-team/careers/" "Mozilla/5.0 (X11; Linux x86_64) AppleWebKit/537.36 (KHTML, like Gecko) HeadlessChrome/106.0.5249.30 Safari/537.36"
94.176.55.108 - - [16/Apr/2026:12:56:22 -0600] "GET /wp-content/plugins/ninja-forms-conditionals/assets/js/min/front-end.js?ver=6.9.4 HTTP/1.1" 200 38607 "https://thelomad.com/contact/" "Mozilla/5.0 (X11; Linux x86_64) AppleWebKit/537.36 (KHTML, like Gecko) HeadlessChrome/106.0.5249.30 Safari/537.36"
206.204.5.200 - - [16/Apr/2026:12:56:22 -0600] "GET /wp-content/themes/Divi/includes/builder/feature/dynamic-assets/assets/js/jquery.fitvids.js?ver=4.27.6 HTTP/1.1" 200 3349 "https://thelomad.com/sitemap/" "Mozilla/5.0 (X11; Linux x86_64) AppleWebKit/537.36 (KHTML, like Gecko) HeadlessChrome/106.0.5249.30 Safari/537.36"
213.188.88.197 - - [16/Apr/2026:12:56:22 -0600] "GET /wp-content/plugins/ninja-forms/assets/js/min/front-end-deps.js?ver=3.14.2 HTTP/1.1" 200 66590 "https://thelomad.com/contact/" "Mozilla/5.0 (X11; Linux x86_64) AppleWebKit/537.36 (KHTML, like Gecko) HeadlessChrome/106.0.5249.30 Safari/537.36"
161.123.239.50 - - [16/Apr/2026:12:56:22 -0600] "GET /wp-includes/js/dist/i18n.min.js?ver=c26c3dc7bed366793375 HTTP/1.1" 200 5314 "https://thelomad.com/the-team/careers/" "Mozilla/5.0 (X11; Linux x86_64) AppleWebKit/537.36 (KHTML, like Gecko) HeadlessChrome/106.0.5249.30 Safari/537.36"
161.123.249.182 - - [16/Apr/2026:12:56:22 -0600] "GET /wp-content/plugins/ninja-forms/assets/js/min/front-end.js?ver=3.14.2 HTTP/1.1" 200 115974 "https://thelomad.com/contact/" "Mozilla/5.0 (X11; Linux x86_64) AppleWebKit/537.36 (KHTML, like Gecko) HeadlessChrome/106.0.5249.30 Safari/537.36"
149.19.238.252 - - [16/Apr/2026:12:56:22 -0600] "GET /wp-content/themes/Divi/includes/builder/feature/dynamic-assets/assets/js/sticky-elements.js?ver=4.27.6 HTTP/1.1" 200 209183 "https://thelomad.com/client-resources/workers-compensation-practice-aids/permanency/" "Mozilla/5.0 (X11; Linux x86_64) AppleWebKit/537.36 (KHTML, like Gecko) HeadlessChrome/106.0.5249.30 Safari/537.36"
180.149.14.86 - - [16/Apr/2026:12:56:22 -0600] "GET /wp-includes/js/dist/vendor/react.min.js?ver=18.3.1.1 HTTP/1.1" 200 10628 "https://thelomad.com/the-team/careers/" "Mozilla/5.0 (X11; Linux x86_64) AppleWebKit/537.36 (KHTML, like Gecko) HeadlessChrome/106.0.5249.30 Safari/537.36"
91.245.235.145 - - [16/Apr/2026:12:56:22 -0600] "GET /wp-content/themes/Divi/core/admin/js/common.js?ver=4.27.6 HTTP/1.1" 200 1343 "https://thelomad.com/client-resources/" "Mozilla/5.0 (X11; Linux x86_64) AppleWebKit/537.36 (KHTML, like Gecko) HeadlessChrome/106.0.5249.30 Safari/537.36"
154.17.130.242 - - [16/Apr/2026:12:56:22 -0600] "GET /wp-content/plugins/ninja-forms-style/layouts/assets/js/min/front-end.js?ver=3.0.29 HTTP/1.1" 200 7967 "https://thelomad.com/contact/" "Mozilla/5.0 (X11; Linux x86_64) AppleWebKit/537.36 (KHTML, like Gecko) HeadlessChrome/106.0.5249.30 Safari/537.36"
161.123.78.116 - - [16/Apr/2026:12:56:22 -0600] "GET /wp-content/plugins/divi-blurb-extended/scripts/imagesloaded.pkgd.min.js?ver=4.1.4 HTTP/1.1" 200 5594 "https://thelomad.com/client-resources/" "Mozilla/5.0 (X11; Linux x86_64) AppleWebKit/537.36 (KHTML, like Gecko) HeadlessChrome/106.0.5249.30 Safari/537.36"
119.13.201.37 - - [16/Apr/2026:12:56:22 -0600] "GET /wp-includes/js/dist/element.min.js?ver=6a582b0c827fa25df3dd HTTP/1.1" 200 12112 "https://thelomad.com/the-team/careers/" "Mozilla/5.0 (X11; Linux x86_64) AppleWebKit/537.36 (KHTML, like Gecko) HeadlessChrome/106.0.5249.30 Safari/537.36"
119.12.206.61 - - [16/Apr/2026:12:56:22 -0600] "GET /wp-content/themes/Divi/includes/builder/feature/dynamic-assets/assets/js/magnific-popup.js HTTP/1.1" 200 22272 "https://thelomad.com/client-resources/workers-compensation-practice-aids/permanency/" "Mozilla/5.0 (X11; Linux x86_64) AppleWebKit/537.36 (KHTML, like Gecko) HeadlessChrome/106.0.5249.30 Safari/537.36"
104.223.13.152 - - [16/Apr/2026:12:56:22 -0600] "GET /wp-includes/js/underscore.min.js?ver=1.13.7 HTTP/1.1" 200 18905 "https://thelomad.com/client-resources/" "Mozilla/5.0 (X11; Linux x86_64) AppleWebKit/537.36 (KHTML, like Gecko) HeadlessChrome/106.0.5249.30 Safari/537.36"
92.119.25.185 - - [16/Apr/2026:12:56:22 -0600] "GET /wp-content/plugins/filebird-document-library/blocks/dist/frontend.js?ver=3.0.8 HTTP/1.1" 200 25573 "https://thelomad.com/the-team/careers/" "Mozilla/5.0 (X11; Linux x86_64) AppleWebKit/537.36 (KHTML, like Gecko) HeadlessChrome/106.0.5249.30 Safari/537.36"
152.39.198.67 - - [16/Apr/2026:12:56:22 -0600] "GET /wp-includes/js/dist/vendor/react-dom.min.js?ver=18.3.1.1 HTTP/1.1" 200 128946 "https://thelomad.com/the-team/careers/" "Mozilla/5.0 (X11; Linux x86_64) AppleWebKit/537.36 (KHTML, like Gecko) HeadlessChrome/106.0.5249.30 Safari/537.36"
206.204.20.97 - - [16/Apr/2026:12:56:22 -0600] "GET /wp-content/plugins/ninja-forms-multi-part/assets/js/min/front-end.js?ver=3.0.26 HTTP/1.1" 200 13131 "https://thelomad.com/contact/" "Mozilla/5.0 (X11; Linux x86_64) AppleWebKit/537.36 (KHTML, like Gecko) HeadlessChrome/106.0.5249.30 Safari/537.36"
119.13.223.59 - - [16/Apr/2026:12:56:22 -0600] "GET /wp-content/plugins/ninja-forms/assets/js/min/front-end.js?ver=3.14.2 HTTP/1.1" 200 115974 "https://thelomad.com/client-resources/" "Mozilla/5.0 (X11; Linux x86_64) AppleWebKit/537.36 (KHTML, like Gecko) HeadlessChrome/106.0.5249.30 Safari/537.36"
206.204.5.200 - - [16/Apr/2026:12:56:22 -0600] "GET /wp-includes/js/dist/vendor/react.min.js?ver=18.3.1.1 HTTP/1.1" 200 10628 "https://thelomad.com/sitemap/" "Mozilla/5.0 (X11; Linux x86_64) AppleWebKit/537.36 (KHTML, like Gecko) HeadlessChrome/106.0.5249.30 Safari/537.36"
213.188.81.65 - - [16/Apr/2026:12:56:22 -0600] "GET /wp-content/plugins/breadcrumbs-divi-module/scripts/frontend-bundle.min.js?ver=1.2.4 HTTP/1.1" 200 560 "https://thelomad.com/sitemap/" "Mozilla/5.0 (X11; Linux x86_64) AppleWebKit/537.36 (KHTML, like Gecko) HeadlessChrome/106.0.5249.30 Safari/537.36"
119.13.207.100 - - [16/Apr/2026:12:56:22 -0600] "GET /wp-content/plugins/divi-blurb-extended/scripts/frontend-bundle.min.js?ver=2.2.7 HTTP/1.1" 200 5938 "https://thelomad.com/sitemap/" "Mozilla/5.0 (X11; Linux x86_64) AppleWebKit/537.36 (KHTML, like Gecko) HeadlessChrome/106.0.5249.30 Safari/537.36"
152.39.249.227 - - [16/Apr/2026:12:56:22 -0600] "GET /wp-content/plugins/ninja-forms/assets/js/min/front-end-deps.js?ver=3.14.2 HTTP/1.1" 200 66590 "https://thelomad.com/client-resources/" "Mozilla/5.0 (X11; Linux x86_64) AppleWebKit/537.36 (KHTML, like Gecko) HeadlessChrome/106.0.5249.30 Safari/537.36"
161.123.239.50 - - [16/Apr/2026:12:56:22 -0600] "GET /wp-includes/js/underscore.min.js?ver=1.13.7 HTTP/1.1" 200 18905 "https://thelomad.com/the-team/careers/" "Mozilla/5.0 (X11; Linux x86_64) AppleWebKit/537.36 (KHTML, like Gecko) HeadlessChrome/106.0.5249.30 Safari/537.36"
149.19.238.249 - - [16/Apr/2026:12:56:22 -0600] "GET /wp-includes/js/backbone.min.js?ver=1.6.0 HTTP/1.1" 200 24301 "https://thelomad.com/client-resources/" "Mozilla/5.0 (X11; Linux x86_64) AppleWebKit/537.36 (KHTML, like Gecko) HeadlessChrome/106.0.5249.30 Safari/537.36"
213.188.88.197 - - [16/Apr/2026:12:56:22 -0600] "GET /wp-content/themes/Divi/includes/builder/feature/dynamic-assets/assets/js/magnific-popup.js HTTP/1.1" 200 22272 "https://thelomad.com/contact/" "Mozilla/5.0 (X11; Linux x86_64) AppleWebKit/537.36 (KHTML, like Gecko) HeadlessChrome/106.0.5249.30 Safari/537.36"
152.39.155.49 - - [16/Apr/2026:12:56:22 -0600] "GET /wp-content/themes/Divi/core/admin/js/common.js?ver=4.27.6 HTTP/1.1" 200 1343 "https://thelomad.com/the-team/careers/" "Mozilla/5.0 (X11; Linux x86_64) AppleWebKit/537.36 (KHTML, like Gecko) HeadlessChrome/106.0.5249.30 Safari/537.36"
91.245.235.145 - - [16/Apr/2026:12:56:22 -0600] "GET /wp-content/plugins/ninja-forms-conditionals/assets/js/min/front-end.js?ver=6.9.4 HTTP/1.1" 200 38607 "https://thelomad.com/client-resources/" "Mozilla/5.0 (X11; Linux x86_64) AppleWebKit/537.36 (KHTML, like Gecko) HeadlessChrome/106.0.5249.30 Safari/537.36"
180.149.30.23 - - [16/Apr/2026:12:56:22 -0600] "GET /wp-content/plugins/w3-total-cache/pub/js/lazyload.min.js HTTP/1.1" 200 7462 "https://thelomad.com/client-resources/workers-compensation-practice-aids/permanency/" "Mozilla/5.0 (X11; Linux x86_64) AppleWebKit/537.36 (KHTML, like Gecko) HeadlessChrome/106.0.5249.30 Safari/537.36"
154.17.130.242 - - [16/Apr/2026:12:56:22 -0600] "GET /wp-content/plugins/w3-total-cache/pub/js/lazyload.min.js HTTP/1.1" 200 7462 "https://thelomad.com/contact/" "Mozilla/5.0 (X11; Linux x86_64) AppleWebKit/537.36 (KHTML, like Gecko) HeadlessChrome/106.0.5249.30 Safari/537.36"
152.39.140.128 - - [16/Apr/2026:12:56:21 -0600] "GET /testimonials/ HTTP/1.1" 200 65764 "-" "Mozilla/5.0 (X11; Linux x86_64) AppleWebKit/537.36 (KHTML, like Gecko) HeadlessChrome/106.0.5249.30 Safari/537.36"
94.176.55.108 - - [16/Apr/2026:12:56:22 -0600] "GET /wp-content/themes/Divi/includes/builder/feature/dynamic-assets/assets/js/sticky-elements.js?ver=4.27.6 HTTP/1.1" 200 209183 "https://thelomad.com/contact/" "Mozilla/5.0 (X11; Linux x86_64) AppleWebKit/537.36 (KHTML, like Gecko) HeadlessChrome/106.0.5249.30 Safari/537.36"
92.119.25.185 - - [16/Apr/2026:12:56:22 -0600] "GET /wp-content/plugins/ninja-forms/assets/js/min/front-end.js?ver=3.14.2 HTTP/1.1" 200 115974 "https://thelomad.com/the-team/careers/" "Mozilla/5.0 (X11; Linux x86_64) AppleWebKit/537.36 (KHTML, like Gecko) HeadlessChrome/106.0.5249.30 Safari/537.36"
185.246.173.165 - - [16/Apr/2026:12:56:22 -0600] "GET /wp-content/themes/Divi/js/scripts.min.js?ver=4.27.6 HTTP/1.1" 200 274461 "https://thelomad.com/sitemap/" "Mozilla/5.0 (X11; Linux x86_64) AppleWebKit/537.36 (KHTML, like Gecko) HeadlessChrome/106.0.5249.30 Safari/537.36"
180.149.14.86 - - [16/Apr/2026:12:56:22 -0600] "GET /wp-includes/js/backbone.min.js?ver=1.6.0 HTTP/1.1" 200 24301 "https://thelomad.com/the-team/careers/" "Mozilla/5.0 (X11; Linux x86_64) AppleWebKit/537.36 (KHTML, like Gecko) HeadlessChrome/106.0.5249.30 Safari/537.36"
206.204.5.200 - - [16/Apr/2026:12:56:22 -0600] "GET /wp-includes/js/dist/escape-html.min.js?ver=6561a406d2d232a6fbd2 HTTP/1.1" 200 1000 "https://thelomad.com/sitemap/" "Mozilla/5.0 (X11; Linux x86_64) AppleWebKit/537.36 (KHTML, like Gecko) HeadlessChrome/106.0.5249.30 Safari/537.36"
213.188.81.65 - - [16/Apr/2026:12:56:22 -0600] "GET /wp-includes/js/dist/element.min.js?ver=6a582b0c827fa25df3dd HTTP/1.1" 200 12112 "https://thelomad.com/sitemap/" "Mozilla/5.0 (X11; Linux x86_64) AppleWebKit/537.36 (KHTML, like Gecko) HeadlessChrome/106.0.5249.30 Safari/537.36"
161.123.78.116 - - [16/Apr/2026:12:56:22 -0600] "GET /wp-content/plugins/ninja-forms-style/layouts/assets/js/min/front-end.js?ver=3.0.29 HTTP/1.1" 200 7967 "https://thelomad.com/client-resources/" "Mozilla/5.0 (X11; Linux x86_64) AppleWebKit/537.36 (KHTML, like Gecko) HeadlessChrome/106.0.5249.30 Safari/537.36"
161.123.239.50 - - [16/Apr/2026:12:56:22 -0600] "GET /wp-content/plugins/ninja-forms-conditionals/assets/js/min/front-end.js?ver=6.9.4 HTTP/1.1" 200 38607 "https://thelomad.com/the-team/careers/" "Mozilla/5.0 (X11; Linux x86_64) AppleWebKit/537.36 (KHTML, like Gecko) HeadlessChrome/106.0.5249.30 Safari/537.36"
152.39.140.128 - - [16/Apr/2026:12:56:22 -0600] "GET /wp-includes/js/jquery/jquery.min.js?ver=3.7.1 HTTP/1.1" 200 87553 "https://thelomad.com/testimonials/" "Mozilla/5.0 (X11; Linux x86_64) AppleWebKit/537.36 (KHTML, like Gecko) HeadlessChrome/106.0.5249.30 Safari/537.36"
152.39.155.49 - - [16/Apr/2026:12:56:22 -0600] "GET /wp-content/plugins/ninja-forms-multi-part/assets/js/min/front-end.js?ver=3.0.26 HTTP/1.1" 200 13131 "https://thelomad.com/the-team/careers/" "Mozilla/5.0 (X11; Linux x86_64) AppleWebKit/537.36 (KHTML, like Gecko) HeadlessChrome/106.0.5249.30 Safari/537.36"
119.13.207.100 - - [16/Apr/2026:12:56:22 -0600] "GET /wp-includes/js/dist/hooks.min.js?ver=dd5603f07f9220ed27f1 HTTP/1.1" 200 5661 "https://thelomad.com/sitemap/" "Mozilla/5.0 (X11; Linux x86_64) AppleWebKit/537.36 (KHTML, like Gecko) HeadlessChrome/106.0.5249.30 Safari/537.36"
161.123.107.72 - - [16/Apr/2026:12:56:21 -0600] "GET /the-team/attorneys/ HTTP/1.1" 200 65644 "-" "Mozilla/5.0 (X11; Linux x86_64) AppleWebKit/537.36 (KHTML, like Gecko) HeadlessChrome/106.0.5249.30 Safari/537.36"
104.223.13.152 - - [16/Apr/2026:12:56:22 -0600] "GET /wp-content/plugins/ninja-forms-multi-part/assets/js/min/front-end.js?ver=3.0.26 HTTP/1.1" 200 13131 "https://thelomad.com/client-resources/" "Mozilla/5.0 (X11; Linux x86_64) AppleWebKit/537.36 (KHTML, like Gecko) HeadlessChrome/106.0.5249.30 Safari/537.36"
152.39.198.67 - - [16/Apr/2026:12:56:22 -0600] "GET /wp-content/plugins/ninja-forms-style/layouts/assets/js/min/front-end.js?ver=3.0.29 HTTP/1.1" 200 7967 "https://thelomad.com/the-team/careers/" "Mozilla/5.0 (X11; Linux x86_64) AppleWebKit/537.36 (KHTML, like Gecko) HeadlessChrome/106.0.5249.30 Safari/537.36"
119.13.201.37 - - [16/Apr/2026:12:56:22 -0600] "GET /wp-content/plugins/ninja-forms/assets/js/min/front-end-deps.js?ver=3.14.2 HTTP/1.1" 200 66590 "https://thelomad.com/the-team/careers/" "Mozilla/5.0 (X11; Linux x86_64) AppleWebKit/537.36 (KHTML, like Gecko) HeadlessChrome/106.0.5249.30 Safari/537.36"
149.19.238.249 - - [16/Apr/2026:12:56:22 -0600] "GET /wp-content/themes/Divi/includes/builder/feature/dynamic-assets/assets/js/sticky-elements.js?ver=4.27.6 HTTP/1.1" 200 209183 "https://thelomad.com/client-resources/" "Mozilla/5.0 (X11; Linux x86_64) AppleWebKit/537.36 (KHTML, like Gecko) HeadlessChrome/106.0.5249.30 Safari/537.36"
95.215.36.187 - - [16/Apr/2026:12:56:22 -0600] "GET /wp-includes/js/dist/vendor/react-dom.min.js?ver=18.3.1.1 HTTP/1.1" 200 128946 "https://thelomad.com/sitemap/" "Mozilla/5.0 (X11; Linux x86_64) AppleWebKit/537.36 (KHTML, like Gecko) HeadlessChrome/106.0.5249.30 Safari/537.36"
152.39.249.227 - - [16/Apr/2026:12:56:22 -0600] "GET /wp-content/plugins/w3-total-cache/pub/js/lazyload.min.js HTTP/1.1" 200 7462 "https://thelomad.com/client-resources/" "Mozilla/5.0 (X11; Linux x86_64) AppleWebKit/537.36 (KHTML, like Gecko) HeadlessChrome/106.0.5249.30 Safari/537.36"
213.188.81.65 - - [16/Apr/2026:12:56:22 -0600] "GET /wp-content/themes/Divi/core/admin/js/common.js?ver=4.27.6 HTTP/1.1" 200 1343 "https://thelomad.com/sitemap/" "Mozilla/5.0 (X11; Linux x86_64) AppleWebKit/537.36 (KHTML, like Gecko) HeadlessChrome/106.0.5249.30 Safari/537.36"
92.119.25.185 - - [16/Apr/2026:12:56:22 -0600] "GET /wp-content/themes/Divi/includes/builder/feature/dynamic-assets/assets/js/magnific-popup.js HTTP/1.1" 200 22272 "https://thelomad.com/the-team/careers/" "Mozilla/5.0 (X11; Linux x86_64) AppleWebKit/537.36 (KHTML, like Gecko) HeadlessChrome/106.0.5249.30 Safari/537.36"
209.242.200.124 - - [16/Apr/2026:12:56:22 -0600] "GET /wp-includes/js/dist/i18n.min.js?ver=c26c3dc7bed366793375 HTTP/1.1" 200 5314 "https://thelomad.com/sitemap/" "Mozilla/5.0 (X11; Linux x86_64) AppleWebKit/537.36 (KHTML, like Gecko) HeadlessChrome/106.0.5249.30 Safari/537.36"
206.204.5.200 - - [16/Apr/2026:12:56:22 -0600] "GET /wp-content/plugins/filebird-document-library/blocks/dist/frontend.js?ver=3.0.8 HTTP/1.1" 200 25573 "https://thelomad.com/sitemap/" "Mozilla/5.0 (X11; Linux x86_64) AppleWebKit/537.36 (KHTML, like Gecko) HeadlessChrome/106.0.5249.30 Safari/537.36"
185.246.173.165 - - [16/Apr/2026:12:56:22 -0600] "GET /wp-includes/js/underscore.min.js?ver=1.13.7 HTTP/1.1" 200 18905 "https://thelomad.com/sitemap/" "Mozilla/5.0 (X11; Linux x86_64) AppleWebKit/537.36 (KHTML, like Gecko) HeadlessChrome/106.0.5249.30 Safari/537.36"
119.13.207.100 - - [16/Apr/2026:12:56:22 -0600] "GET /wp-includes/js/backbone.min.js?ver=1.6.0 HTTP/1.1" 200 24301 "https://thelomad.com/sitemap/" "Mozilla/5.0 (X11; Linux x86_64) AppleWebKit/537.36 (KHTML, like Gecko) HeadlessChrome/106.0.5249.30 Safari/537.36"
161.123.239.50 - - [16/Apr/2026:12:56:22 -0600] "GET /wp-content/themes/Divi/includes/builder/feature/dynamic-assets/assets/js/sticky-elements.js?ver=4.27.6 HTTP/1.1" 200 209183 "https://thelomad.com/the-team/careers/" "Mozilla/5.0 (X11; Linux x86_64) AppleWebKit/537.36 (KHTML, like Gecko) HeadlessChrome/106.0.5249.30 Safari/537.36"
152.39.140.128 - - [16/Apr/2026:12:56:22 -0600] "GET /wp-includes/js/jquery/jquery-migrate.min.js?ver=3.4.1 HTTP/1.1" 200 13577 "https://thelomad.com/testimonials/" "Mozilla/5.0 (X11; Linux x86_64) AppleWebKit/537.36 (KHTML, like Gecko) HeadlessChrome/106.0.5249.30 Safari/537.36"
180.149.14.86 - - [16/Apr/2026:12:56:22 -0600] "GET /wp-content/plugins/w3-total-cache/pub/js/lazyload.min.js HTTP/1.1" 200 7462 "https://thelomad.com/the-team/careers/" "Mozilla/5.0 (X11; Linux x86_64) AppleWebKit/537.36 (KHTML, like Gecko) HeadlessChrome/106.0.5249.30 Safari/537.36"
95.215.36.187 - - [16/Apr/2026:12:56:22 -0600] "GET /wp-content/plugins/ninja-forms/assets/js/min/front-end-deps.js?ver=3.14.2 HTTP/1.1" 200 66590 "https://thelomad.com/sitemap/" "Mozilla/5.0 (X11; Linux x86_64) AppleWebKit/537.36 (KHTML, like Gecko) HeadlessChrome/106.0.5249.30 Safari/537.36"
213.188.81.65 - - [16/Apr/2026:12:56:22 -0600] "GET /wp-content/plugins/ninja-forms/assets/js/min/front-end.js?ver=3.14.2 HTTP/1.1" 200 115974 "https://thelomad.com/sitemap/" "Mozilla/5.0 (X11; Linux x86_64) AppleWebKit/537.36 (KHTML, like Gecko) HeadlessChrome/106.0.5249.30 Safari/537.36"
92.255.35.198 - - [16/Apr/2026:12:56:22 -0600] "GET /wp-content/plugins/pdf-viewer-for-wordpress/tnc-resources/modaal.min.js?ver=12.5.5 HTTP/1.1" 200 20301 "https://thelomad.com/testimonials/" "Mozilla/5.0 (X11; Linux x86_64) AppleWebKit/537.36 (KHTML, like Gecko) HeadlessChrome/106.0.5249.30 Safari/537.36"
206.204.5.200 - - [16/Apr/2026:12:56:22 -0600] "GET /wp-content/plugins/ninja-forms-style/layouts/assets/js/min/front-end.js?ver=3.0.29 HTTP/1.1" 200 7967 "https://thelomad.com/sitemap/" "Mozilla/5.0 (X11; Linux x86_64) AppleWebKit/537.36 (KHTML, like Gecko) HeadlessChrome/106.0.5249.30 Safari/537.36"
185.246.173.165 - - [16/Apr/2026:12:56:22 -0600] "GET /wp-content/plugins/ninja-forms-conditionals/assets/js/min/front-end.js?ver=6.9.4 HTTP/1.1" 200 38607 "https://thelomad.com/sitemap/" "Mozilla/5.0 (X11; Linux x86_64) AppleWebKit/537.36 (KHTML, like Gecko) HeadlessChrome/106.0.5249.30 Safari/537.36"
180.149.9.70 - - [16/Apr/2026:12:56:21 -0600] "GET /lomadtv/the-legal-scoop/ HTTP/1.1" 200 63443 "-" "Mozilla/5.0 (X11; Linux x86_64) AppleWebKit/537.36 (KHTML, like Gecko) HeadlessChrome/106.0.5249.30 Safari/537.36"
209.242.200.124 - - [16/Apr/2026:12:56:22 -0600] "GET /wp-content/plugins/ninja-forms-multi-part/assets/js/min/front-end.js?ver=3.0.26 HTTP/1.1" 200 13131 "https://thelomad.com/sitemap/" "Mozilla/5.0 (X11; Linux x86_64) AppleWebKit/537.36 (KHTML, like Gecko) HeadlessChrome/106.0.5249.30 Safari/537.36"
213.188.77.90 - - [16/Apr/2026:12:56:22 -0600] "GET /wp-content/plugins/pdf-viewer-for-wordpress/tnc-resources/custom-modal.js?ver=12.5.5 HTTP/1.1" 200 185 "https://thelomad.com/testimonials/" "Mozilla/5.0 (X11; Linux x86_64) AppleWebKit/537.36 (KHTML, like Gecko) HeadlessChrome/106.0.5249.30 Safari/537.36"
152.39.140.128 - - [16/Apr/2026:12:56:22 -0600] "GET /wp-content/plugins/addons-for-divi/assets/libs/magnific-popup/magnific-popup.js?ver=4.2.2 HTTP/1.1" 200 43807 "https://thelomad.com/testimonials/" "Mozilla/5.0 (X11; Linux x86_64) AppleWebKit/537.36 (KHTML, like Gecko) HeadlessChrome/106.0.5249.30 Safari/537.36"
180.149.9.70 - - [16/Apr/2026:12:56:22 -0600] "GET /wp-includes/js/jquery/jquery.min.js?ver=3.7.1 HTTP/1.1" 200 87553 "https://thelomad.com/lomadtv/the-legal-scoop/" "Mozilla/5.0 (X11; Linux x86_64) AppleWebKit/537.36 (KHTML, like Gecko) HeadlessChrome/106.0.5249.30 Safari/537.36"
119.13.207.100 - - [16/Apr/2026:12:56:22 -0600] "GET /wp-content/themes/Divi/includes/builder/feature/dynamic-assets/assets/js/magnific-popup.js HTTP/1.1" 200 22272 "https://thelomad.com/sitemap/" "Mozilla/5.0 (X11; Linux x86_64) AppleWebKit/537.36 (KHTML, like Gecko) HeadlessChrome/106.0.5249.30 Safari/537.36"
161.123.172.253 - - [16/Apr/2026:12:56:22 -0600] "GET /wp-content/plugins/addons-for-divi/assets/libs/slick/slick.min.js?ver=4.2.2 HTTP/1.1" 200 43245 "https://thelomad.com/testimonials/" "Mozilla/5.0 (X11; Linux x86_64) AppleWebKit/537.36 (KHTML, like Gecko) HeadlessChrome/106.0.5249.30 Safari/537.36"
119.13.223.59 - - [16/Apr/2026:12:56:22 -0600] "GET /wp-content/themes/Divi/includes/builder/feature/dynamic-assets/assets/js/magnific-popup.js HTTP/1.1" 200 22272 "https://thelomad.com/client-resources/" "Mozilla/5.0 (X11; Linux x86_64) AppleWebKit/537.36 (KHTML, like Gecko) HeadlessChrome/106.0.5249.30 Safari/537.36"
185.246.173.165 - - [16/Apr/2026:12:56:22 -0600] "GET /wp-content/plugins/w3-total-cache/pub/js/lazyload.min.js HTTP/1.1" 200 7462 "https://thelomad.com/sitemap/" "Mozilla/5.0 (X11; Linux x86_64) AppleWebKit/537.36 (KHTML, like Gecko) HeadlessChrome/106.0.5249.30 Safari/537.36"
206.204.5.200 - - [16/Apr/2026:12:56:22 -0600] "GET /wp-content/themes/Divi/includes/builder/feature/dynamic-assets/assets/js/sticky-elements.js?ver=4.27.6 HTTP/1.1" 200 209183 "https://thelomad.com/sitemap/" "Mozilla/5.0 (X11; Linux x86_64) AppleWebKit/537.36 (KHTML, like Gecko) HeadlessChrome/106.0.5249.30 Safari/537.36"
161.123.107.72 - - [16/Apr/2026:12:56:22 -0600] "GET /wp-includes/js/jquery/jquery.min.js?ver=3.7.1 HTTP/1.1" 200 87553 "https://thelomad.com/the-team/attorneys/" "Mozilla/5.0 (X11; Linux x86_64) AppleWebKit/537.36 (KHTML, like Gecko) HeadlessChrome/106.0.5249.30 Safari/537.36"
152.39.140.128 - - [16/Apr/2026:12:56:22 -0600] "GET /wp-content/plugins/addons-for-divi/assets/deprecated/popup.min.js?ver=4.2.2 HTTP/1.1" 200 4825 "https://thelomad.com/testimonials/" "Mozilla/5.0 (X11; Linux x86_64) AppleWebKit/537.36 (KHTML, like Gecko) HeadlessChrome/106.0.5249.30 Safari/537.36"
213.188.77.90 - - [16/Apr/2026:12:56:22 -0600] "GET /wp-content/plugins/addons-for-divi/assets/js/frontend.js?ver=4.2.2 HTTP/1.1" 200 5006 "https://thelomad.com/testimonials/" "Mozilla/5.0 (X11; Linux x86_64) AppleWebKit/537.36 (KHTML, like Gecko) HeadlessChrome/106.0.5249.30 Safari/537.36"
92.255.35.198 - - [16/Apr/2026:12:56:22 -0600] "GET /wp-content/plugins/pojo-accessibility/modules/legacy/assets/js/app.min.js?ver=1.0.0 HTTP/1.1" 200 5313 "https://thelomad.com/testimonials/" "Mozilla/5.0 (X11; Linux x86_64) AppleWebKit/537.36 (KHTML, like Gecko) HeadlessChrome/106.0.5249.30 Safari/537.36"
180.149.9.70 - - [16/Apr/2026:12:56:22 -0600] "GET /wp-includes/js/jquery/jquery-migrate.min.js?ver=3.4.1 HTTP/1.1" 200 13577 "https://thelomad.com/lomadtv/the-legal-scoop/" "Mozilla/5.0 (X11; Linux x86_64) AppleWebKit/537.36 (KHTML, like Gecko) HeadlessChrome/106.0.5249.30 Safari/537.36"
161.123.81.215 - - [16/Apr/2026:12:56:22 -0600] "GET /wp-content/plugins/addons-for-divi/assets/libs/counter-up/counter-up.min.js?ver=4.2.2 HTTP/1.1" 200 1928 "https://thelomad.com/testimonials/" "Mozilla/5.0 (X11; Linux x86_64) AppleWebKit/537.36 (KHTML, like Gecko) HeadlessChrome/106.0.5249.30 Safari/537.36"
161.123.167.182 - - [16/Apr/2026:12:56:22 -0600] "GET /client-resources/uninsured-employers/ HTTP/1.1" 200 30477 "-" "Mozilla/5.0 (X11; Linux x86_64) AppleWebKit/537.36 (KHTML, like Gecko) HeadlessChrome/106.0.5249.30 Safari/537.36"
152.39.140.128 - - [16/Apr/2026:12:56:22 -0600] "GET /wp-content/themes/Divi/includes/builder/feature/dynamic-assets/assets/js/jquery.fitvids.js?ver=4.27.6 HTTP/1.1" 200 3349 "https://thelomad.com/testimonials/" "Mozilla/5.0 (X11; Linux x86_64) AppleWebKit/537.36 (KHTML, like Gecko) HeadlessChrome/106.0.5249.30 Safari/537.36"
180.149.26.242 - - [16/Apr/2026:12:56:22 -0600] "GET /wp-content/plugins/pdf-viewer-for-wordpress/tnc-resources/modaal.min.js?ver=12.5.5 HTTP/1.1" 200 20301 "https://thelomad.com/lomadtv/the-legal-scoop/" "Mozilla/5.0 (X11; Linux x86_64) AppleWebKit/537.36 (KHTML, like Gecko) HeadlessChrome/106.0.5249.30 Safari/537.36"
173.254.241.195 - - [16/Apr/2026:12:56:22 -0600] "GET /wp-content/plugins/pdf-viewer-for-wordpress/tnc-resources/custom-modal.js?ver=12.5.5 HTTP/1.1" 200 185 "https://thelomad.com/lomadtv/the-legal-scoop/" "Mozilla/5.0 (X11; Linux x86_64) AppleWebKit/537.36 (KHTML, like Gecko) HeadlessChrome/106.0.5249.30 Safari/537.36"
180.149.9.70 - - [16/Apr/2026:12:56:22 -0600] "GET /wp-content/plugins/addons-for-divi/assets/libs/magnific-popup/magnific-popup.js?ver=4.2.2 HTTP/1.1" 200 43807 "https://thelomad.com/lomadtv/the-legal-scoop/" "Mozilla/5.0 (X11; Linux x86_64) AppleWebKit/537.36 (KHTML, like Gecko) HeadlessChrome/106.0.5249.30 Safari/537.36"
103.30.12.29 - - [16/Apr/2026:12:56:22 -0600] "GET /wp-content/plugins/addons-for-divi/assets/libs/slick/slick.min.js?ver=4.2.2 HTTP/1.1" 200 43245 "https://thelomad.com/lomadtv/the-legal-scoop/" "Mozilla/5.0 (X11; Linux x86_64) AppleWebKit/537.36 (KHTML, like Gecko) HeadlessChrome/106.0.5249.30 Safari/537.36"
161.123.172.253 - - [16/Apr/2026:12:56:22 -0600] "GET /wp-content/plugins/breadcrumbs-divi-module/scripts/frontend-bundle.min.js?ver=1.2.4 HTTP/1.1" 200 560 "https://thelomad.com/testimonials/" "Mozilla/5.0 (X11; Linux x86_64) AppleWebKit/537.36 (KHTML, like Gecko) HeadlessChrome/106.0.5249.30 Safari/537.36"
161.123.127.27 - - [16/Apr/2026:12:56:22 -0600] "GET /the-team/ HTTP/1.1" 200 63332 "-" "Mozilla/5.0 (X11; Linux x86_64) AppleWebKit/537.36 (KHTML, like Gecko) HeadlessChrome/106.0.5249.30 Safari/537.36"
92.255.35.198 - - [16/Apr/2026:12:56:22 -0600] "GET /wp-content/plugins/divi-blurb-extended/scripts/frontend-bundle.min.js?ver=2.2.7 HTTP/1.1" 200 5938 "https://thelomad.com/testimonials/" "Mozilla/5.0 (X11; Linux x86_64) AppleWebKit/537.36 (KHTML, like Gecko) HeadlessChrome/106.0.5249.30 Safari/537.36"
91.92.17.198 - - [16/Apr/2026:12:56:22 -0600] "GET /wp-content/plugins/addons-for-divi/assets/libs/counter-up/counter-up.min.js?ver=4.2.2 HTTP/1.1" 200 1928 "https://thelomad.com/lomadtv/the-legal-scoop/" "Mozilla/5.0 (X11; Linux x86_64) AppleWebKit/537.36 (KHTML, like Gecko) HeadlessChrome/106.0.5249.30 Safari/537.36"
152.39.140.128 - - [16/Apr/2026:12:56:22 -0600] "GET /wp-includes/js/dist/vendor/react-dom.min.js?ver=18.3.1.1 HTTP/1.1" 200 128946 "https://thelomad.com/testimonials/" "Mozilla/5.0 (X11; Linux x86_64) AppleWebKit/537.36 (KHTML, like Gecko) HeadlessChrome/106.0.5249.30 Safari/537.36"
180.149.9.70 - - [16/Apr/2026:12:56:22 -0600] "GET /wp-content/plugins/addons-for-divi/assets/js/frontend.js?ver=4.2.2 HTTP/1.1" 200 5006 "https://thelomad.com/lomadtv/the-legal-scoop/" "Mozilla/5.0 (X11; Linux x86_64) AppleWebKit/537.36 (KHTML, like Gecko) HeadlessChrome/106.0.5249.30 Safari/537.36"
161.123.107.72 - - [16/Apr/2026:12:56:22 -0600] "GET /wp-includes/js/jquery/jquery-migrate.min.js?ver=3.4.1 HTTP/1.1" 200 13577 "https://thelomad.com/the-team/attorneys/" "Mozilla/5.0 (X11; Linux x86_64) AppleWebKit/537.36 (KHTML, like Gecko) HeadlessChrome/106.0.5249.30 Safari/537.36"
173.254.241.195 - - [16/Apr/2026:12:56:22 -0600] "GET /wp-content/plugins/pojo-accessibility/modules/legacy/assets/js/app.min.js?ver=1.0.0 HTTP/1.1" 200 5313 "https://thelomad.com/lomadtv/the-legal-scoop/" "Mozilla/5.0 (X11; Linux x86_64) AppleWebKit/537.36 (KHTML, like Gecko) HeadlessChrome/106.0.5249.30 Safari/537.36"
93.114.8.206 - - [16/Apr/2026:12:56:22 -0600] "GET /wp-content/plugins/addons-for-divi/assets/deprecated/popup.min.js?ver=4.2.2 HTTP/1.1" 200 4825 "https://thelomad.com/lomadtv/the-legal-scoop/" "Mozilla/5.0 (X11; Linux x86_64) AppleWebKit/537.36 (KHTML, like Gecko) HeadlessChrome/106.0.5249.30 Safari/537.36"
92.255.35.198 - - [16/Apr/2026:12:56:22 -0600] "GET /wp-includes/js/dist/escape-html.min.js?ver=6561a406d2d232a6fbd2 HTTP/1.1" 200 1000 "https://thelomad.com/testimonials/" "Mozilla/5.0 (X11; Linux x86_64) AppleWebKit/537.36 (KHTML, like Gecko) HeadlessChrome/106.0.5249.30 Safari/537.36"
91.92.17.198 - - [16/Apr/2026:12:56:22 -0600] "GET /wp-content/themes/Divi/includes/builder/feature/dynamic-assets/assets/js/jquery.fitvids.js?ver=4.27.6 HTTP/1.1" 200 3349 "https://thelomad.com/lomadtv/the-legal-scoop/" "Mozilla/5.0 (X11; Linux x86_64) AppleWebKit/537.36 (KHTML, like Gecko) HeadlessChrome/106.0.5249.30 Safari/537.36"
161.123.172.253 - - [16/Apr/2026:12:56:22 -0600] "GET /wp-includes/js/dist/element.min.js?ver=6a582b0c827fa25df3dd HTTP/1.1" 200 12112 "https://thelomad.com/testimonials/" "Mozilla/5.0 (X11; Linux x86_64) AppleWebKit/537.36 (KHTML, like Gecko) HeadlessChrome/106.0.5249.30 Safari/537.36"
180.149.9.70 - - [16/Apr/2026:12:56:22 -0600] "GET /wp-content/plugins/breadcrumbs-divi-module/scripts/frontend-bundle.min.js?ver=1.2.4 HTTP/1.1" 200 560 "https://thelomad.com/lomadtv/the-legal-scoop/" "Mozilla/5.0 (X11; Linux x86_64) AppleWebKit/537.36 (KHTML, like Gecko) HeadlessChrome/106.0.5249.30 Safari/537.36"
161.123.167.182 - - [16/Apr/2026:12:56:22 -0600] "GET /wp-includes/js/jquery/jquery.min.js?ver=3.7.1 HTTP/1.1" 200 87553 "https://thelomad.com/client-resources/uninsured-employers/" "Mozilla/5.0 (X11; Linux x86_64) AppleWebKit/537.36 (KHTML, like Gecko) HeadlessChrome/106.0.5249.30 Safari/537.36"
213.188.77.90 - - [16/Apr/2026:12:56:22 -0600] "GET /wp-content/themes/Divi/js/scripts.min.js?ver=4.27.6 HTTP/1.1" 200 274461 "https://thelomad.com/testimonials/" "Mozilla/5.0 (X11; Linux x86_64) AppleWebKit/537.36 (KHTML, like Gecko) HeadlessChrome/106.0.5249.30 Safari/537.36"
173.254.241.195 - - [16/Apr/2026:12:56:23 -0600] "GET /wp-content/plugins/divi-blurb-extended/scripts/frontend-bundle.min.js?ver=2.2.7 HTTP/1.1" 200 5938 "https://thelomad.com/lomadtv/the-legal-scoop/" "Mozilla/5.0 (X11; Linux x86_64) AppleWebKit/537.36 (KHTML, like Gecko) HeadlessChrome/106.0.5249.30 Safari/537.36"
92.255.35.198 - - [16/Apr/2026:12:56:23 -0600] "GET /wp-includes/js/dist/hooks.min.js?ver=dd5603f07f9220ed27f1 HTTP/1.1" 200 5661 "https://thelomad.com/testimonials/" "Mozilla/5.0 (X11; Linux x86_64) AppleWebKit/537.36 (KHTML, like Gecko) HeadlessChrome/106.0.5249.30 Safari/537.36"
161.123.127.27 - - [16/Apr/2026:12:56:23 -0600] "GET /wp-includes/js/jquery/jquery.min.js?ver=3.7.1 HTTP/1.1" 200 87553 "https://thelomad.com/the-team/" "Mozilla/5.0 (X11; Linux x86_64) AppleWebKit/537.36 (KHTML, like Gecko) HeadlessChrome/106.0.5249.30 Safari/537.36"
103.30.12.29 - - [16/Apr/2026:12:56:23 -0600] "GET /wp-includes/js/dist/vendor/react.min.js?ver=18.3.1.1 HTTP/1.1" 200 10628 "https://thelomad.com/lomadtv/the-legal-scoop/" "Mozilla/5.0 (X11; Linux x86_64) AppleWebKit/537.36 (KHTML, like Gecko) HeadlessChrome/106.0.5249.30 Safari/537.36"
180.149.9.70 - - [16/Apr/2026:12:56:23 -0600] "GET /wp-includes/js/dist/vendor/react-dom.min.js?ver=18.3.1.1 HTTP/1.1" 200 128946 "https://thelomad.com/lomadtv/the-legal-scoop/" "Mozilla/5.0 (X11; Linux x86_64) AppleWebKit/537.36 (KHTML, like Gecko) HeadlessChrome/106.0.5249.30 Safari/537.36"
161.123.107.72 - - [16/Apr/2026:12:56:23 -0600] "GET /wp-content/plugins/pdf-viewer-for-wordpress/tnc-resources/modaal.min.js?ver=12.5.5 HTTP/1.1" 200 20301 "https://thelomad.com/the-team/attorneys/" "Mozilla/5.0 (X11; Linux x86_64) AppleWebKit/537.36 (KHTML, like Gecko) HeadlessChrome/106.0.5249.30 Safari/537.36"
152.39.140.128 - - [16/Apr/2026:12:56:23 -0600] "GET /wp-includes/js/dist/i18n.min.js?ver=c26c3dc7bed366793375 HTTP/1.1" 200 5314 "https://thelomad.com/testimonials/" "Mozilla/5.0 (X11; Linux x86_64) AppleWebKit/537.36 (KHTML, like Gecko) HeadlessChrome/106.0.5249.30 Safari/537.36"
91.92.17.198 - - [16/Apr/2026:12:56:23 -0600] "GET /wp-includes/js/dist/escape-html.min.js?ver=6561a406d2d232a6fbd2 HTTP/1.1" 200 1000 "https://thelomad.com/lomadtv/the-legal-scoop/" "Mozilla/5.0 (X11; Linux x86_64) AppleWebKit/537.36 (KHTML, like Gecko) HeadlessChrome/106.0.5249.30 Safari/537.36"
173.254.241.195 - - [16/Apr/2026:12:56:23 -0600] "GET /wp-includes/js/dist/element.min.js?ver=6a582b0c827fa25df3dd HTTP/1.1" 200 12112 "https://thelomad.com/lomadtv/the-legal-scoop/" "Mozilla/5.0 (X11; Linux x86_64) AppleWebKit/537.36 (KHTML, like Gecko) HeadlessChrome/106.0.5249.30 Safari/537.36"
161.123.172.253 - - [16/Apr/2026:12:56:23 -0600] "GET /wp-content/plugins/filebird-document-library/blocks/dist/frontend.js?ver=3.0.8 HTTP/1.1" 200 25573 "https://thelomad.com/testimonials/" "Mozilla/5.0 (X11; Linux x86_64) AppleWebKit/537.36 (KHTML, like Gecko) HeadlessChrome/106.0.5249.30 Safari/537.36"
136.242.123.28 - - [16/Apr/2026:12:56:23 -0600] "GET /wp-content/plugins/pdf-viewer-for-wordpress/tnc-resources/custom-modal.js?ver=12.5.5 HTTP/1.1" 200 185 "https://thelomad.com/the-team/attorneys/" "Mozilla/5.0 (X11; Linux x86_64) AppleWebKit/537.36 (KHTML, like Gecko) HeadlessChrome/106.0.5249.30 Safari/537.36"
161.123.81.215 - - [16/Apr/2026:12:56:23 -0600] "GET /wp-includes/js/dist/vendor/react.min.js?ver=18.3.1.1 HTTP/1.1" 200 10628 "https://thelomad.com/testimonials/" "Mozilla/5.0 (X11; Linux x86_64) AppleWebKit/537.36 (KHTML, like Gecko) HeadlessChrome/106.0.5249.30 Safari/537.36"
103.30.12.29 - - [16/Apr/2026:12:56:23 -0600] "GET /wp-includes/js/dist/hooks.min.js?ver=dd5603f07f9220ed27f1 HTTP/1.1" 200 5661 "https://thelomad.com/lomadtv/the-legal-scoop/" "Mozilla/5.0 (X11; Linux x86_64) AppleWebKit/537.36 (KHTML, like Gecko) HeadlessChrome/106.0.5249.30 Safari/537.36"
180.149.26.242 - - [16/Apr/2026:12:56:22 -0600] "GET /wp-content/themes/Divi/js/scripts.min.js?ver=4.27.6 HTTP/1.1" 200 274461 "https://thelomad.com/lomadtv/the-legal-scoop/" "Mozilla/5.0 (X11; Linux x86_64) AppleWebKit/537.36 (KHTML, like Gecko) HeadlessChrome/106.0.5249.30 Safari/537.36"
