152.39.185.51 - - [16/Apr/2026:12:56:38 -0600] "GET /wp-content/plugins/addons-for-divi/assets/deprecated/popup.min.js?ver=4.2.2 HTTP/1.1" 200 4825 "https://thelomad.com/the-team/attorneys/remy-militello/" "Mozilla/5.0 (X11; Linux x86_64) AppleWebKit/537.36 (KHTML, like Gecko) HeadlessChrome/106.0.5249.30 Safari/537.36"
116.212.189.66 - - [16/Apr/2026:12:56:38 -0600] "GET /wp-includes/js/jquery/jquery-migrate.min.js?ver=3.4.1 HTTP/1.1" 200 13577 "https://thelomad.com/the-team/attorneys/neil-a-diegelman/" "Mozilla/5.0 (X11; Linux x86_64) AppleWebKit/537.36 (KHTML, like Gecko) HeadlessChrome/106.0.5249.30 Safari/537.36"
161.123.171.90 - - [16/Apr/2026:12:56:37 -0600] "GET /wp-content/themes/Divi/js/scripts.min.js?ver=4.27.6 HTTP/1.1" 200 274461 "https://thelomad.com/home/about/" "Mozilla/5.0 (X11; Linux x86_64) AppleWebKit/537.36 (KHTML, like Gecko) HeadlessChrome/106.0.5249.30 Safari/537.36"
93.180.233.1 - - [16/Apr/2026:12:56:37 -0600] "GET /wp-content/themes/Divi/js/scripts.min.js?ver=4.27.6 HTTP/1.1" 200 274461 "https://thelomad.com/the-team/attorneys/remy-militello/" "Mozilla/5.0 (X11; Linux x86_64) AppleWebKit/537.36 (KHTML, like Gecko) HeadlessChrome/106.0.5249.30 Safari/537.36"
161.123.165.20 - - [16/Apr/2026:12:56:38 -0600] "GET /wp-content/themes/Divi/includes/builder/feature/dynamic-assets/assets/js/jquery.fitvids.js?ver=4.27.6 HTTP/1.1" 200 3349 "https://thelomad.com/the-team/attorneys/remy-militello/" "Mozilla/5.0 (X11; Linux x86_64) AppleWebKit/537.36 (KHTML, like Gecko) HeadlessChrome/106.0.5249.30 Safari/537.36"
152.39.193.93 - - [16/Apr/2026:12:56:38 -0600] "GET /wp-content/plugins/pojo-accessibility/modules/legacy/assets/js/app.min.js?ver=1.0.0 HTTP/1.1" 200 5313 "https://thelomad.com/the-team/attorneys/kayana-m-cobb/" "Mozilla/5.0 (X11; Linux x86_64) AppleWebKit/537.36 (KHTML, like Gecko) HeadlessChrome/106.0.5249.30 Safari/537.36"
213.188.77.99 - - [16/Apr/2026:12:56:38 -0600] "GET /wp-content/plugins/pdf-viewer-for-wordpress/tnc-resources/modaal.min.js?ver=12.5.5 HTTP/1.1" 200 20301 "https://thelomad.com/the-team/attorneys/neil-a-diegelman/" "Mozilla/5.0 (X11; Linux x86_64) AppleWebKit/537.36 (KHTML, like Gecko) HeadlessChrome/106.0.5249.30 Safari/537.36"
93.115.13.194 - - [16/Apr/2026:12:56:38 -0600] "GET /wp-content/plugins/divi-blurb-extended/scripts/frontend-bundle.min.js?ver=2.2.7 HTTP/1.1" 200 5938 "https://thelomad.com/the-team/attorneys/james-cousins/" "Mozilla/5.0 (X11; Linux x86_64) AppleWebKit/537.36 (KHTML, like Gecko) HeadlessChrome/106.0.5249.30 Safari/537.36"
149.19.250.36 - - [16/Apr/2026:12:56:38 -0600] "GET /wp-content/plugins/divi-blurb-extended/scripts/frontend-bundle.min.js?ver=2.2.7 HTTP/1.1" 200 5938 "https://thelomad.com/the-team/attorneys/remy-militello/" "Mozilla/5.0 (X11; Linux x86_64) AppleWebKit/537.36 (KHTML, like Gecko) HeadlessChrome/106.0.5249.30 Safari/537.36"
119.12.176.46 - - [16/Apr/2026:12:56:38 -0600] "GET /wp-content/plugins/addons-for-divi/assets/deprecated/popup.min.js?ver=4.2.2 HTTP/1.1" 200 4825 "https://thelomad.com/the-team/attorneys/kayana-m-cobb/" "Mozilla/5.0 (X11; Linux x86_64) AppleWebKit/537.36 (KHTML, like Gecko) HeadlessChrome/106.0.5249.30 Safari/537.36"
161.123.99.94 - - [16/Apr/2026:12:56:38 -0600] "GET /wp-content/plugins/breadcrumbs-divi-module/scripts/frontend-bundle.min.js?ver=1.2.4 HTTP/1.1" 200 560 "https://thelomad.com/the-team/attorneys/james-cousins/" "Mozilla/5.0 (X11; Linux x86_64) AppleWebKit/537.36 (KHTML, like Gecko) HeadlessChrome/106.0.5249.30 Safari/537.36"
119.13.219.36 - - [16/Apr/2026:12:56:38 -0600] "GET /wp-content/themes/Divi/includes/builder/feature/dynamic-assets/assets/js/jquery.fitvids.js?ver=4.27.6 HTTP/1.1" 200 3349 "https://thelomad.com/the-team/attorneys/kayana-m-cobb/" "Mozilla/5.0 (X11; Linux x86_64) AppleWebKit/537.36 (KHTML, like Gecko) HeadlessChrome/106.0.5249.30 Safari/537.36"
206.204.9.189 - - [16/Apr/2026:12:56:38 -0600] "GET /wp-content/plugins/ninja-forms-conditionals/assets/js/min/front-end.js?ver=6.9.4 HTTP/1.1" 200 38607 "https://thelomad.com/the-team/legal-assistants-and-paralegals/thomas-m-dickinson/" "Mozilla/5.0 (X11; Linux x86_64) AppleWebKit/537.36 (KHTML, like Gecko) HeadlessChrome/106.0.5249.30 Safari/537.36"
119.13.220.169 - - [16/Apr/2026:12:56:38 -0600] "GET /wp-content/themes/Divi/includes/builder/feature/dynamic-assets/assets/js/magnific-popup.js HTTP/1.1" 200 22272 "https://thelomad.com/the-team/legal-assistants-and-paralegals/thomas-m-dickinson/" "Mozilla/5.0 (X11; Linux x86_64) AppleWebKit/537.36 (KHTML, like Gecko) HeadlessChrome/106.0.5249.30 Safari/537.36"
152.39.205.180 - - [16/Apr/2026:12:56:38 -0600] "GET /wp-includes/js/dist/vendor/react.min.js?ver=18.3.1.1 HTTP/1.1" 200 10628 "https://thelomad.com/the-team/attorneys/james-cousins/" "Mozilla/5.0 (X11; Linux x86_64) AppleWebKit/537.36 (KHTML, like Gecko) HeadlessChrome/106.0.5249.30 Safari/537.36"
119.12.176.33 - - [16/Apr/2026:12:56:38 -0600] "GET /wp-content/plugins/ninja-forms-style/layouts/assets/js/min/front-end.js?ver=3.0.29 HTTP/1.1" 200 7967 "https://thelomad.com/the-team/legal-assistants-and-paralegals/thomas-m-dickinson/" "Mozilla/5.0 (X11; Linux x86_64) AppleWebKit/537.36 (KHTML, like Gecko) HeadlessChrome/106.0.5249.30 Safari/537.36"
206.204.20.80 - - [16/Apr/2026:12:56:38 -0600] "GET /wp-content/plugins/divi-blurb-extended/scripts/frontend-bundle.min.js?ver=2.2.7 HTTP/1.1" 200 5938 "https://thelomad.com/home/about/" "Mozilla/5.0 (X11; Linux x86_64) AppleWebKit/537.36 (KHTML, like Gecko) HeadlessChrome/106.0.5249.30 Safari/537.36"
206.204.12.74 - - [16/Apr/2026:12:56:38 -0600] "GET /wp-includes/js/dist/vendor/react-dom.min.js?ver=18.3.1.1 HTTP/1.1" 200 128946 "https://thelomad.com/the-team/attorneys/remy-militello/" "Mozilla/5.0 (X11; Linux x86_64) AppleWebKit/537.36 (KHTML, like Gecko) HeadlessChrome/106.0.5249.30 Safari/537.36"
94.176.89.143 - - [16/Apr/2026:12:56:38 -0600] "GET /wp-content/plugins/ninja-forms-multi-part/assets/js/min/front-end.js?ver=3.0.26 HTTP/1.1" 200 13131 "https://thelomad.com/the-team/legal-assistants-and-paralegals/thomas-m-dickinson/" "Mozilla/5.0 (X11; Linux x86_64) AppleWebKit/537.36 (KHTML, like Gecko) HeadlessChrome/106.0.5249.30 Safari/537.36"
93.180.239.222 - - [16/Apr/2026:12:56:38 -0600] "GET /wp-includes/js/dist/vendor/react.min.js?ver=18.3.1.1 HTTP/1.1" 200 10628 "https://thelomad.com/home/about/" "Mozilla/5.0 (X11; Linux x86_64) AppleWebKit/537.36 (KHTML, like Gecko) HeadlessChrome/106.0.5249.30 Safari/537.36"
45.114.241.185 - - [16/Apr/2026:12:56:38 -0600] "GET /wp-content/plugins/w3-total-cache/pub/js/lazyload.min.js HTTP/1.1" 200 7462 "https://thelomad.com/the-team/legal-assistants-and-paralegals/thomas-m-dickinson/" "Mozilla/5.0 (X11; Linux x86_64) AppleWebKit/537.36 (KHTML, like Gecko) HeadlessChrome/106.0.5249.30 Safari/537.36"
216.194.89.156 - - [16/Apr/2026:12:56:38 -0600] "GET /wp-content/themes/Divi/includes/builder/feature/dynamic-assets/assets/js/sticky-elements.js?ver=4.27.6 HTTP/1.1" 200 209183 "https://thelomad.com/the-team/legal-assistants-and-paralegals/thomas-m-dickinson/" "Mozilla/5.0 (X11; Linux x86_64) AppleWebKit/537.36 (KHTML, like Gecko) HeadlessChrome/106.0.5249.30 Safari/537.36"
93.114.9.153 - - [16/Apr/2026:12:56:38 -0600] "GET /wp-content/themes/Divi/js/scripts.min.js?ver=4.27.6 HTTP/1.1" 200 274461 "https://thelomad.com/the-team/attorneys/kayana-m-cobb/" "Mozilla/5.0 (X11; Linux x86_64) AppleWebKit/537.36 (KHTML, like Gecko) HeadlessChrome/106.0.5249.30 Safari/537.36"
119.12.178.28 - - [16/Apr/2026:12:56:38 -0600] "GET /wp-includes/js/dist/escape-html.min.js?ver=6561a406d2d232a6fbd2 HTTP/1.1" 200 1000 "https://thelomad.com/the-team/attorneys/james-cousins/" "Mozilla/5.0 (X11; Linux x86_64) AppleWebKit/537.36 (KHTML, like Gecko) HeadlessChrome/106.0.5249.30 Safari/537.36"
93.180.233.1 - - [16/Apr/2026:12:56:38 -0600] "GET /wp-includes/js/dist/element.min.js?ver=6a582b0c827fa25df3dd HTTP/1.1" 200 12112 "https://thelomad.com/the-team/attorneys/remy-militello/" "Mozilla/5.0 (X11; Linux x86_64) AppleWebKit/537.36 (KHTML, like Gecko) HeadlessChrome/106.0.5249.30 Safari/537.36"
152.39.218.168 - - [16/Apr/2026:12:56:38 -0600] "GET /wp-content/plugins/breadcrumbs-divi-module/scripts/frontend-bundle.min.js?ver=1.2.4 HTTP/1.1" 200 560 "https://thelomad.com/the-team/attorneys/kayana-m-cobb/" "Mozilla/5.0 (X11; Linux x86_64) AppleWebKit/537.36 (KHTML, like Gecko) HeadlessChrome/106.0.5249.30 Safari/537.36"
93.115.13.194 - - [16/Apr/2026:12:56:38 -0600] "GET /wp-includes/js/dist/element.min.js?ver=6a582b0c827fa25df3dd HTTP/1.1" 200 12112 "https://thelomad.com/the-team/attorneys/james-cousins/" "Mozilla/5.0 (X11; Linux x86_64) AppleWebKit/537.36 (KHTML, like Gecko) HeadlessChrome/106.0.5249.30 Safari/537.36"
161.123.81.196 - - [16/Apr/2026:12:56:38 -0600] "GET /wp-includes/js/dist/vendor/react.min.js?ver=18.3.1.1 HTTP/1.1" 200 10628 "https://thelomad.com/the-team/attorneys/remy-militello/" "Mozilla/5.0 (X11; Linux x86_64) AppleWebKit/537.36 (KHTML, like Gecko) HeadlessChrome/106.0.5249.30 Safari/537.36"
89.34.79.174 - - [16/Apr/2026:12:56:38 -0600] "GET /wp-includes/js/dist/escape-html.min.js?ver=6561a406d2d232a6fbd2 HTTP/1.1" 200 1000 "https://thelomad.com/home/about/" "Mozilla/5.0 (X11; Linux x86_64) AppleWebKit/537.36 (KHTML, like Gecko) HeadlessChrome/106.0.5249.30 Safari/537.36"
149.19.250.36 - - [16/Apr/2026:12:56:38 -0600] "GET /wp-includes/js/dist/i18n.min.js?ver=c26c3dc7bed366793375 HTTP/1.1" 200 5314 "https://thelomad.com/the-team/attorneys/remy-militello/" "Mozilla/5.0 (X11; Linux x86_64) AppleWebKit/537.36 (KHTML, like Gecko) HeadlessChrome/106.0.5249.30 Safari/537.36"
161.123.165.20 - - [16/Apr/2026:12:56:38 -0600] "GET /wp-includes/js/dist/hooks.min.js?ver=dd5603f07f9220ed27f1 HTTP/1.1" 200 5661 "https://thelomad.com/the-team/attorneys/remy-militello/" "Mozilla/5.0 (X11; Linux x86_64) AppleWebKit/537.36 (KHTML, like Gecko) HeadlessChrome/106.0.5249.30 Safari/537.36"
119.13.219.36 - - [16/Apr/2026:12:56:38 -0600] "GET /wp-includes/js/dist/vendor/react.min.js?ver=18.3.1.1 HTTP/1.1" 200 10628 "https://thelomad.com/the-team/attorneys/kayana-m-cobb/" "Mozilla/5.0 (X11; Linux x86_64) AppleWebKit/537.36 (KHTML, like Gecko) HeadlessChrome/106.0.5249.30 Safari/537.36"
161.123.171.90 - - [16/Apr/2026:12:56:38 -0600] "GET /wp-includes/js/dist/element.min.js?ver=6a582b0c827fa25df3dd HTTP/1.1" 200 12112 "https://thelomad.com/home/about/" "Mozilla/5.0 (X11; Linux x86_64) AppleWebKit/537.36 (KHTML, like Gecko) HeadlessChrome/106.0.5249.30 Safari/537.36"
152.39.193.93 - - [16/Apr/2026:12:56:38 -0600] "GET /wp-content/plugins/divi-blurb-extended/scripts/frontend-bundle.min.js?ver=2.2.7 HTTP/1.1" 200 5938 "https://thelomad.com/the-team/attorneys/kayana-m-cobb/" "Mozilla/5.0 (X11; Linux x86_64) AppleWebKit/537.36 (KHTML, like Gecko) HeadlessChrome/106.0.5249.30 Safari/537.36"
203.109.63.107 - - [16/Apr/2026:12:56:38 -0600] "GET /wp-content/plugins/pdf-viewer-for-wordpress/tnc-resources/custom-modal.js?ver=12.5.5 HTTP/1.1" 200 185 "https://thelomad.com/the-team/attorneys/neil-a-diegelman/" "Mozilla/5.0 (X11; Linux x86_64) AppleWebKit/537.36 (KHTML, like Gecko) HeadlessChrome/106.0.5249.30 Safari/537.36"
188.94.84.231 - - [16/Apr/2026:12:56:38 -0600] "GET /wp-includes/js/dist/vendor/react-dom.min.js?ver=18.3.1.1 HTTP/1.1" 200 128946 "https://thelomad.com/home/about/" "Mozilla/5.0 (X11; Linux x86_64) AppleWebKit/537.36 (KHTML, like Gecko) HeadlessChrome/106.0.5249.30 Safari/537.36"
93.180.239.222 - - [16/Apr/2026:12:56:38 -0600] "GET /wp-includes/js/dist/i18n.min.js?ver=c26c3dc7bed366793375 HTTP/1.1" 200 5314 "https://thelomad.com/home/about/" "Mozilla/5.0 (X11; Linux x86_64) AppleWebKit/537.36 (KHTML, like Gecko) HeadlessChrome/106.0.5249.30 Safari/537.36"
206.204.20.80 - - [16/Apr/2026:12:56:38 -0600] "GET /wp-includes/js/dist/hooks.min.js?ver=dd5603f07f9220ed27f1 HTTP/1.1" 200 5661 "https://thelomad.com/home/about/" "Mozilla/5.0 (X11; Linux x86_64) AppleWebKit/537.36 (KHTML, like Gecko) HeadlessChrome/106.0.5249.30 Safari/537.36"
161.123.99.94 - - [16/Apr/2026:12:56:38 -0600] "GET /wp-includes/js/dist/hooks.min.js?ver=dd5603f07f9220ed27f1 HTTP/1.1" 200 5661 "https://thelomad.com/the-team/attorneys/james-cousins/" "Mozilla/5.0 (X11; Linux x86_64) AppleWebKit/537.36 (KHTML, like Gecko) HeadlessChrome/106.0.5249.30 Safari/537.36"
152.39.185.51 - - [16/Apr/2026:12:56:38 -0600] "GET /wp-includes/js/dist/escape-html.min.js?ver=6561a406d2d232a6fbd2 HTTP/1.1" 200 1000 "https://thelomad.com/the-team/attorneys/remy-militello/" "Mozilla/5.0 (X11; Linux x86_64) AppleWebKit/537.36 (KHTML, like Gecko) HeadlessChrome/106.0.5249.30 Safari/537.36"
206.204.12.74 - - [16/Apr/2026:12:56:38 -0600] "GET /wp-content/plugins/filebird-document-library/blocks/dist/frontend.js?ver=3.0.8 HTTP/1.1" 200 25573 "https://thelomad.com/the-team/attorneys/remy-militello/" "Mozilla/5.0 (X11; Linux x86_64) AppleWebKit/537.36 (KHTML, like Gecko) HeadlessChrome/106.0.5249.30 Safari/537.36"
161.123.249.39 - - [16/Apr/2026:12:56:38 -0600] "GET /wp-content/plugins/filebird-document-library/blocks/dist/frontend.js?ver=3.0.8 HTTP/1.1" 200 25573 "https://thelomad.com/the-team/attorneys/james-cousins/" "Mozilla/5.0 (X11; Linux x86_64) AppleWebKit/537.36 (KHTML, like Gecko) HeadlessChrome/106.0.5249.30 Safari/537.36"
152.39.205.180 - - [16/Apr/2026:12:56:38 -0600] "GET /wp-includes/js/dist/i18n.min.js?ver=c26c3dc7bed366793375 HTTP/1.1" 200 5314 "https://thelomad.com/the-team/attorneys/james-cousins/" "Mozilla/5.0 (X11; Linux x86_64) AppleWebKit/537.36 (KHTML, like Gecko) HeadlessChrome/106.0.5249.30 Safari/537.36"
119.12.178.28 - - [16/Apr/2026:12:56:38 -0600] "GET /wp-content/themes/Divi/core/admin/js/common.js?ver=4.27.6 HTTP/1.1" 200 1343 "https://thelomad.com/the-team/attorneys/james-cousins/" "Mozilla/5.0 (X11; Linux x86_64) AppleWebKit/537.36 (KHTML, like Gecko) HeadlessChrome/106.0.5249.30 Safari/537.36"
116.212.189.66 - - [16/Apr/2026:12:56:38 -0600] "GET /wp-content/plugins/addons-for-divi/assets/libs/magnific-popup/magnific-popup.js?ver=4.2.2 HTTP/1.1" 200 43807 "https://thelomad.com/the-team/attorneys/neil-a-diegelman/" "Mozilla/5.0 (X11; Linux x86_64) AppleWebKit/537.36 (KHTML, like Gecko) HeadlessChrome/106.0.5249.30 Safari/537.36"
206.204.53.75 - - [16/Apr/2026:12:56:38 -0600] "GET /wp-includes/js/dist/vendor/react-dom.min.js?ver=18.3.1.1 HTTP/1.1" 200 128946 "https://thelomad.com/the-team/attorneys/james-cousins/" "Mozilla/5.0 (X11; Linux x86_64) AppleWebKit/537.36 (KHTML, like Gecko) HeadlessChrome/106.0.5249.30 Safari/537.36"
188.211.24.31 - - [16/Apr/2026:12:56:38 -0600] "GET /wp-content/plugins/filebird-document-library/blocks/dist/frontend.js?ver=3.0.8 HTTP/1.1" 200 25573 "https://thelomad.com/home/about/" "Mozilla/5.0 (X11; Linux x86_64) AppleWebKit/537.36 (KHTML, like Gecko) HeadlessChrome/106.0.5249.30 Safari/537.36"
93.115.13.194 - - [16/Apr/2026:12:56:38 -0600] "GET /wp-content/plugins/divi-blurb-extended/scripts/imagesloaded.pkgd.min.js?ver=4.1.4 HTTP/1.1" 200 5594 "https://thelomad.com/the-team/attorneys/james-cousins/" "Mozilla/5.0 (X11; Linux x86_64) AppleWebKit/537.36 (KHTML, like Gecko) HeadlessChrome/106.0.5249.30 Safari/537.36"
152.39.218.168 - - [16/Apr/2026:12:56:38 -0600] "GET /wp-includes/js/dist/element.min.js?ver=6a582b0c827fa25df3dd HTTP/1.1" 200 12112 "https://thelomad.com/the-team/attorneys/kayana-m-cobb/" "Mozilla/5.0 (X11; Linux x86_64) AppleWebKit/537.36 (KHTML, like Gecko) HeadlessChrome/106.0.5249.30 Safari/537.36"
93.114.9.153 - - [16/Apr/2026:12:56:38 -0600] "GET /wp-includes/js/dist/hooks.min.js?ver=dd5603f07f9220ed27f1 HTTP/1.1" 200 5661 "https://thelomad.com/the-team/attorneys/kayana-m-cobb/" "Mozilla/5.0 (X11; Linux x86_64) AppleWebKit/537.36 (KHTML, like Gecko) HeadlessChrome/106.0.5249.30 Safari/537.36"
119.12.176.46 - - [16/Apr/2026:12:56:38 -0600] "GET /wp-includes/js/dist/escape-html.min.js?ver=6561a406d2d232a6fbd2 HTTP/1.1" 200 1000 "https://thelomad.com/the-team/attorneys/kayana-m-cobb/" "Mozilla/5.0 (X11; Linux x86_64) AppleWebKit/537.36 (KHTML, like Gecko) HeadlessChrome/106.0.5249.30 Safari/537.36"
149.19.250.36 - - [16/Apr/2026:12:56:38 -0600] "GET /wp-content/themes/Divi/core/admin/js/common.js?ver=4.27.6 HTTP/1.1" 200 1343 "https://thelomad.com/the-team/attorneys/remy-militello/" "Mozilla/5.0 (X11; Linux x86_64) AppleWebKit/537.36 (KHTML, like Gecko) HeadlessChrome/106.0.5249.30 Safari/537.36"
119.13.219.36 - - [16/Apr/2026:12:56:38 -0600] "GET /wp-includes/js/dist/i18n.min.js?ver=c26c3dc7bed366793375 HTTP/1.1" 200 5314 "https://thelomad.com/the-team/attorneys/kayana-m-cobb/" "Mozilla/5.0 (X11; Linux x86_64) AppleWebKit/537.36 (KHTML, like Gecko) HeadlessChrome/106.0.5249.30 Safari/537.36"
93.180.233.1 - - [16/Apr/2026:12:56:38 -0600] "GET /wp-content/plugins/divi-blurb-extended/scripts/imagesloaded.pkgd.min.js?ver=4.1.4 HTTP/1.1" 200 5594 "https://thelomad.com/the-team/attorneys/remy-militello/" "Mozilla/5.0 (X11; Linux x86_64) AppleWebKit/537.36 (KHTML, like Gecko) HeadlessChrome/106.0.5249.30 Safari/537.36"
213.188.77.99 - - [16/Apr/2026:12:56:38 -0600] "GET /wp-content/plugins/addons-for-divi/assets/libs/slick/slick.min.js?ver=4.2.2 HTTP/1.1" 200 43245 "https://thelomad.com/the-team/attorneys/neil-a-diegelman/" "Mozilla/5.0 (X11; Linux x86_64) AppleWebKit/537.36 (KHTML, like Gecko) HeadlessChrome/106.0.5249.30 Safari/537.36"
93.180.239.222 - - [16/Apr/2026:12:56:38 -0600] "GET /wp-content/themes/Divi/core/admin/js/common.js?ver=4.27.6 HTTP/1.1" 200 1343 "https://thelomad.com/home/about/" "Mozilla/5.0 (X11; Linux x86_64) AppleWebKit/537.36 (KHTML, like Gecko) HeadlessChrome/106.0.5249.30 Safari/537.36"
161.123.165.20 - - [16/Apr/2026:12:56:38 -0600] "GET /wp-includes/js/underscore.min.js?ver=1.13.7 HTTP/1.1" 200 18905 "https://thelomad.com/the-team/attorneys/remy-militello/" "Mozilla/5.0 (X11; Linux x86_64) AppleWebKit/537.36 (KHTML, like Gecko) HeadlessChrome/106.0.5249.30 Safari/537.36"
203.109.63.107 - - [16/Apr/2026:12:56:38 -0600] "GET /wp-content/plugins/addons-for-divi/assets/libs/counter-up/counter-up.min.js?ver=4.2.2 HTTP/1.1" 200 1928 "https://thelomad.com/the-team/attorneys/neil-a-diegelman/" "Mozilla/5.0 (X11; Linux x86_64) AppleWebKit/537.36 (KHTML, like Gecko) HeadlessChrome/106.0.5249.30 Safari/537.36"
206.204.12.74 - - [16/Apr/2026:12:56:38 -0600] "GET /wp-content/plugins/ninja-forms/assets/js/min/front-end-deps.js?ver=3.14.2 HTTP/1.1" 200 66590 "https://thelomad.com/the-team/attorneys/remy-militello/" "Mozilla/5.0 (X11; Linux x86_64) AppleWebKit/537.36 (KHTML, like Gecko) HeadlessChrome/106.0.5249.30 Safari/537.36"
152.39.193.93 - - [16/Apr/2026:12:56:38 -0600] "GET /wp-content/plugins/filebird-document-library/blocks/dist/frontend.js?ver=3.0.8 HTTP/1.1" 200 25573 "https://thelomad.com/the-team/attorneys/kayana-m-cobb/" "Mozilla/5.0 (X11; Linux x86_64) AppleWebKit/537.36 (KHTML, like Gecko) HeadlessChrome/106.0.5249.30 Safari/537.36"
5.183.243.76 - - [16/Apr/2026:12:56:38 -0600] "GET /wp-includes/js/dist/vendor/react-dom.min.js?ver=18.3.1.1 HTTP/1.1" 200 128946 "https://thelomad.com/the-team/attorneys/kayana-m-cobb/" "Mozilla/5.0 (X11; Linux x86_64) AppleWebKit/537.36 (KHTML, like Gecko) HeadlessChrome/106.0.5249.30 Safari/537.36"
89.34.79.174 - - [16/Apr/2026:12:56:38 -0600] "GET /wp-includes/js/underscore.min.js?ver=1.13.7 HTTP/1.1" 200 18905 "https://thelomad.com/home/about/" "Mozilla/5.0 (X11; Linux x86_64) AppleWebKit/537.36 (KHTML, like Gecko) HeadlessChrome/106.0.5249.30 Safari/537.36"
161.123.81.196 - - [16/Apr/2026:12:56:38 -0600] "GET /wp-includes/js/backbone.min.js?ver=1.6.0 HTTP/1.1" 200 24301 "https://thelomad.com/the-team/attorneys/remy-militello/" "Mozilla/5.0 (X11; Linux x86_64) AppleWebKit/537.36 (KHTML, like Gecko) HeadlessChrome/106.0.5249.30 Safari/537.36"
161.123.171.90 - - [16/Apr/2026:12:56:38 -0600] "GET /wp-includes/js/backbone.min.js?ver=1.6.0 HTTP/1.1" 200 24301 "https://thelomad.com/home/about/" "Mozilla/5.0 (X11; Linux x86_64) AppleWebKit/537.36 (KHTML, like Gecko) HeadlessChrome/106.0.5249.30 Safari/537.36"
93.115.13.194 - - [16/Apr/2026:12:56:38 -0600] "GET /wp-includes/js/backbone.min.js?ver=1.6.0 HTTP/1.1" 200 24301 "https://thelomad.com/the-team/attorneys/james-cousins/" "Mozilla/5.0 (X11; Linux x86_64) AppleWebKit/537.36 (KHTML, like Gecko) HeadlessChrome/106.0.5249.30 Safari/537.36"
206.204.20.80 - - [16/Apr/2026:12:56:38 -0600] "GET /wp-content/plugins/ninja-forms/assets/js/min/front-end-deps.js?ver=3.14.2 HTTP/1.1" 200 66590 "https://thelomad.com/home/about/" "Mozilla/5.0 (X11; Linux x86_64) AppleWebKit/537.36 (KHTML, like Gecko) HeadlessChrome/106.0.5249.30 Safari/537.36"
93.180.233.1 - - [16/Apr/2026:12:56:38 -0600] "GET /wp-content/plugins/ninja-forms-conditionals/assets/js/min/front-end.js?ver=6.9.4 HTTP/1.1" 200 38607 "https://thelomad.com/the-team/attorneys/remy-militello/" "Mozilla/5.0 (X11; Linux x86_64) AppleWebKit/537.36 (KHTML, like Gecko) HeadlessChrome/106.0.5249.30 Safari/537.36"
149.19.250.36 - - [16/Apr/2026:12:56:38 -0600] "GET /wp-content/plugins/ninja-forms-multi-part/assets/js/min/front-end.js?ver=3.0.26 HTTP/1.1" 200 13131 "https://thelomad.com/the-team/attorneys/remy-militello/" "Mozilla/5.0 (X11; Linux x86_64) AppleWebKit/537.36 (KHTML, like Gecko) HeadlessChrome/106.0.5249.30 Safari/537.36"
93.180.239.222 - - [16/Apr/2026:12:56:38 -0600] "GET /wp-content/plugins/ninja-forms/assets/js/min/front-end.js?ver=3.14.2 HTTP/1.1" 200 115974 "https://thelomad.com/home/about/" "Mozilla/5.0 (X11; Linux x86_64) AppleWebKit/537.36 (KHTML, like Gecko) HeadlessChrome/106.0.5249.30 Safari/537.36"
119.12.178.28 - - [16/Apr/2026:12:56:38 -0600] "GET /wp-content/plugins/ninja-forms-conditionals/assets/js/min/front-end.js?ver=6.9.4 HTTP/1.1" 200 38607 "https://thelomad.com/the-team/attorneys/james-cousins/" "Mozilla/5.0 (X11; Linux x86_64) AppleWebKit/537.36 (KHTML, like Gecko) HeadlessChrome/106.0.5249.30 Safari/537.36"
161.123.249.39 - - [16/Apr/2026:12:56:38 -0600] "GET /wp-content/plugins/ninja-forms/assets/js/min/front-end.js?ver=3.14.2 HTTP/1.1" 200 115974 "https://thelomad.com/the-team/attorneys/james-cousins/" "Mozilla/5.0 (X11; Linux x86_64) AppleWebKit/537.36 (KHTML, like Gecko) HeadlessChrome/106.0.5249.30 Safari/537.36"
152.39.205.180 - - [16/Apr/2026:12:56:38 -0600] "GET /wp-content/plugins/ninja-forms/assets/js/min/front-end-deps.js?ver=3.14.2 HTTP/1.1" 200 66590 "https://thelomad.com/the-team/attorneys/james-cousins/" "Mozilla/5.0 (X11; Linux x86_64) AppleWebKit/537.36 (KHTML, like Gecko) HeadlessChrome/106.0.5249.30 Safari/537.36"
119.13.219.36 - - [16/Apr/2026:12:56:38 -0600] "GET /wp-includes/js/underscore.min.js?ver=1.13.7 HTTP/1.1" 200 18905 "https://thelomad.com/the-team/attorneys/kayana-m-cobb/" "Mozilla/5.0 (X11; Linux x86_64) AppleWebKit/537.36 (KHTML, like Gecko) HeadlessChrome/106.0.5249.30 Safari/537.36"
206.204.12.74 - - [16/Apr/2026:12:56:38 -0600] "GET /wp-content/plugins/ninja-forms-style/layouts/assets/js/min/front-end.js?ver=3.0.29 HTTP/1.1" 200 7967 "https://thelomad.com/the-team/attorneys/remy-militello/" "Mozilla/5.0 (X11; Linux x86_64) AppleWebKit/537.36 (KHTML, like Gecko) HeadlessChrome/106.0.5249.30 Safari/537.36"
152.39.218.168 - - [16/Apr/2026:12:56:38 -0600] "GET /wp-content/themes/Divi/core/admin/js/common.js?ver=4.27.6 HTTP/1.1" 200 1343 "https://thelomad.com/the-team/attorneys/kayana-m-cobb/" "Mozilla/5.0 (X11; Linux x86_64) AppleWebKit/537.36 (KHTML, like Gecko) HeadlessChrome/106.0.5249.30 Safari/537.36"
93.114.9.153 - - [16/Apr/2026:12:56:38 -0600] "GET /wp-content/plugins/divi-blurb-extended/scripts/imagesloaded.pkgd.min.js?ver=4.1.4 HTTP/1.1" 200 5594 "https://thelomad.com/the-team/attorneys/kayana-m-cobb/" "Mozilla/5.0 (X11; Linux x86_64) AppleWebKit/537.36 (KHTML, like Gecko) HeadlessChrome/106.0.5249.30 Safari/537.36"
78.138.50.16 - - [16/Apr/2026:12:56:38 -0600] "GET /wp-content/plugins/addons-for-divi/assets/js/frontend.js?ver=4.2.2 HTTP/1.1" 200 5006 "https://thelomad.com/the-team/attorneys/neil-a-diegelman/" "Mozilla/5.0 (X11; Linux x86_64) AppleWebKit/537.36 (KHTML, like Gecko) HeadlessChrome/106.0.5249.30 Safari/537.36"
198.13.225.22 - - [16/Apr/2026:12:56:38 -0600] "GET /wp-includes/js/jquery/jquery.min.js?ver=3.7.1 HTTP/1.1" 200 87553 "https://thelomad.com/the-team/attorneys/neil-a-diegelman/" "Mozilla/5.0 (X11; Linux x86_64) AppleWebKit/537.36 (KHTML, like Gecko) HeadlessChrome/106.0.5249.30 Safari/537.36"
203.109.63.107 - - [16/Apr/2026:12:56:38 -0600] "GET /wp-content/plugins/pojo-accessibility/modules/legacy/assets/js/app.min.js?ver=1.0.0 HTTP/1.1" 200 5313 "https://thelomad.com/the-team/attorneys/neil-a-diegelman/" "Mozilla/5.0 (X11; Linux x86_64) AppleWebKit/537.36 (KHTML, like Gecko) HeadlessChrome/106.0.5249.30 Safari/537.36"
116.212.189.66 - - [16/Apr/2026:12:56:38 -0600] "GET /wp-content/plugins/addons-for-divi/assets/deprecated/popup.min.js?ver=4.2.2 HTTP/1.1" 200 4825 "https://thelomad.com/the-team/attorneys/neil-a-diegelman/" "Mozilla/5.0 (X11; Linux x86_64) AppleWebKit/537.36 (KHTML, like Gecko) HeadlessChrome/106.0.5249.30 Safari/537.36"
206.204.12.74 - - [16/Apr/2026:12:56:38 -0600] "GET /wp-content/plugins/w3-total-cache/pub/js/lazyload.min.js HTTP/1.1" 200 7462 "https://thelomad.com/the-team/attorneys/remy-militello/" "Mozilla/5.0 (X11; Linux x86_64) AppleWebKit/537.36 (KHTML, like Gecko) HeadlessChrome/106.0.5249.30 Safari/537.36"
93.180.233.1 - - [16/Apr/2026:12:56:38 -0600] "GET /wp-content/themes/Divi/includes/builder/feature/dynamic-assets/assets/js/magnific-popup.js HTTP/1.1" 200 22272 "https://thelomad.com/the-team/attorneys/remy-militello/" "Mozilla/5.0 (X11; Linux x86_64) AppleWebKit/537.36 (KHTML, like Gecko) HeadlessChrome/106.0.5249.30 Safari/537.36"
119.12.176.46 - - [16/Apr/2026:12:56:38 -0600] "GET /wp-includes/js/backbone.min.js?ver=1.6.0 HTTP/1.1" 200 24301 "https://thelomad.com/the-team/attorneys/kayana-m-cobb/" "Mozilla/5.0 (X11; Linux x86_64) AppleWebKit/537.36 (KHTML, like Gecko) HeadlessChrome/106.0.5249.30 Safari/537.36"
161.123.165.20 - - [16/Apr/2026:12:56:38 -0600] "GET /wp-content/themes/Divi/includes/builder/feature/dynamic-assets/assets/js/sticky-elements.js?ver=4.27.6 HTTP/1.1" 200 209183 "https://thelomad.com/the-team/attorneys/remy-militello/" "Mozilla/5.0 (X11; Linux x86_64) AppleWebKit/537.36 (KHTML, like Gecko) HeadlessChrome/106.0.5249.30 Safari/537.36"
206.204.53.75 - - [16/Apr/2026:12:56:38 -0600] "GET /wp-content/plugins/ninja-forms-style/layouts/assets/js/min/front-end.js?ver=3.0.29 HTTP/1.1" 200 7967 "https://thelomad.com/the-team/attorneys/james-cousins/" "Mozilla/5.0 (X11; Linux x86_64) AppleWebKit/537.36 (KHTML, like Gecko) HeadlessChrome/106.0.5249.30 Safari/537.36"
161.123.171.90 - - [16/Apr/2026:12:56:38 -0600] "GET /wp-content/plugins/ninja-forms-style/layouts/assets/js/min/front-end.js?ver=3.0.29 HTTP/1.1" 200 7967 "https://thelomad.com/home/about/" "Mozilla/5.0 (X11; Linux x86_64) AppleWebKit/537.36 (KHTML, like Gecko) HeadlessChrome/106.0.5249.30 Safari/537.36"
89.34.79.174 - - [16/Apr/2026:12:56:38 -0600] "GET /wp-content/plugins/ninja-forms-multi-part/assets/js/min/front-end.js?ver=3.0.26 HTTP/1.1" 200 13131 "https://thelomad.com/home/about/" "Mozilla/5.0 (X11; Linux x86_64) AppleWebKit/537.36 (KHTML, like Gecko) HeadlessChrome/106.0.5249.30 Safari/537.36"
5.183.243.76 - - [16/Apr/2026:12:56:38 -0600] "GET /wp-content/plugins/ninja-forms/assets/js/min/front-end.js?ver=3.14.2 HTTP/1.1" 200 115974 "https://thelomad.com/the-team/attorneys/kayana-m-cobb/" "Mozilla/5.0 (X11; Linux x86_64) AppleWebKit/537.36 (KHTML, like Gecko) HeadlessChrome/106.0.5249.30 Safari/537.36"
188.211.24.31 - - [16/Apr/2026:12:56:38 -0600] "GET /wp-content/plugins/ninja-forms-conditionals/assets/js/min/front-end.js?ver=6.9.4 HTTP/1.1" 200 38607 "https://thelomad.com/home/about/" "Mozilla/5.0 (X11; Linux x86_64) AppleWebKit/537.36 (KHTML, like Gecko) HeadlessChrome/106.0.5249.30 Safari/537.36"
93.115.13.194 - - [16/Apr/2026:12:56:38 -0600] "GET /wp-content/plugins/ninja-forms-multi-part/assets/js/min/front-end.js?ver=3.0.26 HTTP/1.1" 200 13131 "https://thelomad.com/the-team/attorneys/james-cousins/" "Mozilla/5.0 (X11; Linux x86_64) AppleWebKit/537.36 (KHTML, like Gecko) HeadlessChrome/106.0.5249.30 Safari/537.36"
152.39.193.93 - - [16/Apr/2026:12:56:38 -0600] "GET /wp-content/plugins/ninja-forms/assets/js/min/front-end-deps.js?ver=3.14.2 HTTP/1.1" 200 66590 "https://thelomad.com/the-team/attorneys/kayana-m-cobb/" "Mozilla/5.0 (X11; Linux x86_64) AppleWebKit/537.36 (KHTML, like Gecko) HeadlessChrome/106.0.5249.30 Safari/537.36"
119.13.219.36 - - [16/Apr/2026:12:56:38 -0600] "GET /wp-content/plugins/ninja-forms-conditionals/assets/js/min/front-end.js?ver=6.9.4 HTTP/1.1" 200 38607 "https://thelomad.com/the-team/attorneys/kayana-m-cobb/" "Mozilla/5.0 (X11; Linux x86_64) AppleWebKit/537.36 (KHTML, like Gecko) HeadlessChrome/106.0.5249.30 Safari/537.36"
206.204.20.80 - - [16/Apr/2026:12:56:38 -0600] "GET /wp-content/themes/Divi/includes/builder/feature/dynamic-assets/assets/js/sticky-elements.js?ver=4.27.6 HTTP/1.1" 200 209183 "https://thelomad.com/home/about/" "Mozilla/5.0 (X11; Linux x86_64) AppleWebKit/537.36 (KHTML, like Gecko) HeadlessChrome/106.0.5249.30 Safari/537.36"
93.180.239.222 - - [16/Apr/2026:12:56:38 -0600] "GET /wp-content/plugins/w3-total-cache/pub/js/lazyload.min.js HTTP/1.1" 200 7462 "https://thelomad.com/home/about/" "Mozilla/5.0 (X11; Linux x86_64) AppleWebKit/537.36 (KHTML, like Gecko) HeadlessChrome/106.0.5249.30 Safari/537.36"
188.94.84.231 - - [16/Apr/2026:12:56:38 -0600] "GET /wp-content/themes/Divi/includes/builder/feature/dynamic-assets/assets/js/magnific-popup.js HTTP/1.1" 200 22272 "https://thelomad.com/home/about/" "Mozilla/5.0 (X11; Linux x86_64) AppleWebKit/537.36 (KHTML, like Gecko) HeadlessChrome/106.0.5249.30 Safari/537.36"
152.39.218.168 - - [16/Apr/2026:12:56:38 -0600] "GET /wp-content/plugins/ninja-forms-style/layouts/assets/js/min/front-end.js?ver=3.0.29 HTTP/1.1" 200 7967 "https://thelomad.com/the-team/attorneys/kayana-m-cobb/" "Mozilla/5.0 (X11; Linux x86_64) AppleWebKit/537.36 (KHTML, like Gecko) HeadlessChrome/106.0.5249.30 Safari/537.36"
119.12.178.28 - - [16/Apr/2026:12:56:38 -0600] "GET /wp-content/themes/Divi/includes/builder/feature/dynamic-assets/assets/js/sticky-elements.js?ver=4.27.6 HTTP/1.1" 200 209183 "https://thelomad.com/the-team/attorneys/james-cousins/" "Mozilla/5.0 (X11; Linux x86_64) AppleWebKit/537.36 (KHTML, like Gecko) HeadlessChrome/106.0.5249.30 Safari/537.36"
78.138.50.16 - - [16/Apr/2026:12:56:38 -0600] "GET /wp-content/themes/Divi/includes/builder/feature/dynamic-assets/assets/js/jquery.fitvids.js?ver=4.27.6 HTTP/1.1" 200 3349 "https://thelomad.com/the-team/attorneys/neil-a-diegelman/" "Mozilla/5.0 (X11; Linux x86_64) AppleWebKit/537.36 (KHTML, like Gecko) HeadlessChrome/106.0.5249.30 Safari/537.36"
93.114.9.153 - - [16/Apr/2026:12:56:38 -0600] "GET /wp-content/plugins/ninja-forms-multi-part/assets/js/min/front-end.js?ver=3.0.26 HTTP/1.1" 200 13131 "https://thelomad.com/the-team/attorneys/kayana-m-cobb/" "Mozilla/5.0 (X11; Linux x86_64) AppleWebKit/537.36 (KHTML, like Gecko) HeadlessChrome/106.0.5249.30 Safari/537.36"
161.123.249.39 - - [16/Apr/2026:12:56:38 -0600] "GET /wp-content/themes/Divi/includes/builder/feature/dynamic-assets/assets/js/magnific-popup.js HTTP/1.1" 200 22272 "https://thelomad.com/the-team/attorneys/james-cousins/" "Mozilla/5.0 (X11; Linux x86_64) AppleWebKit/537.36 (KHTML, like Gecko) HeadlessChrome/106.0.5249.30 Safari/537.36"
203.109.63.107 - - [16/Apr/2026:12:56:38 -0600] "GET /wp-content/plugins/breadcrumbs-divi-module/scripts/frontend-bundle.min.js?ver=1.2.4 HTTP/1.1" 200 560 "https://thelomad.com/the-team/attorneys/neil-a-diegelman/" "Mozilla/5.0 (X11; Linux x86_64) AppleWebKit/537.36 (KHTML, like Gecko) HeadlessChrome/106.0.5249.30 Safari/537.36"
213.188.77.99 - - [16/Apr/2026:12:56:38 -0600] "GET /wp-content/themes/Divi/js/scripts.min.js?ver=4.27.6 HTTP/1.1" 200 274461 "https://thelomad.com/the-team/attorneys/neil-a-diegelman/" "Mozilla/5.0 (X11; Linux x86_64) AppleWebKit/537.36 (KHTML, like Gecko) HeadlessChrome/106.0.5249.30 Safari/537.36"
5.183.243.76 - - [16/Apr/2026:12:56:38 -0600] "GET /wp-content/themes/Divi/includes/builder/feature/dynamic-assets/assets/js/sticky-elements.js?ver=4.27.6 HTTP/1.1" 200 209183 "https://thelomad.com/the-team/attorneys/kayana-m-cobb/" "Mozilla/5.0 (X11; Linux x86_64) AppleWebKit/537.36 (KHTML, like Gecko) HeadlessChrome/106.0.5249.30 Safari/537.36"
119.12.176.46 - - [16/Apr/2026:12:56:38 -0600] "GET /wp-content/themes/Divi/includes/builder/feature/dynamic-assets/assets/js/magnific-popup.js HTTP/1.1" 200 22272 "https://thelomad.com/the-team/attorneys/kayana-m-cobb/" "Mozilla/5.0 (X11; Linux x86_64) AppleWebKit/537.36 (KHTML, like Gecko) HeadlessChrome/106.0.5249.30 Safari/537.36"
206.204.53.75 - - [16/Apr/2026:12:56:38 -0600] "GET /wp-content/plugins/w3-total-cache/pub/js/lazyload.min.js HTTP/1.1" 200 7462 "https://thelomad.com/the-team/attorneys/james-cousins/" "Mozilla/5.0 (X11; Linux x86_64) AppleWebKit/537.36 (KHTML, like Gecko) HeadlessChrome/106.0.5249.30 Safari/537.36"
152.39.185.51 - - [16/Apr/2026:12:56:38 -0600] "GET /wp-content/plugins/ninja-forms/assets/js/min/front-end.js?ver=3.14.2 HTTP/1.1" 200 115974 "https://thelomad.com/the-team/attorneys/remy-militello/" "Mozilla/5.0 (X11; Linux x86_64) AppleWebKit/537.36 (KHTML, like Gecko) HeadlessChrome/106.0.5249.30 Safari/537.36"
116.212.189.66 - - [16/Apr/2026:12:56:38 -0600] "GET /wp-content/plugins/divi-blurb-extended/scripts/frontend-bundle.min.js?ver=2.2.7 HTTP/1.1" 200 5938 "https://thelomad.com/the-team/attorneys/neil-a-diegelman/" "Mozilla/5.0 (X11; Linux x86_64) AppleWebKit/537.36 (KHTML, like Gecko) HeadlessChrome/106.0.5249.30 Safari/537.36"
119.13.219.36 - - [16/Apr/2026:12:56:38 -0600] "GET /wp-content/plugins/w3-total-cache/pub/js/lazyload.min.js HTTP/1.1" 200 7462 "https://thelomad.com/the-team/attorneys/kayana-m-cobb/" "Mozilla/5.0 (X11; Linux x86_64) AppleWebKit/537.36 (KHTML, like Gecko) HeadlessChrome/106.0.5249.30 Safari/537.36"
161.123.99.94 - - [16/Apr/2026:12:56:38 -0600] "GET /wp-includes/js/underscore.min.js?ver=1.13.7 HTTP/1.1" 200 18905 "https://thelomad.com/the-team/attorneys/james-cousins/" "Mozilla/5.0 (X11; Linux x86_64) AppleWebKit/537.36 (KHTML, like Gecko) HeadlessChrome/106.0.5249.30 Safari/537.36"
78.138.50.16 - - [16/Apr/2026:12:56:38 -0600] "GET /wp-includes/js/dist/vendor/react.min.js?ver=18.3.1.1 HTTP/1.1" 200 10628 "https://thelomad.com/the-team/attorneys/neil-a-diegelman/" "Mozilla/5.0 (X11; Linux x86_64) AppleWebKit/537.36 (KHTML, like Gecko) HeadlessChrome/106.0.5249.30 Safari/537.36"
213.188.77.99 - - [16/Apr/2026:12:56:38 -0600] "GET /wp-includes/js/dist/escape-html.min.js?ver=6561a406d2d232a6fbd2 HTTP/1.1" 200 1000 "https://thelomad.com/the-team/attorneys/neil-a-diegelman/" "Mozilla/5.0 (X11; Linux x86_64) AppleWebKit/537.36 (KHTML, like Gecko) HeadlessChrome/106.0.5249.30 Safari/537.36"
116.212.189.66 - - [16/Apr/2026:12:56:38 -0600] "GET /wp-includes/js/dist/element.min.js?ver=6a582b0c827fa25df3dd HTTP/1.1" 200 12112 "https://thelomad.com/the-team/attorneys/neil-a-diegelman/" "Mozilla/5.0 (X11; Linux x86_64) AppleWebKit/537.36 (KHTML, like Gecko) HeadlessChrome/106.0.5249.30 Safari/537.36"
198.13.225.22 - - [16/Apr/2026:12:56:38 -0600] "GET /wp-includes/js/dist/hooks.min.js?ver=dd5603f07f9220ed27f1 HTTP/1.1" 200 5661 "https://thelomad.com/the-team/attorneys/neil-a-diegelman/" "Mozilla/5.0 (X11; Linux x86_64) AppleWebKit/537.36 (KHTML, like Gecko) HeadlessChrome/106.0.5249.30 Safari/537.36"
203.109.63.107 - - [16/Apr/2026:12:56:38 -0600] "GET /wp-includes/js/dist/vendor/react-dom.min.js?ver=18.3.1.1 HTTP/1.1" 200 128946 "https://thelomad.com/the-team/attorneys/neil-a-diegelman/" "Mozilla/5.0 (X11; Linux x86_64) AppleWebKit/537.36 (KHTML, like Gecko) HeadlessChrome/106.0.5249.30 Safari/537.36"
45.41.190.186 - - [16/Apr/2026:12:56:35 -0600] "GET /the-team/attorneys/brendan-t-shannon/ HTTP/1.1" 200 63890 "-" "Mozilla/5.0 (X11; Linux x86_64) AppleWebKit/537.36 (KHTML, like Gecko) HeadlessChrome/106.0.5249.30 Safari/537.36"
213.188.77.99 - - [16/Apr/2026:12:56:38 -0600] "GET /wp-includes/js/dist/i18n.min.js?ver=c26c3dc7bed366793375 HTTP/1.1" 200 5314 "https://thelomad.com/the-team/attorneys/neil-a-diegelman/" "Mozilla/5.0 (X11; Linux x86_64) AppleWebKit/537.36 (KHTML, like Gecko) HeadlessChrome/106.0.5249.30 Safari/537.36"
78.138.50.16 - - [16/Apr/2026:12:56:38 -0600] "GET /wp-content/plugins/filebird-document-library/blocks/dist/frontend.js?ver=3.0.8 HTTP/1.1" 200 25573 "https://thelomad.com/the-team/attorneys/neil-a-diegelman/" "Mozilla/5.0 (X11; Linux x86_64) AppleWebKit/537.36 (KHTML, like Gecko) HeadlessChrome/106.0.5249.30 Safari/537.36"
213.188.77.99 - - [16/Apr/2026:12:56:38 -0600] "GET /wp-content/themes/Divi/core/admin/js/common.js?ver=4.27.6 HTTP/1.1" 200 1343 "https://thelomad.com/the-team/attorneys/neil-a-diegelman/" "Mozilla/5.0 (X11; Linux x86_64) AppleWebKit/537.36 (KHTML, like Gecko) HeadlessChrome/106.0.5249.30 Safari/537.36"
116.212.189.66 - - [16/Apr/2026:12:56:38 -0600] "GET /wp-includes/js/underscore.min.js?ver=1.13.7 HTTP/1.1" 200 18905 "https://thelomad.com/the-team/attorneys/neil-a-diegelman/" "Mozilla/5.0 (X11; Linux x86_64) AppleWebKit/537.36 (KHTML, like Gecko) HeadlessChrome/106.0.5249.30 Safari/537.36"
198.13.225.22 - - [16/Apr/2026:12:56:38 -0600] "GET /wp-content/plugins/divi-blurb-extended/scripts/imagesloaded.pkgd.min.js?ver=4.1.4 HTTP/1.1" 200 5594 "https://thelomad.com/the-team/attorneys/neil-a-diegelman/" "Mozilla/5.0 (X11; Linux x86_64) AppleWebKit/537.36 (KHTML, like Gecko) HeadlessChrome/106.0.5249.30 Safari/537.36"
203.109.63.107 - - [16/Apr/2026:12:56:38 -0600] "GET /wp-includes/js/backbone.min.js?ver=1.6.0 HTTP/1.1" 200 24301 "https://thelomad.com/the-team/attorneys/neil-a-diegelman/" "Mozilla/5.0 (X11; Linux x86_64) AppleWebKit/537.36 (KHTML, like Gecko) HeadlessChrome/106.0.5249.30 Safari/537.36"
213.188.77.99 - - [16/Apr/2026:12:56:38 -0600] "GET /wp-content/plugins/ninja-forms/assets/js/min/front-end-deps.js?ver=3.14.2 HTTP/1.1" 200 66590 "https://thelomad.com/the-team/attorneys/neil-a-diegelman/" "Mozilla/5.0 (X11; Linux x86_64) AppleWebKit/537.36 (KHTML, like Gecko) HeadlessChrome/106.0.5249.30 Safari/537.36"
45.41.190.186 - - [16/Apr/2026:12:56:38 -0600] "GET /wp-includes/js/jquery/jquery.min.js?ver=3.7.1 HTTP/1.1" 200 87553 "https://thelomad.com/the-team/attorneys/brendan-t-shannon/" "Mozilla/5.0 (X11; Linux x86_64) AppleWebKit/537.36 (KHTML, like Gecko) HeadlessChrome/106.0.5249.30 Safari/537.36"
116.212.189.66 - - [16/Apr/2026:12:56:38 -0600] "GET /wp-content/plugins/ninja-forms-style/layouts/assets/js/min/front-end.js?ver=3.0.29 HTTP/1.1" 200 7967 "https://thelomad.com/the-team/attorneys/neil-a-diegelman/" "Mozilla/5.0 (X11; Linux x86_64) AppleWebKit/537.36 (KHTML, like Gecko) HeadlessChrome/106.0.5249.30 Safari/537.36"
213.188.77.99 - - [16/Apr/2026:12:56:38 -0600] "GET /wp-content/plugins/ninja-forms-conditionals/assets/js/min/front-end.js?ver=6.9.4 HTTP/1.1" 200 38607 "https://thelomad.com/the-team/attorneys/neil-a-diegelman/" "Mozilla/5.0 (X11; Linux x86_64) AppleWebKit/537.36 (KHTML, like Gecko) HeadlessChrome/106.0.5249.30 Safari/537.36"
78.138.50.16 - - [16/Apr/2026:12:56:38 -0600] "GET /wp-content/plugins/ninja-forms/assets/js/min/front-end.js?ver=3.14.2 HTTP/1.1" 200 115974 "https://thelomad.com/the-team/attorneys/neil-a-diegelman/" "Mozilla/5.0 (X11; Linux x86_64) AppleWebKit/537.36 (KHTML, like Gecko) HeadlessChrome/106.0.5249.30 Safari/537.36"
198.13.225.22 - - [16/Apr/2026:12:56:38 -0600] "GET /wp-content/plugins/ninja-forms-multi-part/assets/js/min/front-end.js?ver=3.0.26 HTTP/1.1" 200 13131 "https://thelomad.com/the-team/attorneys/neil-a-diegelman/" "Mozilla/5.0 (X11; Linux x86_64) AppleWebKit/537.36 (KHTML, like Gecko) HeadlessChrome/106.0.5249.30 Safari/537.36"
213.188.77.99 - - [16/Apr/2026:12:56:38 -0600] "GET /wp-content/themes/Divi/includes/builder/feature/dynamic-assets/assets/js/magnific-popup.js HTTP/1.1" 200 22272 "https://thelomad.com/the-team/attorneys/neil-a-diegelman/" "Mozilla/5.0 (X11; Linux x86_64) AppleWebKit/537.36 (KHTML, like Gecko) HeadlessChrome/106.0.5249.30 Safari/537.36"
203.109.63.107 - - [16/Apr/2026:12:56:38 -0600] "GET /wp-content/themes/Divi/includes/builder/feature/dynamic-assets/assets/js/sticky-elements.js?ver=4.27.6 HTTP/1.1" 200 209183 "https://thelomad.com/the-team/attorneys/neil-a-diegelman/" "Mozilla/5.0 (X11; Linux x86_64) AppleWebKit/537.36 (KHTML, like Gecko) HeadlessChrome/106.0.5249.30 Safari/537.36"
116.212.189.66 - - [16/Apr/2026:12:56:38 -0600] "GET /wp-content/plugins/w3-total-cache/pub/js/lazyload.min.js HTTP/1.1" 200 7462 "https://thelomad.com/the-team/attorneys/neil-a-diegelman/" "Mozilla/5.0 (X11; Linux x86_64) AppleWebKit/537.36 (KHTML, like Gecko) HeadlessChrome/106.0.5249.30 Safari/537.36"
45.41.190.186 - - [16/Apr/2026:12:56:39 -0600] "GET /wp-content/plugins/pdf-viewer-for-wordpress/tnc-resources/modaal.min.js?ver=12.5.5 HTTP/1.1" 200 20301 "https://thelomad.com/the-team/attorneys/brendan-t-shannon/" "Mozilla/5.0 (X11; Linux x86_64) AppleWebKit/537.36 (KHTML, like Gecko) HeadlessChrome/106.0.5249.30 Safari/537.36"
119.13.196.94 - - [16/Apr/2026:12:56:39 -0600] "GET /wp-includes/js/jquery/jquery-migrate.min.js?ver=3.4.1 HTTP/1.1" 200 13577 "https://thelomad.com/the-team/attorneys/brendan-t-shannon/" "Mozilla/5.0 (X11; Linux x86_64) AppleWebKit/537.36 (KHTML, like Gecko) HeadlessChrome/106.0.5249.30 Safari/537.36"
185.66.137.139 - - [16/Apr/2026:12:56:39 -0600] "GET /wp-content/plugins/addons-for-divi/assets/libs/magnific-popup/magnific-popup.js?ver=4.2.2 HTTP/1.1" 200 43807 "https://thelomad.com/the-team/attorneys/brendan-t-shannon/" "Mozilla/5.0 (X11; Linux x86_64) AppleWebKit/537.36 (KHTML, like Gecko) HeadlessChrome/106.0.5249.30 Safari/537.36"
206.204.25.178 - - [16/Apr/2026:12:56:39 -0600] "GET /wp-content/plugins/pdf-viewer-for-wordpress/tnc-resources/custom-modal.js?ver=12.5.5 HTTP/1.1" 200 185 "https://thelomad.com/the-team/attorneys/brendan-t-shannon/" "Mozilla/5.0 (X11; Linux x86_64) AppleWebKit/537.36 (KHTML, like Gecko) HeadlessChrome/106.0.5249.30 Safari/537.36"
46.232.208.204 - - [16/Apr/2026:12:56:39 -0600] "GET /wp-content/plugins/addons-for-divi/assets/libs/counter-up/counter-up.min.js?ver=4.2.2 HTTP/1.1" 200 1928 "https://thelomad.com/the-team/attorneys/brendan-t-shannon/" "Mozilla/5.0 (X11; Linux x86_64) AppleWebKit/537.36 (KHTML, like Gecko) HeadlessChrome/106.0.5249.30 Safari/537.36"
45.41.190.186 - - [16/Apr/2026:12:56:39 -0600] "GET /wp-content/plugins/addons-for-divi/assets/libs/slick/slick.min.js?ver=4.2.2 HTTP/1.1" 200 43245 "https://thelomad.com/the-team/attorneys/brendan-t-shannon/" "Mozilla/5.0 (X11; Linux x86_64) AppleWebKit/537.36 (KHTML, like Gecko) HeadlessChrome/106.0.5249.30 Safari/537.36"
206.204.25.178 - - [16/Apr/2026:12:56:39 -0600] "GET /wp-content/plugins/addons-for-divi/assets/js/frontend.js?ver=4.2.2 HTTP/1.1" 200 5006 "https://thelomad.com/the-team/attorneys/brendan-t-shannon/" "Mozilla/5.0 (X11; Linux x86_64) AppleWebKit/537.36 (KHTML, like Gecko) HeadlessChrome/106.0.5249.30 Safari/537.36"
119.13.196.94 - - [16/Apr/2026:12:56:39 -0600] "GET /wp-content/plugins/addons-for-divi/assets/deprecated/popup.min.js?ver=4.2.2 HTTP/1.1" 200 4825 "https://thelomad.com/the-team/attorneys/brendan-t-shannon/" "Mozilla/5.0 (X11; Linux x86_64) AppleWebKit/537.36 (KHTML, like Gecko) HeadlessChrome/106.0.5249.30 Safari/537.36"
46.232.208.204 - - [16/Apr/2026:12:56:39 -0600] "GET /wp-content/plugins/pojo-accessibility/modules/legacy/assets/js/app.min.js?ver=1.0.0 HTTP/1.1" 200 5313 "https://thelomad.com/the-team/attorneys/brendan-t-shannon/" "Mozilla/5.0 (X11; Linux x86_64) AppleWebKit/537.36 (KHTML, like Gecko) HeadlessChrome/106.0.5249.30 Safari/537.36"
206.204.25.178 - - [16/Apr/2026:12:56:39 -0600] "GET /wp-content/themes/Divi/includes/builder/feature/dynamic-assets/assets/js/jquery.fitvids.js?ver=4.27.6 HTTP/1.1" 200 3349 "https://thelomad.com/the-team/attorneys/brendan-t-shannon/" "Mozilla/5.0 (X11; Linux x86_64) AppleWebKit/537.36 (KHTML, like Gecko) HeadlessChrome/106.0.5249.30 Safari/537.36"
45.41.190.186 - - [16/Apr/2026:12:56:39 -0600] "GET /wp-content/plugins/breadcrumbs-divi-module/scripts/frontend-bundle.min.js?ver=1.2.4 HTTP/1.1" 200 560 "https://thelomad.com/the-team/attorneys/brendan-t-shannon/" "Mozilla/5.0 (X11; Linux x86_64) AppleWebKit/537.36 (KHTML, like Gecko) HeadlessChrome/106.0.5249.30 Safari/537.36"
185.66.137.139 - - [16/Apr/2026:12:56:39 -0600] "GET /wp-content/themes/Divi/js/scripts.min.js?ver=4.27.6 HTTP/1.1" 200 274461 "https://thelomad.com/the-team/attorneys/brendan-t-shannon/" "Mozilla/5.0 (X11; Linux x86_64) AppleWebKit/537.36 (KHTML, like Gecko) HeadlessChrome/106.0.5249.30 Safari/537.36"
188.94.84.147 - - [16/Apr/2026:12:56:39 -0600] "GET /wp-content/plugins/divi-blurb-extended/scripts/frontend-bundle.min.js?ver=2.2.7 HTTP/1.1" 200 5938 "https://thelomad.com/the-team/attorneys/brendan-t-shannon/" "Mozilla/5.0 (X11; Linux x86_64) AppleWebKit/537.36 (KHTML, like Gecko) HeadlessChrome/106.0.5249.30 Safari/537.36"
94.176.89.143 - - [16/Apr/2026:12:56:36 -0600] "GET /the-team/attorneys/maria-lua/ HTTP/1.1" 200 64204 "-" "Mozilla/5.0 (X11; Linux x86_64) AppleWebKit/537.36 (KHTML, like Gecko) HeadlessChrome/106.0.5249.30 Safari/537.36"
46.232.208.204 - - [16/Apr/2026:12:56:39 -0600] "GET /wp-includes/js/dist/vendor/react.min.js?ver=18.3.1.1 HTTP/1.1" 200 10628 "https://thelomad.com/the-team/attorneys/brendan-t-shannon/" "Mozilla/5.0 (X11; Linux x86_64) AppleWebKit/537.36 (KHTML, like Gecko) HeadlessChrome/106.0.5249.30 Safari/537.36"
45.41.190.186 - - [16/Apr/2026:12:56:39 -0600] "GET /wp-includes/js/dist/element.min.js?ver=6a582b0c827fa25df3dd HTTP/1.1" 200 12112 "https://thelomad.com/the-team/attorneys/brendan-t-shannon/" "Mozilla/5.0 (X11; Linux x86_64) AppleWebKit/537.36 (KHTML, like Gecko) HeadlessChrome/106.0.5249.30 Safari/537.36"
206.204.25.178 - - [16/Apr/2026:12:56:39 -0600] "GET /wp-includes/js/dist/escape-html.min.js?ver=6561a406d2d232a6fbd2 HTTP/1.1" 200 1000 "https://thelomad.com/the-team/attorneys/brendan-t-shannon/" "Mozilla/5.0 (X11; Linux x86_64) AppleWebKit/537.36 (KHTML, like Gecko) HeadlessChrome/106.0.5249.30 Safari/537.36"
119.13.196.94 - - [16/Apr/2026:12:56:39 -0600] "GET /wp-includes/js/dist/vendor/react-dom.min.js?ver=18.3.1.1 HTTP/1.1" 200 128946 "https://thelomad.com/the-team/attorneys/brendan-t-shannon/" "Mozilla/5.0 (X11; Linux x86_64) AppleWebKit/537.36 (KHTML, like Gecko) HeadlessChrome/106.0.5249.30 Safari/537.36"
95.215.38.247 - - [16/Apr/2026:12:56:39 -0600] "GET /wp-includes/js/jquery/jquery-migrate.min.js?ver=3.4.1 HTTP/1.1" 200 13577 "https://thelomad.com/the-team/attorneys/maria-lua/" "Mozilla/5.0 (X11; Linux x86_64) AppleWebKit/537.36 (KHTML, like Gecko) HeadlessChrome/106.0.5249.30 Safari/537.36"
94.176.89.143 - - [16/Apr/2026:12:56:39 -0600] "GET /wp-includes/js/jquery/jquery.min.js?ver=3.7.1 HTTP/1.1" 200 87553 "https://thelomad.com/the-team/attorneys/maria-lua/" "Mozilla/5.0 (X11; Linux x86_64) AppleWebKit/537.36 (KHTML, like Gecko) HeadlessChrome/106.0.5249.30 Safari/537.36"
203.78.175.230 - - [16/Apr/2026:12:56:39 -0600] "GET /wp-content/plugins/pdf-viewer-for-wordpress/tnc-resources/modaal.min.js?ver=12.5.5 HTTP/1.1" 200 20301 "https://thelomad.com/the-team/attorneys/maria-lua/" "Mozilla/5.0 (X11; Linux x86_64) AppleWebKit/537.36 (KHTML, like Gecko) HeadlessChrome/106.0.5249.30 Safari/537.36"
45.41.190.186 - - [16/Apr/2026:12:56:39 -0600] "GET /wp-includes/js/dist/i18n.min.js?ver=c26c3dc7bed366793375 HTTP/1.1" 200 5314 "https://thelomad.com/the-team/attorneys/brendan-t-shannon/" "Mozilla/5.0 (X11; Linux x86_64) AppleWebKit/537.36 (KHTML, like Gecko) HeadlessChrome/106.0.5249.30 Safari/537.36"
46.232.208.204 - - [16/Apr/2026:12:56:39 -0600] "GET /wp-includes/js/dist/hooks.min.js?ver=dd5603f07f9220ed27f1 HTTP/1.1" 200 5661 "https://thelomad.com/the-team/attorneys/brendan-t-shannon/" "Mozilla/5.0 (X11; Linux x86_64) AppleWebKit/537.36 (KHTML, like Gecko) HeadlessChrome/106.0.5249.30 Safari/537.36"
103.30.13.120 - - [16/Apr/2026:12:56:39 -0600] "GET /wp-content/plugins/pdf-viewer-for-wordpress/tnc-resources/custom-modal.js?ver=12.5.5 HTTP/1.1" 200 185 "https://thelomad.com/the-team/attorneys/maria-lua/" "Mozilla/5.0 (X11; Linux x86_64) AppleWebKit/537.36 (KHTML, like Gecko) HeadlessChrome/106.0.5249.30 Safari/537.36"
185.66.137.139 - - [16/Apr/2026:12:56:39 -0600] "GET /wp-content/plugins/filebird-document-library/blocks/dist/frontend.js?ver=3.0.8 HTTP/1.1" 200 25573 "https://thelomad.com/the-team/attorneys/brendan-t-shannon/" "Mozilla/5.0 (X11; Linux x86_64) AppleWebKit/537.36 (KHTML, like Gecko) HeadlessChrome/106.0.5249.30 Safari/537.36"
206.204.25.178 - - [16/Apr/2026:12:56:39 -0600] "GET /wp-content/plugins/divi-blurb-extended/scripts/imagesloaded.pkgd.min.js?ver=4.1.4 HTTP/1.1" 200 5594 "https://thelomad.com/the-team/attorneys/brendan-t-shannon/" "Mozilla/5.0 (X11; Linux x86_64) AppleWebKit/537.36 (KHTML, like Gecko) HeadlessChrome/106.0.5249.30 Safari/537.36"
188.94.84.147 - - [16/Apr/2026:12:56:39 -0600] "GET /wp-content/themes/Divi/core/admin/js/common.js?ver=4.27.6 HTTP/1.1" 200 1343 "https://thelomad.com/the-team/attorneys/brendan-t-shannon/" "Mozilla/5.0 (X11; Linux x86_64) AppleWebKit/537.36 (KHTML, like Gecko) HeadlessChrome/106.0.5249.30 Safari/537.36"
103.30.13.120 - - [16/Apr/2026:12:56:39 -0600] "GET /wp-content/plugins/addons-for-divi/assets/libs/magnific-popup/magnific-popup.js?ver=4.2.2 HTTP/1.1" 200 43807 "https://thelomad.com/the-team/attorneys/maria-lua/" "Mozilla/5.0 (X11; Linux x86_64) AppleWebKit/537.36 (KHTML, like Gecko) HeadlessChrome/106.0.5249.30 Safari/537.36"
