216.73.216.99 - - [16/Apr/2026:07:27:48 -0600] "GET /shop-goods/detail-828824372466 HTTP/1.1" 500 2576 "-" "Mozilla/5.0 AppleWebKit/537.36 (KHTML, like Gecko; compatible; ClaudeBot/1.0; +claudebot@anthropic.com)"
74.7.227.52 - - [16/Apr/2026:07:27:48 -0600] "GET /shop-goods/detail-829314671372 HTTP/1.1" 500 2576 "https://twb.ebh.mybluehost.me/sitemap_shop_474.xml" "Mozilla/5.0 AppleWebKit/537.36 (KHTML, like Gecko; compatible; GPTBot/1.3; +https://openai.com/gptbot)"
216.73.216.99 - - [16/Apr/2026:07:27:53 -0600] "GET /shop-goods/detail-828869187044 HTTP/1.1" 500 2576 "-" "Mozilla/5.0 AppleWebKit/537.36 (KHTML, like Gecko; compatible; ClaudeBot/1.0; +claudebot@anthropic.com)"
216.73.216.99 - - [16/Apr/2026:07:27:59 -0600] "GET /shop-goods/detail-828845123219 HTTP/1.1" 500 2576 "-" "Mozilla/5.0 AppleWebKit/537.36 (KHTML, like Gecko; compatible; ClaudeBot/1.0; +claudebot@anthropic.com)"
216.73.216.99 - - [16/Apr/2026:07:28:03 -0600] "GET /shop-goods/detail-828869214962 HTTP/1.1" 500 2576 "-" "Mozilla/5.0 AppleWebKit/537.36 (KHTML, like Gecko; compatible; ClaudeBot/1.0; +claudebot@anthropic.com)"
47.128.44.33 - - [16/Apr/2026:07:28:09 -0600] "GET /shop-goods/detail-82911727019 HTTP/1.1" 500 2576 "-" "Mozilla/5.0 (Linux; Android 5.0) AppleWebKit/537.36 (KHTML, like Gecko) Mobile Safari/537.36 (compatible; Bytespider; spider-feedback@bytedance.com)"
216.73.216.99 - - [16/Apr/2026:07:28:10 -0600] "GET /shop-goods/detail-82938791105 HTTP/1.1" 500 2576 "-" "Mozilla/5.0 AppleWebKit/537.36 (KHTML, like Gecko; compatible; ClaudeBot/1.0; +claudebot@anthropic.com)"
216.73.216.99 - - [16/Apr/2026:07:28:12 -0600] "GET /shop-goods/detail-828875013152 HTTP/1.1" 500 2576 "-" "Mozilla/5.0 AppleWebKit/537.36 (KHTML, like Gecko; compatible; ClaudeBot/1.0; +claudebot@anthropic.com)"
216.73.216.99 - - [16/Apr/2026:07:28:13 -0600] "GET /shop-goods/detail-8288384763 HTTP/1.1" 500 2576 "-" "Mozilla/5.0 AppleWebKit/537.36 (KHTML, like Gecko; compatible; ClaudeBot/1.0; +claudebot@anthropic.com)"
216.73.216.99 - - [16/Apr/2026:07:28:16 -0600] "GET /shop-goods/detail-82883384646 HTTP/1.1" 500 2576 "-" "Mozilla/5.0 AppleWebKit/537.36 (KHTML, like Gecko; compatible; ClaudeBot/1.0; +claudebot@anthropic.com)"
216.73.216.99 - - [16/Apr/2026:07:28:16 -0600] "GET /shop-goods/detail-82883073723 HTTP/1.1" 500 2576 "-" "Mozilla/5.0 AppleWebKit/537.36 (KHTML, like Gecko; compatible; ClaudeBot/1.0; +claudebot@anthropic.com)"
216.73.216.99 - - [16/Apr/2026:07:28:23 -0600] "GET /shop-goods/detail-82883365221 HTTP/1.1" 500 2576 "-" "Mozilla/5.0 AppleWebKit/537.36 (KHTML, like Gecko; compatible; ClaudeBot/1.0; +claudebot@anthropic.com)"
216.73.216.99 - - [16/Apr/2026:07:28:23 -0600] "GET /shop-goods/detail-82928299412 HTTP/1.1" 500 2576 "-" "Mozilla/5.0 AppleWebKit/537.36 (KHTML, like Gecko; compatible; ClaudeBot/1.0; +claudebot@anthropic.com)"
216.73.216.99 - - [16/Apr/2026:07:28:27 -0600] "GET /shop-goods/detail-82883314982 HTTP/1.1" 500 2576 "-" "Mozilla/5.0 AppleWebKit/537.36 (KHTML, like Gecko; compatible; ClaudeBot/1.0; +claudebot@anthropic.com)"
216.73.216.99 - - [16/Apr/2026:07:28:27 -0600] "GET /shop-goods/detail-82883377229 HTTP/1.1" 500 2576 "-" "Mozilla/5.0 AppleWebKit/537.36 (KHTML, like Gecko; compatible; ClaudeBot/1.0; +claudebot@anthropic.com)"
216.73.216.99 - - [16/Apr/2026:07:28:31 -0600] "GET /shop-goods/detail-82922017641 HTTP/1.1" 500 2576 "-" "Mozilla/5.0 AppleWebKit/537.36 (KHTML, like Gecko; compatible; ClaudeBot/1.0; +claudebot@anthropic.com)"
216.73.216.99 - - [16/Apr/2026:07:28:36 -0600] "GET /shop-goods/detail-828875164786 HTTP/1.1" 500 2576 "-" "Mozilla/5.0 AppleWebKit/537.36 (KHTML, like Gecko; compatible; ClaudeBot/1.0; +claudebot@anthropic.com)"
216.73.216.99 - - [16/Apr/2026:07:28:41 -0600] "GET /shop-goods/detail-8288405078 HTTP/1.1" 500 2576 "-" "Mozilla/5.0 AppleWebKit/537.36 (KHTML, like Gecko; compatible; ClaudeBot/1.0; +claudebot@anthropic.com)"
216.73.216.99 - - [16/Apr/2026:07:28:46 -0600] "GET /shop-goods/detail-82883358865 HTTP/1.1" 500 2576 "-" "Mozilla/5.0 AppleWebKit/537.36 (KHTML, like Gecko; compatible; ClaudeBot/1.0; +claudebot@anthropic.com)"
74.7.227.52 - - [16/Apr/2026:07:28:51 -0600] "GET /shop-goods/detail-829116562794 HTTP/1.1" 500 2576 "https://twb.ebh.mybluehost.me/sitemap_index.xml" "Mozilla/5.0 AppleWebKit/537.36 (KHTML, like Gecko; compatible; GPTBot/1.3; +https://openai.com/gptbot)"
216.73.216.99 - - [16/Apr/2026:07:28:51 -0600] "GET /shop-goods/detail-82886446530 HTTP/1.1" 500 2576 "-" "Mozilla/5.0 AppleWebKit/537.36 (KHTML, like Gecko; compatible; ClaudeBot/1.0; +claudebot@anthropic.com)"
216.73.216.99 - - [16/Apr/2026:07:28:56 -0600] "GET /shop-goods/detail-82893664579 HTTP/1.1" 500 2576 "-" "Mozilla/5.0 AppleWebKit/537.36 (KHTML, like Gecko; compatible; ClaudeBot/1.0; +claudebot@anthropic.com)"
216.73.216.99 - - [16/Apr/2026:07:29:02 -0600] "GET /shop-goods/detail-82932956053 HTTP/1.1" 500 2576 "-" "Mozilla/5.0 AppleWebKit/537.36 (KHTML, like Gecko; compatible; ClaudeBot/1.0; +claudebot@anthropic.com)"
40.77.167.132 - - [16/Apr/2026:07:29:05 -0600] "GET /shop-goods/detail-8288100884 HTTP/1.1" 200 226839 "-" "Mozilla/5.0 AppleWebKit/537.36 (KHTML, like Gecko; compatible; bingbot/2.0; +http://www.bing.com/bingbot.htm) Chrome/116.0.1938.76 Safari/537.36"
216.73.216.99 - - [16/Apr/2026:07:29:07 -0600] "GET /shop-goods/detail-828818227529 HTTP/1.1" 500 2576 "-" "Mozilla/5.0 AppleWebKit/537.36 (KHTML, like Gecko; compatible; ClaudeBot/1.0; +claudebot@anthropic.com)"
216.73.216.99 - - [16/Apr/2026:07:29:12 -0600] "GET /shop-goods/detail-829070052815 HTTP/1.1" 500 2576 "-" "Mozilla/5.0 AppleWebKit/537.36 (KHTML, like Gecko; compatible; ClaudeBot/1.0; +claudebot@anthropic.com)"
216.73.216.99 - - [16/Apr/2026:07:29:17 -0600] "GET /shop-goods/detail-82935797458 HTTP/1.1" 500 2576 "-" "Mozilla/5.0 AppleWebKit/537.36 (KHTML, like Gecko; compatible; ClaudeBot/1.0; +claudebot@anthropic.com)"
216.73.216.99 - - [16/Apr/2026:07:29:23 -0600] "GET /shop-goods/detail-82896595074 HTTP/1.1" 500 2576 "-" "Mozilla/5.0 AppleWebKit/537.36 (KHTML, like Gecko; compatible; ClaudeBot/1.0; +claudebot@anthropic.com)"
216.73.216.99 - - [16/Apr/2026:07:29:27 -0600] "GET /shop-goods/detail-82914964359 HTTP/1.1" 500 2576 "-" "Mozilla/5.0 AppleWebKit/537.36 (KHTML, like Gecko; compatible; ClaudeBot/1.0; +claudebot@anthropic.com)"
216.73.216.99 - - [16/Apr/2026:07:29:33 -0600] "GET /shop-goods/detail-828869377500 HTTP/1.1" 500 2576 "-" "Mozilla/5.0 AppleWebKit/537.36 (KHTML, like Gecko; compatible; ClaudeBot/1.0; +claudebot@anthropic.com)"
216.73.216.99 - - [16/Apr/2026:07:29:37 -0600] "GET /shop-goods/detail-82904155308 HTTP/1.1" 500 2576 "-" "Mozilla/5.0 AppleWebKit/537.36 (KHTML, like Gecko; compatible; ClaudeBot/1.0; +claudebot@anthropic.com)"
216.73.216.99 - - [16/Apr/2026:07:29:43 -0600] "GET /shop-goods/detail-82883314555 HTTP/1.1" 500 2576 "-" "Mozilla/5.0 AppleWebKit/537.36 (KHTML, like Gecko; compatible; ClaudeBot/1.0; +claudebot@anthropic.com)"
216.73.216.99 - - [16/Apr/2026:07:29:48 -0600] "GET /shop-goods/detail-82932879510 HTTP/1.1" 500 2576 "-" "Mozilla/5.0 AppleWebKit/537.36 (KHTML, like Gecko; compatible; ClaudeBot/1.0; +claudebot@anthropic.com)"
216.73.216.99 - - [16/Apr/2026:07:29:52 -0600] "GET /shop-goods/detail-829076322397 HTTP/1.1" 500 2576 "-" "Mozilla/5.0 AppleWebKit/537.36 (KHTML, like Gecko; compatible; ClaudeBot/1.0; +claudebot@anthropic.com)"
74.7.227.52 - - [16/Apr/2026:07:29:52 -0600] "GET /shop-goods/detail-828815349608 HTTP/1.1" 500 2576 "https://twb.ebh.mybluehost.me/sitemap_index.xml" "Mozilla/5.0 AppleWebKit/537.36 (KHTML, like Gecko; compatible; GPTBot/1.3; +https://openai.com/gptbot)"
216.73.216.99 - - [16/Apr/2026:07:29:58 -0600] "GET /shop-goods/detail-82932893765 HTTP/1.1" 500 2576 "-" "Mozilla/5.0 AppleWebKit/537.36 (KHTML, like Gecko; compatible; ClaudeBot/1.0; +claudebot@anthropic.com)"
216.73.216.99 - - [16/Apr/2026:07:30:02 -0600] "GET /shop-goods/detail-82904323018 HTTP/1.1" 500 2576 "-" "Mozilla/5.0 AppleWebKit/537.36 (KHTML, like Gecko; compatible; ClaudeBot/1.0; +claudebot@anthropic.com)"
216.73.216.99 - - [16/Apr/2026:07:30:07 -0600] "GET /shop-goods/detail-829220051500 HTTP/1.1" 500 2576 "-" "Mozilla/5.0 AppleWebKit/537.36 (KHTML, like Gecko; compatible; ClaudeBot/1.0; +claudebot@anthropic.com)"
216.73.216.99 - - [16/Apr/2026:07:30:12 -0600] "GET /shop-goods/detail-828851285843 HTTP/1.1" 500 2576 "-" "Mozilla/5.0 AppleWebKit/537.36 (KHTML, like Gecko; compatible; ClaudeBot/1.0; +claudebot@anthropic.com)"
216.73.216.99 - - [16/Apr/2026:07:30:17 -0600] "GET /shop-goods/detail-829211134269 HTTP/1.1" 500 2576 "-" "Mozilla/5.0 AppleWebKit/537.36 (KHTML, like Gecko; compatible; ClaudeBot/1.0; +claudebot@anthropic.com)"
216.73.216.99 - - [16/Apr/2026:07:30:23 -0600] "GET /shop-goods/detail-829173605746 HTTP/1.1" 500 2576 "-" "Mozilla/5.0 AppleWebKit/537.36 (KHTML, like Gecko; compatible; ClaudeBot/1.0; +claudebot@anthropic.com)"
216.73.216.99 - - [16/Apr/2026:07:30:28 -0600] "GET /shop-goods/detail-82893895186 HTTP/1.1" 500 2576 "-" "Mozilla/5.0 AppleWebKit/537.36 (KHTML, like Gecko; compatible; ClaudeBot/1.0; +claudebot@anthropic.com)"
216.73.216.99 - - [16/Apr/2026:07:30:32 -0600] "GET /shop-goods/detail-829052312502 HTTP/1.1" 500 2576 "-" "Mozilla/5.0 AppleWebKit/537.36 (KHTML, like Gecko; compatible; ClaudeBot/1.0; +claudebot@anthropic.com)"
216.73.216.99 - - [16/Apr/2026:07:30:37 -0600] "GET /shop-goods/detail-829356566453 HTTP/1.1" 500 2576 "-" "Mozilla/5.0 AppleWebKit/537.36 (KHTML, like Gecko; compatible; ClaudeBot/1.0; +claudebot@anthropic.com)"
216.73.216.99 - - [16/Apr/2026:07:30:42 -0600] "GET /shop-goods/detail-829211334049 HTTP/1.1" 500 2576 "-" "Mozilla/5.0 AppleWebKit/537.36 (KHTML, like Gecko; compatible; ClaudeBot/1.0; +claudebot@anthropic.com)"
216.73.216.99 - - [16/Apr/2026:07:30:47 -0600] "GET /shop-goods/detail-829146955382 HTTP/1.1" 500 2576 "-" "Mozilla/5.0 AppleWebKit/537.36 (KHTML, like Gecko; compatible; ClaudeBot/1.0; +claudebot@anthropic.com)"
216.73.216.99 - - [16/Apr/2026:07:30:52 -0600] "GET /shop-goods/detail-829247052178 HTTP/1.1" 500 2576 "-" "Mozilla/5.0 AppleWebKit/537.36 (KHTML, like Gecko; compatible; ClaudeBot/1.0; +claudebot@anthropic.com)"
74.7.227.52 - - [16/Apr/2026:07:30:57 -0600] "GET /shop-goods/detail-829031342159 HTTP/1.1" 500 2576 "https://twb.ebh.mybluehost.me/sitemap_shop_302.xml" "Mozilla/5.0 AppleWebKit/537.36 (KHTML, like Gecko; compatible; GPTBot/1.3; +https://openai.com/gptbot)"
216.73.216.99 - - [16/Apr/2026:07:30:59 -0600] "GET /shop-goods/detail-829128573268 HTTP/1.1" 500 2576 "-" "Mozilla/5.0 AppleWebKit/537.36 (KHTML, like Gecko; compatible; ClaudeBot/1.0; +claudebot@anthropic.com)"
216.73.216.99 - - [16/Apr/2026:07:31:02 -0600] "GET /shop-goods/detail-828945800606 HTTP/1.1" 500 2576 "-" "Mozilla/5.0 AppleWebKit/537.36 (KHTML, like Gecko; compatible; ClaudeBot/1.0; +claudebot@anthropic.com)"
216.73.216.99 - - [16/Apr/2026:07:31:07 -0600] "GET /shop-goods/detail-829353810202 HTTP/1.1" 500 2576 "-" "Mozilla/5.0 AppleWebKit/537.36 (KHTML, like Gecko; compatible; ClaudeBot/1.0; +claudebot@anthropic.com)"
216.73.216.99 - - [16/Apr/2026:07:31:12 -0600] "GET /shop-goods/detail-829019238303 HTTP/1.1" 500 2576 "-" "Mozilla/5.0 AppleWebKit/537.36 (KHTML, like Gecko; compatible; ClaudeBot/1.0; +claudebot@anthropic.com)"
45.148.10.245 - - [16/Apr/2026:07:31:14 -0600] "GET / HTTP/1.1" 301 273 "-" "Mozilla/5.0 (Windows NT 10.0; Win64; x64) AppleWebKit/537.36 (KHTML, like Gecko) Chrome/120.0.0.0 Safari/537.36"
216.73.216.99 - - [16/Apr/2026:07:31:17 -0600] "GET /shop-goods/detail-829028281794 HTTP/1.1" 500 2576 "-" "Mozilla/5.0 AppleWebKit/537.36 (KHTML, like Gecko; compatible; ClaudeBot/1.0; +claudebot@anthropic.com)"
216.73.216.99 - - [16/Apr/2026:07:31:22 -0600] "GET /shop-goods/detail-829013179708 HTTP/1.1" 500 2576 "-" "Mozilla/5.0 AppleWebKit/537.36 (KHTML, like Gecko; compatible; ClaudeBot/1.0; +claudebot@anthropic.com)"
216.73.216.99 - - [16/Apr/2026:07:31:27 -0600] "GET /shop-goods/detail-82917560160 HTTP/1.1" 500 2576 "-" "Mozilla/5.0 AppleWebKit/537.36 (KHTML, like Gecko; compatible; ClaudeBot/1.0; +claudebot@anthropic.com)"
216.73.216.99 - - [16/Apr/2026:07:31:32 -0600] "GET /shop-goods/detail-828951719617 HTTP/1.1" 500 2576 "-" "Mozilla/5.0 AppleWebKit/537.36 (KHTML, like Gecko; compatible; ClaudeBot/1.0; +claudebot@anthropic.com)"
216.73.216.99 - - [16/Apr/2026:07:31:37 -0600] "GET /shop-goods/detail-829256269667 HTTP/1.1" 500 2576 "-" "Mozilla/5.0 AppleWebKit/537.36 (KHTML, like Gecko; compatible; ClaudeBot/1.0; +claudebot@anthropic.com)"
34.90.220.251 - - [16/Apr/2026:07:31:38 -0600] "GET / HTTP/1.1" 500 2576 "-" "Scrapy/2.13.4 (+https://scrapy.org)"
34.91.119.153 - - [16/Apr/2026:07:31:40 -0600] "GET / HTTP/1.1" 500 2576 "-" "Scrapy/2.13.4 (+https://scrapy.org)"
216.73.216.99 - - [16/Apr/2026:07:31:42 -0600] "GET /shop-goods/detail-829250436307 HTTP/1.1" 500 2576 "-" "Mozilla/5.0 AppleWebKit/537.36 (KHTML, like Gecko; compatible; ClaudeBot/1.0; +claudebot@anthropic.com)"
216.73.216.99 - - [16/Apr/2026:07:31:48 -0600] "GET /shop-goods/detail-82925293613 HTTP/1.1" 500 2576 "-" "Mozilla/5.0 AppleWebKit/537.36 (KHTML, like Gecko; compatible; ClaudeBot/1.0; +claudebot@anthropic.com)"
216.73.216.99 - - [16/Apr/2026:07:31:52 -0600] "GET /shop-goods/detail-82922476711 HTTP/1.1" 500 2576 "-" "Mozilla/5.0 AppleWebKit/537.36 (KHTML, like Gecko; compatible; ClaudeBot/1.0; +claudebot@anthropic.com)"
216.73.216.99 - - [16/Apr/2026:07:31:57 -0600] "GET /shop-goods/detail-82914630812 HTTP/1.1" 500 2576 "-" "Mozilla/5.0 AppleWebKit/537.36 (KHTML, like Gecko; compatible; ClaudeBot/1.0; +claudebot@anthropic.com)"
216.73.216.99 - - [16/Apr/2026:07:32:02 -0600] "GET /shop-goods/detail-829274360286 HTTP/1.1" 500 2576 "-" "Mozilla/5.0 AppleWebKit/537.36 (KHTML, like Gecko; compatible; ClaudeBot/1.0; +claudebot@anthropic.com)"
74.7.227.52 - - [16/Apr/2026:07:32:03 -0600] "GET /shop-goods/detail-828912734017 HTTP/1.1" 500 2576 "https://twb.ebh.mybluehost.me/sitemap_shop_474.xml" "Mozilla/5.0 AppleWebKit/537.36 (KHTML, like Gecko; compatible; GPTBot/1.3; +https://openai.com/gptbot)"
216.73.216.99 - - [16/Apr/2026:07:32:07 -0600] "GET /shop-goods/detail-829028395969 HTTP/1.1" 500 2576 "-" "Mozilla/5.0 AppleWebKit/537.36 (KHTML, like Gecko; compatible; ClaudeBot/1.0; +claudebot@anthropic.com)"
47.128.44.250 - - [16/Apr/2026:07:32:11 -0600] "GET /shop-goods/detail-82932736141 HTTP/1.1" 500 2576 "-" "Mozilla/5.0 (Linux; Android 5.0) AppleWebKit/537.36 (KHTML, like Gecko) Mobile Safari/537.36 (compatible; Bytespider; spider-feedback@bytedance.com)"
216.73.216.99 - - [16/Apr/2026:07:32:12 -0600] "GET /shop-goods/detail-82917570325 HTTP/1.1" 500 2576 "-" "Mozilla/5.0 AppleWebKit/537.36 (KHTML, like Gecko; compatible; ClaudeBot/1.0; +claudebot@anthropic.com)"
216.73.216.99 - - [16/Apr/2026:07:32:17 -0600] "GET /shop-goods/detail-829226404803 HTTP/1.1" 500 2576 "-" "Mozilla/5.0 AppleWebKit/537.36 (KHTML, like Gecko; compatible; ClaudeBot/1.0; +claudebot@anthropic.com)"
216.73.216.99 - - [16/Apr/2026:07:32:22 -0600] "GET /shop-goods/detail-828969911920 HTTP/1.1" 500 2576 "-" "Mozilla/5.0 AppleWebKit/537.36 (KHTML, like Gecko; compatible; ClaudeBot/1.0; +claudebot@anthropic.com)"
216.73.216.99 - - [16/Apr/2026:07:32:27 -0600] "GET /shop-goods/detail-82922135604 HTTP/1.1" 500 2576 "-" "Mozilla/5.0 AppleWebKit/537.36 (KHTML, like Gecko; compatible; ClaudeBot/1.0; +claudebot@anthropic.com)"
216.73.216.99 - - [16/Apr/2026:07:32:32 -0600] "GET /shop-goods/detail-829247342039 HTTP/1.1" 500 2576 "-" "Mozilla/5.0 AppleWebKit/537.36 (KHTML, like Gecko; compatible; ClaudeBot/1.0; +claudebot@anthropic.com)"
216.73.216.99 - - [16/Apr/2026:07:32:38 -0600] "GET /shop-goods/detail-829244184768 HTTP/1.1" 500 2576 "-" "Mozilla/5.0 AppleWebKit/537.36 (KHTML, like Gecko; compatible; ClaudeBot/1.0; +claudebot@anthropic.com)"
216.73.216.99 - - [16/Apr/2026:07:32:42 -0600] "GET /shop-goods/detail-82896878206 HTTP/1.1" 500 2576 "-" "Mozilla/5.0 AppleWebKit/537.36 (KHTML, like Gecko; compatible; ClaudeBot/1.0; +claudebot@anthropic.com)"
216.73.216.99 - - [16/Apr/2026:07:32:47 -0600] "GET /shop-goods/detail-829028121600 HTTP/1.1" 500 2576 "-" "Mozilla/5.0 AppleWebKit/537.36 (KHTML, like Gecko; compatible; ClaudeBot/1.0; +claudebot@anthropic.com)"
216.73.216.99 - - [16/Apr/2026:07:32:53 -0600] "GET /shop-goods/detail-82922483905 HTTP/1.1" 500 2576 "-" "Mozilla/5.0 AppleWebKit/537.36 (KHTML, like Gecko; compatible; ClaudeBot/1.0; +claudebot@anthropic.com)"
216.73.216.99 - - [16/Apr/2026:07:32:57 -0600] "GET /shop-goods/detail-82904461051 HTTP/1.1" 500 2576 "-" "Mozilla/5.0 AppleWebKit/537.36 (KHTML, like Gecko; compatible; ClaudeBot/1.0; +claudebot@anthropic.com)"
216.73.216.99 - - [16/Apr/2026:07:33:02 -0600] "GET /shop-goods/detail-82925118315 HTTP/1.1" 500 2576 "-" "Mozilla/5.0 AppleWebKit/537.36 (KHTML, like Gecko; compatible; ClaudeBot/1.0; +claudebot@anthropic.com)"
74.7.227.52 - - [16/Apr/2026:07:33:03 -0600] "GET /shop-goods/detail-829013365483 HTTP/1.1" 500 2576 "https://twb.ebh.mybluehost.me/sitemap_index.xml" "Mozilla/5.0 AppleWebKit/537.36 (KHTML, like Gecko; compatible; GPTBot/1.3; +https://openai.com/gptbot)"
216.73.216.99 - - [16/Apr/2026:07:33:08 -0600] "GET /shop-goods/detail-82911726738 HTTP/1.1" 500 2576 "-" "Mozilla/5.0 AppleWebKit/537.36 (KHTML, like Gecko; compatible; ClaudeBot/1.0; +claudebot@anthropic.com)"
216.73.216.99 - - [16/Apr/2026:07:33:12 -0600] "GET /shop-goods/detail-82935769500 HTTP/1.1" 500 2576 "-" "Mozilla/5.0 AppleWebKit/537.36 (KHTML, like Gecko; compatible; ClaudeBot/1.0; +claudebot@anthropic.com)"
52.167.144.204 - - [16/Apr/2026:07:33:16 -0600] "GET /shop-goods/detail-8288202724 HTTP/1.1" 200 204126 "-" "Mozilla/5.0 AppleWebKit/537.36 (KHTML, like Gecko; compatible; bingbot/2.0; +http://www.bing.com/bingbot.htm) Chrome/116.0.1938.76 Safari/537.36"
52.167.144.204 - - [16/Apr/2026:07:33:16 -0600] "GET /shop-goods/detail-8288266700 HTTP/1.1" 200 190422 "-" "Mozilla/5.0 AppleWebKit/537.36 (KHTML, like Gecko; compatible; bingbot/2.0; +http://www.bing.com/bingbot.htm) Chrome/116.0.1938.76 Safari/537.36"
216.73.216.99 - - [16/Apr/2026:07:33:19 -0600] "GET /shop-goods/detail-82893574916 HTTP/1.1" 500 2576 "-" "Mozilla/5.0 AppleWebKit/537.36 (KHTML, like Gecko; compatible; ClaudeBot/1.0; +claudebot@anthropic.com)"
216.73.216.99 - - [16/Apr/2026:07:33:22 -0600] "GET /shop-goods/detail-82904312115 HTTP/1.1" 500 2576 "-" "Mozilla/5.0 AppleWebKit/537.36 (KHTML, like Gecko; compatible; ClaudeBot/1.0; +claudebot@anthropic.com)"
216.73.216.99 - - [16/Apr/2026:07:33:27 -0600] "GET /shop-goods/detail-829013337579 HTTP/1.1" 500 2576 "-" "Mozilla/5.0 AppleWebKit/537.36 (KHTML, like Gecko; compatible; ClaudeBot/1.0; +claudebot@anthropic.com)"
216.73.216.99 - - [16/Apr/2026:07:33:32 -0600] "GET /shop-goods/detail-82925478051 HTTP/1.1" 500 2576 "-" "Mozilla/5.0 AppleWebKit/537.36 (KHTML, like Gecko; compatible; ClaudeBot/1.0; +claudebot@anthropic.com)"
66.249.74.69 - - [16/Apr/2026:07:33:35 -0600] "GET /shop-goods/detail-8289571034 HTTP/1.1" 200 205147 "-" "Mozilla/5.0 (compatible; Googlebot/2.1; +http://www.google.com/bot.html)"
216.73.216.99 - - [16/Apr/2026:07:33:37 -0600] "GET /shop-goods/detail-82932518219 HTTP/1.1" 500 2576 "-" "Mozilla/5.0 AppleWebKit/537.36 (KHTML, like Gecko; compatible; ClaudeBot/1.0; +claudebot@anthropic.com)"
216.73.216.99 - - [16/Apr/2026:07:33:42 -0600] "GET /shop-goods/detail-82904154769 HTTP/1.1" 500 2576 "-" "Mozilla/5.0 AppleWebKit/537.36 (KHTML, like Gecko; compatible; ClaudeBot/1.0; +claudebot@anthropic.com)"
216.73.216.99 - - [16/Apr/2026:07:33:47 -0600] "GET /shop-goods/detail-828851418997 HTTP/1.1" 500 2576 "-" "Mozilla/5.0 AppleWebKit/537.36 (KHTML, like Gecko; compatible; ClaudeBot/1.0; +claudebot@anthropic.com)"
216.73.216.99 - - [16/Apr/2026:07:33:52 -0600] "GET /shop-goods/detail-82911980395 HTTP/1.1" 500 2576 "-" "Mozilla/5.0 AppleWebKit/537.36 (KHTML, like Gecko; compatible; ClaudeBot/1.0; +claudebot@anthropic.com)"
216.73.216.99 - - [16/Apr/2026:07:33:57 -0600] "GET /shop-goods/detail-829250442847 HTTP/1.1" 500 2576 "-" "Mozilla/5.0 AppleWebKit/537.36 (KHTML, like Gecko; compatible; ClaudeBot/1.0; +claudebot@anthropic.com)"
216.73.216.99 - - [16/Apr/2026:07:34:02 -0600] "GET /shop-goods/detail-829253105952 HTTP/1.1" 500 2576 "-" "Mozilla/5.0 AppleWebKit/537.36 (KHTML, like Gecko; compatible; ClaudeBot/1.0; +claudebot@anthropic.com)"
74.7.227.52 - - [16/Apr/2026:07:34:08 -0600] "GET /shop-goods/detail-829314630762 HTTP/1.1" 500 2576 "https://twb.ebh.mybluehost.me/sitemap_shop_474.xml" "Mozilla/5.0 AppleWebKit/537.36 (KHTML, like Gecko; compatible; GPTBot/1.3; +https://openai.com/gptbot)"
216.73.216.99 - - [16/Apr/2026:07:34:08 -0600] "GET /shop-goods/detail-82911788167 HTTP/1.1" 500 2576 "-" "Mozilla/5.0 AppleWebKit/537.36 (KHTML, like Gecko; compatible; ClaudeBot/1.0; +claudebot@anthropic.com)"
216.73.216.99 - - [16/Apr/2026:07:34:12 -0600] "GET /shop-goods/detail-828912733304 HTTP/1.1" 500 2576 "-" "Mozilla/5.0 AppleWebKit/537.36 (KHTML, like Gecko; compatible; ClaudeBot/1.0; +claudebot@anthropic.com)"
216.73.216.99 - - [16/Apr/2026:07:34:17 -0600] "GET /shop-goods/detail-829247094932 HTTP/1.1" 500 2576 "-" "Mozilla/5.0 AppleWebKit/537.36 (KHTML, like Gecko; compatible; ClaudeBot/1.0; +claudebot@anthropic.com)"
216.73.216.99 - - [16/Apr/2026:07:34:22 -0600] "GET /shop-goods/detail-828945611151 HTTP/1.1" 500 2576 "-" "Mozilla/5.0 AppleWebKit/537.36 (KHTML, like Gecko; compatible; ClaudeBot/1.0; +claudebot@anthropic.com)"
216.73.216.99 - - [16/Apr/2026:07:34:27 -0600] "GET /shop-goods/detail-829223134518 HTTP/1.1" 500 2576 "-" "Mozilla/5.0 AppleWebKit/537.36 (KHTML, like Gecko; compatible; ClaudeBot/1.0; +claudebot@anthropic.com)"
216.73.216.99 - - [16/Apr/2026:07:34:33 -0600] "GET /shop-goods/detail-82911861598 HTTP/1.1" 500 2576 "-" "Mozilla/5.0 AppleWebKit/537.36 (KHTML, like Gecko; compatible; ClaudeBot/1.0; +claudebot@anthropic.com)"
216.73.216.99 - - [16/Apr/2026:07:34:38 -0600] "GET /shop-goods/detail-828945604017 HTTP/1.1" 500 2576 "-" "Mozilla/5.0 AppleWebKit/537.36 (KHTML, like Gecko; compatible; ClaudeBot/1.0; +claudebot@anthropic.com)"
216.73.216.99 - - [16/Apr/2026:07:34:43 -0600] "GET /shop-goods/detail-829317950990 HTTP/1.1" 500 2576 "-" "Mozilla/5.0 AppleWebKit/537.36 (KHTML, like Gecko; compatible; ClaudeBot/1.0; +claudebot@anthropic.com)"
216.73.216.99 - - [16/Apr/2026:07:34:48 -0600] "GET /shop-goods/detail-82932770876 HTTP/1.1" 500 2576 "-" "Mozilla/5.0 AppleWebKit/537.36 (KHTML, like Gecko; compatible; ClaudeBot/1.0; +claudebot@anthropic.com)"
216.73.216.99 - - [16/Apr/2026:07:34:53 -0600] "GET /shop-goods/detail-82883214368 HTTP/1.1" 500 2576 "-" "Mozilla/5.0 AppleWebKit/537.36 (KHTML, like Gecko; compatible; ClaudeBot/1.0; +claudebot@anthropic.com)"
216.73.216.99 - - [16/Apr/2026:07:34:58 -0600] "GET /shop-goods/detail-82883167429 HTTP/1.1" 500 2576 "-" "Mozilla/5.0 AppleWebKit/537.36 (KHTML, like Gecko; compatible; ClaudeBot/1.0; +claudebot@anthropic.com)"
216.73.216.99 - - [16/Apr/2026:07:35:03 -0600] "GET /shop-goods/detail-829010092971 HTTP/1.1" 500 2576 "-" "Mozilla/5.0 AppleWebKit/537.36 (KHTML, like Gecko; compatible; ClaudeBot/1.0; +claudebot@anthropic.com)"
34.90.235.227 - - [16/Apr/2026:07:35:06 -0600] "GET / HTTP/1.1" 500 2576 "-" "Scrapy/2.13.4 (+https://scrapy.org)"
216.73.216.99 - - [16/Apr/2026:07:35:08 -0600] "GET /shop-goods/detail-82935653589 HTTP/1.1" 500 2576 "-" "Mozilla/5.0 AppleWebKit/537.36 (KHTML, like Gecko; compatible; ClaudeBot/1.0; +claudebot@anthropic.com)"
74.7.227.52 - - [16/Apr/2026:07:35:10 -0600] "GET /shop-goods/detail-829383765103 HTTP/1.1" 500 2576 "https://twb.ebh.mybluehost.me/sitemap_shop_972.xml" "Mozilla/5.0 AppleWebKit/537.36 (KHTML, like Gecko; compatible; GPTBot/1.3; +https://openai.com/gptbot)"
216.73.216.99 - - [16/Apr/2026:07:35:13 -0600] "GET /shop-goods/detail-82932990679 HTTP/1.1" 500 2576 "-" "Mozilla/5.0 AppleWebKit/537.36 (KHTML, like Gecko; compatible; ClaudeBot/1.0; +claudebot@anthropic.com)"
216.73.216.99 - - [16/Apr/2026:07:35:18 -0600] "GET /shop-goods/detail-828972915420 HTTP/1.1" 500 2576 "-" "Mozilla/5.0 AppleWebKit/537.36 (KHTML, like Gecko; compatible; ClaudeBot/1.0; +claudebot@anthropic.com)"
216.73.216.99 - - [16/Apr/2026:07:35:24 -0600] "GET /shop-goods/detail-82883445224 HTTP/1.1" 500 2576 "-" "Mozilla/5.0 AppleWebKit/537.36 (KHTML, like Gecko; compatible; ClaudeBot/1.0; +claudebot@anthropic.com)"
216.73.216.99 - - [16/Apr/2026:07:35:28 -0600] "GET /shop-goods/detail-829329752148 HTTP/1.1" 500 2576 "-" "Mozilla/5.0 AppleWebKit/537.36 (KHTML, like Gecko; compatible; ClaudeBot/1.0; +claudebot@anthropic.com)"
216.73.216.99 - - [16/Apr/2026:07:35:33 -0600] "GET /shop-goods/detail-82883328398 HTTP/1.1" 500 2576 "-" "Mozilla/5.0 AppleWebKit/537.36 (KHTML, like Gecko; compatible; ClaudeBot/1.0; +claudebot@anthropic.com)"
216.73.216.99 - - [16/Apr/2026:07:35:38 -0600] "GET /shop-goods/detail-82883482338 HTTP/1.1" 500 2576 "-" "Mozilla/5.0 AppleWebKit/537.36 (KHTML, like Gecko; compatible; ClaudeBot/1.0; +claudebot@anthropic.com)"
216.73.216.99 - - [16/Apr/2026:07:35:43 -0600] "GET /shop-goods/detail-828869328074 HTTP/1.1" 500 2576 "-" "Mozilla/5.0 AppleWebKit/537.36 (KHTML, like Gecko; compatible; ClaudeBot/1.0; +claudebot@anthropic.com)"
216.73.216.99 - - [16/Apr/2026:07:35:48 -0600] "GET /shop-goods/detail-82886084679 HTTP/1.1" 500 2576 "-" "Mozilla/5.0 AppleWebKit/537.36 (KHTML, like Gecko; compatible; ClaudeBot/1.0; +claudebot@anthropic.com)"
216.73.216.99 - - [16/Apr/2026:07:35:53 -0600] "GET /shop-goods/detail-82883224702 HTTP/1.1" 500 2576 "-" "Mozilla/5.0 AppleWebKit/537.36 (KHTML, like Gecko; compatible; ClaudeBot/1.0; +claudebot@anthropic.com)"
216.73.216.99 - - [16/Apr/2026:07:35:58 -0600] "GET /shop-goods/detail-82889047173 HTTP/1.1" 500 2576 "-" "Mozilla/5.0 AppleWebKit/537.36 (KHTML, like Gecko; compatible; ClaudeBot/1.0; +claudebot@anthropic.com)"
154.36.76.116 - - [16/Apr/2026:07:36:01 -0600] "GET /email-subscription/ HTTP/1.1" 500 2576 "-" "Mozilla/5.0 (Windows NT 10.0; Win64; x64) AppleWebKit/537.36 (KHTML, like Gecko) Chrome/142.0.0.0 Safari/537.36"
216.73.216.99 - - [16/Apr/2026:07:36:03 -0600] "GET /shop-goods/detail-82883071098 HTTP/1.1" 500 2576 "-" "Mozilla/5.0 AppleWebKit/537.36 (KHTML, like Gecko; compatible; ClaudeBot/1.0; +claudebot@anthropic.com)"
216.73.216.99 - - [16/Apr/2026:07:36:08 -0600] "GET /shop-goods/detail-82883391335 HTTP/1.1" 500 2576 "-" "Mozilla/5.0 AppleWebKit/537.36 (KHTML, like Gecko; compatible; ClaudeBot/1.0; +claudebot@anthropic.com)"
47.128.44.30 - - [16/Apr/2026:07:36:11 -0600] "GET /shop-goods/detail-82901323432 HTTP/1.1" 500 2576 "-" "Mozilla/5.0 (Linux; Android 5.0) AppleWebKit/537.36 (KHTML, like Gecko) Mobile Safari/537.36 (compatible; Bytespider; spider-feedback@bytedance.com)"
74.7.227.52 - - [16/Apr/2026:07:36:12 -0600] "GET /shop-goods/detail-829311950967 HTTP/1.1" 500 2576 "https://twb.ebh.mybluehost.me/sitemap_shop_474.xml" "Mozilla/5.0 AppleWebKit/537.36 (KHTML, like Gecko; compatible; GPTBot/1.3; +https://openai.com/gptbot)"
216.73.216.99 - - [16/Apr/2026:07:36:13 -0600] "GET /shop-goods/detail-82886041530 HTTP/1.1" 500 2576 "-" "Mozilla/5.0 AppleWebKit/537.36 (KHTML, like Gecko; compatible; ClaudeBot/1.0; +claudebot@anthropic.com)"
216.73.216.99 - - [16/Apr/2026:07:36:19 -0600] "GET /shop-goods/detail-829314574722 HTTP/1.1" 500 2576 "-" "Mozilla/5.0 AppleWebKit/537.36 (KHTML, like Gecko; compatible; ClaudeBot/1.0; +claudebot@anthropic.com)"
216.73.216.99 - - [16/Apr/2026:07:36:24 -0600] "GET /shop-goods/detail-82901188219 HTTP/1.1" 500 2576 "-" "Mozilla/5.0 AppleWebKit/537.36 (KHTML, like Gecko; compatible; ClaudeBot/1.0; +claudebot@anthropic.com)"
216.73.216.99 - - [16/Apr/2026:07:36:31 -0600] "GET /shop-goods/detail-829073356041 HTTP/1.1" 500 2576 "-" "Mozilla/5.0 AppleWebKit/537.36 (KHTML, like Gecko; compatible; ClaudeBot/1.0; +claudebot@anthropic.com)"
216.73.216.99 - - [16/Apr/2026:07:36:34 -0600] "GET /shop-goods/detail-82925483318 HTTP/1.1" 500 2576 "-" "Mozilla/5.0 AppleWebKit/537.36 (KHTML, like Gecko; compatible; ClaudeBot/1.0; +claudebot@anthropic.com)"
216.73.216.99 - - [16/Apr/2026:07:36:39 -0600] "GET /shop-goods/detail-82917835106 HTTP/1.1" 500 2576 "-" "Mozilla/5.0 AppleWebKit/537.36 (KHTML, like Gecko; compatible; ClaudeBot/1.0; +claudebot@anthropic.com)"
216.73.216.99 - - [16/Apr/2026:07:36:44 -0600] "GET /shop-goods/detail-82922317459 HTTP/1.1" 500 2576 "-" "Mozilla/5.0 AppleWebKit/537.36 (KHTML, like Gecko; compatible; ClaudeBot/1.0; +claudebot@anthropic.com)"
216.73.216.99 - - [16/Apr/2026:07:36:49 -0600] "GET /shop-goods/detail-829217023740 HTTP/1.1" 500 2576 "-" "Mozilla/5.0 AppleWebKit/537.36 (KHTML, like Gecko; compatible; ClaudeBot/1.0; +claudebot@anthropic.com)"
216.73.216.99 - - [16/Apr/2026:07:36:54 -0600] "GET /shop-goods/detail-82935620318 HTTP/1.1" 500 2576 "-" "Mozilla/5.0 AppleWebKit/537.36 (KHTML, like Gecko; compatible; ClaudeBot/1.0; +claudebot@anthropic.com)"
216.73.216.99 - - [16/Apr/2026:07:36:59 -0600] "GET /shop-goods/detail-829253374868 HTTP/1.1" 500 2576 "-" "Mozilla/5.0 AppleWebKit/537.36 (KHTML, like Gecko; compatible; ClaudeBot/1.0; +claudebot@anthropic.com)"
216.73.216.99 - - [16/Apr/2026:07:37:04 -0600] "GET /shop-goods/detail-82914582610 HTTP/1.1" 500 2576 "-" "Mozilla/5.0 AppleWebKit/537.36 (KHTML, like Gecko; compatible; ClaudeBot/1.0; +claudebot@anthropic.com)"
216.73.216.99 - - [16/Apr/2026:07:37:09 -0600] "GET /shop-goods/detail-82904016773 HTTP/1.1" 500 2576 "-" "Mozilla/5.0 AppleWebKit/537.36 (KHTML, like Gecko; compatible; ClaudeBot/1.0; +claudebot@anthropic.com)"
216.73.216.99 - - [16/Apr/2026:07:37:14 -0600] "GET /shop-goods/detail-82886353361 HTTP/1.1" 500 2576 "-" "Mozilla/5.0 AppleWebKit/537.36 (KHTML, like Gecko; compatible; ClaudeBot/1.0; +claudebot@anthropic.com)"
74.7.227.52 - - [16/Apr/2026:07:37:14 -0600] "GET /shop-goods/detail-829211039684 HTTP/1.1" 500 2576 "https://twb.ebh.mybluehost.me/sitemap_index.xml" "Mozilla/5.0 AppleWebKit/537.36 (KHTML, like Gecko; compatible; GPTBot/1.3; +https://openai.com/gptbot)"
216.73.216.99 - - [16/Apr/2026:07:37:19 -0600] "GET /shop-goods/detail-829353945837 HTTP/1.1" 500 2576 "-" "Mozilla/5.0 AppleWebKit/537.36 (KHTML, like Gecko; compatible; ClaudeBot/1.0; +claudebot@anthropic.com)"
216.73.216.99 - - [16/Apr/2026:07:37:24 -0600] "GET /shop-goods/detail-82904418392 HTTP/1.1" 500 2576 "-" "Mozilla/5.0 AppleWebKit/537.36 (KHTML, like Gecko; compatible; ClaudeBot/1.0; +claudebot@anthropic.com)"
216.73.216.99 - - [16/Apr/2026:07:37:29 -0600] "GET /shop-goods/detail-82893589968 HTTP/1.1" 500 2576 "-" "Mozilla/5.0 AppleWebKit/537.36 (KHTML, like Gecko; compatible; ClaudeBot/1.0; +claudebot@anthropic.com)"
216.73.216.99 - - [16/Apr/2026:07:37:34 -0600] "GET /shop-goods/detail-828815491972 HTTP/1.1" 500 2576 "-" "Mozilla/5.0 AppleWebKit/537.36 (KHTML, like Gecko; compatible; ClaudeBot/1.0; +claudebot@anthropic.com)"
216.73.216.99 - - [16/Apr/2026:07:37:39 -0600] "GET /shop-goods/detail-82893722951 HTTP/1.1" 500 2576 "-" "Mozilla/5.0 AppleWebKit/537.36 (KHTML, like Gecko; compatible; ClaudeBot/1.0; +claudebot@anthropic.com)"
216.73.216.99 - - [16/Apr/2026:07:37:45 -0600] "GET /shop-goods/detail-82935913290 HTTP/1.1" 500 2576 "-" "Mozilla/5.0 AppleWebKit/537.36 (KHTML, like Gecko; compatible; ClaudeBot/1.0; +claudebot@anthropic.com)"
216.73.216.99 - - [16/Apr/2026:07:37:50 -0600] "GET /shop-goods/detail-82901123717 HTTP/1.1" 500 2576 "-" "Mozilla/5.0 AppleWebKit/537.36 (KHTML, like Gecko; compatible; ClaudeBot/1.0; +claudebot@anthropic.com)"
216.73.216.99 - - [16/Apr/2026:07:37:51 -0600] "GET /shop-goods/detail-829022008051 HTTP/1.1" 500 2576 "-" "Mozilla/5.0 AppleWebKit/537.36 (KHTML, like Gecko; compatible; ClaudeBot/1.0; +claudebot@anthropic.com)"
216.73.216.99 - - [16/Apr/2026:07:37:51 -0600] "GET /shop-goods/detail-82914597193 HTTP/1.1" 500 2576 "-" "Mozilla/5.0 AppleWebKit/537.36 (KHTML, like Gecko; compatible; ClaudeBot/1.0; +claudebot@anthropic.com)"
216.73.216.99 - - [16/Apr/2026:07:37:52 -0600] "GET /shop-goods/detail-828851073568 HTTP/1.1" 500 2576 "-" "Mozilla/5.0 AppleWebKit/537.36 (KHTML, like Gecko; compatible; ClaudeBot/1.0; +claudebot@anthropic.com)"
216.73.216.99 - - [16/Apr/2026:07:37:56 -0600] "GET /shop-goods/detail-829344889834 HTTP/1.1" 500 2576 "-" "Mozilla/5.0 AppleWebKit/537.36 (KHTML, like Gecko; compatible; ClaudeBot/1.0; +claudebot@anthropic.com)"
216.73.216.99 - - [16/Apr/2026:07:37:57 -0600] "GET /shop-goods/detail-829149799916 HTTP/1.1" 500 2576 "-" "Mozilla/5.0 AppleWebKit/537.36 (KHTML, like Gecko; compatible; ClaudeBot/1.0; +claudebot@anthropic.com)"
216.73.216.99 - - [16/Apr/2026:07:38:02 -0600] "GET /shop-goods/detail-82922189050 HTTP/1.1" 500 2576 "-" "Mozilla/5.0 AppleWebKit/537.36 (KHTML, like Gecko; compatible; ClaudeBot/1.0; +claudebot@anthropic.com)"
216.73.216.99 - - [16/Apr/2026:07:38:02 -0600] "GET /shop-goods/detail-82922366848 HTTP/1.1" 500 2576 "-" "Mozilla/5.0 AppleWebKit/537.36 (KHTML, like Gecko; compatible; ClaudeBot/1.0; +claudebot@anthropic.com)"
172.239.50.62 - - [16/Apr/2026:07:38:05 -0600] "GET /wp-content/plugins/popup-anything-on-click/readme.txt HTTP/1.1" 500 2576 "-" "Mozilla/5.0 (Windows NT 10.0; Win64; x64) AppleWebKit/537.36 (KHTML, like Gecko) Chrome/133.0.0.0 Safari/537.36"
172.239.50.62 - - [16/Apr/2026:07:38:06 -0600] "GET /wp-content/plugins/popup-anything-on-click/release_notes.txt HTTP/1.1" 500 2576 "-" "Mozilla/5.0 (Windows NT 10.0; Win64; x64) AppleWebKit/537.36 (KHTML, like Gecko) Chrome/133.0.0.0 Safari/537.36"
216.73.216.99 - - [16/Apr/2026:07:38:06 -0600] "GET /shop-goods/detail-82917671668 HTTP/1.1" 500 2576 "-" "Mozilla/5.0 AppleWebKit/537.36 (KHTML, like Gecko; compatible; ClaudeBot/1.0; +claudebot@anthropic.com)"
138.197.191.87 - - [16/Apr/2026:07:38:07 -0600] "LEAKIX" 400 - "-" "-"
216.73.216.99 - - [16/Apr/2026:07:38:07 -0600] "GET /shop-goods/detail-82935684792 HTTP/1.1" 500 2576 "-" "Mozilla/5.0 AppleWebKit/537.36 (KHTML, like Gecko; compatible; ClaudeBot/1.0; +claudebot@anthropic.com)"
138.197.191.87 - - [16/Apr/2026:07:38:08 -0600] "GET / HTTP/1.1" 500 2576 "-" "Mozilla/5.0 (l9scan/2.0.534313e2132323e2034323e2236313; +https://leakix.net)"
138.197.191.87 - - [16/Apr/2026:07:38:09 -0600] "GET /console/ HTTP/1.1" 500 2576 "-" "Mozilla/5.0 (l9scan/2.0.534313e2132323e2034323e2236313; +https://leakix.net)"
216.73.216.99 - - [16/Apr/2026:07:38:09 -0600] "GET /shop-goods/detail-828951977524 HTTP/1.1" 500 2576 "-" "Mozilla/5.0 AppleWebKit/537.36 (KHTML, like Gecko; compatible; ClaudeBot/1.0; +claudebot@anthropic.com)"
138.197.191.87 - - [16/Apr/2026:07:38:10 -0600] "GET /server HTTP/1.1" 500 2576 "-" "Mozilla/5.0 (l9scan/2.0.534313e2132323e2034323e2236313; +https://leakix.net)"
138.197.191.87 - - [16/Apr/2026:07:38:11 -0600] "GET /server-status HTTP/1.1" 500 2576 "-" "Mozilla/5.0 (l9scan/2.0.534313e2132323e2034323e2236313; +https://leakix.net)"
216.73.216.99 - - [16/Apr/2026:07:38:11 -0600] "GET /shop-goods/detail-82911722187 HTTP/1.1" 500 2576 "-" "Mozilla/5.0 AppleWebKit/537.36 (KHTML, like Gecko; compatible; ClaudeBot/1.0; +claudebot@anthropic.com)"
216.73.216.99 - - [16/Apr/2026:07:38:12 -0600] "GET /shop-goods/detail-828878288949 HTTP/1.1" 500 2576 "-" "Mozilla/5.0 AppleWebKit/537.36 (KHTML, like Gecko; compatible; ClaudeBot/1.0; +claudebot@anthropic.com)"
138.197.191.87 - - [16/Apr/2026:07:38:13 -0600] "GET /about HTTP/1.1" 500 2576 "-" "Mozilla/5.0 (l9scan/2.0.534313e2132323e2034323e2236313; +https://leakix.net)"
138.197.191.87 - - [16/Apr/2026:07:38:14 -0600] "GET /login.action HTTP/1.1" 500 2576 "-" "Mozilla/5.0 (l9scan/2.0.534313e2132323e2034323e2236313; +https://leakix.net)"
216.73.216.99 - - [16/Apr/2026:07:38:14 -0600] "GET /shop-goods/detail-828857272692 HTTP/1.1" 500 2576 "-" "Mozilla/5.0 AppleWebKit/537.36 (KHTML, like Gecko; compatible; ClaudeBot/1.0; +claudebot@anthropic.com)"
138.197.191.87 - - [16/Apr/2026:07:38:15 -0600] "GET /v2/_catalog HTTP/1.1" 500 1084 "-" "Mozilla/5.0 (l9scan/2.0.534313e2132323e2034323e2236313; +https://leakix.net)"
138.197.191.87 - - [16/Apr/2026:07:38:16 -0600] "GET /.DS_Store HTTP/1.1" 500 2576 "-" "Mozilla/5.0 (l9scan/2.0.534313e2132323e2034323e2236313; +https://leakix.net)"
216.73.216.99 - - [16/Apr/2026:07:38:16 -0600] "GET /shop-goods/detail-82935661119 HTTP/1.1" 500 2576 "-" "Mozilla/5.0 AppleWebKit/537.36 (KHTML, like Gecko; compatible; ClaudeBot/1.0; +claudebot@anthropic.com)"
138.197.191.87 - - [16/Apr/2026:07:38:17 -0600] "GET /.env HTTP/1.1" 500 2576 "-" "Mozilla/5.0 (l9scan/2.0.534313e2132323e2034323e2236313; +https://leakix.net)"
216.73.216.99 - - [16/Apr/2026:07:38:17 -0600] "GET /shop-goods/detail-82911672668 HTTP/1.1" 500 2576 "-" "Mozilla/5.0 AppleWebKit/537.36 (KHTML, like Gecko; compatible; ClaudeBot/1.0; +claudebot@anthropic.com)"
74.7.227.52 - - [16/Apr/2026:07:38:18 -0600] "GET /shop-goods/detail-829110723963 HTTP/1.1" 500 2576 "https://twb.ebh.mybluehost.me/sitemap_index.xml" "Mozilla/5.0 AppleWebKit/537.36 (KHTML, like Gecko; compatible; GPTBot/1.3; +https://openai.com/gptbot)"
138.197.191.87 - - [16/Apr/2026:07:38:19 -0600] "GET /ecp/Current/exporttool/microsoft.exchange.ediscovery.exporttool.application HTTP/1.1" 500 2576 "-" "Mozilla/5.0 (l9scan/2.0.534313e2132323e2034323e2236313; +https://leakix.net)"
216.73.216.99 - - [16/Apr/2026:07:38:19 -0600] "GET /shop-goods/detail-82922455923 HTTP/1.1" 500 2576 "-" "Mozilla/5.0 AppleWebKit/537.36 (KHTML, like Gecko; compatible; ClaudeBot/1.0; +claudebot@anthropic.com)"
138.197.191.87 - - [16/Apr/2026:07:38:21 -0600] "GET /.git/config HTTP/1.1" 500 2576 "-" "Mozilla/5.0 (l9scan/2.0.534313e2132323e2034323e2236313; +https://leakix.net)"
138.197.191.87 - - [16/Apr/2026:07:38:22 -0600] "POST /graphql HTTP/1.1" 500 1084 "-" "Mozilla/5.0 (l9scan/2.0.534313e2132323e2034323e2236313; +https://leakix.net)"
216.73.216.99 - - [16/Apr/2026:07:38:22 -0600] "GET /shop-goods/detail-829055011433 HTTP/1.1" 500 2576 "-" "Mozilla/5.0 AppleWebKit/537.36 (KHTML, like Gecko; compatible; ClaudeBot/1.0; +claudebot@anthropic.com)"
138.197.191.87 - - [16/Apr/2026:07:38:23 -0600] "POST /api HTTP/1.1" 500 1084 "-" "Mozilla/5.0 (l9scan/2.0.534313e2132323e2034323e2236313; +https://leakix.net)"
138.197.191.87 - - [16/Apr/2026:07:38:24 -0600] "POST /api/graphql HTTP/1.1" 500 1084 "-" "Mozilla/5.0 (l9scan/2.0.534313e2132323e2034323e2236313; +https://leakix.net)"
216.73.216.99 - - [16/Apr/2026:07:38:24 -0600] "GET /shop-goods/detail-829226365488 HTTP/1.1" 500 2576 "-" "Mozilla/5.0 AppleWebKit/537.36 (KHTML, like Gecko; compatible; ClaudeBot/1.0; +claudebot@anthropic.com)"
138.197.191.87 - - [16/Apr/2026:07:38:24 -0600] "POST /graphql/api HTTP/1.1" 500 1084 "-" "Mozilla/5.0 (l9scan/2.0.534313e2132323e2034323e2236313; +https://leakix.net)"
138.197.191.87 - - [16/Apr/2026:07:38:25 -0600] "POST /api/gql HTTP/1.1" 500 1084 "-" "Mozilla/5.0 (l9scan/2.0.534313e2132323e2034323e2236313; +https://leakix.net)"
138.197.191.87 - - [16/Apr/2026:07:38:26 -0600] "GET /s/534313e2132323e2034323e2236313/_/;/META-INF/maven/com.atlassian.jira/jira-webapp-dist/pom.properties HTTP/1.1" 500 2576 "-" "Mozilla/5.0 (l9scan/2.0.534313e2132323e2034323e2236313; +https://leakix.net)"
216.73.216.99 - - [16/Apr/2026:07:38:27 -0600] "GET /shop-goods/detail-828918910247 HTTP/1.1" 500 2576 "-" "Mozilla/5.0 AppleWebKit/537.36 (KHTML, like Gecko; compatible; ClaudeBot/1.0; +claudebot@anthropic.com)"
138.197.191.87 - - [16/Apr/2026:07:38:27 -0600] "GET /config.json HTTP/1.1" 500 2576 "-" "Mozilla/5.0 (l9scan/2.0.534313e2132323e2034323e2236313; +https://leakix.net)"
138.197.191.87 - - [16/Apr/2026:07:38:29 -0600] "GET /telescope/requests HTTP/1.1" 500 2576 "-" "Mozilla/5.0 (l9scan/2.0.534313e2132323e2034323e2236313; +https://leakix.net)"
216.73.216.99 - - [16/Apr/2026:07:38:29 -0600] "GET /shop-goods/detail-82935967421 HTTP/1.1" 500 2576 "-" "Mozilla/5.0 AppleWebKit/537.36 (KHTML, like Gecko; compatible; ClaudeBot/1.0; +claudebot@anthropic.com)"
138.197.191.87 - - [16/Apr/2026:07:38:30 -0600] "GET /info.php HTTP/1.1" 500 2576 "-" "Mozilla/5.0 (l9scan/2.0.534313e2132323e2034323e2236313; +https://leakix.net)"
138.197.191.87 - - [16/Apr/2026:07:38:31 -0600] "GET /.well-known/security.txt HTTP/1.1" 500 2576 "-" "Mozilla/5.0 (l9scan/2.0.534313e2132323e2034323e2236313; +https://leakix.net)"
138.197.191.87 - - [16/Apr/2026:07:38:32 -0600] "GET /actuator/env HTTP/1.1" 500 2576 "-" "Mozilla/5.0 (l9scan/2.0.534313e2132323e2034323e2236313; +https://leakix.net)"
216.73.216.99 - - [16/Apr/2026:07:38:32 -0600] "GET /shop-goods/detail-828930527779 HTTP/1.1" 500 2576 "-" "Mozilla/5.0 AppleWebKit/537.36 (KHTML, like Gecko; compatible; ClaudeBot/1.0; +claudebot@anthropic.com)"
138.197.191.87 - - [16/Apr/2026:07:38:34 -0600] "GET /swagger-ui.html HTTP/1.1" 500 1084 "-" "Mozilla/5.0 (l9scan/2.0.534313e2132323e2034323e2236313; +https://leakix.net)"
216.73.216.99 - - [16/Apr/2026:07:38:34 -0600] "GET /shop-goods/detail-828924778707 HTTP/1.1" 500 2576 "-" "Mozilla/5.0 AppleWebKit/537.36 (KHTML, like Gecko; compatible; ClaudeBot/1.0; +claudebot@anthropic.com)"
138.197.191.87 - - [16/Apr/2026:07:38:35 -0600] "GET /swagger/index.html HTTP/1.1" 500 1084 "-" "Mozilla/5.0 (l9scan/2.0.534313e2132323e2034323e2236313; +https://leakix.net)"
138.197.191.87 - - [16/Apr/2026:07:38:36 -0600] "GET /swagger/swagger-ui.html HTTP/1.1" 500 1084 "-" "Mozilla/5.0 (l9scan/2.0.534313e2132323e2034323e2236313; +https://leakix.net)"
216.73.216.99 - - [16/Apr/2026:07:38:37 -0600] "GET /shop-goods/detail-829028149970 HTTP/1.1" 500 2576 "-" "Mozilla/5.0 AppleWebKit/537.36 (KHTML, like Gecko; compatible; ClaudeBot/1.0; +claudebot@anthropic.com)"
138.197.191.87 - - [16/Apr/2026:07:38:37 -0600] "GET /webjars/swagger-ui/index.html HTTP/1.1" 500 1084 "-" "Mozilla/5.0 (l9scan/2.0.534313e2132323e2034323e2236313; +https://leakix.net)"
138.197.191.87 - - [16/Apr/2026:07:38:38 -0600] "GET /swagger.json HTTP/1.1" 500 1084 "-" "Mozilla/5.0 (l9scan/2.0.534313e2132323e2034323e2236313; +https://leakix.net)"
138.197.191.87 - - [16/Apr/2026:07:38:39 -0600] "GET /swagger/v1/swagger.json HTTP/1.1" 500 1084 "-" "Mozilla/5.0 (l9scan/2.0.534313e2132323e2034323e2236313; +https://leakix.net)"
138.197.191.87 - - [16/Apr/2026:07:38:40 -0600] "GET /v2/api-docs HTTP/1.1" 500 1084 "-" "Mozilla/5.0 (l9scan/2.0.534313e2132323e2034323e2236313; +https://leakix.net)"
138.197.191.87 - - [16/Apr/2026:07:38:41 -0600] "GET /v3/api-docs HTTP/1.1" 500 1084 "-" "Mozilla/5.0 (l9scan/2.0.534313e2132323e2034323e2236313; +https://leakix.net)"
216.73.216.99 - - [16/Apr/2026:07:38:42 -0600] "GET /shop-goods/detail-82938923510 HTTP/1.1" 500 2576 "-" "Mozilla/5.0 AppleWebKit/537.36 (KHTML, like Gecko; compatible; ClaudeBot/1.0; +claudebot@anthropic.com)"
138.197.191.87 - - [16/Apr/2026:07:38:42 -0600] "GET /api-docs/swagger.json HTTP/1.1" 500 1084 "-" "Mozilla/5.0 (l9scan/2.0.534313e2132323e2034323e2236313; +https://leakix.net)"
138.197.191.87 - - [16/Apr/2026:07:38:43 -0600] "GET /api/swagger.json HTTP/1.1" 500 1084 "-" "Mozilla/5.0 (l9scan/2.0.534313e2132323e2034323e2236313; +https://leakix.net)"
138.197.191.87 - - [16/Apr/2026:07:38:45 -0600] "GET /trace.axd HTTP/1.1" 500 2576 "-" "Mozilla/5.0 (l9scan/2.0.534313e2132323e2034323e2236313; +https://leakix.net)"
138.197.191.87 - - [16/Apr/2026:07:38:46 -0600] "GET /@vite/env HTTP/1.1" 500 2576 "-" "Mozilla/5.0 (l9scan/2.0.534313e2132323e2034323e2236313; +https://leakix.net)"
138.197.191.87 - - [16/Apr/2026:07:38:47 -0600] "GET /.vscode/sftp.json HTTP/1.1" 500 2576 "-" "Mozilla/5.0 (l9scan/2.0.534313e2132323e2034323e2236313; +https://leakix.net)"
216.73.216.99 - - [16/Apr/2026:07:38:48 -0600] "GET /shop-goods/detail-82904190288 HTTP/1.1" 500 2576 "-" "Mozilla/5.0 AppleWebKit/537.36 (KHTML, like Gecko; compatible; ClaudeBot/1.0; +claudebot@anthropic.com)"
138.197.191.87 - - [16/Apr/2026:07:38:48 -0600] "OPTIONS / HTTP/1.1" 500 2576 "-" "Mozilla/5.0 (l9scan/2.0.534313e2132323e2034323e2236313; +https://leakix.net)"
138.197.191.87 - - [16/Apr/2026:07:38:50 -0600] "GET /?rest_route=/wp/v2/users/ HTTP/1.1" 500 2576 "-" "Mozilla/5.0 (l9scan/2.0.534313e2132323e2034323e2236313; +https://leakix.net)"
138.197.191.87 - - [16/Apr/2026:07:38:51 -0600] "GET /debug/default/view?panel=config HTTP/1.1" 500 2576 "-" "Mozilla/5.0 (l9scan/2.0.534313e2132323e2034323e2236313; +https://leakix.net)"
216.73.216.99 - - [16/Apr/2026:07:38:52 -0600] "GET /shop-goods/detail-829019070476 HTTP/1.1" 500 2576 "-" "Mozilla/5.0 AppleWebKit/537.36 (KHTML, like Gecko; compatible; ClaudeBot/1.0; +claudebot@anthropic.com)"
216.73.216.99 - - [16/Apr/2026:07:38:57 -0600] "GET /shop-goods/detail-829143953131 HTTP/1.1" 500 2576 "-" "Mozilla/5.0 AppleWebKit/537.36 (KHTML, like Gecko; compatible; ClaudeBot/1.0; +claudebot@anthropic.com)"
216.73.216.99 - - [16/Apr/2026:07:39:02 -0600] "GET /shop-goods/detail-829143741934 HTTP/1.1" 500 2576 "-" "Mozilla/5.0 AppleWebKit/537.36 (KHTML, like Gecko; compatible; ClaudeBot/1.0; +claudebot@anthropic.com)"
216.73.216.99 - - [16/Apr/2026:07:39:07 -0600] "GET /shop-goods/detail-828942622083 HTTP/1.1" 500 2576 "-" "Mozilla/5.0 AppleWebKit/537.36 (KHTML, like Gecko; compatible; ClaudeBot/1.0; +claudebot@anthropic.com)"
216.73.216.99 - - [16/Apr/2026:07:39:13 -0600] "GET /shop-goods/detail-828945979024 HTTP/1.1" 500 2576 "-" "Mozilla/5.0 AppleWebKit/537.36 (KHTML, like Gecko; compatible; ClaudeBot/1.0; +claudebot@anthropic.com)"
216.73.216.99 - - [16/Apr/2026:07:39:18 -0600] "GET /shop-goods/detail-829244489406 HTTP/1.1" 500 2576 "-" "Mozilla/5.0 AppleWebKit/537.36 (KHTML, like Gecko; compatible; ClaudeBot/1.0; +claudebot@anthropic.com)"
74.7.227.52 - - [16/Apr/2026:07:39:22 -0600] "GET /shop-goods/detail-828930764043 HTTP/1.1" 500 2576 "https://twb.ebh.mybluehost.me/sitemap_shop_302.xml" "Mozilla/5.0 AppleWebKit/537.36 (KHTML, like Gecko; compatible; GPTBot/1.3; +https://openai.com/gptbot)"
216.73.216.99 - - [16/Apr/2026:07:39:24 -0600] "GET /shop-goods/detail-82925000868 HTTP/1.1" 500 2576 "-" "Mozilla/5.0 AppleWebKit/537.36 (KHTML, like Gecko; compatible; ClaudeBot/1.0; +claudebot@anthropic.com)"
216.73.216.99 - - [16/Apr/2026:07:39:27 -0600] "GET /shop-goods/detail-829143582593 HTTP/1.1" 500 2576 "-" "Mozilla/5.0 AppleWebKit/537.36 (KHTML, like Gecko; compatible; ClaudeBot/1.0; +claudebot@anthropic.com)"
216.73.216.99 - - [16/Apr/2026:07:39:32 -0600] "GET /shop-goods/detail-828948534903 HTTP/1.1" 500 2576 "-" "Mozilla/5.0 AppleWebKit/537.36 (KHTML, like Gecko; compatible; ClaudeBot/1.0; +claudebot@anthropic.com)"
216.73.216.99 - - [16/Apr/2026:07:39:38 -0600] "GET /shop-goods/detail-829173884892 HTTP/1.1" 500 2576 "-" "Mozilla/5.0 AppleWebKit/537.36 (KHTML, like Gecko; compatible; ClaudeBot/1.0; +claudebot@anthropic.com)"
216.73.216.99 - - [16/Apr/2026:07:39:43 -0600] "GET /shop-goods/detail-82935703731 HTTP/1.1" 500 2576 "-" "Mozilla/5.0 AppleWebKit/537.36 (KHTML, like Gecko; compatible; ClaudeBot/1.0; +claudebot@anthropic.com)"
216.73.216.99 - - [16/Apr/2026:07:39:48 -0600] "GET /shop-goods/detail-828942543008 HTTP/1.1" 500 2576 "-" "Mozilla/5.0 AppleWebKit/537.36 (KHTML, like Gecko; compatible; ClaudeBot/1.0; +claudebot@anthropic.com)"
216.73.216.99 - - [16/Apr/2026:07:39:53 -0600] "GET /shop-goods/detail-829223084182 HTTP/1.1" 500 2576 "-" "Mozilla/5.0 AppleWebKit/537.36 (KHTML, like Gecko; compatible; ClaudeBot/1.0; +claudebot@anthropic.com)"
216.73.216.99 - - [16/Apr/2026:07:39:58 -0600] "GET /shop-goods/detail-829025233967 HTTP/1.1" 500 2576 "-" "Mozilla/5.0 AppleWebKit/537.36 (KHTML, like Gecko; compatible; ClaudeBot/1.0; +claudebot@anthropic.com)"
216.73.216.99 - - [16/Apr/2026:07:40:03 -0600] "GET /shop-goods/detail-828851450539 HTTP/1.1" 500 2576 "-" "Mozilla/5.0 AppleWebKit/537.36 (KHTML, like Gecko; compatible; ClaudeBot/1.0; +claudebot@anthropic.com)"
216.158.155.150 - - [16/Apr/2026:07:40:07 -0600] "GET / HTTP/1.1" 301 273 "-" "Mozilla/5.0 (Macintosh; Intel Mac OS X 10_15_7) AppleWebKit/537.36"
216.73.216.99 - - [16/Apr/2026:07:40:08 -0600] "GET /shop-goods/detail-829125766772 HTTP/1.1" 500 2576 "-" "Mozilla/5.0 AppleWebKit/537.36 (KHTML, like Gecko; compatible; ClaudeBot/1.0; +claudebot@anthropic.com)"
47.128.44.243 - - [16/Apr/2026:07:40:11 -0600] "GET /shop-goods/detail-828832520 HTTP/1.1" 500 2576 "-" "Mozilla/5.0 (Linux; Android 5.0) AppleWebKit/537.36 (KHTML, like Gecko) Mobile Safari/537.36 (compatible; Bytespider; spider-feedback@bytedance.com)"
216.73.216.99 - - [16/Apr/2026:07:40:13 -0600] "GET /shop-goods/detail-82914615885 HTTP/1.1" 500 2576 "-" "Mozilla/5.0 AppleWebKit/537.36 (KHTML, like Gecko; compatible; ClaudeBot/1.0; +claudebot@anthropic.com)"
216.73.216.99 - - [16/Apr/2026:07:40:18 -0600] "GET /shop-goods/detail-829076293751 HTTP/1.1" 500 2576 "-" "Mozilla/5.0 AppleWebKit/537.36 (KHTML, like Gecko; compatible; ClaudeBot/1.0; +claudebot@anthropic.com)"
74.7.227.52 - - [16/Apr/2026:07:40:22 -0600] "GET /shop-goods/detail-829211357664 HTTP/1.1" 500 2576 "https://twb.ebh.mybluehost.me/sitemap_index.xml" "Mozilla/5.0 AppleWebKit/537.36 (KHTML, like Gecko; compatible; GPTBot/1.3; +https://openai.com/gptbot)"
216.73.216.99 - - [16/Apr/2026:07:40:24 -0600] "GET /shop-goods/detail-828978588912 HTTP/1.1" 500 2576 "-" "Mozilla/5.0 AppleWebKit/537.36 (KHTML, like Gecko; compatible; ClaudeBot/1.0; +claudebot@anthropic.com)"
216.73.216.99 - - [16/Apr/2026:07:40:28 -0600] "GET /shop-goods/detail-829277117737 HTTP/1.1" 500 2576 "-" "Mozilla/5.0 AppleWebKit/537.36 (KHTML, like Gecko; compatible; ClaudeBot/1.0; +claudebot@anthropic.com)"
216.73.216.99 - - [16/Apr/2026:07:40:33 -0600] "GET /shop-goods/detail-828954569785 HTTP/1.1" 500 2576 "-" "Mozilla/5.0 AppleWebKit/537.36 (KHTML, like Gecko; compatible; ClaudeBot/1.0; +claudebot@anthropic.com)"
5.180.61.131 - - [16/Apr/2026:07:40:37 -0600] "POST /wp-admin/admin-ajax.php HTTP/1.1" 500 2576 "-" "Mozilla/5.0 (Windows NT 10.0; Win64; x64) AppleWebKit/537.36 (KHTML, like Gecko) Chrome/91.0.4472.124 Safari/537.36"
