216.73.216.99 - - [16/Apr/2026:07:56:52 -0600] "GET /shop-goods/detail-829347799298 HTTP/1.1" 500 2576 "-" "Mozilla/5.0 AppleWebKit/537.36 (KHTML, like Gecko; compatible; ClaudeBot/1.0; +claudebot@anthropic.com)"
216.73.216.99 - - [16/Apr/2026:07:56:57 -0600] "GET /shop-goods/detail-8289540653 HTTP/1.1" 500 2576 "-" "Mozilla/5.0 AppleWebKit/537.36 (KHTML, like Gecko; compatible; ClaudeBot/1.0; +claudebot@anthropic.com)"
216.73.216.99 - - [16/Apr/2026:07:57:02 -0600] "GET /shop-goods/detail-8288403006 HTTP/1.1" 500 2576 "-" "Mozilla/5.0 AppleWebKit/537.36 (KHTML, like Gecko; compatible; ClaudeBot/1.0; +claudebot@anthropic.com)"
74.7.227.52 - - [16/Apr/2026:07:57:15 -0600] "GET /shop-goods/detail-828930534779 HTTP/1.1" 500 2576 "https://twb.ebh.mybluehost.me/sitemap_shop_302.xml" "Mozilla/5.0 AppleWebKit/537.36 (KHTML, like Gecko; compatible; GPTBot/1.3; +https://openai.com/gptbot)"
216.73.216.99 - - [16/Apr/2026:07:57:16 -0600] "GET /shop-goods/detail-82932674259 HTTP/1.1" 500 2576 "-" "Mozilla/5.0 AppleWebKit/537.36 (KHTML, like Gecko; compatible; ClaudeBot/1.0; +claudebot@anthropic.com)"
216.73.216.99 - - [16/Apr/2026:07:57:21 -0600] "GET /shop-goods/detail-828827416002 HTTP/1.1" 500 2576 "-" "Mozilla/5.0 AppleWebKit/537.36 (KHTML, like Gecko; compatible; ClaudeBot/1.0; +claudebot@anthropic.com)"
216.73.216.99 - - [16/Apr/2026:07:57:26 -0600] "GET /shop-goods/detail-82883069298 HTTP/1.1" 500 2576 "-" "Mozilla/5.0 AppleWebKit/537.36 (KHTML, like Gecko; compatible; ClaudeBot/1.0; +claudebot@anthropic.com)"
216.73.216.99 - - [16/Apr/2026:07:57:31 -0600] "GET /shop-goods/detail-82896540236 HTTP/1.1" 500 2576 "-" "Mozilla/5.0 AppleWebKit/537.36 (KHTML, like Gecko; compatible; ClaudeBot/1.0; +claudebot@anthropic.com)"
216.73.216.99 - - [16/Apr/2026:07:57:36 -0600] "GET /shop-goods/detail-82938656352 HTTP/1.1" 500 2576 "-" "Mozilla/5.0 AppleWebKit/537.36 (KHTML, like Gecko; compatible; ClaudeBot/1.0; +claudebot@anthropic.com)"
216.73.216.99 - - [16/Apr/2026:07:57:41 -0600] "GET /shop-goods/detail-828854090935 HTTP/1.1" 500 2576 "-" "Mozilla/5.0 AppleWebKit/537.36 (KHTML, like Gecko; compatible; ClaudeBot/1.0; +claudebot@anthropic.com)"
216.73.216.99 - - [16/Apr/2026:07:57:46 -0600] "GET /shop-goods/detail-82883043790 HTTP/1.1" 500 2576 "-" "Mozilla/5.0 AppleWebKit/537.36 (KHTML, like Gecko; compatible; ClaudeBot/1.0; +claudebot@anthropic.com)"
216.73.216.99 - - [16/Apr/2026:07:57:51 -0600] "GET /shop-goods/detail-82886471229 HTTP/1.1" 500 2576 "-" "Mozilla/5.0 AppleWebKit/537.36 (KHTML, like Gecko; compatible; ClaudeBot/1.0; +claudebot@anthropic.com)"
216.73.216.99 - - [16/Apr/2026:07:57:56 -0600] "GET /shop-goods/detail-82932637575 HTTP/1.1" 500 2576 "-" "Mozilla/5.0 AppleWebKit/537.36 (KHTML, like Gecko; compatible; ClaudeBot/1.0; +claudebot@anthropic.com)"
216.73.216.99 - - [16/Apr/2026:07:58:01 -0600] "GET /shop-goods/detail-82935773733 HTTP/1.1" 500 2576 "-" "Mozilla/5.0 AppleWebKit/537.36 (KHTML, like Gecko; compatible; ClaudeBot/1.0; +claudebot@anthropic.com)"
216.73.216.99 - - [16/Apr/2026:07:58:06 -0600] "GET /shop-goods/detail-82932604192 HTTP/1.1" 500 2576 "-" "Mozilla/5.0 AppleWebKit/537.36 (KHTML, like Gecko; compatible; ClaudeBot/1.0; +claudebot@anthropic.com)"
216.73.216.99 - - [16/Apr/2026:07:58:14 -0600] "GET /shop-goods/detail-82896986928 HTTP/1.1" 500 2576 "-" "Mozilla/5.0 AppleWebKit/537.36 (KHTML, like Gecko; compatible; ClaudeBot/1.0; +claudebot@anthropic.com)"
74.7.227.52 - - [16/Apr/2026:07:58:15 -0600] "GET /shop-goods/detail-829019434105 HTTP/1.1" 500 2576 "https://twb.ebh.mybluehost.me/sitemap_shop_941.xml" "Mozilla/5.0 AppleWebKit/537.36 (KHTML, like Gecko; compatible; GPTBot/1.3; +https://openai.com/gptbot)"
216.73.216.99 - - [16/Apr/2026:07:58:19 -0600] "GET /shop-goods/detail-82883130365 HTTP/1.1" 500 2576 "-" "Mozilla/5.0 AppleWebKit/537.36 (KHTML, like Gecko; compatible; ClaudeBot/1.0; +claudebot@anthropic.com)"
216.73.216.99 - - [16/Apr/2026:07:58:24 -0600] "GET /shop-goods/detail-82914532155 HTTP/1.1" 500 2576 "-" "Mozilla/5.0 AppleWebKit/537.36 (KHTML, like Gecko; compatible; ClaudeBot/1.0; +claudebot@anthropic.com)"
216.73.216.99 - - [16/Apr/2026:07:58:29 -0600] "GET /shop-goods/detail-829329590199 HTTP/1.1" 500 2576 "-" "Mozilla/5.0 AppleWebKit/537.36 (KHTML, like Gecko; compatible; ClaudeBot/1.0; +claudebot@anthropic.com)"
216.73.216.99 - - [16/Apr/2026:07:58:34 -0600] "GET /shop-goods/detail-82896879313 HTTP/1.1" 500 2576 "-" "Mozilla/5.0 AppleWebKit/537.36 (KHTML, like Gecko; compatible; ClaudeBot/1.0; +claudebot@anthropic.com)"
216.73.216.99 - - [16/Apr/2026:07:58:39 -0600] "GET /shop-goods/detail-82883283763 HTTP/1.1" 500 2576 "-" "Mozilla/5.0 AppleWebKit/537.36 (KHTML, like Gecko; compatible; ClaudeBot/1.0; +claudebot@anthropic.com)"
52.167.144.163 - - [16/Apr/2026:07:58:47 -0600] "GET /shop-goods/detail-8288325940 HTTP/1.1" 200 195045 "-" "Mozilla/5.0 AppleWebKit/537.36 (KHTML, like Gecko; compatible; bingbot/2.0; +http://www.bing.com/bingbot.htm) Chrome/116.0.1938.76 Safari/537.36"
216.73.216.99 - - [16/Apr/2026:07:58:51 -0600] "GET /shop-goods/detail-828848387523 HTTP/1.1" 500 2576 "-" "Mozilla/5.0 AppleWebKit/537.36 (KHTML, like Gecko; compatible; ClaudeBot/1.0; +claudebot@anthropic.com)"
216.73.216.99 - - [16/Apr/2026:07:58:56 -0600] "GET /shop-goods/detail-828818015122 HTTP/1.1" 500 2576 "-" "Mozilla/5.0 AppleWebKit/537.36 (KHTML, like Gecko; compatible; ClaudeBot/1.0; +claudebot@anthropic.com)"
216.73.216.99 - - [16/Apr/2026:07:59:01 -0600] "GET /shop-goods/detail-82914975780 HTTP/1.1" 500 2576 "-" "Mozilla/5.0 AppleWebKit/537.36 (KHTML, like Gecko; compatible; ClaudeBot/1.0; +claudebot@anthropic.com)"
216.73.216.99 - - [16/Apr/2026:07:59:06 -0600] "GET /shop-goods/detail-82932864021 HTTP/1.1" 500 2576 "-" "Mozilla/5.0 AppleWebKit/537.36 (KHTML, like Gecko; compatible; ClaudeBot/1.0; +claudebot@anthropic.com)"
216.73.216.99 - - [16/Apr/2026:07:59:11 -0600] "GET /shop-goods/detail-829314533369 HTTP/1.1" 500 2576 "-" "Mozilla/5.0 AppleWebKit/537.36 (KHTML, like Gecko; compatible; ClaudeBot/1.0; +claudebot@anthropic.com)"
216.73.216.99 - - [16/Apr/2026:07:59:16 -0600] "GET /shop-goods/detail-828827047725 HTTP/1.1" 500 2576 "-" "Mozilla/5.0 AppleWebKit/537.36 (KHTML, like Gecko; compatible; ClaudeBot/1.0; +claudebot@anthropic.com)"
74.7.227.52 - - [16/Apr/2026:07:59:20 -0600] "GET /shop-goods/detail-829320762354 HTTP/1.1" 500 2576 "https://twb.ebh.mybluehost.me/sitemap_shop_941.xml" "Mozilla/5.0 AppleWebKit/537.36 (KHTML, like Gecko; compatible; GPTBot/1.3; +https://openai.com/gptbot)"
216.73.216.99 - - [16/Apr/2026:07:59:21 -0600] "GET /shop-goods/detail-828848451403 HTTP/1.1" 500 2576 "-" "Mozilla/5.0 AppleWebKit/537.36 (KHTML, like Gecko; compatible; ClaudeBot/1.0; +claudebot@anthropic.com)"
216.73.216.99 - - [16/Apr/2026:07:59:26 -0600] "GET /shop-goods/detail-829344997218 HTTP/1.1" 500 2576 "-" "Mozilla/5.0 AppleWebKit/537.36 (KHTML, like Gecko; compatible; ClaudeBot/1.0; +claudebot@anthropic.com)"
216.73.216.99 - - [16/Apr/2026:07:59:32 -0600] "GET /shop-goods/detail-829122933728 HTTP/1.1" 500 2576 "-" "Mozilla/5.0 AppleWebKit/537.36 (KHTML, like Gecko; compatible; ClaudeBot/1.0; +claudebot@anthropic.com)"
216.73.216.99 - - [16/Apr/2026:07:59:36 -0600] "GET /shop-goods/detail-828945850102 HTTP/1.1" 500 2576 "-" "Mozilla/5.0 AppleWebKit/537.36 (KHTML, like Gecko; compatible; ClaudeBot/1.0; +claudebot@anthropic.com)"
216.73.216.99 - - [16/Apr/2026:07:59:41 -0600] "GET /shop-goods/detail-828942591024 HTTP/1.1" 500 2576 "-" "Mozilla/5.0 AppleWebKit/537.36 (KHTML, like Gecko; compatible; ClaudeBot/1.0; +claudebot@anthropic.com)"
216.73.216.99 - - [16/Apr/2026:07:59:46 -0600] "GET /shop-goods/detail-82932931247 HTTP/1.1" 500 2576 "-" "Mozilla/5.0 AppleWebKit/537.36 (KHTML, like Gecko; compatible; ClaudeBot/1.0; +claudebot@anthropic.com)"
216.73.216.99 - - [16/Apr/2026:08:00:00 -0600] "GET /shop-goods/detail-828845403942 HTTP/1.1" 500 2576 "-" "Mozilla/5.0 AppleWebKit/537.36 (KHTML, like Gecko; compatible; ClaudeBot/1.0; +claudebot@anthropic.com)"
216.73.216.99 - - [16/Apr/2026:08:00:05 -0600] "GET /shop-goods/detail-8288315774 HTTP/1.1" 500 2576 "-" "Mozilla/5.0 AppleWebKit/537.36 (KHTML, like Gecko; compatible; ClaudeBot/1.0; +claudebot@anthropic.com)"
216.73.216.99 - - [16/Apr/2026:08:00:10 -0600] "GET /shop-goods/detail-82901496765 HTTP/1.1" 500 2576 "-" "Mozilla/5.0 AppleWebKit/537.36 (KHTML, like Gecko; compatible; ClaudeBot/1.0; +claudebot@anthropic.com)"
35.172.33.129 - - [16/Apr/2026:08:00:14 -0600] "GET / HTTP/1.1" 301 273 "-" "Mozilla/5.0 (Macintosh; Intel Mac OS X 10_15_7) AppleWebKit/537.36 (KHTML, like Gecko) Chrome/138.0.0.0 Safari/537.36 XTPT/1.0"
47.128.44.64 - - [16/Apr/2026:08:00:14 -0600] "GET /shop-goods/detail-82901323432 HTTP/1.1" 500 2576 "-" "Mozilla/5.0 (Linux; Android 5.0) AppleWebKit/537.36 (KHTML, like Gecko) Mobile Safari/537.36 (compatible; Bytespider; spider-feedback@bytedance.com)"
216.73.216.99 - - [16/Apr/2026:08:00:15 -0600] "GET /shop-goods/detail-82911615919 HTTP/1.1" 500 2576 "-" "Mozilla/5.0 AppleWebKit/537.36 (KHTML, like Gecko; compatible; ClaudeBot/1.0; +claudebot@anthropic.com)"
216.73.216.99 - - [16/Apr/2026:08:00:20 -0600] "GET /shop-goods/detail-82932708419 HTTP/1.1" 500 2576 "-" "Mozilla/5.0 AppleWebKit/537.36 (KHTML, like Gecko; compatible; ClaudeBot/1.0; +claudebot@anthropic.com)"
216.73.216.99 - - [16/Apr/2026:08:00:25 -0600] "GET /shop-goods/detail-82935964083 HTTP/1.1" 500 2576 "-" "Mozilla/5.0 AppleWebKit/537.36 (KHTML, like Gecko; compatible; ClaudeBot/1.0; +claudebot@anthropic.com)"
74.7.227.52 - - [16/Apr/2026:08:00:25 -0600] "GET /shop-goods/detail-829110867506 HTTP/1.1" 500 2576 "https://twb.ebh.mybluehost.me/sitemap_shop_474.xml" "Mozilla/5.0 AppleWebKit/537.36 (KHTML, like Gecko; compatible; GPTBot/1.3; +https://openai.com/gptbot)"
216.73.216.99 - - [16/Apr/2026:08:00:30 -0600] "GET /shop-goods/detail-82922048655 HTTP/1.1" 500 2576 "-" "Mozilla/5.0 AppleWebKit/537.36 (KHTML, like Gecko; compatible; ClaudeBot/1.0; +claudebot@anthropic.com)"
138.68.144.227 - - [16/Apr/2026:08:00:33 -0600] "LEAKIX" 400 - "-" "-"
138.68.144.227 - - [16/Apr/2026:08:00:34 -0600] "GET / HTTP/1.1" 500 2576 "-" "Mozilla/5.0 (l9scan/2.0.534313e2132323e2034323e2236313; +https://leakix.net)"
216.73.216.99 - - [16/Apr/2026:08:00:35 -0600] "GET /shop-goods/detail-82911640320 HTTP/1.1" 500 2576 "-" "Mozilla/5.0 AppleWebKit/537.36 (KHTML, like Gecko; compatible; ClaudeBot/1.0; +claudebot@anthropic.com)"
138.68.144.227 - - [16/Apr/2026:08:00:35 -0600] "GET /console/ HTTP/1.1" 500 2576 "-" "Mozilla/5.0 (l9scan/2.0.534313e2132323e2034323e2236313; +https://leakix.net)"
138.68.144.227 - - [16/Apr/2026:08:00:36 -0600] "GET /server HTTP/1.1" 500 2576 "-" "Mozilla/5.0 (l9scan/2.0.534313e2132323e2034323e2236313; +https://leakix.net)"
138.68.144.227 - - [16/Apr/2026:08:00:37 -0600] "GET /server-status HTTP/1.1" 500 2576 "-" "Mozilla/5.0 (l9scan/2.0.534313e2132323e2034323e2236313; +https://leakix.net)"
138.68.144.227 - - [16/Apr/2026:08:00:39 -0600] "GET /about HTTP/1.1" 500 2576 "-" "Mozilla/5.0 (l9scan/2.0.534313e2132323e2034323e2236313; +https://leakix.net)"
216.73.216.99 - - [16/Apr/2026:08:00:40 -0600] "GET /shop-goods/detail-828927768100 HTTP/1.1" 500 2576 "-" "Mozilla/5.0 AppleWebKit/537.36 (KHTML, like Gecko; compatible; ClaudeBot/1.0; +claudebot@anthropic.com)"
138.68.144.227 - - [16/Apr/2026:08:00:40 -0600] "GET /login.action HTTP/1.1" 500 2576 "-" "Mozilla/5.0 (l9scan/2.0.534313e2132323e2034323e2236313; +https://leakix.net)"
138.68.144.227 - - [16/Apr/2026:08:00:41 -0600] "GET /v2/_catalog HTTP/1.1" 500 1084 "-" "Mozilla/5.0 (l9scan/2.0.534313e2132323e2034323e2236313; +https://leakix.net)"
98.92.59.226 - - [16/Apr/2026:08:00:41 -0600] "GET /wp-content/uploads/2025/05/Screenshot-2025-05-29-at-6.50.57 HTTP/1.1" 500 2576 "-" "Mozilla/5.0 (Windows NT 10.0; Win64; x64) AppleWebKit/537.36 (KHTML, like Gecko) Chrome/141.0.0.0 Safari/537.36 XTPT/1.0"
98.92.59.226 - - [16/Apr/2026:08:00:41 -0600] "GET /wp-content/uploads/2025/04/Screenshot-2025-04-29-at-5.47.59 HTTP/1.1" 500 2576 "-" "Mozilla/5.0 (Windows NT 10.0; Win64; x64) AppleWebKit/537.36 (KHTML, like Gecko) Chrome/141.0.0.0 Safari/537.36 XTPT/1.0"
138.68.144.227 - - [16/Apr/2026:08:00:42 -0600] "GET /.DS_Store HTTP/1.1" 500 2576 "-" "Mozilla/5.0 (l9scan/2.0.534313e2132323e2034323e2236313; +https://leakix.net)"
138.68.144.227 - - [16/Apr/2026:08:00:43 -0600] "GET /.env HTTP/1.1" 500 2576 "-" "Mozilla/5.0 (l9scan/2.0.534313e2132323e2034323e2236313; +https://leakix.net)"
173.239.214.42 - - [16/Apr/2026:08:00:43 -0600] "GET /wp-login.php HTTP/1.1" 500 2576 "-" "Mozilla/5.0"
98.92.59.226 - - [16/Apr/2026:08:00:43 -0600] "GET /wp-content/uploads/2025/04/Screenshot-2025-04-29-at-5.47.59 HTTP/1.1" 500 2576 "-" "-"
98.92.59.226 - - [16/Apr/2026:08:00:43 -0600] "GET /wp-content/uploads/2025/05/Screenshot-2025-05-29-at-6.50.57 HTTP/1.1" 500 2576 "-" "-"
216.73.216.99 - - [16/Apr/2026:08:00:45 -0600] "GET /shop-goods/detail-828815470047 HTTP/1.1" 500 2576 "-" "Mozilla/5.0 AppleWebKit/537.36 (KHTML, like Gecko; compatible; ClaudeBot/1.0; +claudebot@anthropic.com)"
138.68.144.227 - - [16/Apr/2026:08:00:45 -0600] "GET /ecp/Current/exporttool/microsoft.exchange.ediscovery.exporttool.application HTTP/1.1" 500 2576 "-" "Mozilla/5.0 (l9scan/2.0.534313e2132323e2034323e2236313; +https://leakix.net)"
138.68.144.227 - - [16/Apr/2026:08:00:47 -0600] "GET /.git/config HTTP/1.1" 500 2576 "-" "Mozilla/5.0 (l9scan/2.0.534313e2132323e2034323e2236313; +https://leakix.net)"
138.68.144.227 - - [16/Apr/2026:08:00:48 -0600] "POST /graphql HTTP/1.1" 500 1084 "-" "Mozilla/5.0 (l9scan/2.0.534313e2132323e2034323e2236313; +https://leakix.net)"
138.68.144.227 - - [16/Apr/2026:08:00:49 -0600] "POST /api HTTP/1.1" 500 1084 "-" "Mozilla/5.0 (l9scan/2.0.534313e2132323e2034323e2236313; +https://leakix.net)"
216.73.216.99 - - [16/Apr/2026:08:00:50 -0600] "GET /shop-goods/detail-829128968264 HTTP/1.1" 500 2576 "-" "Mozilla/5.0 AppleWebKit/537.36 (KHTML, like Gecko; compatible; ClaudeBot/1.0; +claudebot@anthropic.com)"
138.68.144.227 - - [16/Apr/2026:08:00:50 -0600] "POST /api/graphql HTTP/1.1" 500 1084 "-" "Mozilla/5.0 (l9scan/2.0.534313e2132323e2034323e2236313; +https://leakix.net)"
138.68.144.227 - - [16/Apr/2026:08:00:51 -0600] "POST /graphql/api HTTP/1.1" 500 1084 "-" "Mozilla/5.0 (l9scan/2.0.534313e2132323e2034323e2236313; +https://leakix.net)"
138.68.144.227 - - [16/Apr/2026:08:00:51 -0600] "POST /api/gql HTTP/1.1" 500 1084 "-" "Mozilla/5.0 (l9scan/2.0.534313e2132323e2034323e2236313; +https://leakix.net)"
138.68.144.227 - - [16/Apr/2026:08:00:52 -0600] "GET /s/534313e2132323e2034323e2236313/_/;/META-INF/maven/com.atlassian.jira/jira-webapp-dist/pom.properties HTTP/1.1" 500 2576 "-" "Mozilla/5.0 (l9scan/2.0.534313e2132323e2034323e2236313; +https://leakix.net)"
138.68.144.227 - - [16/Apr/2026:08:00:54 -0600] "GET /config.json HTTP/1.1" 500 2576 "-" "Mozilla/5.0 (l9scan/2.0.534313e2132323e2034323e2236313; +https://leakix.net)"
216.73.216.99 - - [16/Apr/2026:08:00:55 -0600] "GET /shop-goods/detail-82925313808 HTTP/1.1" 500 2576 "-" "Mozilla/5.0 AppleWebKit/537.36 (KHTML, like Gecko; compatible; ClaudeBot/1.0; +claudebot@anthropic.com)"
66.249.74.75 - - [16/Apr/2026:08:00:55 -0600] "GET /shop-goods/detail-82901384590 HTTP/1.1" 200 193882 "-" "Mozilla/5.0 (compatible; Googlebot/2.1; +http://www.google.com/bot.html)"
138.68.144.227 - - [16/Apr/2026:08:00:55 -0600] "GET /telescope/requests HTTP/1.1" 500 2576 "-" "Mozilla/5.0 (l9scan/2.0.534313e2132323e2034323e2236313; +https://leakix.net)"
138.68.144.227 - - [16/Apr/2026:08:00:56 -0600] "GET /info.php HTTP/1.1" 500 2576 "-" "Mozilla/5.0 (l9scan/2.0.534313e2132323e2034323e2236313; +https://leakix.net)"
138.68.144.227 - - [16/Apr/2026:08:00:57 -0600] "GET /.well-known/security.txt HTTP/1.1" 500 2576 "-" "Mozilla/5.0 (l9scan/2.0.534313e2132323e2034323e2236313; +https://leakix.net)"
138.68.144.227 - - [16/Apr/2026:08:00:58 -0600] "GET /actuator/env HTTP/1.1" 500 2576 "-" "Mozilla/5.0 (l9scan/2.0.534313e2132323e2034323e2236313; +https://leakix.net)"
138.68.144.227 - - [16/Apr/2026:08:01:00 -0600] "GET /swagger-ui.html HTTP/1.1" 500 1084 "-" "Mozilla/5.0 (l9scan/2.0.534313e2132323e2034323e2236313; +https://leakix.net)"
216.73.216.99 - - [16/Apr/2026:08:01:01 -0600] "GET /shop-goods/detail-82932945493 HTTP/1.1" 500 2576 "-" "Mozilla/5.0 AppleWebKit/537.36 (KHTML, like Gecko; compatible; ClaudeBot/1.0; +claudebot@anthropic.com)"
138.68.144.227 - - [16/Apr/2026:08:01:01 -0600] "GET /swagger/index.html HTTP/1.1" 500 1084 "-" "Mozilla/5.0 (l9scan/2.0.534313e2132323e2034323e2236313; +https://leakix.net)"
138.68.144.227 - - [16/Apr/2026:08:01:02 -0600] "GET /swagger/swagger-ui.html HTTP/1.1" 500 1084 "-" "Mozilla/5.0 (l9scan/2.0.534313e2132323e2034323e2236313; +https://leakix.net)"
138.68.144.227 - - [16/Apr/2026:08:01:03 -0600] "GET /webjars/swagger-ui/index.html HTTP/1.1" 500 1084 "-" "Mozilla/5.0 (l9scan/2.0.534313e2132323e2034323e2236313; +https://leakix.net)"
138.68.144.227 - - [16/Apr/2026:08:01:04 -0600] "GET /swagger.json HTTP/1.1" 500 1084 "-" "Mozilla/5.0 (l9scan/2.0.534313e2132323e2034323e2236313; +https://leakix.net)"
138.68.144.227 - - [16/Apr/2026:08:01:05 -0600] "GET /swagger/v1/swagger.json HTTP/1.1" 500 1084 "-" "Mozilla/5.0 (l9scan/2.0.534313e2132323e2034323e2236313; +https://leakix.net)"
216.73.216.99 - - [16/Apr/2026:08:01:06 -0600] "GET /shop-goods/detail-82893806094 HTTP/1.1" 500 2576 "-" "Mozilla/5.0 AppleWebKit/537.36 (KHTML, like Gecko; compatible; ClaudeBot/1.0; +claudebot@anthropic.com)"
138.68.144.227 - - [16/Apr/2026:08:01:06 -0600] "GET /v2/api-docs HTTP/1.1" 500 1084 "-" "Mozilla/5.0 (l9scan/2.0.534313e2132323e2034323e2236313; +https://leakix.net)"
138.68.144.227 - - [16/Apr/2026:08:01:07 -0600] "GET /v3/api-docs HTTP/1.1" 500 1084 "-" "Mozilla/5.0 (l9scan/2.0.534313e2132323e2034323e2236313; +https://leakix.net)"
138.68.144.227 - - [16/Apr/2026:08:01:08 -0600] "GET /api-docs/swagger.json HTTP/1.1" 500 1084 "-" "Mozilla/5.0 (l9scan/2.0.534313e2132323e2034323e2236313; +https://leakix.net)"
138.68.144.227 - - [16/Apr/2026:08:01:09 -0600] "GET /api/swagger.json HTTP/1.1" 500 1084 "-" "Mozilla/5.0 (l9scan/2.0.534313e2132323e2034323e2236313; +https://leakix.net)"
138.68.144.227 - - [16/Apr/2026:08:01:10 -0600] "GET /trace.axd HTTP/1.1" 500 2576 "-" "Mozilla/5.0 (l9scan/2.0.534313e2132323e2034323e2236313; +https://leakix.net)"
216.73.216.99 - - [16/Apr/2026:08:01:11 -0600] "GET /shop-goods/detail-82886408520 HTTP/1.1" 500 2576 "-" "Mozilla/5.0 AppleWebKit/537.36 (KHTML, like Gecko; compatible; ClaudeBot/1.0; +claudebot@anthropic.com)"
138.68.144.227 - - [16/Apr/2026:08:01:11 -0600] "GET /@vite/env HTTP/1.1" 500 2576 "-" "Mozilla/5.0 (l9scan/2.0.534313e2132323e2034323e2236313; +https://leakix.net)"
138.68.144.227 - - [16/Apr/2026:08:01:12 -0600] "GET /.vscode/sftp.json HTTP/1.1" 500 2576 "-" "Mozilla/5.0 (l9scan/2.0.534313e2132323e2034323e2236313; +https://leakix.net)"
138.68.144.227 - - [16/Apr/2026:08:01:13 -0600] "OPTIONS / HTTP/1.1" 500 2576 "-" "Mozilla/5.0 (l9scan/2.0.534313e2132323e2034323e2236313; +https://leakix.net)"
138.68.144.227 - - [16/Apr/2026:08:01:14 -0600] "GET /?rest_route=/wp/v2/users/ HTTP/1.1" 500 2576 "-" "Mozilla/5.0 (l9scan/2.0.534313e2132323e2034323e2236313; +https://leakix.net)"
138.68.144.227 - - [16/Apr/2026:08:01:15 -0600] "GET /debug/default/view?panel=config HTTP/1.1" 500 2576 "-" "Mozilla/5.0 (l9scan/2.0.534313e2132323e2034323e2236313; +https://leakix.net)"
216.73.216.99 - - [16/Apr/2026:08:01:16 -0600] "GET /shop-goods/detail-82925288780 HTTP/1.1" 500 2576 "-" "Mozilla/5.0 AppleWebKit/537.36 (KHTML, like Gecko; compatible; ClaudeBot/1.0; +claudebot@anthropic.com)"
216.73.216.99 - - [16/Apr/2026:08:01:21 -0600] "GET /shop-goods/detail-82938858975 HTTP/1.1" 500 2576 "-" "Mozilla/5.0 AppleWebKit/537.36 (KHTML, like Gecko; compatible; ClaudeBot/1.0; +claudebot@anthropic.com)"
216.73.216.99 - - [16/Apr/2026:08:01:26 -0600] "GET /shop-goods/detail-82914703340 HTTP/1.1" 500 2576 "-" "Mozilla/5.0 AppleWebKit/537.36 (KHTML, like Gecko; compatible; ClaudeBot/1.0; +claudebot@anthropic.com)"
74.7.227.52 - - [16/Apr/2026:08:01:28 -0600] "GET /shop-goods/detail-829125813404 HTTP/1.1" 500 2576 "https://twb.ebh.mybluehost.me/sitemap_shop_302.xml" "Mozilla/5.0 AppleWebKit/537.36 (KHTML, like Gecko; compatible; GPTBot/1.3; +https://openai.com/gptbot)"
216.73.216.99 - - [16/Apr/2026:08:01:31 -0600] "GET /shop-goods/detail-82922322145 HTTP/1.1" 500 2576 "-" "Mozilla/5.0 AppleWebKit/537.36 (KHTML, like Gecko; compatible; ClaudeBot/1.0; +claudebot@anthropic.com)"
216.73.216.99 - - [16/Apr/2026:08:01:36 -0600] "GET /shop-goods/detail-82899854313 HTTP/1.1" 500 2576 "-" "Mozilla/5.0 AppleWebKit/537.36 (KHTML, like Gecko; compatible; ClaudeBot/1.0; +claudebot@anthropic.com)"
216.73.216.99 - - [16/Apr/2026:08:01:41 -0600] "GET /shop-goods/detail-82893608629 HTTP/1.1" 500 2576 "-" "Mozilla/5.0 AppleWebKit/537.36 (KHTML, like Gecko; compatible; ClaudeBot/1.0; +claudebot@anthropic.com)"
216.73.216.99 - - [16/Apr/2026:08:01:46 -0600] "GET /shop-goods/detail-82911539002 HTTP/1.1" 500 2576 "-" "Mozilla/5.0 AppleWebKit/537.36 (KHTML, like Gecko; compatible; ClaudeBot/1.0; +claudebot@anthropic.com)"
216.73.216.99 - - [16/Apr/2026:08:01:51 -0600] "GET /shop-goods/detail-82901444830 HTTP/1.1" 500 2576 "-" "Mozilla/5.0 AppleWebKit/537.36 (KHTML, like Gecko; compatible; ClaudeBot/1.0; +claudebot@anthropic.com)"
216.73.216.99 - - [16/Apr/2026:08:01:56 -0600] "GET /shop-goods/detail-829128517883 HTTP/1.1" 500 2576 "-" "Mozilla/5.0 AppleWebKit/537.36 (KHTML, like Gecko; compatible; ClaudeBot/1.0; +claudebot@anthropic.com)"
216.73.216.99 - - [16/Apr/2026:08:02:01 -0600] "GET /shop-goods/detail-829128624328 HTTP/1.1" 500 2576 "-" "Mozilla/5.0 AppleWebKit/537.36 (KHTML, like Gecko; compatible; ClaudeBot/1.0; +claudebot@anthropic.com)"
216.73.216.99 - - [16/Apr/2026:08:02:06 -0600] "GET /shop-goods/detail-82914914068 HTTP/1.1" 500 2576 "-" "Mozilla/5.0 AppleWebKit/537.36 (KHTML, like Gecko; compatible; ClaudeBot/1.0; +claudebot@anthropic.com)"
216.73.216.99 - - [16/Apr/2026:08:02:11 -0600] "GET /shop-goods/detail-82886493662 HTTP/1.1" 500 2576 "-" "Mozilla/5.0 AppleWebKit/537.36 (KHTML, like Gecko; compatible; ClaudeBot/1.0; +claudebot@anthropic.com)"
194.36.25.36 - - [16/Apr/2026:08:02:14 -0600] "GET /wp-admin/customize.php?autofocus[panel]=divi_login_designer&return=https://getmad.today/wp-admin/index.php&url=https%3A%2F%2Fgetmad.today%2Fdivi-login-designer%2F HTTP/1.1" 500 2576 "-" "Mozilla/4.0 (compatible; MSIE 7.0; Windows NT 6.0; Trident/4.0)"
194.36.25.36 - - [16/Apr/2026:08:02:15 -0600] "GET /wp-admin/customize.php?autofocus%5Bpanel%5D=divi_login_designer%27&return=https%3A%2F%2Fgetmad.today%2Fwp-admin%2Findex.php&url=https%3A%2F%2Fgetmad.today%2Fdivi-login-designer%2F HTTP/1.1" 500 2576 "-" "Mozilla/5.0 (Macintosh; Intel Mac OS X 10_14_4) AppleWebKit/537.36 (KHTML, like Gecko) Chrome/100.0.4896.127 Safari/537.36"
216.73.216.99 - - [16/Apr/2026:08:02:16 -0600] "GET /shop-goods/detail-8289648839 HTTP/1.1" 500 2576 "-" "Mozilla/5.0 AppleWebKit/537.36 (KHTML, like Gecko; compatible; ClaudeBot/1.0; +claudebot@anthropic.com)"
194.36.25.36 - - [16/Apr/2026:08:02:16 -0600] "GET /wp-admin/customize.php?autofocus%5Bpanel%5D=divi_login_designer&return=https%3A%2F%2Fgetmad.today%2Fwp-admin%2Findex.php%27&url=https%3A%2F%2Fgetmad.today%2Fdivi-login-designer%2F HTTP/1.1" 500 2576 "-" "Mozilla/5.0 (X11; Linux x86_64) AppleWebKit/537.36 (KHTML, like Gecko) Chrome/45.0.2454.85 Safari/537.36 OPR/32.0.1948.25"
194.36.25.36 - - [16/Apr/2026:08:02:18 -0600] "GET /wp-admin/customize.php?autofocus%5Bpanel%5D=divi_login_designer&return=https%3A%2F%2Fgetmad.today%2Fwp-admin%2Findex.php&url=https%3A%2F%2Fgetmad.today%2Fdivi-login-designer%2F%27 HTTP/1.1" 500 2576 "-" "Mozilla/5.0 (Windows NT 10.0; WOW64) AppleWebKit/537.36 (KHTML, like Gecko) Chrome/70.0.3538.25 Safari/537.36 Core/1.70.3883.400 QQBrowser/10.8.4559.400"
216.73.216.99 - - [16/Apr/2026:08:02:21 -0600] "GET /shop-goods/detail-82925002099 HTTP/1.1" 500 2576 "-" "Mozilla/5.0 AppleWebKit/537.36 (KHTML, like Gecko; compatible; ClaudeBot/1.0; +claudebot@anthropic.com)"
216.73.216.99 - - [16/Apr/2026:08:02:26 -0600] "GET /shop-goods/detail-82928402085 HTTP/1.1" 500 2576 "-" "Mozilla/5.0 AppleWebKit/537.36 (KHTML, like Gecko; compatible; ClaudeBot/1.0; +claudebot@anthropic.com)"
74.7.227.52 - - [16/Apr/2026:08:02:30 -0600] "GET /shop-goods/detail-829314570117 HTTP/1.1" 500 2576 "https://twb.ebh.mybluehost.me/sitemap_shop_474.xml" "Mozilla/5.0 AppleWebKit/537.36 (KHTML, like Gecko; compatible; GPTBot/1.3; +https://openai.com/gptbot)"
66.249.74.76 - - [16/Apr/2026:08:02:31 -0600] "GET /shop-goods/detail-82922069702 HTTP/1.1" 200 190668 "-" "Mozilla/5.0 (compatible; Googlebot/2.1; +http://www.google.com/bot.html)"
216.73.216.99 - - [16/Apr/2026:08:02:31 -0600] "GET /shop-goods/detail-828927720359 HTTP/1.1" 500 2576 "-" "Mozilla/5.0 AppleWebKit/537.36 (KHTML, like Gecko; compatible; ClaudeBot/1.0; +claudebot@anthropic.com)"
216.73.216.99 - - [16/Apr/2026:08:02:36 -0600] "GET /shop-goods/detail-82896755286 HTTP/1.1" 500 2576 "-" "Mozilla/5.0 AppleWebKit/537.36 (KHTML, like Gecko; compatible; ClaudeBot/1.0; +claudebot@anthropic.com)"
216.73.216.99 - - [16/Apr/2026:08:02:41 -0600] "GET /shop-goods/detail-82928019681 HTTP/1.1" 500 2576 "-" "Mozilla/5.0 AppleWebKit/537.36 (KHTML, like Gecko; compatible; ClaudeBot/1.0; +claudebot@anthropic.com)"
114.119.144.37 - - [16/Apr/2026:08:02:42 -0600] "GET /news-and-events-2/action~oneday/exact_date~1442203200/cat_ids~87,89/request_format~json HTTP/1.1" 500 2576 "https://getmad.today/news-and-events-2/action~oneday/exact_date~1442203200/cat_ids~87/request_format~json" "Mozilla/5.0 (Linux; Android 7.0;) AppleWebKit/537.36 (KHTML, like Gecko) Mobile Safari/537.36 (compatible; PetalBot;+https://webmaster.petalsearch.com/site/petalbot)"
216.73.216.99 - - [16/Apr/2026:08:02:47 -0600] "GET /shop-goods/detail-829022076880 HTTP/1.1" 500 2576 "-" "Mozilla/5.0 AppleWebKit/537.36 (KHTML, like Gecko; compatible; ClaudeBot/1.0; +claudebot@anthropic.com)"
216.73.216.99 - - [16/Apr/2026:08:02:51 -0600] "GET /shop-goods/detail-8289572483 HTTP/1.1" 500 2576 "-" "Mozilla/5.0 AppleWebKit/537.36 (KHTML, like Gecko; compatible; ClaudeBot/1.0; +claudebot@anthropic.com)"
216.73.216.99 - - [16/Apr/2026:08:02:55 -0600] "GET /robots.txt HTTP/1.1" 200 113 "-" "Mozilla/5.0 AppleWebKit/537.36 (KHTML, like Gecko; compatible; ClaudeBot/1.0; +claudebot@anthropic.com)"
216.73.216.99 - - [16/Apr/2026:08:02:56 -0600] "GET /shop-goods/detail-82917560249 HTTP/1.1" 500 2576 "-" "Mozilla/5.0 AppleWebKit/537.36 (KHTML, like Gecko; compatible; ClaudeBot/1.0; +claudebot@anthropic.com)"
216.73.216.99 - - [16/Apr/2026:08:03:01 -0600] "GET /shop-goods/detail-82904478062 HTTP/1.1" 500 2576 "-" "Mozilla/5.0 AppleWebKit/537.36 (KHTML, like Gecko; compatible; ClaudeBot/1.0; +claudebot@anthropic.com)"
216.73.216.99 - - [16/Apr/2026:08:03:06 -0600] "GET /shop-goods/detail-829155994474 HTTP/1.1" 500 2576 "-" "Mozilla/5.0 AppleWebKit/537.36 (KHTML, like Gecko; compatible; ClaudeBot/1.0; +claudebot@anthropic.com)"
216.73.216.99 - - [16/Apr/2026:08:03:11 -0600] "GET /shop-goods/detail-82889424030 HTTP/1.1" 500 2576 "-" "Mozilla/5.0 AppleWebKit/537.36 (KHTML, like Gecko; compatible; ClaudeBot/1.0; +claudebot@anthropic.com)"
216.73.216.99 - - [16/Apr/2026:08:03:16 -0600] "GET /shop-goods/detail-828848143408 HTTP/1.1" 500 2576 "-" "Mozilla/5.0 AppleWebKit/537.36 (KHTML, like Gecko; compatible; ClaudeBot/1.0; +claudebot@anthropic.com)"
216.73.216.99 - - [16/Apr/2026:08:03:21 -0600] "GET /shop-goods/detail-82896970949 HTTP/1.1" 500 2576 "-" "Mozilla/5.0 AppleWebKit/537.36 (KHTML, like Gecko; compatible; ClaudeBot/1.0; +claudebot@anthropic.com)"
216.73.216.99 - - [16/Apr/2026:08:03:26 -0600] "GET /shop-goods/detail-828854068249 HTTP/1.1" 500 2576 "-" "Mozilla/5.0 AppleWebKit/537.36 (KHTML, like Gecko; compatible; ClaudeBot/1.0; +claudebot@anthropic.com)"
216.73.216.99 - - [16/Apr/2026:08:03:31 -0600] "GET /shop-goods/detail-82938772155 HTTP/1.1" 500 2576 "-" "Mozilla/5.0 AppleWebKit/537.36 (KHTML, like Gecko; compatible; ClaudeBot/1.0; +claudebot@anthropic.com)"
74.7.227.52 - - [16/Apr/2026:08:03:33 -0600] "GET /shop-goods/detail-829214055379 HTTP/1.1" 500 2576 "https://twb.ebh.mybluehost.me/sitemap_index.xml" "Mozilla/5.0 AppleWebKit/537.36 (KHTML, like Gecko; compatible; GPTBot/1.3; +https://openai.com/gptbot)"
216.73.216.99 - - [16/Apr/2026:08:03:36 -0600] "GET /shop-goods/detail-82935959706 HTTP/1.1" 500 2576 "-" "Mozilla/5.0 AppleWebKit/537.36 (KHTML, like Gecko; compatible; ClaudeBot/1.0; +claudebot@anthropic.com)"
216.73.216.99 - - [16/Apr/2026:08:03:42 -0600] "GET /shop-goods/detail-828854205580 HTTP/1.1" 500 2576 "-" "Mozilla/5.0 AppleWebKit/537.36 (KHTML, like Gecko; compatible; ClaudeBot/1.0; +claudebot@anthropic.com)"
216.73.216.99 - - [16/Apr/2026:08:03:46 -0600] "GET /shop-goods/detail-82907221948 HTTP/1.1" 500 2576 "-" "Mozilla/5.0 AppleWebKit/537.36 (KHTML, like Gecko; compatible; ClaudeBot/1.0; +claudebot@anthropic.com)"
216.73.216.99 - - [16/Apr/2026:08:03:47 -0600] "GET /robots.txt HTTP/1.1" 200 121 "-" "Mozilla/5.0 AppleWebKit/537.36 (KHTML, like Gecko; compatible; ClaudeBot/1.0; +claudebot@anthropic.com)"
216.73.216.99 - - [16/Apr/2026:08:03:51 -0600] "GET /shop-goods/detail-82917516893 HTTP/1.1" 500 2576 "-" "Mozilla/5.0 AppleWebKit/537.36 (KHTML, like Gecko; compatible; ClaudeBot/1.0; +claudebot@anthropic.com)"
216.73.216.99 - - [16/Apr/2026:08:03:56 -0600] "GET /shop-goods/detail-82917843196 HTTP/1.1" 500 2576 "-" "Mozilla/5.0 AppleWebKit/537.36 (KHTML, like Gecko; compatible; ClaudeBot/1.0; +claudebot@anthropic.com)"
216.73.216.99 - - [16/Apr/2026:08:04:01 -0600] "GET /shop-goods/detail-82886037319 HTTP/1.1" 500 2576 "-" "Mozilla/5.0 AppleWebKit/537.36 (KHTML, like Gecko; compatible; ClaudeBot/1.0; +claudebot@anthropic.com)"
35.172.33.129 - - [16/Apr/2026:08:04:04 -0600] "GET / HTTP/1.1" 301 273 "-" "-"
216.73.216.99 - - [16/Apr/2026:08:04:06 -0600] "GET /shop-goods/detail-828812119069 HTTP/1.1" 500 2576 "-" "Mozilla/5.0 AppleWebKit/537.36 (KHTML, like Gecko; compatible; ClaudeBot/1.0; +claudebot@anthropic.com)"
216.73.216.99 - - [16/Apr/2026:08:04:09 -0600] "GET /shop-goods/detail-82907005767 HTTP/1.1" 500 2576 "-" "Mozilla/5.0 AppleWebKit/537.36 (KHTML, like Gecko; compatible; ClaudeBot/1.0; +claudebot@anthropic.com)"
216.73.216.99 - - [16/Apr/2026:08:04:11 -0600] "GET /shop-goods/detail-828812175319 HTTP/1.1" 500 2576 "-" "Mozilla/5.0 AppleWebKit/537.36 (KHTML, like Gecko; compatible; ClaudeBot/1.0; +claudebot@anthropic.com)"
47.128.44.6 - - [16/Apr/2026:08:04:14 -0600] "GET /shop-goods/detail-828832520 HTTP/1.1" 500 2576 "-" "Mozilla/5.0 (Linux; Android 5.0) AppleWebKit/537.36 (KHTML, like Gecko) Mobile Safari/537.36 (compatible; Bytespider; spider-feedback@bytedance.com)"
216.73.216.99 - - [16/Apr/2026:08:04:16 -0600] "GET /shop-goods/detail-829010015931 HTTP/1.1" 500 2576 "-" "Mozilla/5.0 AppleWebKit/537.36 (KHTML, like Gecko; compatible; ClaudeBot/1.0; +claudebot@anthropic.com)"
216.73.216.99 - - [16/Apr/2026:08:04:21 -0600] "GET /shop-goods/detail-82925280941 HTTP/1.1" 500 2576 "-" "Mozilla/5.0 AppleWebKit/537.36 (KHTML, like Gecko; compatible; ClaudeBot/1.0; +claudebot@anthropic.com)"
216.73.216.99 - - [16/Apr/2026:08:04:26 -0600] "GET /shop-goods/detail-82935953781 HTTP/1.1" 500 2576 "-" "Mozilla/5.0 AppleWebKit/537.36 (KHTML, like Gecko; compatible; ClaudeBot/1.0; +claudebot@anthropic.com)"
216.73.216.99 - - [16/Apr/2026:08:04:31 -0600] "GET /shop-goods/detail-82938862869 HTTP/1.1" 500 2576 "-" "Mozilla/5.0 AppleWebKit/537.36 (KHTML, like Gecko; compatible; ClaudeBot/1.0; +claudebot@anthropic.com)"
74.7.227.52 - - [16/Apr/2026:08:04:36 -0600] "GET /shop-goods/detail-828987624310 HTTP/1.1" 500 2576 "https://twb.ebh.mybluehost.me/sitemap_shop_972.xml" "Mozilla/5.0 AppleWebKit/537.36 (KHTML, like Gecko; compatible; GPTBot/1.3; +https://openai.com/gptbot)"
216.73.216.99 - - [16/Apr/2026:08:04:36 -0600] "GET /shop-goods/detail-82907102937 HTTP/1.1" 500 2576 "-" "Mozilla/5.0 AppleWebKit/537.36 (KHTML, like Gecko; compatible; ClaudeBot/1.0; +claudebot@anthropic.com)"
216.73.216.99 - - [16/Apr/2026:08:04:41 -0600] "GET /shop-goods/detail-82938510231 HTTP/1.1" 500 2576 "-" "Mozilla/5.0 AppleWebKit/537.36 (KHTML, like Gecko; compatible; ClaudeBot/1.0; +claudebot@anthropic.com)"
216.73.216.99 - - [16/Apr/2026:08:04:46 -0600] "GET /shop-goods/detail-82935583944 HTTP/1.1" 500 2576 "-" "Mozilla/5.0 AppleWebKit/537.36 (KHTML, like Gecko; compatible; ClaudeBot/1.0; +claudebot@anthropic.com)"
216.73.216.99 - - [16/Apr/2026:08:04:51 -0600] "GET /shop-goods/detail-82907330376 HTTP/1.1" 500 2576 "-" "Mozilla/5.0 AppleWebKit/537.36 (KHTML, like Gecko; compatible; ClaudeBot/1.0; +claudebot@anthropic.com)"
216.73.216.99 - - [16/Apr/2026:08:04:56 -0600] "GET /shop-goods/detail-82914847442 HTTP/1.1" 500 2576 "-" "Mozilla/5.0 AppleWebKit/537.36 (KHTML, like Gecko; compatible; ClaudeBot/1.0; +claudebot@anthropic.com)"
52.167.144.19 - - [16/Apr/2026:08:04:59 -0600] "GET /shop-goods/detail-82901207760 HTTP/1.1" 200 218342 "-" "Mozilla/5.0 AppleWebKit/537.36 (KHTML, like Gecko; compatible; bingbot/2.0; +http://www.bing.com/bingbot.htm) Chrome/116.0.1938.76 Safari/537.36"
216.73.216.99 - - [16/Apr/2026:08:05:01 -0600] "GET /shop-goods/detail-82938738841 HTTP/1.1" 500 2576 "-" "Mozilla/5.0 AppleWebKit/537.36 (KHTML, like Gecko; compatible; ClaudeBot/1.0; +claudebot@anthropic.com)"
216.73.216.99 - - [16/Apr/2026:08:05:06 -0600] "GET /shop-goods/detail-82938939987 HTTP/1.1" 500 2576 "-" "Mozilla/5.0 AppleWebKit/537.36 (KHTML, like Gecko; compatible; ClaudeBot/1.0; +claudebot@anthropic.com)"
216.73.216.99 - - [16/Apr/2026:08:05:11 -0600] "GET /shop-goods/detail-82886208446 HTTP/1.1" 500 2576 "-" "Mozilla/5.0 AppleWebKit/537.36 (KHTML, like Gecko; compatible; ClaudeBot/1.0; +claudebot@anthropic.com)"
216.73.216.99 - - [16/Apr/2026:08:05:16 -0600] "GET /shop-goods/detail-829326657543 HTTP/1.1" 500 2576 "-" "Mozilla/5.0 AppleWebKit/537.36 (KHTML, like Gecko; compatible; ClaudeBot/1.0; +claudebot@anthropic.com)"
216.73.216.99 - - [16/Apr/2026:08:05:22 -0600] "GET /shop-goods/detail-828945831271 HTTP/1.1" 500 2576 "-" "Mozilla/5.0 AppleWebKit/537.36 (KHTML, like Gecko; compatible; ClaudeBot/1.0; +claudebot@anthropic.com)"
216.73.216.99 - - [16/Apr/2026:08:05:27 -0600] "GET /shop-goods/detail-829256484230 HTTP/1.1" 500 2576 "-" "Mozilla/5.0 AppleWebKit/537.36 (KHTML, like Gecko; compatible; ClaudeBot/1.0; +claudebot@anthropic.com)"
216.73.216.99 - - [16/Apr/2026:08:05:32 -0600] "GET /shop-goods/detail-82896968248 HTTP/1.1" 500 2576 "-" "Mozilla/5.0 AppleWebKit/537.36 (KHTML, like Gecko; compatible; ClaudeBot/1.0; +claudebot@anthropic.com)"
66.249.74.68 - - [16/Apr/2026:08:05:35 -0600] "GET /shop-goods/detail-8288416420 HTTP/1.1" 200 187491 "-" "Mozilla/5.0 (compatible; Googlebot/2.1; +http://www.google.com/bot.html)"
216.73.216.99 - - [16/Apr/2026:08:05:37 -0600] "GET /shop-goods/detail-829229041769 HTTP/1.1" 500 2576 "-" "Mozilla/5.0 AppleWebKit/537.36 (KHTML, like Gecko; compatible; ClaudeBot/1.0; +claudebot@anthropic.com)"
74.7.227.52 - - [16/Apr/2026:08:05:41 -0600] "GET /shop-goods/detail-829010361552 HTTP/1.1" 500 2576 "https://twb.ebh.mybluehost.me/sitemap_shop_474.xml" "Mozilla/5.0 AppleWebKit/537.36 (KHTML, like Gecko; compatible; GPTBot/1.3; +https://openai.com/gptbot)"
216.73.216.99 - - [16/Apr/2026:08:05:42 -0600] "GET /shop-goods/detail-829179679226 HTTP/1.1" 500 2576 "-" "Mozilla/5.0 AppleWebKit/537.36 (KHTML, like Gecko; compatible; ClaudeBot/1.0; +claudebot@anthropic.com)"
216.73.216.99 - - [16/Apr/2026:08:05:47 -0600] "GET /shop-goods/detail-829350916292 HTTP/1.1" 500 2576 "-" "Mozilla/5.0 AppleWebKit/537.36 (KHTML, like Gecko; compatible; ClaudeBot/1.0; +claudebot@anthropic.com)"
66.249.74.69 - - [16/Apr/2026:08:05:51 -0600] "GET /shop-goods/detail-82932851808 HTTP/1.1" 200 195563 "-" "Mozilla/5.0 (compatible; Googlebot/2.1; +http://www.google.com/bot.html)"
216.73.216.99 - - [16/Apr/2026:08:05:52 -0600] "GET /shop-goods/detail-829152532527 HTTP/1.1" 500 2576 "-" "Mozilla/5.0 AppleWebKit/537.36 (KHTML, like Gecko; compatible; ClaudeBot/1.0; +claudebot@anthropic.com)"
216.73.216.99 - - [16/Apr/2026:08:05:57 -0600] "GET /shop-goods/detail-829214496865 HTTP/1.1" 500 2576 "-" "Mozilla/5.0 AppleWebKit/537.36 (KHTML, like Gecko; compatible; ClaudeBot/1.0; +claudebot@anthropic.com)"
66.249.74.68 - - [16/Apr/2026:08:05:59 -0600] "GET /shop-goods/detail-82911598389 HTTP/1.1" 200 209207 "-" "Mozilla/5.0 (compatible; Googlebot/2.1; +http://www.google.com/bot.html)"
216.73.216.99 - - [16/Apr/2026:08:06:02 -0600] "GET /shop-goods/detail-828915600909 HTTP/1.1" 500 2576 "-" "Mozilla/5.0 AppleWebKit/537.36 (KHTML, like Gecko; compatible; ClaudeBot/1.0; +claudebot@anthropic.com)"
216.73.216.99 - - [16/Apr/2026:08:06:07 -0600] "GET /shop-goods/detail-829226132577 HTTP/1.1" 500 2576 "-" "Mozilla/5.0 AppleWebKit/537.36 (KHTML, like Gecko; compatible; ClaudeBot/1.0; +claudebot@anthropic.com)"
52.167.144.204 - - [16/Apr/2026:08:06:08 -0600] "GET /shop-goods/detail-82901321002 HTTP/1.1" 200 204163 "-" "Mozilla/5.0 AppleWebKit/537.36 (KHTML, like Gecko; compatible; bingbot/2.0; +http://www.bing.com/bingbot.htm) Chrome/116.0.1938.76 Safari/537.36"
216.73.216.99 - - [16/Apr/2026:08:06:12 -0600] "GET /shop-goods/detail-829122550173 HTTP/1.1" 500 2576 "-" "Mozilla/5.0 AppleWebKit/537.36 (KHTML, like Gecko; compatible; ClaudeBot/1.0; +claudebot@anthropic.com)"
216.73.216.99 - - [16/Apr/2026:08:06:17 -0600] "GET /shop-goods/detail-829350934662 HTTP/1.1" 500 2576 "-" "Mozilla/5.0 AppleWebKit/537.36 (KHTML, like Gecko; compatible; ClaudeBot/1.0; +claudebot@anthropic.com)"
216.73.216.99 - - [16/Apr/2026:08:06:22 -0600] "GET /shop-goods/detail-828942950999 HTTP/1.1" 500 2576 "-" "Mozilla/5.0 AppleWebKit/537.36 (KHTML, like Gecko; compatible; ClaudeBot/1.0; +claudebot@anthropic.com)"
216.73.216.99 - - [16/Apr/2026:08:06:27 -0600] "GET /shop-goods/detail-829223368738 HTTP/1.1" 500 2576 "-" "Mozilla/5.0 AppleWebKit/537.36 (KHTML, like Gecko; compatible; ClaudeBot/1.0; +claudebot@anthropic.com)"
216.73.216.99 - - [16/Apr/2026:08:06:32 -0600] "GET /shop-goods/detail-829110957380 HTTP/1.1" 500 2576 "-" "Mozilla/5.0 AppleWebKit/537.36 (KHTML, like Gecko; compatible; ClaudeBot/1.0; +claudebot@anthropic.com)"
216.73.216.99 - - [16/Apr/2026:08:06:37 -0600] "GET /shop-goods/detail-829143703506 HTTP/1.1" 500 2576 "-" "Mozilla/5.0 AppleWebKit/537.36 (KHTML, like Gecko; compatible; ClaudeBot/1.0; +claudebot@anthropic.com)"
216.73.216.99 - - [16/Apr/2026:08:06:42 -0600] "GET /shop-goods/detail-829229471335 HTTP/1.1" 500 2576 "-" "Mozilla/5.0 AppleWebKit/537.36 (KHTML, like Gecko; compatible; ClaudeBot/1.0; +claudebot@anthropic.com)"
74.7.227.52 - - [16/Apr/2026:08:06:43 -0600] "GET /shop-goods/detail-829013185524 HTTP/1.1" 500 2576 "https://twb.ebh.mybluehost.me/sitemap_shop_474.xml" "Mozilla/5.0 AppleWebKit/537.36 (KHTML, like Gecko; compatible; GPTBot/1.3; +https://openai.com/gptbot)"
216.73.216.99 - - [16/Apr/2026:08:06:47 -0600] "GET /shop-goods/detail-828927968750 HTTP/1.1" 500 2576 "-" "Mozilla/5.0 AppleWebKit/537.36 (KHTML, like Gecko; compatible; ClaudeBot/1.0; +claudebot@anthropic.com)"
216.73.216.99 - - [16/Apr/2026:08:06:52 -0600] "GET /shop-goods/detail-829173622461 HTTP/1.1" 500 2576 "-" "Mozilla/5.0 AppleWebKit/537.36 (KHTML, like Gecko; compatible; ClaudeBot/1.0; +claudebot@anthropic.com)"
172.239.50.62 - - [16/Apr/2026:08:06:57 -0600] "GET /wp-content/plugins/post-category-image-with-grid-and-slider/readme.txt HTTP/1.1" 500 2576 "-" "Mozilla/5.0 (Windows NT 10.0; Win64; x64) AppleWebKit/537.36 (KHTML, like Gecko) Chrome/133.0.0.0 Safari/537.36"
216.73.216.99 - - [16/Apr/2026:08:06:57 -0600] "GET /shop-goods/detail-828969528553 HTTP/1.1" 500 2576 "-" "Mozilla/5.0 AppleWebKit/537.36 (KHTML, like Gecko; compatible; ClaudeBot/1.0; +claudebot@anthropic.com)"
172.239.50.62 - - [16/Apr/2026:08:06:57 -0600] "GET /wp-content/plugins/post-category-image-with-grid-and-slider/release_notes.txt HTTP/1.1" 500 2576 "-" "Mozilla/5.0 (Windows NT 10.0; Win64; x64) AppleWebKit/537.36 (KHTML, like Gecko) Chrome/133.0.0.0 Safari/537.36"
216.73.216.99 - - [16/Apr/2026:08:07:02 -0600] "GET /shop-goods/detail-829179722513 HTTP/1.1" 500 2576 "-" "Mozilla/5.0 AppleWebKit/537.36 (KHTML, like Gecko; compatible; ClaudeBot/1.0; +claudebot@anthropic.com)"
216.73.216.99 - - [16/Apr/2026:08:07:08 -0600] "GET /shop-goods/detail-829125703648 HTTP/1.1" 500 2576 "-" "Mozilla/5.0 AppleWebKit/537.36 (KHTML, like Gecko; compatible; ClaudeBot/1.0; +claudebot@anthropic.com)"
216.73.216.99 - - [16/Apr/2026:08:07:12 -0600] "GET /shop-goods/detail-828927522350 HTTP/1.1" 500 2576 "-" "Mozilla/5.0 AppleWebKit/537.36 (KHTML, like Gecko; compatible; ClaudeBot/1.0; +claudebot@anthropic.com)"
216.73.216.99 - - [16/Apr/2026:08:07:18 -0600] "GET /shop-goods/detail-829229197279 HTTP/1.1" 500 2576 "-" "Mozilla/5.0 AppleWebKit/537.36 (KHTML, like Gecko; compatible; ClaudeBot/1.0; +claudebot@anthropic.com)"
216.73.216.99 - - [16/Apr/2026:08:07:22 -0600] "GET /shop-goods/detail-829170748881 HTTP/1.1" 500 2576 "-" "Mozilla/5.0 AppleWebKit/537.36 (KHTML, like Gecko; compatible; ClaudeBot/1.0; +claudebot@anthropic.com)"
216.73.216.99 - - [16/Apr/2026:08:07:27 -0600] "GET /shop-goods/detail-828942613163 HTTP/1.1" 500 2576 "-" "Mozilla/5.0 AppleWebKit/537.36 (KHTML, like Gecko; compatible; ClaudeBot/1.0; +claudebot@anthropic.com)"
216.73.216.99 - - [16/Apr/2026:08:07:32 -0600] "GET /shop-goods/detail-829043218493 HTTP/1.1" 500 2576 "-" "Mozilla/5.0 AppleWebKit/537.36 (KHTML, like Gecko; compatible; ClaudeBot/1.0; +claudebot@anthropic.com)"
216.73.216.99 - - [16/Apr/2026:08:07:37 -0600] "GET /shop-goods/detail-829229347535 HTTP/1.1" 500 2576 "-" "Mozilla/5.0 AppleWebKit/537.36 (KHTML, like Gecko; compatible; ClaudeBot/1.0; +claudebot@anthropic.com)"
216.73.216.99 - - [16/Apr/2026:08:07:42 -0600] "GET /shop-goods/detail-829173918506 HTTP/1.1" 500 2576 "-" "Mozilla/5.0 AppleWebKit/537.36 (KHTML, like Gecko; compatible; ClaudeBot/1.0; +claudebot@anthropic.com)"
216.73.216.99 - - [16/Apr/2026:08:07:47 -0600] "GET /shop-goods/detail-82922071319 HTTP/1.1" 500 2576 "-" "Mozilla/5.0 AppleWebKit/537.36 (KHTML, like Gecko; compatible; ClaudeBot/1.0; +claudebot@anthropic.com)"
74.7.227.52 - - [16/Apr/2026:08:07:49 -0600] "GET /shop-goods/detail-829317746194 HTTP/1.1" 500 2576 "https://twb.ebh.mybluehost.me/sitemap_shop_941.xml" "Mozilla/5.0 AppleWebKit/537.36 (KHTML, like Gecko; compatible; GPTBot/1.3; +https://openai.com/gptbot)"
216.73.216.99 - - [16/Apr/2026:08:07:52 -0600] "GET /shop-goods/detail-829344519881 HTTP/1.1" 500 2576 "-" "Mozilla/5.0 AppleWebKit/537.36 (KHTML, like Gecko; compatible; ClaudeBot/1.0; +claudebot@anthropic.com)"
216.73.216.99 - - [16/Apr/2026:08:07:57 -0600] "GET /shop-goods/detail-828915946039 HTTP/1.1" 500 2576 "-" "Mozilla/5.0 AppleWebKit/537.36 (KHTML, like Gecko; compatible; ClaudeBot/1.0; +claudebot@anthropic.com)"
216.73.216.99 - - [16/Apr/2026:08:08:03 -0600] "GET /shop-goods/detail-829143906538 HTTP/1.1" 500 2576 "-" "Mozilla/5.0 AppleWebKit/537.36 (KHTML, like Gecko; compatible; ClaudeBot/1.0; +claudebot@anthropic.com)"
216.73.216.99 - - [16/Apr/2026:08:08:08 -0600] "GET /shop-goods/detail-829244213939 HTTP/1.1" 500 2576 "-" "Mozilla/5.0 AppleWebKit/537.36 (KHTML, like Gecko; compatible; ClaudeBot/1.0; +claudebot@anthropic.com)"
216.73.216.99 - - [16/Apr/2026:08:08:13 -0600] "GET /shop-goods/detail-829229071423 HTTP/1.1" 500 2576 "-" "Mozilla/5.0 AppleWebKit/537.36 (KHTML, like Gecko; compatible; ClaudeBot/1.0; +claudebot@anthropic.com)"
47.128.44.239 - - [16/Apr/2026:08:08:15 -0600] "GET /shop-goods/detail-82901420190 HTTP/1.1" 500 2576 "-" "Mozilla/5.0 (Linux; Android 5.0) AppleWebKit/537.36 (KHTML, like Gecko) Mobile Safari/537.36 (compatible; Bytespider; spider-feedback@bytedance.com)"
216.73.216.99 - - [16/Apr/2026:08:08:18 -0600] "GET /shop-goods/detail-829229192732 HTTP/1.1" 500 2576 "-" "Mozilla/5.0 AppleWebKit/537.36 (KHTML, like Gecko; compatible; ClaudeBot/1.0; +claudebot@anthropic.com)"
216.73.216.99 - - [16/Apr/2026:08:08:23 -0600] "GET /shop-goods/detail-828945613881 HTTP/1.1" 500 2576 "-" "Mozilla/5.0 AppleWebKit/537.36 (KHTML, like Gecko; compatible; ClaudeBot/1.0; +claudebot@anthropic.com)"
216.73.216.99 - - [16/Apr/2026:08:08:24 -0600] "GET /shop-goods/detail-82883440753 HTTP/1.1" 500 2576 "-" "Mozilla/5.0 AppleWebKit/537.36 (KHTML, like Gecko; compatible; ClaudeBot/1.0; +claudebot@anthropic.com)"
216.73.216.99 - - [16/Apr/2026:08:08:28 -0600] "GET /shop-goods/detail-829244219593 HTTP/1.1" 500 2576 "-" "Mozilla/5.0 AppleWebKit/537.36 (KHTML, like Gecko; compatible; ClaudeBot/1.0; +claudebot@anthropic.com)"
216.73.216.99 - - [16/Apr/2026:08:08:29 -0600] "GET /shop-goods/detail-82932705970 HTTP/1.1" 500 2576 "-" "Mozilla/5.0 AppleWebKit/537.36 (KHTML, like Gecko; compatible; ClaudeBot/1.0; +claudebot@anthropic.com)"
216.73.216.99 - - [16/Apr/2026:08:08:34 -0600] "GET /shop-goods/detail-82883422174 HTTP/1.1" 500 2576 "-" "Mozilla/5.0 AppleWebKit/537.36 (KHTML, like Gecko; compatible; ClaudeBot/1.0; +claudebot@anthropic.com)"
216.73.216.99 - - [16/Apr/2026:08:08:39 -0600] "GET /shop-goods/detail-82932850962 HTTP/1.1" 500 2576 "-" "Mozilla/5.0 AppleWebKit/537.36 (KHTML, like Gecko; compatible; ClaudeBot/1.0; +claudebot@anthropic.com)"
216.73.216.99 - - [16/Apr/2026:08:08:44 -0600] "GET /shop-goods/detail-82886039063 HTTP/1.1" 500 2576 "-" "Mozilla/5.0 AppleWebKit/537.36 (KHTML, like Gecko; compatible; ClaudeBot/1.0; +claudebot@anthropic.com)"
216.73.216.99 - - [16/Apr/2026:08:08:49 -0600] "GET /shop-goods/detail-82886464378 HTTP/1.1" 500 2576 "-" "Mozilla/5.0 AppleWebKit/537.36 (KHTML, like Gecko; compatible; ClaudeBot/1.0; +claudebot@anthropic.com)"
216.73.216.99 - - [16/Apr/2026:08:08:54 -0600] "GET /shop-goods/detail-82893899485 HTTP/1.1" 500 2576 "-" "Mozilla/5.0 AppleWebKit/537.36 (KHTML, like Gecko; compatible; ClaudeBot/1.0; +claudebot@anthropic.com)"
74.7.227.52 - - [16/Apr/2026:08:08:54 -0600] "GET /shop-goods/detail-829311645083 HTTP/1.1" 500 2576 "https://twb.ebh.mybluehost.me/sitemap_index.xml" "Mozilla/5.0 AppleWebKit/537.36 (KHTML, like Gecko; compatible; GPTBot/1.3; +https://openai.com/gptbot)"
216.73.216.99 - - [16/Apr/2026:08:09:00 -0600] "GET /shop-goods/detail-82883212939 HTTP/1.1" 500 2576 "-" "Mozilla/5.0 AppleWebKit/537.36 (KHTML, like Gecko; compatible; ClaudeBot/1.0; +claudebot@anthropic.com)"
216.73.216.99 - - [16/Apr/2026:08:09:04 -0600] "GET /shop-goods/detail-82883070903 HTTP/1.1" 500 2576 "-" "Mozilla/5.0 AppleWebKit/537.36 (KHTML, like Gecko; compatible; ClaudeBot/1.0; +claudebot@anthropic.com)"
216.73.216.99 - - [16/Apr/2026:08:09:09 -0600] "GET /shop-goods/detail-828899462872 HTTP/1.1" 500 2576 "-" "Mozilla/5.0 AppleWebKit/537.36 (KHTML, like Gecko; compatible; ClaudeBot/1.0; +claudebot@anthropic.com)"
40.77.167.61 - - [16/Apr/2026:08:09:09 -0600] "GET /shop-goods/detail-82901339358 HTTP/1.1" 200 202142 "-" "Mozilla/5.0 AppleWebKit/537.36 (KHTML, like Gecko; compatible; bingbot/2.0; +http://www.bing.com/bingbot.htm) Chrome/116.0.1938.76 Safari/537.36"
216.73.216.99 - - [16/Apr/2026:08:09:14 -0600] "GET /shop-goods/detail-82886024974 HTTP/1.1" 500 2576 "-" "Mozilla/5.0 AppleWebKit/537.36 (KHTML, like Gecko; compatible; ClaudeBot/1.0; +claudebot@anthropic.com)"
216.73.216.99 - - [16/Apr/2026:08:09:19 -0600] "GET /shop-goods/detail-82893640147 HTTP/1.1" 500 2576 "-" "Mozilla/5.0 AppleWebKit/537.36 (KHTML, like Gecko; compatible; ClaudeBot/1.0; +claudebot@anthropic.com)"
216.73.216.99 - - [16/Apr/2026:08:09:24 -0600] "GET /shop-goods/detail-829314940918 HTTP/1.1" 500 2576 "-" "Mozilla/5.0 AppleWebKit/537.36 (KHTML, like Gecko; compatible; ClaudeBot/1.0; +claudebot@anthropic.com)"
216.73.216.99 - - [16/Apr/2026:08:09:29 -0600] "GET /shop-goods/detail-82886480895 HTTP/1.1" 500 2576 "-" "Mozilla/5.0 AppleWebKit/537.36 (KHTML, like Gecko; compatible; ClaudeBot/1.0; +claudebot@anthropic.com)"
216.73.216.99 - - [16/Apr/2026:08:09:34 -0600] "GET /shop-goods/detail-82883323115 HTTP/1.1" 500 2576 "-" "Mozilla/5.0 AppleWebKit/537.36 (KHTML, like Gecko; compatible; ClaudeBot/1.0; +claudebot@anthropic.com)"
216.73.216.99 - - [16/Apr/2026:08:09:39 -0600] "GET /shop-goods/detail-829188616111 HTTP/1.1" 500 2576 "-" "Mozilla/5.0 AppleWebKit/537.36 (KHTML, like Gecko; compatible; ClaudeBot/1.0; +claudebot@anthropic.com)"
52.167.144.19 - - [16/Apr/2026:08:09:39 -0600] "GET /shop-goods/detail-8288269516 HTTP/1.1" 200 193509 "-" "Mozilla/5.0 AppleWebKit/537.36 (KHTML, like Gecko; compatible; bingbot/2.0; +http://www.bing.com/bingbot.htm) Chrome/116.0.1938.76 Safari/537.36"
216.73.216.99 - - [16/Apr/2026:08:09:44 -0600] "GET /shop-goods/detail-82907348908 HTTP/1.1" 500 2576 "-" "Mozilla/5.0 AppleWebKit/537.36 (KHTML, like Gecko; compatible; ClaudeBot/1.0; +claudebot@anthropic.com)"
216.73.216.99 - - [16/Apr/2026:08:09:49 -0600] "GET /shop-goods/detail-82883312504 HTTP/1.1" 500 2576 "-" "Mozilla/5.0 AppleWebKit/537.36 (KHTML, like Gecko; compatible; ClaudeBot/1.0; +claudebot@anthropic.com)"
216.73.216.99 - - [16/Apr/2026:08:09:54 -0600] "GET /shop-goods/detail-82932992889 HTTP/1.1" 500 2576 "-" "Mozilla/5.0 AppleWebKit/537.36 (KHTML, like Gecko; compatible; ClaudeBot/1.0; +claudebot@anthropic.com)"
74.7.227.52 - - [16/Apr/2026:08:09:55 -0600] "GET /shop-goods/detail-829317832549 HTTP/1.1" 500 2576 "https://twb.ebh.mybluehost.me/sitemap_shop_941.xml" "Mozilla/5.0 AppleWebKit/537.36 (KHTML, like Gecko; compatible; GPTBot/1.3; +https://openai.com/gptbot)"
216.73.216.99 - - [16/Apr/2026:08:09:59 -0600] "GET /shop-goods/detail-829013336668 HTTP/1.1" 500 2576 "-" "Mozilla/5.0 AppleWebKit/537.36 (KHTML, like Gecko; compatible; ClaudeBot/1.0; +claudebot@anthropic.com)"
