3.143.162.210 - - [16/Apr/2026:11:13:01 -0600] "GET / HTTP/1.1" 500 2576 "-" "visionheight.com/scan Mozilla/5.0 (Macintosh; Intel Mac OS X 10_15_7) Chrome/126.0.0.0 Safari/537.36"
216.73.216.99 - - [16/Apr/2026:11:13:02 -0600] "GET /shop-goods/detail-828921933791 HTTP/1.1" 500 2576 "-" "Mozilla/5.0 AppleWebKit/537.36 (KHTML, like Gecko; compatible; ClaudeBot/1.0; +claudebot@anthropic.com)"
216.73.216.99 - - [16/Apr/2026:11:13:05 -0600] "GET /shop-goods/detail-829137558616 HTTP/1.1" 500 2576 "-" "Mozilla/5.0 AppleWebKit/537.36 (KHTML, like Gecko; compatible; ClaudeBot/1.0; +claudebot@anthropic.com)"
216.73.216.99 - - [16/Apr/2026:11:13:07 -0600] "GET /shop-goods/detail-82904171917 HTTP/1.1" 500 2576 "-" "Mozilla/5.0 AppleWebKit/537.36 (KHTML, like Gecko; compatible; ClaudeBot/1.0; +claudebot@anthropic.com)"
216.73.216.99 - - [16/Apr/2026:11:13:10 -0600] "GET /shop-goods/detail-82935956987 HTTP/1.1" 500 2576 "-" "Mozilla/5.0 AppleWebKit/537.36 (KHTML, like Gecko; compatible; ClaudeBot/1.0; +claudebot@anthropic.com)"
216.73.216.99 - - [16/Apr/2026:11:13:15 -0600] "GET /shop-goods/detail-82889283264 HTTP/1.1" 500 2576 "-" "Mozilla/5.0 AppleWebKit/537.36 (KHTML, like Gecko; compatible; ClaudeBot/1.0; +claudebot@anthropic.com)"
40.77.167.14 - - [16/Apr/2026:11:13:17 -0600] "GET /shop-goods/detail-82901121838 HTTP/1.1" 200 206192 "-" "Mozilla/5.0 AppleWebKit/537.36 (KHTML, like Gecko; compatible; bingbot/2.0; +http://www.bing.com/bingbot.htm) Chrome/116.0.1938.76 Safari/537.36"
74.7.227.52 - - [16/Apr/2026:11:13:19 -0600] "GET /shop-goods/detail-8290103351818 HTTP/1.1" 500 2576 "https://twb.ebh.mybluehost.me/sitemap_shop_461.xml" "Mozilla/5.0 AppleWebKit/537.36 (KHTML, like Gecko; compatible; GPTBot/1.3; +https://openai.com/gptbot)"
216.73.216.99 - - [16/Apr/2026:11:13:20 -0600] "GET /shop-goods/detail-82932729115 HTTP/1.1" 500 2576 "-" "Mozilla/5.0 AppleWebKit/537.36 (KHTML, like Gecko; compatible; ClaudeBot/1.0; +claudebot@anthropic.com)"
216.73.216.99 - - [16/Apr/2026:11:13:25 -0600] "GET /shop-goods/detail-8288401710 HTTP/1.1" 500 2576 "-" "Mozilla/5.0 AppleWebKit/537.36 (KHTML, like Gecko; compatible; ClaudeBot/1.0; +claudebot@anthropic.com)"
216.73.216.99 - - [16/Apr/2026:11:13:30 -0600] "GET /shop-goods/detail-82932638795 HTTP/1.1" 500 2576 "-" "Mozilla/5.0 AppleWebKit/537.36 (KHTML, like Gecko; compatible; ClaudeBot/1.0; +claudebot@anthropic.com)"
216.73.216.99 - - [16/Apr/2026:11:13:35 -0600] "GET /shop-goods/detail-829314974101 HTTP/1.1" 500 2576 "-" "Mozilla/5.0 AppleWebKit/537.36 (KHTML, like Gecko; compatible; ClaudeBot/1.0; +claudebot@anthropic.com)"
216.73.216.99 - - [16/Apr/2026:11:13:40 -0600] "GET /shop-goods/detail-82935893367 HTTP/1.1" 500 2576 "-" "Mozilla/5.0 AppleWebKit/537.36 (KHTML, like Gecko; compatible; ClaudeBot/1.0; +claudebot@anthropic.com)"
216.73.216.99 - - [16/Apr/2026:11:13:45 -0600] "GET /shop-goods/detail-82883210691 HTTP/1.1" 500 2576 "-" "Mozilla/5.0 AppleWebKit/537.36 (KHTML, like Gecko; compatible; ClaudeBot/1.0; +claudebot@anthropic.com)"
216.73.216.99 - - [16/Apr/2026:11:13:50 -0600] "GET /shop-goods/detail-828818104967 HTTP/1.1" 500 2576 "-" "Mozilla/5.0 AppleWebKit/537.36 (KHTML, like Gecko; compatible; ClaudeBot/1.0; +claudebot@anthropic.com)"
216.73.216.99 - - [16/Apr/2026:11:13:55 -0600] "GET /shop-goods/detail-82889408036 HTTP/1.1" 500 2576 "-" "Mozilla/5.0 AppleWebKit/537.36 (KHTML, like Gecko; compatible; ClaudeBot/1.0; +claudebot@anthropic.com)"
216.73.216.99 - - [16/Apr/2026:11:14:00 -0600] "GET /shop-goods/detail-828818264987 HTTP/1.1" 500 2576 "-" "Mozilla/5.0 AppleWebKit/537.36 (KHTML, like Gecko; compatible; ClaudeBot/1.0; +claudebot@anthropic.com)"
216.73.216.99 - - [16/Apr/2026:11:14:05 -0600] "GET /shop-goods/detail-82886036483 HTTP/1.1" 500 2576 "-" "Mozilla/5.0 AppleWebKit/537.36 (KHTML, like Gecko; compatible; ClaudeBot/1.0; +claudebot@anthropic.com)"
216.73.216.99 - - [16/Apr/2026:11:14:10 -0600] "GET /shop-goods/detail-829116745554 HTTP/1.1" 500 2576 "-" "Mozilla/5.0 AppleWebKit/537.36 (KHTML, like Gecko; compatible; ClaudeBot/1.0; +claudebot@anthropic.com)"
223.109.255.190 - - [16/Apr/2026:11:14:10 -0600] "GET /wp-content/uploads/2022/12/lomad-largest-women-owned-biz-graphic-2022.jpg HTTP/1.1" 200 203373 "http://pic.sogou.com" "Sogou Pic Spider/3.0(+http://www.sogou.com/docs/help/webmasters.htm#07)"
216.73.216.99 - - [16/Apr/2026:11:14:15 -0600] "GET /shop-goods/detail-82904022191 HTTP/1.1" 500 2576 "-" "Mozilla/5.0 AppleWebKit/537.36 (KHTML, like Gecko; compatible; ClaudeBot/1.0; +claudebot@anthropic.com)"
66.249.74.68 - - [16/Apr/2026:11:14:18 -0600] "GET /shop-goods/detail-8289654240 HTTP/1.1" 200 199022 "-" "Mozilla/5.0 (Linux; Android 6.0.1; Nexus 5X Build/MMB29P) AppleWebKit/537.36 (KHTML, like Gecko) Chrome/146.0.7680.177 Mobile Safari/537.36 (compatible; Googlebot/2.1; +http://www.google.com/bot.html)"
216.73.216.99 - - [16/Apr/2026:11:14:20 -0600] "GET /shop-goods/detail-82883488877 HTTP/1.1" 500 2576 "-" "Mozilla/5.0 AppleWebKit/537.36 (KHTML, like Gecko; compatible; ClaudeBot/1.0; +claudebot@anthropic.com)"
74.7.227.52 - - [16/Apr/2026:11:14:25 -0600] "GET /shop-goods/detail-8292101049689 HTTP/1.1" 500 2576 "https://twb.ebh.mybluehost.me/sitemap_shop_461.xml" "Mozilla/5.0 AppleWebKit/537.36 (KHTML, like Gecko; compatible; GPTBot/1.3; +https://openai.com/gptbot)"
216.73.216.99 - - [16/Apr/2026:11:14:25 -0600] "GET /shop-goods/detail-828984889779 HTTP/1.1" 500 2576 "-" "Mozilla/5.0 AppleWebKit/537.36 (KHTML, like Gecko; compatible; ClaudeBot/1.0; +claudebot@anthropic.com)"
40.77.167.20 - - [16/Apr/2026:11:14:28 -0600] "GET /shop/c/c82881000028/ HTTP/1.1" 200 191614 "-" "Mozilla/5.0 AppleWebKit/537.36 (KHTML, like Gecko; compatible; bingbot/2.0; +http://www.bing.com/bingbot.htm) Chrome/116.0.1938.76 Safari/537.36"
216.73.216.99 - - [16/Apr/2026:11:14:30 -0600] "GET /shop-goods/detail-82907335577 HTTP/1.1" 500 2576 "-" "Mozilla/5.0 AppleWebKit/537.36 (KHTML, like Gecko; compatible; ClaudeBot/1.0; +claudebot@anthropic.com)"
216.73.216.99 - - [16/Apr/2026:11:14:35 -0600] "GET /shop-goods/detail-82935972283 HTTP/1.1" 500 2576 "-" "Mozilla/5.0 AppleWebKit/537.36 (KHTML, like Gecko; compatible; ClaudeBot/1.0; +claudebot@anthropic.com)"
216.73.216.99 - - [16/Apr/2026:11:14:40 -0600] "GET /shop-goods/detail-828884036749 HTTP/1.1" 500 2576 "-" "Mozilla/5.0 AppleWebKit/537.36 (KHTML, like Gecko; compatible; ClaudeBot/1.0; +claudebot@anthropic.com)"
216.73.216.99 - - [16/Apr/2026:11:14:45 -0600] "GET /shop-goods/detail-82883228912 HTTP/1.1" 500 2576 "-" "Mozilla/5.0 AppleWebKit/537.36 (KHTML, like Gecko; compatible; ClaudeBot/1.0; +claudebot@anthropic.com)"
216.73.216.99 - - [16/Apr/2026:11:14:50 -0600] "GET /shop-goods/detail-82935595161 HTTP/1.1" 500 2576 "-" "Mozilla/5.0 AppleWebKit/537.36 (KHTML, like Gecko; compatible; ClaudeBot/1.0; +claudebot@anthropic.com)"
216.73.216.99 - - [16/Apr/2026:11:14:55 -0600] "GET /shop-goods/detail-8288327685 HTTP/1.1" 500 2576 "-" "Mozilla/5.0 AppleWebKit/537.36 (KHTML, like Gecko; compatible; ClaudeBot/1.0; +claudebot@anthropic.com)"
216.73.216.99 - - [16/Apr/2026:11:15:00 -0600] "GET /shop-goods/detail-82935907963 HTTP/1.1" 500 2576 "-" "Mozilla/5.0 AppleWebKit/537.36 (KHTML, like Gecko; compatible; ClaudeBot/1.0; +claudebot@anthropic.com)"
216.73.216.99 - - [16/Apr/2026:11:15:05 -0600] "GET /shop-goods/detail-82925459799 HTTP/1.1" 500 2576 "-" "Mozilla/5.0 AppleWebKit/537.36 (KHTML, like Gecko; compatible; ClaudeBot/1.0; +claudebot@anthropic.com)"
216.73.216.99 - - [16/Apr/2026:11:15:10 -0600] "GET /shop-goods/detail-829085484867 HTTP/1.1" 500 2576 "-" "Mozilla/5.0 AppleWebKit/537.36 (KHTML, like Gecko; compatible; ClaudeBot/1.0; +claudebot@anthropic.com)"
216.73.216.99 - - [16/Apr/2026:11:15:15 -0600] "GET /shop-goods/detail-82904029593 HTTP/1.1" 500 2576 "-" "Mozilla/5.0 AppleWebKit/537.36 (KHTML, like Gecko; compatible; ClaudeBot/1.0; +claudebot@anthropic.com)"
216.73.216.99 - - [16/Apr/2026:11:15:20 -0600] "GET /shop-goods/detail-82907476885 HTTP/1.1" 500 2576 "-" "Mozilla/5.0 AppleWebKit/537.36 (KHTML, like Gecko; compatible; ClaudeBot/1.0; +claudebot@anthropic.com)"
216.73.216.99 - - [16/Apr/2026:11:15:25 -0600] "GET /shop-goods/detail-828999906680 HTTP/1.1" 500 2576 "-" "Mozilla/5.0 AppleWebKit/537.36 (KHTML, like Gecko; compatible; ClaudeBot/1.0; +claudebot@anthropic.com)"
74.7.227.52 - - [16/Apr/2026:11:15:28 -0600] "GET /shop-goods/detail-8291100916341 HTTP/1.1" 500 2576 "https://twb.ebh.mybluehost.me/sitemap_shop_461.xml" "Mozilla/5.0 AppleWebKit/537.36 (KHTML, like Gecko; compatible; GPTBot/1.3; +https://openai.com/gptbot)"
216.73.216.99 - - [16/Apr/2026:11:15:30 -0600] "GET /shop-goods/detail-82889228513 HTTP/1.1" 500 2576 "-" "Mozilla/5.0 AppleWebKit/537.36 (KHTML, like Gecko; compatible; ClaudeBot/1.0; +claudebot@anthropic.com)"
216.73.216.99 - - [16/Apr/2026:11:15:35 -0600] "GET /shop-goods/detail-82904310065 HTTP/1.1" 500 2576 "-" "Mozilla/5.0 AppleWebKit/537.36 (KHTML, like Gecko; compatible; ClaudeBot/1.0; +claudebot@anthropic.com)"
216.73.216.99 - - [16/Apr/2026:11:15:40 -0600] "GET /shop-goods/detail-82932616740 HTTP/1.1" 500 2576 "-" "Mozilla/5.0 AppleWebKit/537.36 (KHTML, like Gecko; compatible; ClaudeBot/1.0; +claudebot@anthropic.com)"
216.73.216.99 - - [16/Apr/2026:11:15:45 -0600] "GET /shop-goods/detail-82901047495 HTTP/1.1" 500 2576 "-" "Mozilla/5.0 AppleWebKit/537.36 (KHTML, like Gecko; compatible; ClaudeBot/1.0; +claudebot@anthropic.com)"
216.73.216.99 - - [16/Apr/2026:11:15:50 -0600] "GET /shop-goods/detail-82928048504 HTTP/1.1" 500 2576 "-" "Mozilla/5.0 AppleWebKit/537.36 (KHTML, like Gecko; compatible; ClaudeBot/1.0; +claudebot@anthropic.com)"
216.73.216.99 - - [16/Apr/2026:11:15:55 -0600] "GET /shop-goods/detail-82896828862 HTTP/1.1" 500 2576 "-" "Mozilla/5.0 AppleWebKit/537.36 (KHTML, like Gecko; compatible; ClaudeBot/1.0; +claudebot@anthropic.com)"
216.73.216.99 - - [16/Apr/2026:11:16:00 -0600] "GET /shop-goods/detail-828878138064 HTTP/1.1" 500 2576 "-" "Mozilla/5.0 AppleWebKit/537.36 (KHTML, like Gecko; compatible; ClaudeBot/1.0; +claudebot@anthropic.com)"
216.73.216.99 - - [16/Apr/2026:11:16:05 -0600] "GET /shop-goods/detail-82935522358 HTTP/1.1" 500 2576 "-" "Mozilla/5.0 AppleWebKit/537.36 (KHTML, like Gecko; compatible; ClaudeBot/1.0; +claudebot@anthropic.com)"
172.239.50.62 - - [16/Apr/2026:11:16:08 -0600] "GET /wp-content/plugins/wp-featured-content-and-slider/readme.txt HTTP/1.1" 500 2576 "-" "Mozilla/5.0 (Windows NT 10.0; Win64; x64) AppleWebKit/537.36 (KHTML, like Gecko) Chrome/133.0.0.0 Safari/537.36"
47.128.44.57 - - [16/Apr/2026:11:16:08 -0600] "GET /shop-goods/detail-82911646879 HTTP/1.1" 500 2576 "-" "Mozilla/5.0 (Linux; Android 5.0) AppleWebKit/537.36 (KHTML, like Gecko) Mobile Safari/537.36 (compatible; Bytespider; spider-feedback@bytedance.com)"
172.239.50.62 - - [16/Apr/2026:11:16:09 -0600] "GET /wp-content/plugins/wp-featured-content-and-slider/release_notes.txt HTTP/1.1" 500 2576 "-" "Mozilla/5.0 (Windows NT 10.0; Win64; x64) AppleWebKit/537.36 (KHTML, like Gecko) Chrome/133.0.0.0 Safari/537.36"
216.73.216.99 - - [16/Apr/2026:11:16:10 -0600] "GET /shop-goods/detail-828836348422 HTTP/1.1" 500 2576 "-" "Mozilla/5.0 AppleWebKit/537.36 (KHTML, like Gecko; compatible; ClaudeBot/1.0; +claudebot@anthropic.com)"
216.73.216.99 - - [16/Apr/2026:11:16:16 -0600] "GET /shop-goods/detail-828878474889 HTTP/1.1" 500 2576 "-" "Mozilla/5.0 AppleWebKit/537.36 (KHTML, like Gecko; compatible; ClaudeBot/1.0; +claudebot@anthropic.com)"
216.73.216.99 - - [16/Apr/2026:11:16:20 -0600] "GET /shop-goods/detail-82932690122 HTTP/1.1" 500 2576 "-" "Mozilla/5.0 AppleWebKit/537.36 (KHTML, like Gecko; compatible; ClaudeBot/1.0; +claudebot@anthropic.com)"
216.73.216.99 - - [16/Apr/2026:11:16:25 -0600] "GET /shop-goods/detail-829019169082 HTTP/1.1" 500 2576 "-" "Mozilla/5.0 AppleWebKit/537.36 (KHTML, like Gecko; compatible; ClaudeBot/1.0; +claudebot@anthropic.com)"
40.77.167.20 - - [16/Apr/2026:11:16:26 -0600] "GET /shop-goods/detail-828830794 HTTP/1.1" 200 197441 "-" "Mozilla/5.0 AppleWebKit/537.36 (KHTML, like Gecko; compatible; bingbot/2.0; +http://www.bing.com/bingbot.htm) Chrome/116.0.1938.76 Safari/537.36"
216.73.216.99 - - [16/Apr/2026:11:16:30 -0600] "GET /shop-goods/detail-82886091960 HTTP/1.1" 500 2576 "-" "Mozilla/5.0 AppleWebKit/537.36 (KHTML, like Gecko; compatible; ClaudeBot/1.0; +claudebot@anthropic.com)"
66.249.74.75 - - [16/Apr/2026:11:16:32 -0600] "GET /shop-goods/detail-8289890754 HTTP/1.1" 200 191938 "-" "Mozilla/5.0 (Linux; Android 6.0.1; Nexus 5X Build/MMB29P) AppleWebKit/537.36 (KHTML, like Gecko) Chrome/146.0.7680.177 Mobile Safari/537.36 (compatible; Googlebot/2.1; +http://www.google.com/bot.html)"
74.7.227.52 - - [16/Apr/2026:11:16:33 -0600] "GET /shop-goods/detail-8291100970934 HTTP/1.1" 500 2576 "https://twb.ebh.mybluehost.me/sitemap_shop_461.xml" "Mozilla/5.0 AppleWebKit/537.36 (KHTML, like Gecko; compatible; GPTBot/1.3; +https://openai.com/gptbot)"
216.73.216.99 - - [16/Apr/2026:11:16:36 -0600] "GET /shop-goods/detail-82883015405 HTTP/1.1" 500 2576 "-" "Mozilla/5.0 AppleWebKit/537.36 (KHTML, like Gecko; compatible; ClaudeBot/1.0; +claudebot@anthropic.com)"
216.73.216.99 - - [16/Apr/2026:11:16:41 -0600] "GET /shop-goods/detail-82935760183 HTTP/1.1" 500 2576 "-" "Mozilla/5.0 AppleWebKit/537.36 (KHTML, like Gecko; compatible; ClaudeBot/1.0; +claudebot@anthropic.com)"
216.73.216.99 - - [16/Apr/2026:11:16:42 -0600] "GET /shop-goods/detail-82904413586 HTTP/1.1" 500 2576 "-" "Mozilla/5.0 AppleWebKit/537.36 (KHTML, like Gecko; compatible; ClaudeBot/1.0; +claudebot@anthropic.com)"
216.73.216.99 - - [16/Apr/2026:11:16:46 -0600] "GET /shop-goods/detail-82932607785 HTTP/1.1" 500 2576 "-" "Mozilla/5.0 AppleWebKit/537.36 (KHTML, like Gecko; compatible; ClaudeBot/1.0; +claudebot@anthropic.com)"
216.73.216.99 - - [16/Apr/2026:11:16:52 -0600] "GET /shop-goods/detail-829010301385 HTTP/1.1" 500 2576 "-" "Mozilla/5.0 AppleWebKit/537.36 (KHTML, like Gecko; compatible; ClaudeBot/1.0; +claudebot@anthropic.com)"
216.73.216.99 - - [16/Apr/2026:11:16:56 -0600] "GET /shop-goods/detail-82907135149 HTTP/1.1" 500 2576 "-" "Mozilla/5.0 AppleWebKit/537.36 (KHTML, like Gecko; compatible; ClaudeBot/1.0; +claudebot@anthropic.com)"
216.73.216.99 - - [16/Apr/2026:11:17:01 -0600] "GET /shop-goods/detail-829010490737 HTTP/1.1" 500 2576 "-" "Mozilla/5.0 AppleWebKit/537.36 (KHTML, like Gecko; compatible; ClaudeBot/1.0; +claudebot@anthropic.com)"
216.73.216.99 - - [16/Apr/2026:11:17:07 -0600] "GET /shop-goods/detail-82889330816 HTTP/1.1" 500 2576 "-" "Mozilla/5.0 AppleWebKit/537.36 (KHTML, like Gecko; compatible; ClaudeBot/1.0; +claudebot@anthropic.com)"
20.15.133.175 - - [16/Apr/2026:11:17:10 -0600] "GET /shop-goods/detail-82911654106 HTTP/1.1" 200 197402 "-" "Mozilla/5.0 AppleWebKit/537.36 (KHTML, like Gecko; compatible; bingbot/2.0; +http://www.bing.com/bingbot.htm) Chrome/116.0.1938.76 Safari/537.36"
216.73.216.99 - - [16/Apr/2026:11:17:11 -0600] "GET /shop-goods/detail-82901019550 HTTP/1.1" 500 2576 "-" "Mozilla/5.0 AppleWebKit/537.36 (KHTML, like Gecko; compatible; ClaudeBot/1.0; +claudebot@anthropic.com)"
216.73.216.99 - - [16/Apr/2026:11:17:16 -0600] "GET /shop-goods/detail-82928217819 HTTP/1.1" 500 2576 "-" "Mozilla/5.0 AppleWebKit/537.36 (KHTML, like Gecko; compatible; ClaudeBot/1.0; +claudebot@anthropic.com)"
216.73.216.99 - - [16/Apr/2026:11:17:21 -0600] "GET /shop-goods/detail-82889066098 HTTP/1.1" 500 2576 "-" "Mozilla/5.0 AppleWebKit/537.36 (KHTML, like Gecko; compatible; ClaudeBot/1.0; +claudebot@anthropic.com)"
216.73.216.99 - - [16/Apr/2026:11:17:26 -0600] "GET /shop-goods/detail-82928402287 HTTP/1.1" 500 2576 "-" "Mozilla/5.0 AppleWebKit/537.36 (KHTML, like Gecko; compatible; ClaudeBot/1.0; +claudebot@anthropic.com)"
216.73.216.99 - - [16/Apr/2026:11:17:31 -0600] "GET /shop-goods/detail-82928028562 HTTP/1.1" 500 2576 "-" "Mozilla/5.0 AppleWebKit/537.36 (KHTML, like Gecko; compatible; ClaudeBot/1.0; +claudebot@anthropic.com)"
66.249.74.69 - - [16/Apr/2026:11:17:34 -0600] "GET /shop-goods/detail-82911627285 HTTP/1.1" 200 195590 "-" "Mozilla/5.0 (compatible; Googlebot/2.1; +http://www.google.com/bot.html)"
216.73.216.99 - - [16/Apr/2026:11:17:36 -0600] "GET /shop-goods/detail-829311544329 HTTP/1.1" 500 2576 "-" "Mozilla/5.0 AppleWebKit/537.36 (KHTML, like Gecko; compatible; ClaudeBot/1.0; +claudebot@anthropic.com)"
74.7.227.52 - - [16/Apr/2026:11:17:37 -0600] "GET /shop-goods/detail-8289102697791 HTTP/1.1" 500 2576 "https://twb.ebh.mybluehost.me/sitemap_shop_461.xml" "Mozilla/5.0 AppleWebKit/537.36 (KHTML, like Gecko; compatible; GPTBot/1.3; +https://openai.com/gptbot)"
216.73.216.99 - - [16/Apr/2026:11:17:41 -0600] "GET /shop-goods/detail-82932825455 HTTP/1.1" 500 2576 "-" "Mozilla/5.0 AppleWebKit/537.36 (KHTML, like Gecko; compatible; ClaudeBot/1.0; +claudebot@anthropic.com)"
216.73.216.99 - - [16/Apr/2026:11:17:46 -0600] "GET /shop-goods/detail-828818235944 HTTP/1.1" 500 2576 "-" "Mozilla/5.0 AppleWebKit/537.36 (KHTML, like Gecko; compatible; ClaudeBot/1.0; +claudebot@anthropic.com)"
195.178.110.159 - - [16/Apr/2026:11:17:49 -0600] "GET /.git/config HTTP/1.1" 500 2576 "-" "Mozilla/5.0 (Macintosh, Intel Mac OS X 10_15_7) AppleWebKit/605.1.15 (KHTML, like Gecko) Version/17.3.1 Safari/605.1.15"
20.15.133.163 - - [16/Apr/2026:11:17:50 -0600] "GET /shop-goods/detail-82901302580 HTTP/1.1" 200 192361 "-" "Mozilla/5.0 AppleWebKit/537.36 (KHTML, like Gecko; compatible; bingbot/2.0; +http://www.bing.com/bingbot.htm) Chrome/116.0.1938.76 Safari/537.36"
216.73.216.99 - - [16/Apr/2026:11:17:51 -0600] "GET /shop-goods/detail-82911501503 HTTP/1.1" 500 2576 "-" "Mozilla/5.0 AppleWebKit/537.36 (KHTML, like Gecko; compatible; ClaudeBot/1.0; +claudebot@anthropic.com)"
216.73.216.99 - - [16/Apr/2026:11:17:56 -0600] "GET /shop-goods/detail-829079043059 HTTP/1.1" 500 2576 "-" "Mozilla/5.0 AppleWebKit/537.36 (KHTML, like Gecko; compatible; ClaudeBot/1.0; +claudebot@anthropic.com)"
216.73.216.99 - - [16/Apr/2026:11:18:01 -0600] "GET /shop-goods/detail-829010030944 HTTP/1.1" 500 2576 "-" "Mozilla/5.0 AppleWebKit/537.36 (KHTML, like Gecko; compatible; ClaudeBot/1.0; +claudebot@anthropic.com)"
216.73.216.99 - - [16/Apr/2026:11:18:06 -0600] "GET /shop-goods/detail-828878384772 HTTP/1.1" 500 2576 "-" "Mozilla/5.0 AppleWebKit/537.36 (KHTML, like Gecko; compatible; ClaudeBot/1.0; +claudebot@anthropic.com)"
216.73.216.99 - - [16/Apr/2026:11:18:11 -0600] "GET /shop-goods/detail-82901069734 HTTP/1.1" 500 2576 "-" "Mozilla/5.0 AppleWebKit/537.36 (KHTML, like Gecko; compatible; ClaudeBot/1.0; +claudebot@anthropic.com)"
216.73.216.99 - - [16/Apr/2026:11:18:16 -0600] "GET /shop-goods/detail-82907426977 HTTP/1.1" 500 2576 "-" "Mozilla/5.0 AppleWebKit/537.36 (KHTML, like Gecko; compatible; ClaudeBot/1.0; +claudebot@anthropic.com)"
216.73.216.99 - - [16/Apr/2026:11:18:21 -0600] "GET /shop-goods/detail-82935757250 HTTP/1.1" 500 2576 "-" "Mozilla/5.0 AppleWebKit/537.36 (KHTML, like Gecko; compatible; ClaudeBot/1.0; +claudebot@anthropic.com)"
216.73.216.99 - - [16/Apr/2026:11:18:27 -0600] "GET /shop-goods/detail-82935653652 HTTP/1.1" 500 2576 "-" "Mozilla/5.0 AppleWebKit/537.36 (KHTML, like Gecko; compatible; ClaudeBot/1.0; +claudebot@anthropic.com)"
216.73.216.99 - - [16/Apr/2026:11:18:31 -0600] "GET /shop-goods/detail-8288102142109 HTTP/1.1" 500 2576 "-" "Mozilla/5.0 AppleWebKit/537.36 (KHTML, like Gecko; compatible; ClaudeBot/1.0; +claudebot@anthropic.com)"
216.73.216.99 - - [16/Apr/2026:11:18:36 -0600] "GET /shop-goods/detail-829010039908 HTTP/1.1" 500 2576 "-" "Mozilla/5.0 AppleWebKit/537.36 (KHTML, like Gecko; compatible; ClaudeBot/1.0; +claudebot@anthropic.com)"
216.73.216.99 - - [16/Apr/2026:11:18:41 -0600] "GET /shop-goods/detail-82904024904 HTTP/1.1" 500 2576 "-" "Mozilla/5.0 AppleWebKit/537.36 (KHTML, like Gecko; compatible; ClaudeBot/1.0; +claudebot@anthropic.com)"
74.7.227.52 - - [16/Apr/2026:11:18:42 -0600] "GET /shop-goods/detail-8290100198344 HTTP/1.1" 500 2576 "https://twb.ebh.mybluehost.me/sitemap_shop_461.xml" "Mozilla/5.0 AppleWebKit/537.36 (KHTML, like Gecko; compatible; GPTBot/1.3; +https://openai.com/gptbot)"
216.73.216.99 - - [16/Apr/2026:11:18:46 -0600] "GET /shop-goods/detail-829079457689 HTTP/1.1" 500 2576 "-" "Mozilla/5.0 AppleWebKit/537.36 (KHTML, like Gecko; compatible; ClaudeBot/1.0; +claudebot@anthropic.com)"
216.73.216.99 - - [16/Apr/2026:11:18:51 -0600] "GET /shop-goods/detail-82932826880 HTTP/1.1" 500 2576 "-" "Mozilla/5.0 AppleWebKit/537.36 (KHTML, like Gecko; compatible; ClaudeBot/1.0; +claudebot@anthropic.com)"
216.73.216.99 - - [16/Apr/2026:11:18:56 -0600] "GET /shop-goods/detail-82901276254 HTTP/1.1" 500 2576 "-" "Mozilla/5.0 AppleWebKit/537.36 (KHTML, like Gecko; compatible; ClaudeBot/1.0; +claudebot@anthropic.com)"
216.73.216.99 - - [16/Apr/2026:11:19:01 -0600] "GET /shop-goods/detail-82907156409 HTTP/1.1" 500 2576 "-" "Mozilla/5.0 AppleWebKit/537.36 (KHTML, like Gecko; compatible; ClaudeBot/1.0; +claudebot@anthropic.com)"
216.73.216.99 - - [16/Apr/2026:11:19:06 -0600] "GET /shop-goods/detail-82928493728 HTTP/1.1" 500 2576 "-" "Mozilla/5.0 AppleWebKit/537.36 (KHTML, like Gecko; compatible; ClaudeBot/1.0; +claudebot@anthropic.com)"
216.73.216.99 - - [16/Apr/2026:11:19:11 -0600] "GET /shop-goods/detail-82914708334 HTTP/1.1" 500 2576 "-" "Mozilla/5.0 AppleWebKit/537.36 (KHTML, like Gecko; compatible; ClaudeBot/1.0; +claudebot@anthropic.com)"
40.77.167.79 - - [16/Apr/2026:11:19:12 -0600] "GET /shop-goods/detail-82911689000 HTTP/1.1" 200 207535 "-" "Mozilla/5.0 AppleWebKit/537.36 (KHTML, like Gecko; compatible; bingbot/2.0; +http://www.bing.com/bingbot.htm) Chrome/116.0.1938.76 Safari/537.36"
216.73.216.99 - - [16/Apr/2026:11:19:16 -0600] "GET /shop-goods/detail-82922029944 HTTP/1.1" 500 2576 "-" "Mozilla/5.0 AppleWebKit/537.36 (KHTML, like Gecko; compatible; ClaudeBot/1.0; +claudebot@anthropic.com)"
216.73.216.99 - - [16/Apr/2026:11:19:21 -0600] "GET /shop-goods/detail-82886394306 HTTP/1.1" 500 2576 "-" "Mozilla/5.0 AppleWebKit/537.36 (KHTML, like Gecko; compatible; ClaudeBot/1.0; +claudebot@anthropic.com)"
216.73.216.99 - - [16/Apr/2026:11:19:26 -0600] "GET /shop-goods/detail-82914798049 HTTP/1.1" 500 2576 "-" "Mozilla/5.0 AppleWebKit/537.36 (KHTML, like Gecko; compatible; ClaudeBot/1.0; +claudebot@anthropic.com)"
216.73.216.99 - - [16/Apr/2026:11:19:31 -0600] "GET /shop-goods/detail-82914689974 HTTP/1.1" 500 2576 "-" "Mozilla/5.0 AppleWebKit/537.36 (KHTML, like Gecko; compatible; ClaudeBot/1.0; +claudebot@anthropic.com)"
195.178.110.159 - - [16/Apr/2026:11:19:35 -0600] "GET /.git/config HTTP/1.1" 500 2576 "-" "Mozilla/5.0 (Windows NT 10.0; WOW64) AppleWebKit/537.36 (KHTML, like Gecko) Chrome/50.0.2661.75 Safari/537.36"
216.73.216.99 - - [16/Apr/2026:11:19:36 -0600] "GET /shop-goods/detail-82893575840 HTTP/1.1" 500 2576 "-" "Mozilla/5.0 AppleWebKit/537.36 (KHTML, like Gecko; compatible; ClaudeBot/1.0; +claudebot@anthropic.com)"
216.73.216.99 - - [16/Apr/2026:11:19:41 -0600] "GET /shop-goods/detail-82886471543 HTTP/1.1" 500 2576 "-" "Mozilla/5.0 AppleWebKit/537.36 (KHTML, like Gecko; compatible; ClaudeBot/1.0; +claudebot@anthropic.com)"
74.7.227.52 - - [16/Apr/2026:11:19:44 -0600] "GET /shop-goods/detail-8293101825216 HTTP/1.1" 500 2576 "https://twb.ebh.mybluehost.me/sitemap_shop_461.xml" "Mozilla/5.0 AppleWebKit/537.36 (KHTML, like Gecko; compatible; GPTBot/1.3; +https://openai.com/gptbot)"
216.73.216.99 - - [16/Apr/2026:11:19:46 -0600] "GET /shop-goods/detail-828836291911 HTTP/1.1" 500 2576 "-" "Mozilla/5.0 AppleWebKit/537.36 (KHTML, like Gecko; compatible; ClaudeBot/1.0; +claudebot@anthropic.com)"
216.73.216.99 - - [16/Apr/2026:11:19:52 -0600] "GET /shop-goods/detail-82904446388 HTTP/1.1" 500 2576 "-" "Mozilla/5.0 AppleWebKit/537.36 (KHTML, like Gecko; compatible; ClaudeBot/1.0; +claudebot@anthropic.com)"
216.73.216.99 - - [16/Apr/2026:11:19:56 -0600] "GET /shop-goods/detail-82886295733 HTTP/1.1" 500 2576 "-" "Mozilla/5.0 AppleWebKit/537.36 (KHTML, like Gecko; compatible; ClaudeBot/1.0; +claudebot@anthropic.com)"
216.73.216.99 - - [16/Apr/2026:11:20:01 -0600] "GET /shop-goods/detail-82932921927 HTTP/1.1" 500 2576 "-" "Mozilla/5.0 AppleWebKit/537.36 (KHTML, like Gecko; compatible; ClaudeBot/1.0; +claudebot@anthropic.com)"
216.73.216.99 - - [16/Apr/2026:11:20:06 -0600] "GET /shop-goods/detail-82901385065 HTTP/1.1" 500 2576 "-" "Mozilla/5.0 AppleWebKit/537.36 (KHTML, like Gecko; compatible; ClaudeBot/1.0; +claudebot@anthropic.com)"
47.128.44.253 - - [16/Apr/2026:11:20:09 -0600] "GET /shop-goods/detail-82901336995 HTTP/1.1" 500 2576 "-" "Mozilla/5.0 (Linux; Android 5.0) AppleWebKit/537.36 (KHTML, like Gecko) Mobile Safari/537.36 (compatible; Bytespider; spider-feedback@bytedance.com)"
216.73.216.99 - - [16/Apr/2026:11:20:11 -0600] "GET /shop-goods/detail-82904435799 HTTP/1.1" 500 2576 "-" "Mozilla/5.0 AppleWebKit/537.36 (KHTML, like Gecko; compatible; ClaudeBot/1.0; +claudebot@anthropic.com)"
216.73.216.99 - - [16/Apr/2026:11:20:16 -0600] "GET /shop-goods/detail-82901190583 HTTP/1.1" 500 2576 "-" "Mozilla/5.0 AppleWebKit/537.36 (KHTML, like Gecko; compatible; ClaudeBot/1.0; +claudebot@anthropic.com)"
20.15.133.163 - - [16/Apr/2026:11:20:21 -0600] "GET /shop-goods/detail-82932757536 HTTP/1.1" 200 189863 "-" "Mozilla/5.0 AppleWebKit/537.36 (KHTML, like Gecko; compatible; bingbot/2.0; +http://www.bing.com/bingbot.htm) Chrome/116.0.1938.76 Safari/537.36"
216.73.216.99 - - [16/Apr/2026:11:20:21 -0600] "GET /shop-goods/detail-82901464373 HTTP/1.1" 500 2576 "-" "Mozilla/5.0 AppleWebKit/537.36 (KHTML, like Gecko; compatible; ClaudeBot/1.0; +claudebot@anthropic.com)"
216.73.216.99 - - [16/Apr/2026:11:20:26 -0600] "GET /shop-goods/detail-82935561899 HTTP/1.1" 500 2576 "-" "Mozilla/5.0 AppleWebKit/537.36 (KHTML, like Gecko; compatible; ClaudeBot/1.0; +claudebot@anthropic.com)"
216.73.216.99 - - [16/Apr/2026:11:20:32 -0600] "GET /shop-goods/detail-828821385296 HTTP/1.1" 500 2576 "-" "Mozilla/5.0 AppleWebKit/537.36 (KHTML, like Gecko; compatible; ClaudeBot/1.0; +claudebot@anthropic.com)"
216.73.216.99 - - [16/Apr/2026:11:20:37 -0600] "GET /shop-goods/detail-82932912575 HTTP/1.1" 500 2576 "-" "Mozilla/5.0 AppleWebKit/537.36 (KHTML, like Gecko; compatible; ClaudeBot/1.0; +claudebot@anthropic.com)"
216.73.216.99 - - [16/Apr/2026:11:20:41 -0600] "GET /shop-goods/detail-82911945448 HTTP/1.1" 500 2576 "-" "Mozilla/5.0 AppleWebKit/537.36 (KHTML, like Gecko; compatible; ClaudeBot/1.0; +claudebot@anthropic.com)"
216.73.216.99 - - [16/Apr/2026:11:20:46 -0600] "GET /shop-goods/detail-82925335099 HTTP/1.1" 500 2576 "-" "Mozilla/5.0 AppleWebKit/537.36 (KHTML, like Gecko; compatible; ClaudeBot/1.0; +claudebot@anthropic.com)"
74.7.227.52 - - [16/Apr/2026:11:20:46 -0600] "GET /shop-goods/detail-8291103620229 HTTP/1.1" 500 2576 "https://twb.ebh.mybluehost.me/sitemap_shop_461.xml" "Mozilla/5.0 AppleWebKit/537.36 (KHTML, like Gecko; compatible; GPTBot/1.3; +https://openai.com/gptbot)"
216.73.216.99 - - [16/Apr/2026:11:20:51 -0600] "GET /shop-goods/detail-82914736235 HTTP/1.1" 500 2576 "-" "Mozilla/5.0 AppleWebKit/537.36 (KHTML, like Gecko; compatible; ClaudeBot/1.0; +claudebot@anthropic.com)"
216.73.216.99 - - [16/Apr/2026:11:20:56 -0600] "GET /shop-goods/detail-82917824044 HTTP/1.1" 500 2576 "-" "Mozilla/5.0 AppleWebKit/537.36 (KHTML, like Gecko; compatible; ClaudeBot/1.0; +claudebot@anthropic.com)"
216.73.216.99 - - [16/Apr/2026:11:21:01 -0600] "GET /shop-goods/detail-82911966657 HTTP/1.1" 500 2576 "-" "Mozilla/5.0 AppleWebKit/537.36 (KHTML, like Gecko; compatible; ClaudeBot/1.0; +claudebot@anthropic.com)"
216.73.216.99 - - [16/Apr/2026:11:21:06 -0600] "GET /shop-goods/detail-82886293768 HTTP/1.1" 500 2576 "-" "Mozilla/5.0 AppleWebKit/537.36 (KHTML, like Gecko; compatible; ClaudeBot/1.0; +claudebot@anthropic.com)"
66.249.74.69 - - [16/Apr/2026:11:21:10 -0600] "GET /shop-goods/detail-8288181501 HTTP/1.1" 200 193319 "-" "Mozilla/5.0 (Linux; Android 6.0.1; Nexus 5X Build/MMB29P) AppleWebKit/537.36 (KHTML, like Gecko) Chrome/146.0.7680.177 Mobile Safari/537.36 (compatible; Googlebot/2.1; +http://www.google.com/bot.html)"
216.73.216.99 - - [16/Apr/2026:11:21:12 -0600] "GET /shop-goods/detail-82911527752 HTTP/1.1" 500 2576 "-" "Mozilla/5.0 AppleWebKit/537.36 (KHTML, like Gecko; compatible; ClaudeBot/1.0; +claudebot@anthropic.com)"
216.73.216.99 - - [16/Apr/2026:11:21:16 -0600] "GET /shop-goods/detail-828812335294 HTTP/1.1" 500 2576 "-" "Mozilla/5.0 AppleWebKit/537.36 (KHTML, like Gecko; compatible; ClaudeBot/1.0; +claudebot@anthropic.com)"
20.15.133.163 - - [16/Apr/2026:11:21:20 -0600] "GET /shop-goods/detail-8289506712 HTTP/1.1" 200 193790 "-" "Mozilla/5.0 AppleWebKit/537.36 (KHTML, like Gecko; compatible; bingbot/2.0; +http://www.bing.com/bingbot.htm) Chrome/116.0.1938.76 Safari/537.36"
216.73.216.99 - - [16/Apr/2026:11:21:22 -0600] "GET /shop-goods/detail-829094035192 HTTP/1.1" 500 2576 "-" "Mozilla/5.0 AppleWebKit/537.36 (KHTML, like Gecko; compatible; ClaudeBot/1.0; +claudebot@anthropic.com)"
216.73.216.99 - - [16/Apr/2026:11:21:28 -0600] "GET /shop-goods/detail-82886430547 HTTP/1.1" 500 2576 "-" "Mozilla/5.0 AppleWebKit/537.36 (KHTML, like Gecko; compatible; ClaudeBot/1.0; +claudebot@anthropic.com)"
216.73.216.99 - - [16/Apr/2026:11:21:35 -0600] "GET /shop-goods/detail-82899876071 HTTP/1.1" 500 2576 "-" "Mozilla/5.0 AppleWebKit/537.36 (KHTML, like Gecko; compatible; ClaudeBot/1.0; +claudebot@anthropic.com)"
216.73.216.99 - - [16/Apr/2026:11:21:38 -0600] "GET /shop-goods/detail-829070143735 HTTP/1.1" 500 2576 "-" "Mozilla/5.0 AppleWebKit/537.36 (KHTML, like Gecko; compatible; ClaudeBot/1.0; +claudebot@anthropic.com)"
216.73.216.99 - - [16/Apr/2026:11:21:43 -0600] "GET /shop-goods/detail-82893592579 HTTP/1.1" 500 2576 "-" "Mozilla/5.0 AppleWebKit/537.36 (KHTML, like Gecko; compatible; ClaudeBot/1.0; +claudebot@anthropic.com)"
74.7.227.52 - - [16/Apr/2026:11:21:46 -0600] "GET /shop-goods/detail-8292104045049 HTTP/1.1" 500 2576 "https://twb.ebh.mybluehost.me/sitemap_shop_461.xml" "Mozilla/5.0 AppleWebKit/537.36 (KHTML, like Gecko; compatible; GPTBot/1.3; +https://openai.com/gptbot)"
216.73.216.99 - - [16/Apr/2026:11:21:48 -0600] "GET /shop-goods/detail-82889113294 HTTP/1.1" 500 2576 "-" "Mozilla/5.0 AppleWebKit/537.36 (KHTML, like Gecko; compatible; ClaudeBot/1.0; +claudebot@anthropic.com)"
216.73.216.99 - - [16/Apr/2026:11:21:53 -0600] "GET /shop-goods/detail-82938890861 HTTP/1.1" 500 2576 "-" "Mozilla/5.0 AppleWebKit/537.36 (KHTML, like Gecko; compatible; ClaudeBot/1.0; +claudebot@anthropic.com)"
216.73.216.99 - - [16/Apr/2026:11:21:58 -0600] "GET /shop-goods/detail-829088445004 HTTP/1.1" 500 2576 "-" "Mozilla/5.0 AppleWebKit/537.36 (KHTML, like Gecko; compatible; ClaudeBot/1.0; +claudebot@anthropic.com)"
133.125.102.51 - - [16/Apr/2026:11:21:59 -0600] "GET /wp-content/uploads/2021/11/CUSTOM-975884-1.jpg HTTP/1.1" 200 23712 "-" "Mozilla/5.0 (X11; Ubuntu; Linux x86_64; rv:72.0) Gecko/20100101 Firefox/72.0"
133.125.102.51 - - [16/Apr/2026:11:21:59 -0600] "GET /wp-content/uploads/2022/09/2022-Largest-Buffalo-law-firms.jpg HTTP/1.1" 200 73870 "-" "Mozilla/5.0 (X11; Ubuntu; Linux x86_64; rv:72.0) Gecko/20100101 Firefox/72.0"
133.125.102.51 - - [16/Apr/2026:11:21:59 -0600] "GET /wp-content/uploads/2021/11/MULTI-114764-1-ap3.jpg HTTP/1.1" 200 41137 "-" "Mozilla/5.0 (X11; Ubuntu; Linux x86_64; rv:72.0) Gecko/20100101 Firefox/72.0"
133.125.102.51 - - [16/Apr/2026:11:21:59 -0600] "GET /wp-content/uploads/2021/11/CUSTOM-1069294-Badge-1.jpg HTTP/1.1" 200 66049 "-" "Mozilla/5.0 (X11; Ubuntu; Linux x86_64; rv:72.0) Gecko/20100101 Firefox/72.0"
133.125.102.51 - - [16/Apr/2026:11:21:59 -0600] "GET /wp-content/uploads/2021/11/women2020-1.jpg HTTP/1.1" 200 61683 "-" "Mozilla/5.0 (X11; Ubuntu; Linux x86_64; rv:72.0) Gecko/20100101 Firefox/72.0"
133.125.102.51 - - [16/Apr/2026:11:21:59 -0600] "GET /wp-content/uploads/2021/11/MULTI-114764-1-ap3.jpg HTTP/1.1" 200 41137 "-" "Mozilla/5.0 (X11; Ubuntu; Linux x86_64; rv:72.0) Gecko/20100101 Firefox/72.0"
133.125.102.51 - - [16/Apr/2026:11:21:59 -0600] "GET /wp-content/uploads/2021/11/CUSTOM-975884-1.jpg HTTP/1.1" 200 23712 "-" "Mozilla/5.0 (X11; Ubuntu; Linux x86_64; rv:72.0) Gecko/20100101 Firefox/72.0"
133.125.102.51 - - [16/Apr/2026:11:21:59 -0600] "GET /wp-content/uploads/2021/11/CUSTOM-1069294-Badge-1.jpg HTTP/1.1" 200 66049 "-" "Mozilla/5.0 (X11; Ubuntu; Linux x86_64; rv:72.0) Gecko/20100101 Firefox/72.0"
133.125.102.51 - - [16/Apr/2026:11:21:59 -0600] "GET /wp-content/uploads/2021/11/women2020-1.jpg HTTP/1.1" 200 61683 "-" "Mozilla/5.0 (X11; Ubuntu; Linux x86_64; rv:72.0) Gecko/20100101 Firefox/72.0"
133.125.102.51 - - [16/Apr/2026:11:21:59 -0600] "GET /wp-content/uploads/2021/09/AdobeStock_443605491-1.jpg HTTP/1.1" 200 90646 "-" "Mozilla/5.0 (X11; Ubuntu; Linux x86_64; rv:72.0) Gecko/20100101 Firefox/72.0"
133.125.102.51 - - [16/Apr/2026:11:21:59 -0600] "GET /wp-content/uploads/2021/11/CUSTOM-870784-cmyk.png HTTP/1.1" 200 140331 "-" "Mozilla/5.0 (X11; Ubuntu; Linux x86_64; rv:72.0) Gecko/20100101 Firefox/72.0"
133.125.102.51 - - [16/Apr/2026:11:21:59 -0600] "GET /wp-content/uploads/2021/11/101814-cmyk-1.png HTTP/1.1" 200 144359 "-" "Mozilla/5.0 (X11; Ubuntu; Linux x86_64; rv:72.0) Gecko/20100101 Firefox/72.0"
133.125.102.51 - - [16/Apr/2026:11:21:59 -0600] "GET /wp-content/uploads/2021/09/AdobeStock_209705558.jpeg HTTP/1.1" 200 107239 "-" "Mozilla/5.0 (X11; Ubuntu; Linux x86_64; rv:72.0) Gecko/20100101 Firefox/72.0"
133.125.102.51 - - [16/Apr/2026:11:21:59 -0600] "GET /wp-content/uploads/2021/11/CUSTOM-870784-cmyk.png HTTP/1.1" 200 140331 "-" "Mozilla/5.0 (X11; Ubuntu; Linux x86_64; rv:72.0) Gecko/20100101 Firefox/72.0"
133.125.102.51 - - [16/Apr/2026:11:21:59 -0600] "GET /wp-content/uploads/2022/12/LOMAD-Largest-Women-Owned-Biz-graphic-2022.jpg HTTP/1.1" 500 2576 "-" "Mozilla/5.0 (X11; Ubuntu; Linux x86_64; rv:72.0) Gecko/20100101 Firefox/72.0"
133.125.102.51 - - [16/Apr/2026:11:21:59 -0600] "GET /wp-content/uploads/2022/12/LOMAD-Largest-Women-Owned-Biz-graphic-2022.jpg HTTP/1.1" 500 2576 "-" "Mozilla/5.0 (X11; Ubuntu; Linux x86_64; rv:72.0) Gecko/20100101 Firefox/72.0"
133.125.102.51 - - [16/Apr/2026:11:21:59 -0600] "GET /wp-content/uploads/2021/11/101814-cmyk-1.png HTTP/1.1" 200 144359 "-" "Mozilla/5.0 (X11; Ubuntu; Linux x86_64; rv:72.0) Gecko/20100101 Firefox/72.0"
20.15.133.163 - - [16/Apr/2026:11:22:01 -0600] "GET /shop-goods/detail-8288412440 HTTP/1.1" 200 197564 "-" "Mozilla/5.0 AppleWebKit/537.36 (KHTML, like Gecko; compatible; bingbot/2.0; +http://www.bing.com/bingbot.htm) Chrome/116.0.1938.76 Safari/537.36"
216.73.216.99 - - [16/Apr/2026:11:22:03 -0600] "GET /shop-goods/detail-82893645060 HTTP/1.1" 500 2576 "-" "Mozilla/5.0 AppleWebKit/537.36 (KHTML, like Gecko; compatible; ClaudeBot/1.0; +claudebot@anthropic.com)"
40.77.167.58 - - [16/Apr/2026:11:22:07 -0600] "GET /shop-goods/detail-828831327 HTTP/1.1" 200 192106 "-" "Mozilla/5.0 AppleWebKit/537.36 (KHTML, like Gecko; compatible; bingbot/2.0; +http://www.bing.com/bingbot.htm) Chrome/116.0.1938.76 Safari/537.36"
216.73.216.99 - - [16/Apr/2026:11:22:08 -0600] "GET /shop-goods/detail-82928332832 HTTP/1.1" 500 2576 "-" "Mozilla/5.0 AppleWebKit/537.36 (KHTML, like Gecko; compatible; ClaudeBot/1.0; +claudebot@anthropic.com)"
216.73.216.99 - - [16/Apr/2026:11:22:13 -0600] "GET /shop-goods/detail-82886368069 HTTP/1.1" 500 2576 "-" "Mozilla/5.0 AppleWebKit/537.36 (KHTML, like Gecko; compatible; ClaudeBot/1.0; +claudebot@anthropic.com)"
216.73.216.99 - - [16/Apr/2026:11:22:18 -0600] "GET /shop-goods/detail-82928249672 HTTP/1.1" 500 2576 "-" "Mozilla/5.0 AppleWebKit/537.36 (KHTML, like Gecko; compatible; ClaudeBot/1.0; +claudebot@anthropic.com)"
216.73.216.99 - - [16/Apr/2026:11:22:23 -0600] "GET /shop-goods/detail-82932917307 HTTP/1.1" 500 2576 "-" "Mozilla/5.0 AppleWebKit/537.36 (KHTML, like Gecko; compatible; ClaudeBot/1.0; +claudebot@anthropic.com)"
216.73.216.99 - - [16/Apr/2026:11:22:29 -0600] "GET /shop-goods/detail-829091311252 HTTP/1.1" 500 2576 "-" "Mozilla/5.0 AppleWebKit/537.36 (KHTML, like Gecko; compatible; ClaudeBot/1.0; +claudebot@anthropic.com)"
216.73.216.99 - - [16/Apr/2026:11:22:33 -0600] "GET /shop-goods/detail-829094087977 HTTP/1.1" 500 2576 "-" "Mozilla/5.0 AppleWebKit/537.36 (KHTML, like Gecko; compatible; ClaudeBot/1.0; +claudebot@anthropic.com)"
216.73.216.99 - - [16/Apr/2026:11:22:38 -0600] "GET /shop-goods/detail-829088108962 HTTP/1.1" 500 2576 "-" "Mozilla/5.0 AppleWebKit/537.36 (KHTML, like Gecko; compatible; ClaudeBot/1.0; +claudebot@anthropic.com)"
20.15.133.163 - - [16/Apr/2026:11:22:41 -0600] "GET /shop-goods/detail-82901407718 HTTP/1.1" 200 194348 "-" "Mozilla/5.0 AppleWebKit/537.36 (KHTML, like Gecko; compatible; bingbot/2.0; +http://www.bing.com/bingbot.htm) Chrome/116.0.1938.76 Safari/537.36"
216.73.216.99 - - [16/Apr/2026:11:22:44 -0600] "GET /shop-goods/detail-829392969097 HTTP/1.1" 500 2576 "-" "Mozilla/5.0 AppleWebKit/537.36 (KHTML, like Gecko; compatible; ClaudeBot/1.0; +claudebot@anthropic.com)"
74.7.227.52 - - [16/Apr/2026:11:22:47 -0600] "GET /shop-goods/detail-8289102640278 HTTP/1.1" 500 2576 "https://twb.ebh.mybluehost.me/sitemap_shop_461.xml" "Mozilla/5.0 AppleWebKit/537.36 (KHTML, like Gecko; compatible; GPTBot/1.3; +https://openai.com/gptbot)"
216.73.216.99 - - [16/Apr/2026:11:22:48 -0600] "GET /shop-goods/detail-829289396754 HTTP/1.1" 500 2576 "-" "Mozilla/5.0 AppleWebKit/537.36 (KHTML, like Gecko; compatible; ClaudeBot/1.0; +claudebot@anthropic.com)"
216.73.216.99 - - [16/Apr/2026:11:22:53 -0600] "GET /shop-goods/detail-828990928977 HTTP/1.1" 500 2576 "-" "Mozilla/5.0 AppleWebKit/537.36 (KHTML, like Gecko; compatible; ClaudeBot/1.0; +claudebot@anthropic.com)"
216.73.216.99 - - [16/Apr/2026:11:22:59 -0600] "GET /shop-goods/detail-828993867792 HTTP/1.1" 500 2576 "-" "Mozilla/5.0 AppleWebKit/537.36 (KHTML, like Gecko; compatible; ClaudeBot/1.0; +claudebot@anthropic.com)"
216.73.216.99 - - [16/Apr/2026:11:23:03 -0600] "GET /shop-goods/detail-829091018671 HTTP/1.1" 500 2576 "-" "Mozilla/5.0 AppleWebKit/537.36 (KHTML, like Gecko; compatible; ClaudeBot/1.0; +claudebot@anthropic.com)"
216.73.216.99 - - [16/Apr/2026:11:23:09 -0600] "GET /shop-goods/detail-829088373382 HTTP/1.1" 500 2576 "-" "Mozilla/5.0 AppleWebKit/537.36 (KHTML, like Gecko; compatible; ClaudeBot/1.0; +claudebot@anthropic.com)"
216.73.216.99 - - [16/Apr/2026:11:23:13 -0600] "GET /shop-goods/detail-829094258401 HTTP/1.1" 500 2576 "-" "Mozilla/5.0 AppleWebKit/537.36 (KHTML, like Gecko; compatible; ClaudeBot/1.0; +claudebot@anthropic.com)"
40.77.167.58 - - [16/Apr/2026:11:23:18 -0600] "GET /shop-goods/detail-828831400 HTTP/1.1" 200 197073 "-" "Mozilla/5.0 AppleWebKit/537.36 (KHTML, like Gecko; compatible; bingbot/2.0; +http://www.bing.com/bingbot.htm) Chrome/116.0.1938.76 Safari/537.36"
216.73.216.99 - - [16/Apr/2026:11:23:20 -0600] "GET /shop-goods/detail-82907200151 HTTP/1.1" 500 2576 "-" "Mozilla/5.0 AppleWebKit/537.36 (KHTML, like Gecko; compatible; ClaudeBot/1.0; +claudebot@anthropic.com)"
20.15.133.191 - - [16/Apr/2026:11:23:21 -0600] "GET /shop-goods/detail-8288106056 HTTP/1.1" 200 203509 "-" "Mozilla/5.0 AppleWebKit/537.36 (KHTML, like Gecko; compatible; bingbot/2.0; +http://www.bing.com/bingbot.htm) Chrome/116.0.1938.76 Safari/537.36"
52.167.144.205 - - [16/Apr/2026:11:23:22 -0600] "GET /shop-goods/detail-8288355296 HTTP/1.1" 200 189772 "-" "Mozilla/5.0 AppleWebKit/537.36 (KHTML, like Gecko; compatible; bingbot/2.0; +http://www.bing.com/bingbot.htm) Chrome/116.0.1938.76 Safari/537.36"
216.73.216.99 - - [16/Apr/2026:11:23:25 -0600] "GET /shop-goods/detail-828921925455 HTTP/1.1" 500 2576 "-" "Mozilla/5.0 AppleWebKit/537.36 (KHTML, like Gecko; compatible; ClaudeBot/1.0; +claudebot@anthropic.com)"
216.73.216.99 - - [16/Apr/2026:11:23:29 -0600] "GET /shop-goods/detail-82904328331 HTTP/1.1" 500 2576 "-" "Mozilla/5.0 AppleWebKit/537.36 (KHTML, like Gecko; compatible; ClaudeBot/1.0; +claudebot@anthropic.com)"
216.73.216.99 - - [16/Apr/2026:11:23:36 -0600] "GET /shop-goods/detail-82932770495 HTTP/1.1" 500 2576 "-" "Mozilla/5.0 AppleWebKit/537.36 (KHTML, like Gecko; compatible; ClaudeBot/1.0; +claudebot@anthropic.com)"
216.73.216.99 - - [16/Apr/2026:11:23:39 -0600] "GET /shop-goods/detail-828845437151 HTTP/1.1" 500 2576 "-" "Mozilla/5.0 AppleWebKit/537.36 (KHTML, like Gecko; compatible; ClaudeBot/1.0; +claudebot@anthropic.com)"
40.77.167.79 - - [16/Apr/2026:11:23:42 -0600] "GET /shop/c/c82901000105/ HTTP/1.1" 200 204601 "-" "Mozilla/5.0 AppleWebKit/537.36 (KHTML, like Gecko; compatible; bingbot/2.0; +http://www.bing.com/bingbot.htm) Chrome/116.0.1938.76 Safari/537.36"
216.73.216.99 - - [16/Apr/2026:11:23:44 -0600] "GET /shop-goods/detail-828848414070 HTTP/1.1" 500 2576 "-" "Mozilla/5.0 AppleWebKit/537.36 (KHTML, like Gecko; compatible; ClaudeBot/1.0; +claudebot@anthropic.com)"
216.73.216.99 - - [16/Apr/2026:11:23:49 -0600] "GET /shop-goods/detail-82917885331 HTTP/1.1" 500 2576 "-" "Mozilla/5.0 AppleWebKit/537.36 (KHTML, like Gecko; compatible; ClaudeBot/1.0; +claudebot@anthropic.com)"
74.7.227.52 - - [16/Apr/2026:11:23:50 -0600] "GET /shop-goods/detail-8292101033866 HTTP/1.1" 500 2576 "https://twb.ebh.mybluehost.me/sitemap_shop_461.xml" "Mozilla/5.0 AppleWebKit/537.36 (KHTML, like Gecko; compatible; GPTBot/1.3; +https://openai.com/gptbot)"
216.73.216.99 - - [16/Apr/2026:11:23:54 -0600] "GET /shop-goods/detail-82883089868 HTTP/1.1" 500 2576 "-" "Mozilla/5.0 AppleWebKit/537.36 (KHTML, like Gecko; compatible; ClaudeBot/1.0; +claudebot@anthropic.com)"
216.73.216.99 - - [16/Apr/2026:11:23:59 -0600] "GET /shop-goods/detail-828827469003 HTTP/1.1" 500 2576 "-" "Mozilla/5.0 AppleWebKit/537.36 (KHTML, like Gecko; compatible; ClaudeBot/1.0; +claudebot@anthropic.com)"
216.73.216.99 - - [16/Apr/2026:11:24:04 -0600] "GET /shop-goods/detail-82886481297 HTTP/1.1" 500 2576 "-" "Mozilla/5.0 AppleWebKit/537.36 (KHTML, like Gecko; compatible; ClaudeBot/1.0; +claudebot@anthropic.com)"
216.73.216.99 - - [16/Apr/2026:11:24:09 -0600] "GET /shop-goods/detail-828812172005 HTTP/1.1" 500 2576 "-" "Mozilla/5.0 AppleWebKit/537.36 (KHTML, like Gecko; compatible; ClaudeBot/1.0; +claudebot@anthropic.com)"
47.128.44.35 - - [16/Apr/2026:11:24:10 -0600] "GET /shop-goods/detail-82922384256 HTTP/1.1" 500 2576 "-" "Mozilla/5.0 (Linux; Android 5.0) AppleWebKit/537.36 (KHTML, like Gecko) Mobile Safari/537.36 (compatible; Bytespider; spider-feedback@bytedance.com)"
216.73.216.99 - - [16/Apr/2026:11:24:17 -0600] "GET /shop-goods/detail-82886036644 HTTP/1.1" 500 2576 "-" "Mozilla/5.0 AppleWebKit/537.36 (KHTML, like Gecko; compatible; ClaudeBot/1.0; +claudebot@anthropic.com)"
20.15.133.163 - - [16/Apr/2026:11:24:21 -0600] "GET /shop-goods/detail-8288242256 HTTP/1.1" 200 191574 "-" "Mozilla/5.0 AppleWebKit/537.36 (KHTML, like Gecko; compatible; bingbot/2.0; +http://www.bing.com/bingbot.htm) Chrome/116.0.1938.76 Safari/537.36"
216.73.216.99 - - [16/Apr/2026:11:24:22 -0600] "GET /shop-goods/detail-82914801037 HTTP/1.1" 500 2576 "-" "Mozilla/5.0 AppleWebKit/537.36 (KHTML, like Gecko; compatible; ClaudeBot/1.0; +claudebot@anthropic.com)"
216.73.216.99 - - [16/Apr/2026:11:24:26 -0600] "GET /shop-goods/detail-82883348108 HTTP/1.1" 500 2576 "-" "Mozilla/5.0 AppleWebKit/537.36 (KHTML, like Gecko; compatible; ClaudeBot/1.0; +claudebot@anthropic.com)"
20.15.133.163 - - [16/Apr/2026:11:24:31 -0600] "GET /shop-goods/detail-8288478452 HTTP/1.1" 200 189919 "-" "Mozilla/5.0 AppleWebKit/537.36 (KHTML, like Gecko; compatible; bingbot/2.0; +http://www.bing.com/bingbot.htm) Chrome/116.0.1938.76 Safari/537.36"
216.73.216.99 - - [16/Apr/2026:11:24:32 -0600] "GET /shop-goods/detail-82883376681 HTTP/1.1" 500 2576 "-" "Mozilla/5.0 AppleWebKit/537.36 (KHTML, like Gecko; compatible; ClaudeBot/1.0; +claudebot@anthropic.com)"
216.73.216.99 - - [16/Apr/2026:11:24:36 -0600] "GET /shop-goods/detail-82883341184 HTTP/1.1" 500 2576 "-" "Mozilla/5.0 AppleWebKit/537.36 (KHTML, like Gecko; compatible; ClaudeBot/1.0; +claudebot@anthropic.com)"
216.73.216.99 - - [16/Apr/2026:11:24:41 -0600] "GET /shop-goods/detail-82886033084 HTTP/1.1" 500 2576 "-" "Mozilla/5.0 AppleWebKit/537.36 (KHTML, like Gecko; compatible; ClaudeBot/1.0; +claudebot@anthropic.com)"
216.73.216.99 - - [16/Apr/2026:11:24:46 -0600] "GET /shop-goods/detail-82893962833 HTTP/1.1" 500 2576 "-" "Mozilla/5.0 AppleWebKit/537.36 (KHTML, like Gecko; compatible; ClaudeBot/1.0; +claudebot@anthropic.com)"
74.7.227.52 - - [16/Apr/2026:11:24:50 -0600] "GET /shop-goods/detail-8290100184591 HTTP/1.1" 500 2576 "https://twb.ebh.mybluehost.me/sitemap_shop_461.xml" "Mozilla/5.0 AppleWebKit/537.36 (KHTML, like Gecko; compatible; GPTBot/1.3; +https://openai.com/gptbot)"
216.73.216.99 - - [16/Apr/2026:11:24:51 -0600] "GET /shop-goods/detail-82883026531 HTTP/1.1" 500 2576 "-" "Mozilla/5.0 AppleWebKit/537.36 (KHTML, like Gecko; compatible; ClaudeBot/1.0; +claudebot@anthropic.com)"
216.73.216.99 - - [16/Apr/2026:11:24:56 -0600] "GET /shop-goods/detail-82883113296 HTTP/1.1" 500 2576 "-" "Mozilla/5.0 AppleWebKit/537.36 (KHTML, like Gecko; compatible; ClaudeBot/1.0; +claudebot@anthropic.com)"
216.73.216.99 - - [16/Apr/2026:11:25:03 -0600] "GET /shop-goods/detail-828857007302 HTTP/1.1" 500 2576 "-" "Mozilla/5.0 AppleWebKit/537.36 (KHTML, like Gecko; compatible; ClaudeBot/1.0; +claudebot@anthropic.com)"
216.73.216.99 - - [16/Apr/2026:11:25:06 -0600] "GET /shop-goods/detail-82914564342 HTTP/1.1" 500 2576 "-" "Mozilla/5.0 AppleWebKit/537.36 (KHTML, like Gecko; compatible; ClaudeBot/1.0; +claudebot@anthropic.com)"
216.73.216.99 - - [16/Apr/2026:11:25:12 -0600] "GET /shop-goods/detail-8288320748 HTTP/1.1" 500 2576 "-" "Mozilla/5.0 AppleWebKit/537.36 (KHTML, like Gecko; compatible; ClaudeBot/1.0; +claudebot@anthropic.com)"
216.73.216.99 - - [16/Apr/2026:11:25:17 -0600] "GET /shop-goods/detail-82889395188 HTTP/1.1" 500 2576 "-" "Mozilla/5.0 AppleWebKit/537.36 (KHTML, like Gecko; compatible; ClaudeBot/1.0; +claudebot@anthropic.com)"
216.73.216.99 - - [16/Apr/2026:11:25:22 -0600] "GET /shop-goods/detail-82883355043 HTTP/1.1" 500 2576 "-" "Mozilla/5.0 AppleWebKit/537.36 (KHTML, like Gecko; compatible; ClaudeBot/1.0; +claudebot@anthropic.com)"
216.73.216.99 - - [16/Apr/2026:11:25:27 -0600] "GET /shop-goods/detail-82917868982 HTTP/1.1" 500 2576 "-" "Mozilla/5.0 AppleWebKit/537.36 (KHTML, like Gecko; compatible; ClaudeBot/1.0; +claudebot@anthropic.com)"
43.157.150.69 - - [16/Apr/2026:11:25:28 -0600] "GET / HTTP/1.0" 500 2576 "-" "-"
216.73.216.99 - - [16/Apr/2026:11:25:32 -0600] "GET /shop-goods/detail-82883318190 HTTP/1.1" 500 2576 "-" "Mozilla/5.0 AppleWebKit/537.36 (KHTML, like Gecko; compatible; ClaudeBot/1.0; +claudebot@anthropic.com)"
216.73.216.99 - - [16/Apr/2026:11:25:37 -0600] "GET /shop-goods/detail-82883478302 HTTP/1.1" 500 2576 "-" "Mozilla/5.0 AppleWebKit/537.36 (KHTML, like Gecko; compatible; ClaudeBot/1.0; +claudebot@anthropic.com)"
216.73.216.99 - - [16/Apr/2026:11:25:42 -0600] "GET /shop-goods/detail-82896964985 HTTP/1.1" 500 2576 "-" "Mozilla/5.0 AppleWebKit/537.36 (KHTML, like Gecko; compatible; ClaudeBot/1.0; +claudebot@anthropic.com)"
216.73.216.99 - - [16/Apr/2026:11:25:47 -0600] "GET /shop-goods/detail-82886345415 HTTP/1.1" 500 2576 "-" "Mozilla/5.0 AppleWebKit/537.36 (KHTML, like Gecko; compatible; ClaudeBot/1.0; +claudebot@anthropic.com)"
216.73.216.99 - - [16/Apr/2026:11:25:52 -0600] "GET /shop-goods/detail-82932734834 HTTP/1.1" 500 2576 "-" "Mozilla/5.0 AppleWebKit/537.36 (KHTML, like Gecko; compatible; ClaudeBot/1.0; +claudebot@anthropic.com)"
74.7.227.52 - - [16/Apr/2026:11:25:53 -0600] "GET /shop-goods/detail-8291103651591 HTTP/1.1" 500 2576 "https://twb.ebh.mybluehost.me/sitemap_shop_461.xml" "Mozilla/5.0 AppleWebKit/537.36 (KHTML, like Gecko; compatible; GPTBot/1.3; +https://openai.com/gptbot)"
216.73.216.99 - - [16/Apr/2026:11:25:57 -0600] "GET /shop-goods/detail-828818356536 HTTP/1.1" 500 2576 "-" "Mozilla/5.0 AppleWebKit/537.36 (KHTML, like Gecko; compatible; ClaudeBot/1.0; +claudebot@anthropic.com)"
216.73.216.99 - - [16/Apr/2026:11:26:04 -0600] "GET /shop-goods/detail-82922021944 HTTP/1.1" 500 2576 "-" "Mozilla/5.0 AppleWebKit/537.36 (KHTML, like Gecko; compatible; ClaudeBot/1.0; +claudebot@anthropic.com)"
216.73.216.99 - - [16/Apr/2026:11:26:08 -0600] "GET /shop-goods/detail-82928224845 HTTP/1.1" 500 2576 "-" "Mozilla/5.0 AppleWebKit/537.36 (KHTML, like Gecko; compatible; ClaudeBot/1.0; +claudebot@anthropic.com)"
216.73.216.99 - - [16/Apr/2026:11:26:13 -0600] "GET /shop-goods/detail-82911975321 HTTP/1.1" 500 2576 "-" "Mozilla/5.0 AppleWebKit/537.36 (KHTML, like Gecko; compatible; ClaudeBot/1.0; +claudebot@anthropic.com)"
216.73.216.99 - - [16/Apr/2026:11:26:18 -0600] "GET /shop-goods/detail-82886284072 HTTP/1.1" 500 2576 "-" "Mozilla/5.0 AppleWebKit/537.36 (KHTML, like Gecko; compatible; ClaudeBot/1.0; +claudebot@anthropic.com)"
216.73.216.99 - - [16/Apr/2026:11:26:23 -0600] "GET /shop-goods/detail-82935844296 HTTP/1.1" 500 2576 "-" "Mozilla/5.0 AppleWebKit/537.36 (KHTML, like Gecko; compatible; ClaudeBot/1.0; +claudebot@anthropic.com)"
216.73.216.99 - - [16/Apr/2026:11:26:28 -0600] "GET /shop-goods/detail-828830397079 HTTP/1.1" 500 2576 "-" "Mozilla/5.0 AppleWebKit/537.36 (KHTML, like Gecko; compatible; ClaudeBot/1.0; +claudebot@anthropic.com)"
74.7.227.52 - - [16/Apr/2026:11:26:54 -0600] "GET /shop-goods/detail-8290103362029 HTTP/1.1" 500 2576 "https://twb.ebh.mybluehost.me/sitemap_shop_461.xml" "Mozilla/5.0 AppleWebKit/537.36 (KHTML, like Gecko; compatible; GPTBot/1.3; +https://openai.com/gptbot)"
216.73.216.99 - - [16/Apr/2026:11:26:57 -0600] "GET /shop-goods/detail-829122582996 HTTP/1.1" 500 2576 "-" "Mozilla/5.0 AppleWebKit/537.36 (KHTML, like Gecko; compatible; ClaudeBot/1.0; +claudebot@anthropic.com)"
216.73.216.99 - - [16/Apr/2026:11:27:02 -0600] "GET /shop-goods/detail-829070135635 HTTP/1.1" 500 2576 "-" "Mozilla/5.0 AppleWebKit/537.36 (KHTML, like Gecko; compatible; ClaudeBot/1.0; +claudebot@anthropic.com)"
