216.73.216.99 - - [16/Apr/2026:10:42:46 -0600] "GET /shop-goods/detail-82893655761 HTTP/1.1" 500 2576 "-" "Mozilla/5.0 AppleWebKit/537.36 (KHTML, like Gecko; compatible; ClaudeBot/1.0; +claudebot@anthropic.com)"
216.73.216.99 - - [16/Apr/2026:10:42:51 -0600] "GET /shop-goods/detail-829374833532 HTTP/1.1" 500 2576 "-" "Mozilla/5.0 AppleWebKit/537.36 (KHTML, like Gecko; compatible; ClaudeBot/1.0; +claudebot@anthropic.com)"
216.73.216.99 - - [16/Apr/2026:10:42:56 -0600] "GET /shop-goods/detail-828812318886 HTTP/1.1" 500 2576 "-" "Mozilla/5.0 AppleWebKit/537.36 (KHTML, like Gecko; compatible; ClaudeBot/1.0; +claudebot@anthropic.com)"
74.7.227.52 - - [16/Apr/2026:10:43:00 -0600] "GET /shop-goods/detail-8290103109454 HTTP/1.1" 500 2576 "https://twb.ebh.mybluehost.me/sitemap_shop_461.xml" "Mozilla/5.0 AppleWebKit/537.36 (KHTML, like Gecko; compatible; GPTBot/1.3; +https://openai.com/gptbot)"
216.73.216.99 - - [16/Apr/2026:10:43:01 -0600] "GET /shop-goods/detail-82935700087 HTTP/1.1" 500 2576 "-" "Mozilla/5.0 AppleWebKit/537.36 (KHTML, like Gecko; compatible; ClaudeBot/1.0; +claudebot@anthropic.com)"
216.73.216.99 - - [16/Apr/2026:10:43:06 -0600] "GET /shop-goods/detail-828848107001 HTTP/1.1" 500 2576 "-" "Mozilla/5.0 AppleWebKit/537.36 (KHTML, like Gecko; compatible; ClaudeBot/1.0; +claudebot@anthropic.com)"
216.73.216.99 - - [16/Apr/2026:10:43:11 -0600] "GET /shop-goods/detail-829049446856 HTTP/1.1" 500 2576 "-" "Mozilla/5.0 AppleWebKit/537.36 (KHTML, like Gecko; compatible; ClaudeBot/1.0; +claudebot@anthropic.com)"
216.73.216.99 - - [16/Apr/2026:10:43:16 -0600] "GET /shop-goods/detail-828927600378 HTTP/1.1" 500 2576 "-" "Mozilla/5.0 AppleWebKit/537.36 (KHTML, like Gecko; compatible; ClaudeBot/1.0; +claudebot@anthropic.com)"
157.55.39.223 - - [16/Apr/2026:10:43:20 -0600] "GET /robots.txt HTTP/1.1" 200 113 "-" "Mozilla/5.0 AppleWebKit/537.36 (KHTML, like Gecko; compatible; bingbot/2.0; +http://www.bing.com/bingbot.htm) Chrome/116.0.1938.76 Safari/537.36"
216.73.216.99 - - [16/Apr/2026:10:43:21 -0600] "GET /shop-goods/detail-829311532870 HTTP/1.1" 500 2576 "-" "Mozilla/5.0 AppleWebKit/537.36 (KHTML, like Gecko; compatible; ClaudeBot/1.0; +claudebot@anthropic.com)"
52.167.144.160 - - [16/Apr/2026:10:43:24 -0600] "GET /blog/2013/02/did-you-know-the-federal-government-is-not-subject-to-the-jurisdiction-of-the-ny-workers-compensation-board-on-a-theory-of-general-special-employment/ HTTP/1.1" 200 193487 "-" "Mozilla/5.0 AppleWebKit/537.36 (KHTML, like Gecko; compatible; bingbot/2.0; +http://www.bing.com/bingbot.htm) Chrome/116.0.1938.76 Safari/537.36"
216.73.216.99 - - [16/Apr/2026:10:43:26 -0600] "GET /shop-goods/detail-828924853078 HTTP/1.1" 500 2576 "-" "Mozilla/5.0 AppleWebKit/537.36 (KHTML, like Gecko; compatible; ClaudeBot/1.0; +claudebot@anthropic.com)"
216.73.216.99 - - [16/Apr/2026:10:43:31 -0600] "GET /shop-goods/detail-82914662290 HTTP/1.1" 500 2576 "-" "Mozilla/5.0 AppleWebKit/537.36 (KHTML, like Gecko; compatible; ClaudeBot/1.0; +claudebot@anthropic.com)"
216.73.216.99 - - [16/Apr/2026:10:43:36 -0600] "GET /shop-goods/detail-82917656519 HTTP/1.1" 500 2576 "-" "Mozilla/5.0 AppleWebKit/537.36 (KHTML, like Gecko; compatible; ClaudeBot/1.0; +claudebot@anthropic.com)"
216.73.216.99 - - [16/Apr/2026:10:43:41 -0600] "GET /shop-goods/detail-829128812910 HTTP/1.1" 500 2576 "-" "Mozilla/5.0 AppleWebKit/537.36 (KHTML, like Gecko; compatible; ClaudeBot/1.0; +claudebot@anthropic.com)"
216.73.216.99 - - [16/Apr/2026:10:43:46 -0600] "GET /shop-goods/detail-829176872086 HTTP/1.1" 500 2576 "-" "Mozilla/5.0 AppleWebKit/537.36 (KHTML, like Gecko; compatible; ClaudeBot/1.0; +claudebot@anthropic.com)"
216.73.216.99 - - [16/Apr/2026:10:43:51 -0600] "GET /shop-goods/detail-828954700929 HTTP/1.1" 500 2576 "-" "Mozilla/5.0 AppleWebKit/537.36 (KHTML, like Gecko; compatible; ClaudeBot/1.0; +claudebot@anthropic.com)"
66.249.74.70 - - [16/Apr/2026:10:43:52 -0600] "GET /shop-goods/detail-828898279 HTTP/1.1" 200 214956 "-" "Mozilla/5.0 (Linux; Android 6.0.1; Nexus 5X Build/MMB29P) AppleWebKit/537.36 (KHTML, like Gecko) Chrome/146.0.7680.177 Mobile Safari/537.36 (compatible; Googlebot/2.1; +http://www.google.com/bot.html)"
216.73.216.99 - - [16/Apr/2026:10:43:56 -0600] "GET /shop-goods/detail-82925090680 HTTP/1.1" 500 2576 "-" "Mozilla/5.0 AppleWebKit/537.36 (KHTML, like Gecko; compatible; ClaudeBot/1.0; +claudebot@anthropic.com)"
216.73.216.99 - - [16/Apr/2026:10:44:01 -0600] "GET /shop-goods/detail-82886330258 HTTP/1.1" 500 2576 "-" "Mozilla/5.0 AppleWebKit/537.36 (KHTML, like Gecko; compatible; ClaudeBot/1.0; +claudebot@anthropic.com)"
74.7.227.52 - - [16/Apr/2026:10:44:04 -0600] "GET /shop-goods/detail-8293101515778 HTTP/1.1" 500 2576 "https://twb.ebh.mybluehost.me/sitemap_shop_461.xml" "Mozilla/5.0 AppleWebKit/537.36 (KHTML, like Gecko; compatible; GPTBot/1.3; +https://openai.com/gptbot)"
216.73.216.99 - - [16/Apr/2026:10:44:06 -0600] "GET /shop-goods/detail-82904089803 HTTP/1.1" 500 2576 "-" "Mozilla/5.0 AppleWebKit/537.36 (KHTML, like Gecko; compatible; ClaudeBot/1.0; +claudebot@anthropic.com)"
216.73.216.99 - - [16/Apr/2026:10:44:11 -0600] "GET /shop-goods/detail-82925147240 HTTP/1.1" 500 2576 "-" "Mozilla/5.0 AppleWebKit/537.36 (KHTML, like Gecko; compatible; ClaudeBot/1.0; +claudebot@anthropic.com)"
216.73.216.99 - - [16/Apr/2026:10:44:16 -0600] "GET /shop-goods/detail-82925208976 HTTP/1.1" 500 2576 "-" "Mozilla/5.0 AppleWebKit/537.36 (KHTML, like Gecko; compatible; ClaudeBot/1.0; +claudebot@anthropic.com)"
47.128.44.216 - - [16/Apr/2026:10:44:18 -0600] "GET /shop-goods/detail-8288486722 HTTP/1.1" 500 2576 "-" "Mozilla/5.0 (Linux; Android 5.0) AppleWebKit/537.36 (KHTML, like Gecko) Mobile Safari/537.36 (compatible; Bytespider; spider-feedback@bytedance.com)"
216.73.216.99 - - [16/Apr/2026:10:44:21 -0600] "GET /shop-goods/detail-82889499581 HTTP/1.1" 500 2576 "-" "Mozilla/5.0 AppleWebKit/537.36 (KHTML, like Gecko; compatible; ClaudeBot/1.0; +claudebot@anthropic.com)"
216.73.216.99 - - [16/Apr/2026:10:44:26 -0600] "GET /shop-goods/detail-82922079599 HTTP/1.1" 500 2576 "-" "Mozilla/5.0 AppleWebKit/537.36 (KHTML, like Gecko; compatible; ClaudeBot/1.0; +claudebot@anthropic.com)"
216.73.216.99 - - [16/Apr/2026:10:44:31 -0600] "GET /shop-goods/detail-829311749530 HTTP/1.1" 500 2576 "-" "Mozilla/5.0 AppleWebKit/537.36 (KHTML, like Gecko; compatible; ClaudeBot/1.0; +claudebot@anthropic.com)"
216.73.216.99 - - [16/Apr/2026:10:44:36 -0600] "GET /shop-goods/detail-82935765027 HTTP/1.1" 500 2576 "-" "Mozilla/5.0 AppleWebKit/537.36 (KHTML, like Gecko; compatible; ClaudeBot/1.0; +claudebot@anthropic.com)"
216.73.216.99 - - [16/Apr/2026:10:44:42 -0600] "GET /shop-goods/detail-82935667012 HTTP/1.1" 500 2576 "-" "Mozilla/5.0 AppleWebKit/537.36 (KHTML, like Gecko; compatible; ClaudeBot/1.0; +claudebot@anthropic.com)"
216.73.216.99 - - [16/Apr/2026:10:44:46 -0600] "GET /shop-goods/detail-82901382934 HTTP/1.1" 500 2576 "-" "Mozilla/5.0 AppleWebKit/537.36 (KHTML, like Gecko; compatible; ClaudeBot/1.0; +claudebot@anthropic.com)"
216.73.216.99 - - [16/Apr/2026:10:44:51 -0600] "GET /shop-goods/detail-829113620171 HTTP/1.1" 500 2576 "-" "Mozilla/5.0 AppleWebKit/537.36 (KHTML, like Gecko; compatible; ClaudeBot/1.0; +claudebot@anthropic.com)"
216.73.216.99 - - [16/Apr/2026:10:44:56 -0600] "GET /shop-goods/detail-82886324612 HTTP/1.1" 500 2576 "-" "Mozilla/5.0 AppleWebKit/537.36 (KHTML, like Gecko; compatible; ClaudeBot/1.0; +claudebot@anthropic.com)"
66.249.74.76 - - [16/Apr/2026:10:44:59 -0600] "GET /shop-goods/detail-82901123954 HTTP/1.1" 200 202114 "-" "Mozilla/5.0 (compatible; Googlebot/2.1; +http://www.google.com/bot.html)"
216.73.216.99 - - [16/Apr/2026:10:45:01 -0600] "GET /shop-goods/detail-82886394162 HTTP/1.1" 500 2576 "-" "Mozilla/5.0 AppleWebKit/537.36 (KHTML, like Gecko; compatible; ClaudeBot/1.0; +claudebot@anthropic.com)"
74.7.227.52 - - [16/Apr/2026:10:45:05 -0600] "GET /shop-goods/detail-8290103341616 HTTP/1.1" 500 2576 "https://twb.ebh.mybluehost.me/sitemap_shop_461.xml" "Mozilla/5.0 AppleWebKit/537.36 (KHTML, like Gecko; compatible; GPTBot/1.3; +https://openai.com/gptbot)"
216.73.216.99 - - [16/Apr/2026:10:45:06 -0600] "GET /shop-goods/detail-829013407735 HTTP/1.1" 500 2576 "-" "Mozilla/5.0 AppleWebKit/537.36 (KHTML, like Gecko; compatible; ClaudeBot/1.0; +claudebot@anthropic.com)"
216.73.216.99 - - [16/Apr/2026:10:45:11 -0600] "GET /shop-goods/detail-82901217620 HTTP/1.1" 500 2576 "-" "Mozilla/5.0 AppleWebKit/537.36 (KHTML, like Gecko; compatible; ClaudeBot/1.0; +claudebot@anthropic.com)"
66.249.74.69 - - [16/Apr/2026:10:45:14 -0600] "GET /shop-goods/detail-82911646149 HTTP/1.1" 200 200904 "-" "Mozilla/5.0 (compatible; Googlebot/2.1; +http://www.google.com/bot.html)"
216.73.216.99 - - [16/Apr/2026:10:45:17 -0600] "GET /shop-goods/detail-82883414173 HTTP/1.1" 500 2576 "-" "Mozilla/5.0 AppleWebKit/537.36 (KHTML, like Gecko; compatible; ClaudeBot/1.0; +claudebot@anthropic.com)"
216.73.216.99 - - [16/Apr/2026:10:45:17 -0600] "GET /shop-goods/detail-82896965201 HTTP/1.1" 500 2576 "-" "Mozilla/5.0 AppleWebKit/537.36 (KHTML, like Gecko; compatible; ClaudeBot/1.0; +claudebot@anthropic.com)"
216.73.216.99 - - [16/Apr/2026:10:45:18 -0600] "GET /shop-goods/detail-82907400375 HTTP/1.1" 500 2576 "-" "Mozilla/5.0 AppleWebKit/537.36 (KHTML, like Gecko; compatible; ClaudeBot/1.0; +claudebot@anthropic.com)"
216.73.216.99 - - [16/Apr/2026:10:45:18 -0600] "GET /shop-goods/detail-82932824023 HTTP/1.1" 500 2576 "-" "Mozilla/5.0 AppleWebKit/537.36 (KHTML, like Gecko; compatible; ClaudeBot/1.0; +claudebot@anthropic.com)"
216.73.216.99 - - [16/Apr/2026:10:45:19 -0600] "GET /shop-goods/detail-82911657352 HTTP/1.1" 500 2576 "-" "Mozilla/5.0 AppleWebKit/537.36 (KHTML, like Gecko; compatible; ClaudeBot/1.0; +claudebot@anthropic.com)"
216.73.216.99 - - [16/Apr/2026:10:45:19 -0600] "GET /shop-goods/detail-82883069180 HTTP/1.1" 500 2576 "-" "Mozilla/5.0 AppleWebKit/537.36 (KHTML, like Gecko; compatible; ClaudeBot/1.0; +claudebot@anthropic.com)"
216.73.216.99 - - [16/Apr/2026:10:45:20 -0600] "GET /shop-goods/detail-829028307693 HTTP/1.1" 500 2576 "-" "Mozilla/5.0 AppleWebKit/537.36 (KHTML, like Gecko; compatible; ClaudeBot/1.0; +claudebot@anthropic.com)"
216.73.216.99 - - [16/Apr/2026:10:45:21 -0600] "GET /shop-goods/detail-829323993363 HTTP/1.1" 500 2576 "-" "Mozilla/5.0 AppleWebKit/537.36 (KHTML, like Gecko; compatible; ClaudeBot/1.0; +claudebot@anthropic.com)"
216.73.216.99 - - [16/Apr/2026:10:45:27 -0600] "GET /shop-goods/detail-82904499700 HTTP/1.1" 500 2576 "-" "Mozilla/5.0 AppleWebKit/537.36 (KHTML, like Gecko; compatible; ClaudeBot/1.0; +claudebot@anthropic.com)"
216.73.216.99 - - [16/Apr/2026:10:45:31 -0600] "GET /shop-goods/detail-82901430859 HTTP/1.1" 500 2576 "-" "Mozilla/5.0 AppleWebKit/537.36 (KHTML, like Gecko; compatible; ClaudeBot/1.0; +claudebot@anthropic.com)"
216.73.216.99 - - [16/Apr/2026:10:45:36 -0600] "GET /shop-goods/detail-82932651814 HTTP/1.1" 500 2576 "-" "Mozilla/5.0 AppleWebKit/537.36 (KHTML, like Gecko; compatible; ClaudeBot/1.0; +claudebot@anthropic.com)"
216.73.216.99 - - [16/Apr/2026:10:45:41 -0600] "GET /shop-goods/detail-829326560402 HTTP/1.1" 500 2576 "-" "Mozilla/5.0 AppleWebKit/537.36 (KHTML, like Gecko; compatible; ClaudeBot/1.0; +claudebot@anthropic.com)"
216.73.216.99 - - [16/Apr/2026:10:45:46 -0600] "GET /shop-goods/detail-82914968624 HTTP/1.1" 500 2576 "-" "Mozilla/5.0 AppleWebKit/537.36 (KHTML, like Gecko; compatible; ClaudeBot/1.0; +claudebot@anthropic.com)"
216.73.216.99 - - [16/Apr/2026:10:45:47 -0600] "GET /shop-goods/detail-828851000900 HTTP/1.1" 500 2576 "-" "Mozilla/5.0 AppleWebKit/537.36 (KHTML, like Gecko; compatible; ClaudeBot/1.0; +claudebot@anthropic.com)"
216.73.216.99 - - [16/Apr/2026:10:45:52 -0600] "GET /shop-goods/detail-829211155116 HTTP/1.1" 500 2576 "-" "Mozilla/5.0 AppleWebKit/537.36 (KHTML, like Gecko; compatible; ClaudeBot/1.0; +claudebot@anthropic.com)"
216.73.216.99 - - [16/Apr/2026:10:45:57 -0600] "GET /shop-goods/detail-82925205864 HTTP/1.1" 500 2576 "-" "Mozilla/5.0 AppleWebKit/537.36 (KHTML, like Gecko; compatible; ClaudeBot/1.0; +claudebot@anthropic.com)"
216.73.216.99 - - [16/Apr/2026:10:46:02 -0600] "GET /shop-goods/detail-82899662258 HTTP/1.1" 500 2576 "-" "Mozilla/5.0 AppleWebKit/537.36 (KHTML, like Gecko; compatible; ClaudeBot/1.0; +claudebot@anthropic.com)"
216.73.216.99 - - [16/Apr/2026:10:46:07 -0600] "GET /shop-goods/detail-82904219281 HTTP/1.1" 500 2576 "-" "Mozilla/5.0 AppleWebKit/537.36 (KHTML, like Gecko; compatible; ClaudeBot/1.0; +claudebot@anthropic.com)"
74.7.227.52 - - [16/Apr/2026:10:46:08 -0600] "GET /shop-goods/detail-8290100136739 HTTP/1.1" 500 2576 "https://twb.ebh.mybluehost.me/sitemap_shop_461.xml" "Mozilla/5.0 AppleWebKit/537.36 (KHTML, like Gecko; compatible; GPTBot/1.3; +https://openai.com/gptbot)"
216.73.216.99 - - [16/Apr/2026:10:46:13 -0600] "GET /shop-goods/detail-828851312828 HTTP/1.1" 500 2576 "-" "Mozilla/5.0 AppleWebKit/537.36 (KHTML, like Gecko; compatible; ClaudeBot/1.0; +claudebot@anthropic.com)"
216.73.216.99 - - [16/Apr/2026:10:46:18 -0600] "GET /shop-goods/detail-82904397632 HTTP/1.1" 500 2576 "-" "Mozilla/5.0 AppleWebKit/537.36 (KHTML, like Gecko; compatible; ClaudeBot/1.0; +claudebot@anthropic.com)"
216.73.216.99 - - [16/Apr/2026:10:46:22 -0600] "GET /shop-goods/detail-82925168434 HTTP/1.1" 500 2576 "-" "Mozilla/5.0 AppleWebKit/537.36 (KHTML, like Gecko; compatible; ClaudeBot/1.0; +claudebot@anthropic.com)"
216.73.216.99 - - [16/Apr/2026:10:46:27 -0600] "GET /shop-goods/detail-82922073380 HTTP/1.1" 500 2576 "-" "Mozilla/5.0 AppleWebKit/537.36 (KHTML, like Gecko; compatible; ClaudeBot/1.0; +claudebot@anthropic.com)"
216.73.216.99 - - [16/Apr/2026:10:46:33 -0600] "GET /shop-goods/detail-829353842628 HTTP/1.1" 500 2576 "-" "Mozilla/5.0 AppleWebKit/537.36 (KHTML, like Gecko; compatible; ClaudeBot/1.0; +claudebot@anthropic.com)"
216.73.216.99 - - [16/Apr/2026:10:46:37 -0600] "GET /shop-goods/detail-828915728103 HTTP/1.1" 500 2576 "-" "Mozilla/5.0 AppleWebKit/537.36 (KHTML, like Gecko; compatible; ClaudeBot/1.0; +claudebot@anthropic.com)"
216.73.216.99 - - [16/Apr/2026:10:46:42 -0600] "GET /shop-goods/detail-82922104907 HTTP/1.1" 500 2576 "-" "Mozilla/5.0 AppleWebKit/537.36 (KHTML, like Gecko; compatible; ClaudeBot/1.0; +claudebot@anthropic.com)"
216.73.216.99 - - [16/Apr/2026:10:46:47 -0600] "GET /shop-goods/detail-82896677452 HTTP/1.1" 500 2576 "-" "Mozilla/5.0 AppleWebKit/537.36 (KHTML, like Gecko; compatible; ClaudeBot/1.0; +claudebot@anthropic.com)"
216.73.216.99 - - [16/Apr/2026:10:46:53 -0600] "GET /shop-goods/detail-82901426049 HTTP/1.1" 500 2576 "-" "Mozilla/5.0 AppleWebKit/537.36 (KHTML, like Gecko; compatible; ClaudeBot/1.0; +claudebot@anthropic.com)"
216.73.216.99 - - [16/Apr/2026:10:46:59 -0600] "GET /shop-goods/detail-828824337960 HTTP/1.1" 500 2576 "-" "Mozilla/5.0 AppleWebKit/537.36 (KHTML, like Gecko; compatible; ClaudeBot/1.0; +claudebot@anthropic.com)"
216.73.216.99 - - [16/Apr/2026:10:47:03 -0600] "GET /shop-goods/detail-828845401634 HTTP/1.1" 500 2576 "-" "Mozilla/5.0 AppleWebKit/537.36 (KHTML, like Gecko; compatible; ClaudeBot/1.0; +claudebot@anthropic.com)"
216.73.216.99 - - [16/Apr/2026:10:47:08 -0600] "GET /shop-goods/detail-828845235908 HTTP/1.1" 500 2576 "-" "Mozilla/5.0 AppleWebKit/537.36 (KHTML, like Gecko; compatible; ClaudeBot/1.0; +claudebot@anthropic.com)"
74.7.227.52 - - [16/Apr/2026:10:47:09 -0600] "GET /shop-goods/detail-8290103464634 HTTP/1.1" 500 2576 "https://twb.ebh.mybluehost.me/sitemap_shop_461.xml" "Mozilla/5.0 AppleWebKit/537.36 (KHTML, like Gecko; compatible; GPTBot/1.3; +https://openai.com/gptbot)"
216.73.216.99 - - [16/Apr/2026:10:47:13 -0600] "GET /shop-goods/detail-829220405473 HTTP/1.1" 500 2576 "-" "Mozilla/5.0 AppleWebKit/537.36 (KHTML, like Gecko; compatible; ClaudeBot/1.0; +claudebot@anthropic.com)"
216.73.216.99 - - [16/Apr/2026:10:47:18 -0600] "GET /shop-goods/detail-829344730873 HTTP/1.1" 500 2576 "-" "Mozilla/5.0 AppleWebKit/537.36 (KHTML, like Gecko; compatible; ClaudeBot/1.0; +claudebot@anthropic.com)"
216.73.216.99 - - [16/Apr/2026:10:47:23 -0600] "GET /shop-goods/detail-828845140796 HTTP/1.1" 500 2576 "-" "Mozilla/5.0 AppleWebKit/537.36 (KHTML, like Gecko; compatible; ClaudeBot/1.0; +claudebot@anthropic.com)"
216.73.216.99 - - [16/Apr/2026:10:47:28 -0600] "GET /shop-goods/detail-828845308754 HTTP/1.1" 500 2576 "-" "Mozilla/5.0 AppleWebKit/537.36 (KHTML, like Gecko; compatible; ClaudeBot/1.0; +claudebot@anthropic.com)"
216.73.216.99 - - [16/Apr/2026:10:47:33 -0600] "GET /shop-goods/detail-828830364643 HTTP/1.1" 500 2576 "-" "Mozilla/5.0 AppleWebKit/537.36 (KHTML, like Gecko; compatible; ClaudeBot/1.0; +claudebot@anthropic.com)"
216.73.216.99 - - [16/Apr/2026:10:47:38 -0600] "GET /shop-goods/detail-82883086761 HTTP/1.1" 500 2576 "-" "Mozilla/5.0 AppleWebKit/537.36 (KHTML, like Gecko; compatible; ClaudeBot/1.0; +claudebot@anthropic.com)"
216.73.216.99 - - [16/Apr/2026:10:47:43 -0600] "GET /shop-goods/detail-828845458334 HTTP/1.1" 500 2576 "-" "Mozilla/5.0 AppleWebKit/537.36 (KHTML, like Gecko; compatible; ClaudeBot/1.0; +claudebot@anthropic.com)"
216.73.216.99 - - [16/Apr/2026:10:47:48 -0600] "GET /shop-goods/detail-82896648709 HTTP/1.1" 500 2576 "-" "Mozilla/5.0 AppleWebKit/537.36 (KHTML, like Gecko; compatible; ClaudeBot/1.0; +claudebot@anthropic.com)"
216.73.216.99 - - [16/Apr/2026:10:47:53 -0600] "GET /shop-goods/detail-82932695909 HTTP/1.1" 500 2576 "-" "Mozilla/5.0 AppleWebKit/537.36 (KHTML, like Gecko; compatible; ClaudeBot/1.0; +claudebot@anthropic.com)"
74.7.227.52 - - [16/Apr/2026:10:48:12 -0600] "GET /shop-goods/detail-8293101930954 HTTP/1.1" 500 2576 "https://twb.ebh.mybluehost.me/sitemap_shop_461.xml" "Mozilla/5.0 AppleWebKit/537.36 (KHTML, like Gecko; compatible; GPTBot/1.3; +https://openai.com/gptbot)"
47.128.44.40 - - [16/Apr/2026:10:48:18 -0600] "GET /shop-goods/detail-8288470040 HTTP/1.1" 500 2576 "-" "Mozilla/5.0 (Linux; Android 5.0) AppleWebKit/537.36 (KHTML, like Gecko) Mobile Safari/537.36 (compatible; Bytespider; spider-feedback@bytedance.com)"
216.73.216.99 - - [16/Apr/2026:10:48:33 -0600] "GET /shop-goods/detail-829347994289 HTTP/1.1" 500 2576 "-" "Mozilla/5.0 AppleWebKit/537.36 (KHTML, like Gecko; compatible; ClaudeBot/1.0; +claudebot@anthropic.com)"
216.73.216.99 - - [16/Apr/2026:10:48:38 -0600] "GET /shop-goods/detail-82899684943 HTTP/1.1" 500 2576 "-" "Mozilla/5.0 AppleWebKit/537.36 (KHTML, like Gecko; compatible; ClaudeBot/1.0; +claudebot@anthropic.com)"
79.124.40.174 - - [16/Apr/2026:10:48:40 -0600] "GET /?XDEBUG_SESSION_START=phpstorm HTTP/1.1" 500 2576 "-" "Mozilla/5.0 (Windows NT 10.0; Win64; x64) AppleWebKit/537.36 (KHTML, like Gecko) Chrome/78.0.3904.108 Safari/537.36"
216.73.216.99 - - [16/Apr/2026:10:48:43 -0600] "GET /shop-goods/detail-829256196573 HTTP/1.1" 500 2576 "-" "Mozilla/5.0 AppleWebKit/537.36 (KHTML, like Gecko; compatible; ClaudeBot/1.0; +claudebot@anthropic.com)"
216.73.216.99 - - [16/Apr/2026:10:48:48 -0600] "GET /shop-goods/detail-829344636062 HTTP/1.1" 500 2576 "-" "Mozilla/5.0 AppleWebKit/537.36 (KHTML, like Gecko; compatible; ClaudeBot/1.0; +claudebot@anthropic.com)"
216.73.216.99 - - [16/Apr/2026:10:48:53 -0600] "GET /shop-goods/detail-82889341138 HTTP/1.1" 500 2576 "-" "Mozilla/5.0 AppleWebKit/537.36 (KHTML, like Gecko; compatible; ClaudeBot/1.0; +claudebot@anthropic.com)"
195.178.110.159 - - [16/Apr/2026:10:48:55 -0600] "GET /.git/config HTTP/1.1" 500 2576 "-" "Mozilla/5.0 (X11; Linux x86_64) AppleWebKit/537.36 (KHTML, like Gecko) Chrome/120.0.0.0 Safari/537.36"
216.73.216.99 - - [16/Apr/2026:10:48:58 -0600] "GET /shop-goods/detail-829076117976 HTTP/1.1" 500 2576 "-" "Mozilla/5.0 AppleWebKit/537.36 (KHTML, like Gecko; compatible; ClaudeBot/1.0; +claudebot@anthropic.com)"
216.73.216.99 - - [16/Apr/2026:10:49:03 -0600] "GET /shop-goods/detail-82938768625 HTTP/1.1" 500 2576 "-" "Mozilla/5.0 AppleWebKit/537.36 (KHTML, like Gecko; compatible; ClaudeBot/1.0; +claudebot@anthropic.com)"
216.73.216.99 - - [16/Apr/2026:10:49:08 -0600] "GET /shop-goods/detail-829122915031 HTTP/1.1" 500 2576 "-" "Mozilla/5.0 AppleWebKit/537.36 (KHTML, like Gecko; compatible; ClaudeBot/1.0; +claudebot@anthropic.com)"
216.73.216.99 - - [16/Apr/2026:10:49:13 -0600] "GET /shop-goods/detail-82889195562 HTTP/1.1" 500 2576 "-" "Mozilla/5.0 AppleWebKit/537.36 (KHTML, like Gecko; compatible; ClaudeBot/1.0; +claudebot@anthropic.com)"
172.239.50.62 - - [16/Apr/2026:10:49:14 -0600] "GET /wp-content/plugins/woo-product-slider-and-carousel-with-category/readme.txt HTTP/1.1" 500 2576 "-" "Mozilla/5.0 (Windows NT 10.0; Win64; x64) AppleWebKit/537.36 (KHTML, like Gecko) Chrome/133.0.0.0 Safari/537.36"
172.239.50.62 - - [16/Apr/2026:10:49:14 -0600] "GET /wp-content/plugins/woo-product-slider-and-carousel-with-category/release_notes.txt HTTP/1.1" 500 2576 "-" "Mozilla/5.0 (Windows NT 10.0; Win64; x64) AppleWebKit/537.36 (KHTML, like Gecko) Chrome/133.0.0.0 Safari/537.36"
74.7.227.52 - - [16/Apr/2026:10:49:16 -0600] "GET /shop-goods/detail-8291103683034 HTTP/1.1" 500 2576 "https://twb.ebh.mybluehost.me/sitemap_shop_461.xml" "Mozilla/5.0 AppleWebKit/537.36 (KHTML, like Gecko; compatible; GPTBot/1.3; +https://openai.com/gptbot)"
216.73.216.99 - - [16/Apr/2026:10:49:18 -0600] "GET /shop-goods/detail-82893528718 HTTP/1.1" 500 2576 "-" "Mozilla/5.0 AppleWebKit/537.36 (KHTML, like Gecko; compatible; ClaudeBot/1.0; +claudebot@anthropic.com)"
216.73.216.99 - - [16/Apr/2026:10:49:23 -0600] "GET /shop-goods/detail-828827215998 HTTP/1.1" 500 2576 "-" "Mozilla/5.0 AppleWebKit/537.36 (KHTML, like Gecko; compatible; ClaudeBot/1.0; +claudebot@anthropic.com)"
216.73.216.99 - - [16/Apr/2026:10:49:28 -0600] "GET /shop-goods/detail-829049174776 HTTP/1.1" 500 2576 "-" "Mozilla/5.0 AppleWebKit/537.36 (KHTML, like Gecko; compatible; ClaudeBot/1.0; +claudebot@anthropic.com)"
216.73.216.99 - - [16/Apr/2026:10:49:34 -0600] "GET /shop-goods/detail-829274087281 HTTP/1.1" 500 2576 "-" "Mozilla/5.0 AppleWebKit/537.36 (KHTML, like Gecko; compatible; ClaudeBot/1.0; +claudebot@anthropic.com)"
216.73.216.99 - - [16/Apr/2026:10:49:38 -0600] "GET /shop-goods/detail-82911970598 HTTP/1.1" 500 2576 "-" "Mozilla/5.0 AppleWebKit/537.36 (KHTML, like Gecko; compatible; ClaudeBot/1.0; +claudebot@anthropic.com)"
216.73.216.99 - - [16/Apr/2026:10:49:43 -0600] "GET /shop-goods/detail-82904181863 HTTP/1.1" 500 2576 "-" "Mozilla/5.0 AppleWebKit/537.36 (KHTML, like Gecko; compatible; ClaudeBot/1.0; +claudebot@anthropic.com)"
40.77.167.36 - - [16/Apr/2026:10:49:44 -0600] "GET /shop-goods/detail-828812133 HTTP/1.1" 200 193538 "-" "Mozilla/5.0 AppleWebKit/537.36 (KHTML, like Gecko; compatible; bingbot/2.0; +http://www.bing.com/bingbot.htm) Chrome/116.0.1938.76 Safari/537.36"
216.73.216.99 - - [16/Apr/2026:10:49:48 -0600] "GET /shop-goods/detail-82904018248 HTTP/1.1" 500 2576 "-" "Mozilla/5.0 AppleWebKit/537.36 (KHTML, like Gecko; compatible; ClaudeBot/1.0; +claudebot@anthropic.com)"
216.73.216.99 - - [16/Apr/2026:10:49:53 -0600] "GET /shop-goods/detail-82932520517 HTTP/1.1" 500 2576 "-" "Mozilla/5.0 AppleWebKit/537.36 (KHTML, like Gecko; compatible; ClaudeBot/1.0; +claudebot@anthropic.com)"
216.73.216.99 - - [16/Apr/2026:10:49:58 -0600] "GET /shop-goods/detail-828915747997 HTTP/1.1" 500 2576 "-" "Mozilla/5.0 AppleWebKit/537.36 (KHTML, like Gecko; compatible; ClaudeBot/1.0; +claudebot@anthropic.com)"
216.73.216.99 - - [16/Apr/2026:10:50:03 -0600] "GET /shop-goods/detail-82907195606 HTTP/1.1" 500 2576 "-" "Mozilla/5.0 AppleWebKit/537.36 (KHTML, like Gecko; compatible; ClaudeBot/1.0; +claudebot@anthropic.com)"
216.73.216.99 - - [16/Apr/2026:10:50:08 -0600] "GET /shop-goods/detail-829049108196 HTTP/1.1" 500 2576 "-" "Mozilla/5.0 AppleWebKit/537.36 (KHTML, like Gecko; compatible; ClaudeBot/1.0; +claudebot@anthropic.com)"
216.73.216.99 - - [16/Apr/2026:10:50:13 -0600] "GET /shop-goods/detail-829256464370 HTTP/1.1" 500 2576 "-" "Mozilla/5.0 AppleWebKit/537.36 (KHTML, like Gecko; compatible; ClaudeBot/1.0; +claudebot@anthropic.com)"
32.192.125.193 - - [16/Apr/2026:10:50:17 -0600] "GET /wp-content/uploads/2021/09/MWBE-Logo-300x141-1.png HTTP/1.1" 200 30999 "http://thelomad.com/" "Mozilla/5.0 (X11; Linux x86_64) AppleWebKit/537.36 (KHTML, like Gecko) Chrome/124.0.0.0 Safari/537.36"
32.192.125.193 - - [16/Apr/2026:10:50:17 -0600] "GET /wp-content/uploads/2022/09/LOMAD-Logo-190x120-1.jpg HTTP/1.1" 200 13167 "http://thelomad.com/" "Mozilla/5.0 (X11; Linux x86_64) AppleWebKit/537.36 (KHTML, like Gecko) Chrome/124.0.0.0 Safari/537.36"
32.192.125.193 - - [16/Apr/2026:10:50:17 -0600] "GET /wp-content/uploads/2023/07/New-Adj-Page-LOMAD-Mag-Background-1.png HTTP/1.1" 500 2576 "http://thelomad.com/" "Mozilla/5.0 (X11; Linux x86_64) AppleWebKit/537.36 (KHTML, like Gecko) Chrome/124.0.0.0 Safari/537.36"
216.73.216.99 - - [16/Apr/2026:10:50:18 -0600] "GET /shop-goods/detail-829152885074 HTTP/1.1" 500 2576 "-" "Mozilla/5.0 AppleWebKit/537.36 (KHTML, like Gecko; compatible; ClaudeBot/1.0; +claudebot@anthropic.com)"
32.192.125.193 - - [16/Apr/2026:10:50:20 -0600] "GET /wp-content/uploads/2022/08/LOMADtv-logo_2_transparent.png HTTP/1.1" 200 259492 "http://thelomad.com/" "Mozilla/5.0 (X11; Linux x86_64) AppleWebKit/537.36 (KHTML, like Gecko) Chrome/124.0.0.0 Safari/537.36"
74.7.227.52 - - [16/Apr/2026:10:50:22 -0600] "GET /shop-goods/detail-8290103039741 HTTP/1.1" 500 2576 "https://twb.ebh.mybluehost.me/sitemap_shop_461.xml" "Mozilla/5.0 AppleWebKit/537.36 (KHTML, like Gecko; compatible; GPTBot/1.3; +https://openai.com/gptbot)"
216.73.216.99 - - [16/Apr/2026:10:50:23 -0600] "GET /shop-goods/detail-829128912529 HTTP/1.1" 500 2576 "-" "Mozilla/5.0 AppleWebKit/537.36 (KHTML, like Gecko; compatible; ClaudeBot/1.0; +claudebot@anthropic.com)"
216.73.216.99 - - [16/Apr/2026:10:50:28 -0600] "GET /shop-goods/detail-82932599555 HTTP/1.1" 500 2576 "-" "Mozilla/5.0 AppleWebKit/537.36 (KHTML, like Gecko; compatible; ClaudeBot/1.0; +claudebot@anthropic.com)"
216.73.216.99 - - [16/Apr/2026:10:50:33 -0600] "GET /shop-goods/detail-829368967790 HTTP/1.1" 500 2576 "-" "Mozilla/5.0 AppleWebKit/537.36 (KHTML, like Gecko; compatible; ClaudeBot/1.0; +claudebot@anthropic.com)"
216.73.216.99 - - [16/Apr/2026:10:50:38 -0600] "GET /shop-goods/detail-82938618343 HTTP/1.1" 500 2576 "-" "Mozilla/5.0 AppleWebKit/537.36 (KHTML, like Gecko; compatible; ClaudeBot/1.0; +claudebot@anthropic.com)"
216.73.216.99 - - [16/Apr/2026:10:50:43 -0600] "GET /shop-goods/detail-829013270711 HTTP/1.1" 500 2576 "-" "Mozilla/5.0 AppleWebKit/537.36 (KHTML, like Gecko; compatible; ClaudeBot/1.0; +claudebot@anthropic.com)"
216.73.216.99 - - [16/Apr/2026:10:50:48 -0600] "GET /shop-goods/detail-82914669915 HTTP/1.1" 500 2576 "-" "Mozilla/5.0 AppleWebKit/537.36 (KHTML, like Gecko; compatible; ClaudeBot/1.0; +claudebot@anthropic.com)"
216.73.216.99 - - [16/Apr/2026:10:50:53 -0600] "GET /shop-goods/detail-82922421703 HTTP/1.1" 500 2576 "-" "Mozilla/5.0 AppleWebKit/537.36 (KHTML, like Gecko; compatible; ClaudeBot/1.0; +claudebot@anthropic.com)"
216.73.216.99 - - [16/Apr/2026:10:50:58 -0600] "GET /shop-goods/detail-82917706677 HTTP/1.1" 500 2576 "-" "Mozilla/5.0 AppleWebKit/537.36 (KHTML, like Gecko; compatible; ClaudeBot/1.0; +claudebot@anthropic.com)"
216.73.216.99 - - [16/Apr/2026:10:51:03 -0600] "GET /shop-goods/detail-828851049398 HTTP/1.1" 500 2576 "-" "Mozilla/5.0 AppleWebKit/537.36 (KHTML, like Gecko; compatible; ClaudeBot/1.0; +claudebot@anthropic.com)"
52.167.144.23 - - [16/Apr/2026:10:51:04 -0600] "GET /shop-goods/detail-8288208804 HTTP/1.1" 200 198685 "-" "Mozilla/5.0 AppleWebKit/537.36 (KHTML, like Gecko; compatible; bingbot/2.0; +http://www.bing.com/bingbot.htm) Chrome/116.0.1938.76 Safari/537.36"
216.73.216.99 - - [16/Apr/2026:10:51:09 -0600] "GET /shop-goods/detail-82925127291 HTTP/1.1" 500 2576 "-" "Mozilla/5.0 AppleWebKit/537.36 (KHTML, like Gecko; compatible; ClaudeBot/1.0; +claudebot@anthropic.com)"
216.73.216.99 - - [16/Apr/2026:10:51:14 -0600] "GET /shop-goods/detail-828845410395 HTTP/1.1" 500 2576 "-" "Mozilla/5.0 AppleWebKit/537.36 (KHTML, like Gecko; compatible; ClaudeBot/1.0; +claudebot@anthropic.com)"
216.73.216.99 - - [16/Apr/2026:10:51:19 -0600] "GET /shop-goods/detail-829250259663 HTTP/1.1" 500 2576 "-" "Mozilla/5.0 AppleWebKit/537.36 (KHTML, like Gecko; compatible; ClaudeBot/1.0; +claudebot@anthropic.com)"
74.7.227.52 - - [16/Apr/2026:10:51:22 -0600] "GET /shop-goods/detail-8293101729428 HTTP/1.1" 500 2576 "https://twb.ebh.mybluehost.me/sitemap_shop_461.xml" "Mozilla/5.0 AppleWebKit/537.36 (KHTML, like Gecko; compatible; GPTBot/1.3; +https://openai.com/gptbot)"
216.73.216.99 - - [16/Apr/2026:10:51:24 -0600] "GET /shop-goods/detail-82899538953 HTTP/1.1" 500 2576 "-" "Mozilla/5.0 AppleWebKit/537.36 (KHTML, like Gecko; compatible; ClaudeBot/1.0; +claudebot@anthropic.com)"
216.73.216.99 - - [16/Apr/2026:10:51:29 -0600] "GET /shop-goods/detail-829152609618 HTTP/1.1" 500 2576 "-" "Mozilla/5.0 AppleWebKit/537.36 (KHTML, like Gecko; compatible; ClaudeBot/1.0; +claudebot@anthropic.com)"
216.73.216.99 - - [16/Apr/2026:10:51:34 -0600] "GET /shop-goods/detail-82911957260 HTTP/1.1" 500 2576 "-" "Mozilla/5.0 AppleWebKit/537.36 (KHTML, like Gecko; compatible; ClaudeBot/1.0; +claudebot@anthropic.com)"
216.73.216.99 - - [16/Apr/2026:10:51:39 -0600] "GET /shop-goods/detail-82893516824 HTTP/1.1" 500 2576 "-" "Mozilla/5.0 AppleWebKit/537.36 (KHTML, like Gecko; compatible; ClaudeBot/1.0; +claudebot@anthropic.com)"
216.73.216.99 - - [16/Apr/2026:10:51:44 -0600] "GET /shop-goods/detail-828827104621 HTTP/1.1" 500 2576 "-" "Mozilla/5.0 AppleWebKit/537.36 (KHTML, like Gecko; compatible; ClaudeBot/1.0; +claudebot@anthropic.com)"
216.73.216.99 - - [16/Apr/2026:10:51:49 -0600] "GET /shop-goods/detail-82899766505 HTTP/1.1" 500 2576 "-" "Mozilla/5.0 AppleWebKit/537.36 (KHTML, like Gecko; compatible; ClaudeBot/1.0; +claudebot@anthropic.com)"
216.73.216.99 - - [16/Apr/2026:10:51:54 -0600] "GET /shop-goods/detail-828851211145 HTTP/1.1" 500 2576 "-" "Mozilla/5.0 AppleWebKit/537.36 (KHTML, like Gecko; compatible; ClaudeBot/1.0; +claudebot@anthropic.com)"
216.73.216.99 - - [16/Apr/2026:10:51:59 -0600] "GET /shop-goods/detail-828924887243 HTTP/1.1" 500 2576 "-" "Mozilla/5.0 AppleWebKit/537.36 (KHTML, like Gecko; compatible; ClaudeBot/1.0; +claudebot@anthropic.com)"
216.73.216.99 - - [16/Apr/2026:10:52:04 -0600] "GET /shop-goods/detail-828851334377 HTTP/1.1" 500 2576 "-" "Mozilla/5.0 AppleWebKit/537.36 (KHTML, like Gecko; compatible; ClaudeBot/1.0; +claudebot@anthropic.com)"
216.73.216.99 - - [16/Apr/2026:10:52:09 -0600] "GET /shop-goods/detail-828951655323 HTTP/1.1" 500 2576 "-" "Mozilla/5.0 AppleWebKit/537.36 (KHTML, like Gecko; compatible; ClaudeBot/1.0; +claudebot@anthropic.com)"
216.73.216.99 - - [16/Apr/2026:10:52:14 -0600] "GET /shop-goods/detail-829344563773 HTTP/1.1" 500 2576 "-" "Mozilla/5.0 AppleWebKit/537.36 (KHTML, like Gecko; compatible; ClaudeBot/1.0; +claudebot@anthropic.com)"
47.128.44.244 - - [16/Apr/2026:10:52:18 -0600] "GET /shop-goods/detail-82911608930 HTTP/1.1" 500 2576 "-" "Mozilla/5.0 (Linux; Android 5.0) AppleWebKit/537.36 (KHTML, like Gecko) Mobile Safari/537.36 (compatible; Bytespider; spider-feedback@bytedance.com)"
216.73.216.99 - - [16/Apr/2026:10:52:19 -0600] "GET /shop-goods/detail-82896674964 HTTP/1.1" 500 2576 "-" "Mozilla/5.0 AppleWebKit/537.36 (KHTML, like Gecko; compatible; ClaudeBot/1.0; +claudebot@anthropic.com)"
74.7.227.52 - - [16/Apr/2026:10:52:23 -0600] "GET /shop-goods/detail-8292101041773 HTTP/1.1" 500 2576 "https://twb.ebh.mybluehost.me/sitemap_shop_461.xml" "Mozilla/5.0 AppleWebKit/537.36 (KHTML, like Gecko; compatible; GPTBot/1.3; +https://openai.com/gptbot)"
216.73.216.99 - - [16/Apr/2026:10:52:24 -0600] "GET /shop-goods/detail-829356913324 HTTP/1.1" 500 2576 "-" "Mozilla/5.0 AppleWebKit/537.36 (KHTML, like Gecko; compatible; ClaudeBot/1.0; +claudebot@anthropic.com)"
52.167.144.23 - - [16/Apr/2026:10:52:24 -0600] "GET /shop-goods/detail-828821497 HTTP/1.1" 200 205817 "-" "Mozilla/5.0 AppleWebKit/537.36 (KHTML, like Gecko; compatible; bingbot/2.0; +http://www.bing.com/bingbot.htm) Chrome/116.0.1938.76 Safari/537.36"
216.73.216.99 - - [16/Apr/2026:10:52:29 -0600] "GET /shop-goods/detail-828851090430 HTTP/1.1" 500 2576 "-" "Mozilla/5.0 AppleWebKit/537.36 (KHTML, like Gecko; compatible; ClaudeBot/1.0; +claudebot@anthropic.com)"
216.73.216.99 - - [16/Apr/2026:10:52:34 -0600] "GET /shop-goods/detail-829217407059 HTTP/1.1" 500 2576 "-" "Mozilla/5.0 AppleWebKit/537.36 (KHTML, like Gecko; compatible; ClaudeBot/1.0; +claudebot@anthropic.com)"
216.73.216.99 - - [16/Apr/2026:10:52:39 -0600] "GET /shop-goods/detail-829277304388 HTTP/1.1" 500 2576 "-" "Mozilla/5.0 AppleWebKit/537.36 (KHTML, like Gecko; compatible; ClaudeBot/1.0; +claudebot@anthropic.com)"
216.73.216.99 - - [16/Apr/2026:10:52:44 -0600] "GET /shop-goods/detail-828966953250 HTTP/1.1" 500 2576 "-" "Mozilla/5.0 AppleWebKit/537.36 (KHTML, like Gecko; compatible; ClaudeBot/1.0; +claudebot@anthropic.com)"
216.73.216.99 - - [16/Apr/2026:10:52:49 -0600] "GET /shop-goods/detail-829125533027 HTTP/1.1" 500 2576 "-" "Mozilla/5.0 AppleWebKit/537.36 (KHTML, like Gecko; compatible; ClaudeBot/1.0; +claudebot@anthropic.com)"
40.77.167.36 - - [16/Apr/2026:10:52:54 -0600] "GET /shop-goods/detail-8288305466 HTTP/1.1" 200 208989 "-" "Mozilla/5.0 AppleWebKit/537.36 (KHTML, like Gecko; compatible; bingbot/2.0; +http://www.bing.com/bingbot.htm) Chrome/116.0.1938.76 Safari/537.36"
216.73.216.99 - - [16/Apr/2026:10:52:54 -0600] "GET /shop-goods/detail-82914535417 HTTP/1.1" 500 2576 "-" "Mozilla/5.0 AppleWebKit/537.36 (KHTML, like Gecko; compatible; ClaudeBot/1.0; +claudebot@anthropic.com)"
52.167.144.23 - - [16/Apr/2026:10:52:58 -0600] "GET /shop-goods/detail-82922217074 HTTP/1.1" 200 189537 "-" "Mozilla/5.0 AppleWebKit/537.36 (KHTML, like Gecko; compatible; bingbot/2.0; +http://www.bing.com/bingbot.htm) Chrome/116.0.1938.76 Safari/537.36"
216.73.216.99 - - [16/Apr/2026:10:53:00 -0600] "GET /shop-goods/detail-82914588966 HTTP/1.1" 500 2576 "-" "Mozilla/5.0 AppleWebKit/537.36 (KHTML, like Gecko; compatible; ClaudeBot/1.0; +claudebot@anthropic.com)"
216.73.216.99 - - [16/Apr/2026:10:53:04 -0600] "GET /shop-goods/detail-828975544238 HTTP/1.1" 500 2576 "-" "Mozilla/5.0 AppleWebKit/537.36 (KHTML, like Gecko; compatible; ClaudeBot/1.0; +claudebot@anthropic.com)"
216.73.216.99 - - [16/Apr/2026:10:53:09 -0600] "GET /shop-goods/detail-829247000945 HTTP/1.1" 500 2576 "-" "Mozilla/5.0 AppleWebKit/537.36 (KHTML, like Gecko; compatible; ClaudeBot/1.0; +claudebot@anthropic.com)"
216.73.216.99 - - [16/Apr/2026:10:53:14 -0600] "GET /shop-goods/detail-82904256775 HTTP/1.1" 500 2576 "-" "Mozilla/5.0 AppleWebKit/537.36 (KHTML, like Gecko; compatible; ClaudeBot/1.0; +claudebot@anthropic.com)"
216.73.216.99 - - [16/Apr/2026:10:53:20 -0600] "GET /shop-goods/detail-82896566952 HTTP/1.1" 500 2576 "-" "Mozilla/5.0 AppleWebKit/537.36 (KHTML, like Gecko; compatible; ClaudeBot/1.0; +claudebot@anthropic.com)"
216.73.216.99 - - [16/Apr/2026:10:53:24 -0600] "GET /shop-goods/detail-82896654696 HTTP/1.1" 500 2576 "-" "Mozilla/5.0 AppleWebKit/537.36 (KHTML, like Gecko; compatible; ClaudeBot/1.0; +claudebot@anthropic.com)"
74.7.227.52 - - [16/Apr/2026:10:53:28 -0600] "GET /shop-goods/detail-8292104362048 HTTP/1.1" 500 2576 "https://twb.ebh.mybluehost.me/sitemap_shop_461.xml" "Mozilla/5.0 AppleWebKit/537.36 (KHTML, like Gecko; compatible; GPTBot/1.3; +https://openai.com/gptbot)"
216.73.216.99 - - [16/Apr/2026:10:53:29 -0600] "GET /shop-goods/detail-829256042454 HTTP/1.1" 500 2576 "-" "Mozilla/5.0 AppleWebKit/537.36 (KHTML, like Gecko; compatible; ClaudeBot/1.0; +claudebot@anthropic.com)"
216.73.216.99 - - [16/Apr/2026:10:53:34 -0600] "GET /shop-goods/detail-829152699722 HTTP/1.1" 500 2576 "-" "Mozilla/5.0 AppleWebKit/537.36 (KHTML, like Gecko; compatible; ClaudeBot/1.0; +claudebot@anthropic.com)"
216.73.216.99 - - [16/Apr/2026:10:53:39 -0600] "GET /shop-goods/detail-829110782586 HTTP/1.1" 500 2576 "-" "Mozilla/5.0 AppleWebKit/537.36 (KHTML, like Gecko; compatible; ClaudeBot/1.0; +claudebot@anthropic.com)"
216.73.216.99 - - [16/Apr/2026:10:53:44 -0600] "GET /shop-goods/detail-82904390033 HTTP/1.1" 500 2576 "-" "Mozilla/5.0 AppleWebKit/537.36 (KHTML, like Gecko; compatible; ClaudeBot/1.0; +claudebot@anthropic.com)"
216.73.216.99 - - [16/Apr/2026:10:53:49 -0600] "GET /shop-goods/detail-82893603135 HTTP/1.1" 500 2576 "-" "Mozilla/5.0 AppleWebKit/537.36 (KHTML, like Gecko; compatible; ClaudeBot/1.0; +claudebot@anthropic.com)"
216.73.216.99 - - [16/Apr/2026:10:53:54 -0600] "GET /shop-goods/detail-829052446519 HTTP/1.1" 500 2576 "-" "Mozilla/5.0 AppleWebKit/537.36 (KHTML, like Gecko; compatible; ClaudeBot/1.0; +claudebot@anthropic.com)"
216.73.216.99 - - [16/Apr/2026:10:53:59 -0600] "GET /shop-goods/detail-82904389192 HTTP/1.1" 500 2576 "-" "Mozilla/5.0 AppleWebKit/537.36 (KHTML, like Gecko; compatible; ClaudeBot/1.0; +claudebot@anthropic.com)"
216.73.216.99 - - [16/Apr/2026:10:54:20 -0600] "GET /shop-goods/detail-828945717962 HTTP/1.1" 500 2576 "-" "Mozilla/5.0 AppleWebKit/537.36 (KHTML, like Gecko; compatible; ClaudeBot/1.0; +claudebot@anthropic.com)"
216.73.216.99 - - [16/Apr/2026:10:54:24 -0600] "GET /shop-goods/detail-82914574638 HTTP/1.1" 500 2576 "-" "Mozilla/5.0 AppleWebKit/537.36 (KHTML, like Gecko; compatible; ClaudeBot/1.0; +claudebot@anthropic.com)"
216.73.216.99 - - [16/Apr/2026:10:54:30 -0600] "GET /shop-goods/detail-829214010636 HTTP/1.1" 500 2576 "-" "Mozilla/5.0 AppleWebKit/537.36 (KHTML, like Gecko; compatible; ClaudeBot/1.0; +claudebot@anthropic.com)"
74.7.227.52 - - [16/Apr/2026:10:54:31 -0600] "GET /shop-goods/detail-8291100575916 HTTP/1.1" 500 2576 "https://twb.ebh.mybluehost.me/sitemap_shop_461.xml" "Mozilla/5.0 AppleWebKit/537.36 (KHTML, like Gecko; compatible; GPTBot/1.3; +https://openai.com/gptbot)"
216.73.216.99 - - [16/Apr/2026:10:54:34 -0600] "GET /shop-goods/detail-82925241304 HTTP/1.1" 500 2576 "-" "Mozilla/5.0 AppleWebKit/537.36 (KHTML, like Gecko; compatible; ClaudeBot/1.0; +claudebot@anthropic.com)"
216.73.216.99 - - [16/Apr/2026:10:54:39 -0600] "GET /shop-goods/detail-82896632226 HTTP/1.1" 500 2576 "-" "Mozilla/5.0 AppleWebKit/537.36 (KHTML, like Gecko; compatible; ClaudeBot/1.0; +claudebot@anthropic.com)"
216.73.216.99 - - [16/Apr/2026:10:54:44 -0600] "GET /shop-goods/detail-82935755862 HTTP/1.1" 500 2576 "-" "Mozilla/5.0 AppleWebKit/537.36 (KHTML, like Gecko; compatible; ClaudeBot/1.0; +claudebot@anthropic.com)"
216.73.216.99 - - [16/Apr/2026:10:54:49 -0600] "GET /shop-goods/detail-829046388002 HTTP/1.1" 500 2576 "-" "Mozilla/5.0 AppleWebKit/537.36 (KHTML, like Gecko; compatible; ClaudeBot/1.0; +claudebot@anthropic.com)"
216.73.216.99 - - [16/Apr/2026:10:54:54 -0600] "GET /shop-goods/detail-829128989175 HTTP/1.1" 500 2576 "-" "Mozilla/5.0 AppleWebKit/537.36 (KHTML, like Gecko; compatible; ClaudeBot/1.0; +claudebot@anthropic.com)"
216.73.216.99 - - [16/Apr/2026:10:54:59 -0600] "GET /shop-goods/detail-829253308473 HTTP/1.1" 500 2576 "-" "Mozilla/5.0 AppleWebKit/537.36 (KHTML, like Gecko; compatible; ClaudeBot/1.0; +claudebot@anthropic.com)"
216.73.216.99 - - [16/Apr/2026:10:55:04 -0600] "GET /shop-goods/detail-829320558180 HTTP/1.1" 500 2576 "-" "Mozilla/5.0 AppleWebKit/537.36 (KHTML, like Gecko; compatible; ClaudeBot/1.0; +claudebot@anthropic.com)"
216.73.216.99 - - [16/Apr/2026:10:55:09 -0600] "GET /shop-goods/detail-829028251929 HTTP/1.1" 500 2576 "-" "Mozilla/5.0 AppleWebKit/537.36 (KHTML, like Gecko; compatible; ClaudeBot/1.0; +claudebot@anthropic.com)"
216.73.216.99 - - [16/Apr/2026:10:55:14 -0600] "GET /shop-goods/detail-82883440139 HTTP/1.1" 500 2576 "-" "Mozilla/5.0 AppleWebKit/537.36 (KHTML, like Gecko; compatible; ClaudeBot/1.0; +claudebot@anthropic.com)"
216.73.216.99 - - [16/Apr/2026:10:55:19 -0600] "GET /shop-goods/detail-82935920339 HTTP/1.1" 500 2576 "-" "Mozilla/5.0 AppleWebKit/537.36 (KHTML, like Gecko; compatible; ClaudeBot/1.0; +claudebot@anthropic.com)"
216.73.216.99 - - [16/Apr/2026:10:55:24 -0600] "GET /shop-goods/detail-82914825863 HTTP/1.1" 500 2576 "-" "Mozilla/5.0 AppleWebKit/537.36 (KHTML, like Gecko; compatible; ClaudeBot/1.0; +claudebot@anthropic.com)"
216.73.216.99 - - [16/Apr/2026:10:55:29 -0600] "GET /shop-goods/detail-82935808062 HTTP/1.1" 500 2576 "-" "Mozilla/5.0 AppleWebKit/537.36 (KHTML, like Gecko; compatible; ClaudeBot/1.0; +claudebot@anthropic.com)"
66.249.74.69 - - [16/Apr/2026:10:55:30 -0600] "GET /shop-goods/detail-82911831382 HTTP/1.1" 200 208867 "-" "Mozilla/5.0 (Linux; Android 6.0.1; Nexus 5X Build/MMB29P) AppleWebKit/537.36 (KHTML, like Gecko) Chrome/146.0.7680.177 Mobile Safari/537.36 (compatible; Googlebot/2.1; +http://www.google.com/bot.html)"
74.7.227.52 - - [16/Apr/2026:10:55:32 -0600] "GET /shop-goods/detail-8290103382478 HTTP/1.1" 500 2576 "https://twb.ebh.mybluehost.me/sitemap_shop_461.xml" "Mozilla/5.0 AppleWebKit/537.36 (KHTML, like Gecko; compatible; GPTBot/1.3; +https://openai.com/gptbot)"
216.73.216.99 - - [16/Apr/2026:10:55:34 -0600] "GET /shop-goods/detail-82899694692 HTTP/1.1" 500 2576 "-" "Mozilla/5.0 AppleWebKit/537.36 (KHTML, like Gecko; compatible; ClaudeBot/1.0; +claudebot@anthropic.com)"
216.73.216.99 - - [16/Apr/2026:10:55:39 -0600] "GET /shop-goods/detail-829323910631 HTTP/1.1" 500 2576 "-" "Mozilla/5.0 AppleWebKit/537.36 (KHTML, like Gecko; compatible; ClaudeBot/1.0; +claudebot@anthropic.com)"
216.73.216.99 - - [16/Apr/2026:10:55:44 -0600] "GET /shop-goods/detail-82928058926 HTTP/1.1" 500 2576 "-" "Mozilla/5.0 AppleWebKit/537.36 (KHTML, like Gecko; compatible; ClaudeBot/1.0; +claudebot@anthropic.com)"
52.167.144.23 - - [16/Apr/2026:10:55:45 -0600] "GET /shop-goods/detail-8288388437 HTTP/1.1" 200 217561 "-" "Mozilla/5.0 AppleWebKit/537.36 (KHTML, like Gecko; compatible; bingbot/2.0; +http://www.bing.com/bingbot.htm) Chrome/116.0.1938.76 Safari/537.36"
216.73.216.99 - - [16/Apr/2026:10:55:45 -0600] "GET /shop-goods/detail-828848361591 HTTP/1.1" 500 2576 "-" "Mozilla/5.0 AppleWebKit/537.36 (KHTML, like Gecko; compatible; ClaudeBot/1.0; +claudebot@anthropic.com)"
216.73.216.99 - - [16/Apr/2026:10:55:50 -0600] "GET /shop-goods/detail-82899683473 HTTP/1.1" 500 2576 "-" "Mozilla/5.0 AppleWebKit/537.36 (KHTML, like Gecko; compatible; ClaudeBot/1.0; +claudebot@anthropic.com)"
216.73.216.99 - - [16/Apr/2026:10:55:55 -0600] "GET /shop-goods/detail-82932892041 HTTP/1.1" 500 2576 "-" "Mozilla/5.0 AppleWebKit/537.36 (KHTML, like Gecko; compatible; ClaudeBot/1.0; +claudebot@anthropic.com)"
216.73.216.99 - - [16/Apr/2026:10:56:00 -0600] "GET /shop-goods/detail-828830482769 HTTP/1.1" 500 2576 "-" "Mozilla/5.0 AppleWebKit/537.36 (KHTML, like Gecko; compatible; ClaudeBot/1.0; +claudebot@anthropic.com)"
216.73.216.99 - - [16/Apr/2026:10:56:05 -0600] "GET /shop-goods/detail-82886069120 HTTP/1.1" 500 2576 "-" "Mozilla/5.0 AppleWebKit/537.36 (KHTML, like Gecko; compatible; ClaudeBot/1.0; +claudebot@anthropic.com)"
47.128.44.224 - - [16/Apr/2026:10:56:09 -0600] "GET /shop-goods/detail-82901111420 HTTP/1.1" 500 2576 "-" "Mozilla/5.0 (Linux; Android 5.0) AppleWebKit/537.36 (KHTML, like Gecko) Mobile Safari/537.36 (compatible; Bytespider; spider-feedback@bytedance.com)"
216.73.216.99 - - [16/Apr/2026:10:56:10 -0600] "GET /shop-goods/detail-82911586830 HTTP/1.1" 500 2576 "-" "Mozilla/5.0 AppleWebKit/537.36 (KHTML, like Gecko; compatible; ClaudeBot/1.0; +claudebot@anthropic.com)"
216.73.216.99 - - [16/Apr/2026:10:56:15 -0600] "GET /shop-goods/detail-828827246973 HTTP/1.1" 500 2576 "-" "Mozilla/5.0 AppleWebKit/537.36 (KHTML, like Gecko; compatible; ClaudeBot/1.0; +claudebot@anthropic.com)"
47.128.44.207 - - [16/Apr/2026:10:56:18 -0600] "GET /shop-goods/detail-8288486722 HTTP/1.1" 500 2576 "-" "Mozilla/5.0 (Linux; Android 5.0) AppleWebKit/537.36 (KHTML, like Gecko) Mobile Safari/537.36 (compatible; Bytespider; spider-feedback@bytedance.com)"
216.73.216.99 - - [16/Apr/2026:10:56:20 -0600] "GET /shop-goods/detail-828818236266 HTTP/1.1" 500 2576 "-" "Mozilla/5.0 AppleWebKit/537.36 (KHTML, like Gecko; compatible; ClaudeBot/1.0; +claudebot@anthropic.com)"
216.73.216.99 - - [16/Apr/2026:10:56:25 -0600] "GET /shop-goods/detail-829329926513 HTTP/1.1" 500 2576 "-" "Mozilla/5.0 AppleWebKit/537.36 (KHTML, like Gecko; compatible; ClaudeBot/1.0; +claudebot@anthropic.com)"
216.73.216.99 - - [16/Apr/2026:10:56:30 -0600] "GET /shop-goods/detail-82935539465 HTTP/1.1" 500 2576 "-" "Mozilla/5.0 AppleWebKit/537.36 (KHTML, like Gecko; compatible; ClaudeBot/1.0; +claudebot@anthropic.com)"
216.73.216.99 - - [16/Apr/2026:10:56:35 -0600] "GET /shop-goods/detail-82932702633 HTTP/1.1" 500 2576 "-" "Mozilla/5.0 AppleWebKit/537.36 (KHTML, like Gecko; compatible; ClaudeBot/1.0; +claudebot@anthropic.com)"
216.73.216.99 - - [16/Apr/2026:10:56:41 -0600] "GET /shop-goods/detail-82938630331 HTTP/1.1" 500 2576 "-" "Mozilla/5.0 AppleWebKit/537.36 (KHTML, like Gecko; compatible; ClaudeBot/1.0; +claudebot@anthropic.com)"
74.7.227.52 - - [16/Apr/2026:10:56:42 -0600] "GET /shop-goods/detail-8291103905403 HTTP/1.1" 500 2576 "https://twb.ebh.mybluehost.me/sitemap_shop_461.xml" "Mozilla/5.0 AppleWebKit/537.36 (KHTML, like Gecko; compatible; GPTBot/1.3; +https://openai.com/gptbot)"
216.73.216.99 - - [16/Apr/2026:10:56:46 -0600] "GET /shop-goods/detail-829052017145 HTTP/1.1" 500 2576 "-" "Mozilla/5.0 AppleWebKit/537.36 (KHTML, like Gecko; compatible; ClaudeBot/1.0; +claudebot@anthropic.com)"
216.73.216.99 - - [16/Apr/2026:10:56:51 -0600] "GET /shop-goods/detail-828824379892 HTTP/1.1" 500 2576 "-" "Mozilla/5.0 AppleWebKit/537.36 (KHTML, like Gecko; compatible; ClaudeBot/1.0; +claudebot@anthropic.com)"
114.119.156.111 - - [16/Apr/2026:10:56:51 -0600] "GET /events/action~oneday/exact_date~8-6-2018/ HTTP/1.1" 500 2576 "https://getmad.today/events/action~agenda/page_offset~-6/cat_ids~87,88,89/request_format~json" "Mozilla/5.0 (Linux; Android 7.0;) AppleWebKit/537.36 (KHTML, like Gecko) Mobile Safari/537.36 (compatible; PetalBot;+https://webmaster.petalsearch.com/site/petalbot)"
216.73.216.99 - - [16/Apr/2026:10:56:56 -0600] "GET /shop-goods/detail-8288267758 HTTP/1.1" 500 2576 "-" "Mozilla/5.0 AppleWebKit/537.36 (KHTML, like Gecko; compatible; ClaudeBot/1.0; +claudebot@anthropic.com)"
216.73.216.99 - - [16/Apr/2026:10:57:01 -0600] "GET /shop-goods/detail-8288332669 HTTP/1.1" 500 2576 "-" "Mozilla/5.0 AppleWebKit/537.36 (KHTML, like Gecko; compatible; ClaudeBot/1.0; +claudebot@anthropic.com)"
216.73.216.99 - - [16/Apr/2026:10:57:06 -0600] "GET /shop-goods/detail-82886100718 HTTP/1.1" 500 2576 "-" "Mozilla/5.0 AppleWebKit/537.36 (KHTML, like Gecko; compatible; ClaudeBot/1.0; +claudebot@anthropic.com)"
216.73.216.99 - - [16/Apr/2026:10:57:11 -0600] "GET /shop-goods/detail-82883498536 HTTP/1.1" 500 2576 "-" "Mozilla/5.0 AppleWebKit/537.36 (KHTML, like Gecko; compatible; ClaudeBot/1.0; +claudebot@anthropic.com)"
216.73.216.99 - - [16/Apr/2026:10:57:16 -0600] "GET /shop-goods/detail-828854472939 HTTP/1.1" 500 2576 "-" "Mozilla/5.0 AppleWebKit/537.36 (KHTML, like Gecko; compatible; ClaudeBot/1.0; +claudebot@anthropic.com)"
216.73.216.99 - - [16/Apr/2026:10:57:21 -0600] "GET /shop-goods/detail-82899564844 HTTP/1.1" 500 2576 "-" "Mozilla/5.0 AppleWebKit/537.36 (KHTML, like Gecko; compatible; ClaudeBot/1.0; +claudebot@anthropic.com)"
216.73.216.99 - - [16/Apr/2026:10:57:26 -0600] "GET /shop-goods/detail-82886470818 HTTP/1.1" 500 2576 "-" "Mozilla/5.0 AppleWebKit/537.36 (KHTML, like Gecko; compatible; ClaudeBot/1.0; +claudebot@anthropic.com)"
145.223.130.224 - - [16/Apr/2026:10:57:27 -0600] "GET /event/lomadtv-lawyers-friends-2/ HTTP/1.1" 500 2576 "-" "Mozilla/5.0 (Macintosh; Intel Mac OS X 10_15_7) AppleWebKit/537.36 (KHTML, like Gecko) Chrome/120.0.0.0 Safari/537.36"
216.73.216.99 - - [16/Apr/2026:10:57:31 -0600] "GET /shop-goods/detail-829344817048 HTTP/1.1" 500 2576 "-" "Mozilla/5.0 AppleWebKit/537.36 (KHTML, like Gecko; compatible; ClaudeBot/1.0; +claudebot@anthropic.com)"
216.73.216.99 - - [16/Apr/2026:10:57:36 -0600] "GET /shop-goods/detail-82932798278 HTTP/1.1" 500 2576 "-" "Mozilla/5.0 AppleWebKit/537.36 (KHTML, like Gecko; compatible; ClaudeBot/1.0; +claudebot@anthropic.com)"
74.7.227.52 - - [16/Apr/2026:10:57:41 -0600] "GET /shop-goods/detail-8291103788429 HTTP/1.1" 500 2576 "https://twb.ebh.mybluehost.me/sitemap_shop_461.xml" "Mozilla/5.0 AppleWebKit/537.36 (KHTML, like Gecko; compatible; GPTBot/1.3; +https://openai.com/gptbot)"
216.73.216.99 - - [16/Apr/2026:10:57:41 -0600] "GET /shop-goods/detail-828966969003 HTTP/1.1" 500 2576 "-" "Mozilla/5.0 AppleWebKit/537.36 (KHTML, like Gecko; compatible; ClaudeBot/1.0; +claudebot@anthropic.com)"
216.73.216.99 - - [16/Apr/2026:10:57:46 -0600] "GET /shop-goods/detail-828812151548 HTTP/1.1" 500 2576 "-" "Mozilla/5.0 AppleWebKit/537.36 (KHTML, like Gecko; compatible; ClaudeBot/1.0; +claudebot@anthropic.com)"
66.249.74.76 - - [16/Apr/2026:10:57:46 -0600] "GET /ads.txt HTTP/1.1" 200 190044 "-" "Mozilla/5.0 (compatible; Googlebot/2.1; +http://www.google.com/bot.html)"
130.12.180.144 - - [16/Apr/2026:10:57:48 -0600] "GET /.git/HEAD HTTP/1.1" 500 2576 "-" "Mozilla/5.0 (Windows NT 10.0; Win64; x64) AppleWebKit/537.36"
130.12.180.144 - - [16/Apr/2026:10:57:49 -0600] "GET /.git/config HTTP/1.1" 500 2576 "-" "Mozilla/5.0 (Windows NT 10.0; Win64; x64) AppleWebKit/537.36"
216.73.216.99 - - [16/Apr/2026:10:57:52 -0600] "GET /shop-goods/detail-82932797052 HTTP/1.1" 500 2576 "-" "Mozilla/5.0 AppleWebKit/537.36 (KHTML, like Gecko; compatible; ClaudeBot/1.0; +claudebot@anthropic.com)"
216.73.216.99 - - [16/Apr/2026:10:57:57 -0600] "GET /shop-goods/detail-82901495883 HTTP/1.1" 500 2576 "-" "Mozilla/5.0 AppleWebKit/537.36 (KHTML, like Gecko; compatible; ClaudeBot/1.0; +claudebot@anthropic.com)"
52.167.144.210 - - [16/Apr/2026:10:57:59 -0600] "GET /shop-goods/detail-8288274486 HTTP/1.1" 200 228053 "-" "Mozilla/5.0 AppleWebKit/537.36 (KHTML, like Gecko; compatible; bingbot/2.0; +http://www.bing.com/bingbot.htm) Chrome/116.0.1938.76 Safari/537.36"
