216.73.216.99 - - [16/Apr/2026:07:40:38 -0600] "GET /shop-goods/detail-828930500746 HTTP/1.1" 500 2576 "-" "Mozilla/5.0 AppleWebKit/537.36 (KHTML, like Gecko; compatible; ClaudeBot/1.0; +claudebot@anthropic.com)"
216.73.216.99 - - [16/Apr/2026:07:40:43 -0600] "GET /shop-goods/detail-828975668326 HTTP/1.1" 500 2576 "-" "Mozilla/5.0 AppleWebKit/537.36 (KHTML, like Gecko; compatible; ClaudeBot/1.0; +claudebot@anthropic.com)"
216.73.216.99 - - [16/Apr/2026:07:40:48 -0600] "GET /shop-goods/detail-82893750517 HTTP/1.1" 500 2576 "-" "Mozilla/5.0 AppleWebKit/537.36 (KHTML, like Gecko; compatible; ClaudeBot/1.0; +claudebot@anthropic.com)"
216.73.216.99 - - [16/Apr/2026:07:40:53 -0600] "GET /shop-goods/detail-82917604364 HTTP/1.1" 500 2576 "-" "Mozilla/5.0 AppleWebKit/537.36 (KHTML, like Gecko; compatible; ClaudeBot/1.0; +claudebot@anthropic.com)"
216.73.216.99 - - [16/Apr/2026:07:40:58 -0600] "GET /shop-goods/detail-829122730041 HTTP/1.1" 500 2576 "-" "Mozilla/5.0 AppleWebKit/537.36 (KHTML, like Gecko; compatible; ClaudeBot/1.0; +claudebot@anthropic.com)"
216.73.216.99 - - [16/Apr/2026:07:41:03 -0600] "GET /shop-goods/detail-829173837566 HTTP/1.1" 500 2576 "-" "Mozilla/5.0 AppleWebKit/537.36 (KHTML, like Gecko; compatible; ClaudeBot/1.0; +claudebot@anthropic.com)"
216.73.216.99 - - [16/Apr/2026:07:41:08 -0600] "GET /shop-goods/detail-82917643096 HTTP/1.1" 500 2576 "-" "Mozilla/5.0 AppleWebKit/537.36 (KHTML, like Gecko; compatible; ClaudeBot/1.0; +claudebot@anthropic.com)"
216.73.216.99 - - [16/Apr/2026:07:41:13 -0600] "GET /shop-goods/detail-829019184222 HTTP/1.1" 500 2576 "-" "Mozilla/5.0 AppleWebKit/537.36 (KHTML, like Gecko; compatible; ClaudeBot/1.0; +claudebot@anthropic.com)"
5.180.61.131 - - [16/Apr/2026:07:41:13 -0600] "POST /wp-admin/admin-ajax.php HTTP/1.1" 500 2576 "-" "Mozilla/5.0 (Windows NT 10.0; Win64; x64) AppleWebKit/537.36 (KHTML, like Gecko) Chrome/91.0.4472.124 Safari/537.36"
216.73.216.99 - - [16/Apr/2026:07:41:18 -0600] "GET /shop-goods/detail-829073441555 HTTP/1.1" 500 2576 "-" "Mozilla/5.0 AppleWebKit/537.36 (KHTML, like Gecko; compatible; ClaudeBot/1.0; +claudebot@anthropic.com)"
216.73.216.99 - - [16/Apr/2026:07:41:23 -0600] "GET /shop-goods/detail-829226335494 HTTP/1.1" 500 2576 "-" "Mozilla/5.0 AppleWebKit/537.36 (KHTML, like Gecko; compatible; ClaudeBot/1.0; +claudebot@anthropic.com)"
74.7.227.52 - - [16/Apr/2026:07:41:25 -0600] "GET /shop-goods/detail-829116584773 HTTP/1.1" 500 2576 "https://twb.ebh.mybluehost.me/sitemap_index.xml" "Mozilla/5.0 AppleWebKit/537.36 (KHTML, like Gecko; compatible; GPTBot/1.3; +https://openai.com/gptbot)"
216.73.216.99 - - [16/Apr/2026:07:41:28 -0600] "GET /shop-goods/detail-828975788401 HTTP/1.1" 500 2576 "-" "Mozilla/5.0 AppleWebKit/537.36 (KHTML, like Gecko; compatible; ClaudeBot/1.0; +claudebot@anthropic.com)"
216.73.216.99 - - [16/Apr/2026:07:41:33 -0600] "GET /shop-goods/detail-828851396680 HTTP/1.1" 500 2576 "-" "Mozilla/5.0 AppleWebKit/537.36 (KHTML, like Gecko; compatible; ClaudeBot/1.0; +claudebot@anthropic.com)"
37.139.53.147 - - [16/Apr/2026:07:41:33 -0600] "GET /contact-us/ HTTP/1.0" 500 2576 "https://getmad.today/contact-us/" "Mozilla/5.0 (Windows NT 10.0; Win64; x64) AppleWebKit/537.36 (KHTML, like Gecko) Chrome/130.0.0.0 Safari/537.36 CCleaner/130.0.0.0"
37.139.53.147 - - [16/Apr/2026:07:41:35 -0600] "GET / HTTP/1.0" 301 273 "https://getmad.today/" "Mozilla/5.0 (Windows NT 10.0; Win64; x64) AppleWebKit/537.36 (KHTML, like Gecko) Chrome/130.0.0.0 Safari/537.36 CCleaner/130.0.0.0"
216.73.216.99 - - [16/Apr/2026:07:41:38 -0600] "GET /shop-goods/detail-82922488209 HTTP/1.1" 500 2576 "-" "Mozilla/5.0 AppleWebKit/537.36 (KHTML, like Gecko; compatible; ClaudeBot/1.0; +claudebot@anthropic.com)"
216.73.216.99 - - [16/Apr/2026:07:41:43 -0600] "GET /shop-goods/detail-829253398452 HTTP/1.1" 500 2576 "-" "Mozilla/5.0 AppleWebKit/537.36 (KHTML, like Gecko; compatible; ClaudeBot/1.0; +claudebot@anthropic.com)"
216.73.216.99 - - [16/Apr/2026:07:41:48 -0600] "GET /shop-goods/detail-829314861309 HTTP/1.1" 500 2576 "-" "Mozilla/5.0 AppleWebKit/537.36 (KHTML, like Gecko; compatible; ClaudeBot/1.0; +claudebot@anthropic.com)"
216.73.216.99 - - [16/Apr/2026:07:41:53 -0600] "GET /shop-goods/detail-829320700728 HTTP/1.1" 500 2576 "-" "Mozilla/5.0 AppleWebKit/537.36 (KHTML, like Gecko; compatible; ClaudeBot/1.0; +claudebot@anthropic.com)"
216.73.216.99 - - [16/Apr/2026:07:41:58 -0600] "GET /shop-goods/detail-829173657896 HTTP/1.1" 500 2576 "-" "Mozilla/5.0 AppleWebKit/537.36 (KHTML, like Gecko; compatible; ClaudeBot/1.0; +claudebot@anthropic.com)"
216.73.216.99 - - [16/Apr/2026:07:42:03 -0600] "GET /shop-goods/detail-82904290417 HTTP/1.1" 500 2576 "-" "Mozilla/5.0 AppleWebKit/537.36 (KHTML, like Gecko; compatible; ClaudeBot/1.0; +claudebot@anthropic.com)"
216.73.216.99 - - [16/Apr/2026:07:42:05 -0600] "GET /shop-goods/detail-82896849743 HTTP/1.1" 500 2576 "-" "Mozilla/5.0 AppleWebKit/537.36 (KHTML, like Gecko; compatible; ClaudeBot/1.0; +claudebot@anthropic.com)"
216.73.216.99 - - [16/Apr/2026:07:42:10 -0600] "GET /shop-goods/detail-829128581132 HTTP/1.1" 500 2576 "-" "Mozilla/5.0 AppleWebKit/537.36 (KHTML, like Gecko; compatible; ClaudeBot/1.0; +claudebot@anthropic.com)"
216.73.216.99 - - [16/Apr/2026:07:42:14 -0600] "GET /shop-goods/detail-82922236390 HTTP/1.1" 500 2576 "-" "Mozilla/5.0 AppleWebKit/537.36 (KHTML, like Gecko; compatible; ClaudeBot/1.0; +claudebot@anthropic.com)"
216.73.216.99 - - [16/Apr/2026:07:42:20 -0600] "GET /shop-goods/detail-829256119690 HTTP/1.1" 500 2576 "-" "Mozilla/5.0 AppleWebKit/537.36 (KHTML, like Gecko; compatible; ClaudeBot/1.0; +claudebot@anthropic.com)"
216.73.216.99 - - [16/Apr/2026:07:42:25 -0600] "GET /shop-goods/detail-829247361688 HTTP/1.1" 500 2576 "-" "Mozilla/5.0 AppleWebKit/537.36 (KHTML, like Gecko; compatible; ClaudeBot/1.0; +claudebot@anthropic.com)"
216.73.216.99 - - [16/Apr/2026:07:42:30 -0600] "GET /shop-goods/detail-82883193999 HTTP/1.1" 500 2576 "-" "Mozilla/5.0 AppleWebKit/537.36 (KHTML, like Gecko; compatible; ClaudeBot/1.0; +claudebot@anthropic.com)"
74.7.227.52 - - [16/Apr/2026:07:42:30 -0600] "GET /shop-goods/detail-829125741668 HTTP/1.1" 500 2576 "https://twb.ebh.mybluehost.me/sitemap_shop_302.xml" "Mozilla/5.0 AppleWebKit/537.36 (KHTML, like Gecko; compatible; GPTBot/1.3; +https://openai.com/gptbot)"
216.73.216.99 - - [16/Apr/2026:07:42:34 -0600] "GET /shop-goods/detail-829371698661 HTTP/1.1" 500 2576 "-" "Mozilla/5.0 AppleWebKit/537.36 (KHTML, like Gecko; compatible; ClaudeBot/1.0; +claudebot@anthropic.com)"
216.73.216.99 - - [16/Apr/2026:07:42:39 -0600] "GET /shop-goods/detail-829052104210 HTTP/1.1" 500 2576 "-" "Mozilla/5.0 AppleWebKit/537.36 (KHTML, like Gecko; compatible; ClaudeBot/1.0; +claudebot@anthropic.com)"
216.73.216.99 - - [16/Apr/2026:07:42:44 -0600] "GET /shop-goods/detail-828951579492 HTTP/1.1" 500 2576 "-" "Mozilla/5.0 AppleWebKit/537.36 (KHTML, like Gecko; compatible; ClaudeBot/1.0; +claudebot@anthropic.com)"
216.73.216.99 - - [16/Apr/2026:07:42:49 -0600] "GET /shop-goods/detail-829368513000 HTTP/1.1" 500 2576 "-" "Mozilla/5.0 AppleWebKit/537.36 (KHTML, like Gecko; compatible; ClaudeBot/1.0; +claudebot@anthropic.com)"
216.73.216.99 - - [16/Apr/2026:07:42:54 -0600] "GET /shop-goods/detail-829247166031 HTTP/1.1" 500 2576 "-" "Mozilla/5.0 AppleWebKit/537.36 (KHTML, like Gecko; compatible; ClaudeBot/1.0; +claudebot@anthropic.com)"
216.73.216.99 - - [16/Apr/2026:07:43:00 -0600] "GET /shop-goods/detail-82917681210 HTTP/1.1" 500 2576 "-" "Mozilla/5.0 AppleWebKit/537.36 (KHTML, like Gecko; compatible; ClaudeBot/1.0; +claudebot@anthropic.com)"
216.73.216.99 - - [16/Apr/2026:07:43:04 -0600] "GET /shop-goods/detail-829055124727 HTTP/1.1" 500 2576 "-" "Mozilla/5.0 AppleWebKit/537.36 (KHTML, like Gecko; compatible; ClaudeBot/1.0; +claudebot@anthropic.com)"
40.77.167.159 - - [16/Apr/2026:07:43:07 -0600] "GET /shop-goods/detail-82901003987 HTTP/1.1" 200 207353 "-" "Mozilla/5.0 AppleWebKit/537.36 (KHTML, like Gecko; compatible; bingbot/2.0; +http://www.bing.com/bingbot.htm) Chrome/116.0.1938.76 Safari/537.36"
216.73.216.99 - - [16/Apr/2026:07:43:09 -0600] "GET /shop-goods/detail-829344642573 HTTP/1.1" 500 2576 "-" "Mozilla/5.0 AppleWebKit/537.36 (KHTML, like Gecko; compatible; ClaudeBot/1.0; +claudebot@anthropic.com)"
216.73.216.99 - - [16/Apr/2026:07:43:14 -0600] "GET /shop-goods/detail-829244429131 HTTP/1.1" 500 2576 "-" "Mozilla/5.0 AppleWebKit/537.36 (KHTML, like Gecko; compatible; ClaudeBot/1.0; +claudebot@anthropic.com)"
216.73.216.99 - - [16/Apr/2026:07:43:19 -0600] "GET /shop-goods/detail-829019007806 HTTP/1.1" 500 2576 "-" "Mozilla/5.0 AppleWebKit/537.36 (KHTML, like Gecko; compatible; ClaudeBot/1.0; +claudebot@anthropic.com)"
216.73.216.99 - - [16/Apr/2026:07:43:25 -0600] "GET /shop-goods/detail-829268169753 HTTP/1.1" 500 2576 "-" "Mozilla/5.0 AppleWebKit/537.36 (KHTML, like Gecko; compatible; ClaudeBot/1.0; +claudebot@anthropic.com)"
216.73.216.99 - - [16/Apr/2026:07:43:29 -0600] "GET /shop-goods/detail-828830070789 HTTP/1.1" 500 2576 "-" "Mozilla/5.0 AppleWebKit/537.36 (KHTML, like Gecko; compatible; ClaudeBot/1.0; +claudebot@anthropic.com)"
216.73.216.99 - - [16/Apr/2026:07:43:34 -0600] "GET /shop-goods/detail-82899511042 HTTP/1.1" 500 2576 "-" "Mozilla/5.0 AppleWebKit/537.36 (KHTML, like Gecko; compatible; ClaudeBot/1.0; +claudebot@anthropic.com)"
74.7.227.52 - - [16/Apr/2026:07:43:34 -0600] "GET /shop-goods/detail-829185746810 HTTP/1.1" 500 2576 "https://twb.ebh.mybluehost.me/sitemap_shop_972.xml" "Mozilla/5.0 AppleWebKit/537.36 (KHTML, like Gecko; compatible; GPTBot/1.3; +https://openai.com/gptbot)"
216.73.216.99 - - [16/Apr/2026:07:43:39 -0600] "GET /shop-goods/detail-829128726354 HTTP/1.1" 500 2576 "-" "Mozilla/5.0 AppleWebKit/537.36 (KHTML, like Gecko; compatible; ClaudeBot/1.0; +claudebot@anthropic.com)"
216.73.216.99 - - [16/Apr/2026:07:43:45 -0600] "GET /shop-goods/detail-82899824268 HTTP/1.1" 500 2576 "-" "Mozilla/5.0 AppleWebKit/537.36 (KHTML, like Gecko; compatible; ClaudeBot/1.0; +claudebot@anthropic.com)"
216.73.216.99 - - [16/Apr/2026:07:43:49 -0600] "GET /shop-goods/detail-829170950545 HTTP/1.1" 500 2576 "-" "Mozilla/5.0 AppleWebKit/537.36 (KHTML, like Gecko; compatible; ClaudeBot/1.0; +claudebot@anthropic.com)"
216.73.216.99 - - [16/Apr/2026:07:43:55 -0600] "GET /shop-goods/detail-829374670466 HTTP/1.1" 500 2576 "-" "Mozilla/5.0 AppleWebKit/537.36 (KHTML, like Gecko; compatible; ClaudeBot/1.0; +claudebot@anthropic.com)"
216.73.216.99 - - [16/Apr/2026:07:44:00 -0600] "GET /shop-goods/detail-82922263480 HTTP/1.1" 500 2576 "-" "Mozilla/5.0 AppleWebKit/537.36 (KHTML, like Gecko; compatible; ClaudeBot/1.0; +claudebot@anthropic.com)"
216.73.216.99 - - [16/Apr/2026:07:44:04 -0600] "GET /shop-goods/detail-828854113702 HTTP/1.1" 500 2576 "-" "Mozilla/5.0 AppleWebKit/537.36 (KHTML, like Gecko; compatible; ClaudeBot/1.0; +claudebot@anthropic.com)"
216.73.216.99 - - [16/Apr/2026:07:44:09 -0600] "GET /shop-goods/detail-82907143651 HTTP/1.1" 500 2576 "-" "Mozilla/5.0 AppleWebKit/537.36 (KHTML, like Gecko; compatible; ClaudeBot/1.0; +claudebot@anthropic.com)"
47.128.44.219 - - [16/Apr/2026:07:44:12 -0600] "GET /shop-goods/detail-82911763034 HTTP/1.1" 500 2576 "-" "Mozilla/5.0 (Linux; Android 5.0) AppleWebKit/537.36 (KHTML, like Gecko) Mobile Safari/537.36 (compatible; Bytespider; spider-feedback@bytedance.com)"
66.249.74.69 - - [16/Apr/2026:07:44:13 -0600] "GET /shop-goods/detail-82901116155 HTTP/1.1" 200 187052 "-" "Mozilla/5.0 (Linux; Android 6.0.1; Nexus 5X Build/MMB29P) AppleWebKit/537.36 (KHTML, like Gecko) Chrome/146.0.7680.177 Mobile Safari/537.36 (compatible; GoogleOther)"
216.73.216.99 - - [16/Apr/2026:07:44:14 -0600] "GET /shop-goods/detail-828966694370 HTTP/1.1" 500 2576 "-" "Mozilla/5.0 AppleWebKit/537.36 (KHTML, like Gecko; compatible; ClaudeBot/1.0; +claudebot@anthropic.com)"
216.73.216.99 - - [16/Apr/2026:07:44:19 -0600] "GET /shop-goods/detail-829229060507 HTTP/1.1" 500 2576 "-" "Mozilla/5.0 AppleWebKit/537.36 (KHTML, like Gecko; compatible; ClaudeBot/1.0; +claudebot@anthropic.com)"
216.73.216.99 - - [16/Apr/2026:07:44:26 -0600] "GET /shop-goods/detail-82914582418 HTTP/1.1" 500 2576 "-" "Mozilla/5.0 AppleWebKit/537.36 (KHTML, like Gecko; compatible; ClaudeBot/1.0; +claudebot@anthropic.com)"
216.73.216.99 - - [16/Apr/2026:07:44:29 -0600] "GET /shop-goods/detail-828918651428 HTTP/1.1" 500 2576 "-" "Mozilla/5.0 AppleWebKit/537.36 (KHTML, like Gecko; compatible; ClaudeBot/1.0; +claudebot@anthropic.com)"
216.73.216.99 - - [16/Apr/2026:07:44:35 -0600] "GET /shop-goods/detail-829368812978 HTTP/1.1" 500 2576 "-" "Mozilla/5.0 AppleWebKit/537.36 (KHTML, like Gecko; compatible; ClaudeBot/1.0; +claudebot@anthropic.com)"
216.73.216.99 - - [16/Apr/2026:07:44:40 -0600] "GET /shop-goods/detail-82911598543 HTTP/1.1" 500 2576 "-" "Mozilla/5.0 AppleWebKit/537.36 (KHTML, like Gecko; compatible; ClaudeBot/1.0; +claudebot@anthropic.com)"
74.7.227.52 - - [16/Apr/2026:07:44:40 -0600] "GET /shop-goods/detail-829013477504 HTTP/1.1" 500 2576 "https://twb.ebh.mybluehost.me/sitemap_index.xml" "Mozilla/5.0 AppleWebKit/537.36 (KHTML, like Gecko; compatible; GPTBot/1.3; +https://openai.com/gptbot)"
216.73.216.99 - - [16/Apr/2026:07:44:44 -0600] "GET /shop-goods/detail-828972547216 HTTP/1.1" 500 2576 "-" "Mozilla/5.0 AppleWebKit/537.36 (KHTML, like Gecko; compatible; ClaudeBot/1.0; +claudebot@anthropic.com)"
66.249.74.68 - - [16/Apr/2026:07:44:46 -0600] "GET /shop-goods/detail-82901116155 HTTP/1.1" 200 187052 "-" "Mozilla/5.0 (Linux; Android 6.0.1; Nexus 5X Build/MMB29P) AppleWebKit/537.36 (KHTML, like Gecko) Chrome/146.0.7680.177 Mobile Safari/537.36 (compatible; Googlebot/2.1; +http://www.google.com/bot.html)"
216.73.216.99 - - [16/Apr/2026:07:44:49 -0600] "GET /shop-goods/detail-828945888736 HTTP/1.1" 500 2576 "-" "Mozilla/5.0 AppleWebKit/537.36 (KHTML, like Gecko; compatible; ClaudeBot/1.0; +claudebot@anthropic.com)"
216.73.216.99 - - [16/Apr/2026:07:44:54 -0600] "GET /shop-goods/detail-828975576513 HTTP/1.1" 500 2576 "-" "Mozilla/5.0 AppleWebKit/537.36 (KHTML, like Gecko; compatible; ClaudeBot/1.0; +claudebot@anthropic.com)"
216.73.216.99 - - [16/Apr/2026:07:44:59 -0600] "GET /shop-goods/detail-829116578374 HTTP/1.1" 500 2576 "-" "Mozilla/5.0 AppleWebKit/537.36 (KHTML, like Gecko; compatible; ClaudeBot/1.0; +claudebot@anthropic.com)"
216.73.216.99 - - [16/Apr/2026:07:45:04 -0600] "GET /shop-goods/detail-82911717933 HTTP/1.1" 500 2576 "-" "Mozilla/5.0 AppleWebKit/537.36 (KHTML, like Gecko; compatible; ClaudeBot/1.0; +claudebot@anthropic.com)"
216.73.216.99 - - [16/Apr/2026:07:45:09 -0600] "GET /shop-goods/detail-82925152059 HTTP/1.1" 500 2576 "-" "Mozilla/5.0 AppleWebKit/537.36 (KHTML, like Gecko; compatible; ClaudeBot/1.0; +claudebot@anthropic.com)"
216.73.216.99 - - [16/Apr/2026:07:45:14 -0600] "GET /shop-goods/detail-829052094013 HTTP/1.1" 500 2576 "-" "Mozilla/5.0 AppleWebKit/537.36 (KHTML, like Gecko; compatible; ClaudeBot/1.0; +claudebot@anthropic.com)"
216.73.216.99 - - [16/Apr/2026:07:45:19 -0600] "GET /shop-goods/detail-82911592960 HTTP/1.1" 500 2576 "-" "Mozilla/5.0 AppleWebKit/537.36 (KHTML, like Gecko; compatible; ClaudeBot/1.0; +claudebot@anthropic.com)"
216.73.216.99 - - [16/Apr/2026:07:45:24 -0600] "GET /shop-goods/detail-829368756260 HTTP/1.1" 500 2576 "-" "Mozilla/5.0 AppleWebKit/537.36 (KHTML, like Gecko; compatible; ClaudeBot/1.0; +claudebot@anthropic.com)"
216.73.216.99 - - [16/Apr/2026:07:45:31 -0600] "GET /shop-goods/detail-82932526284 HTTP/1.1" 500 2576 "-" "Mozilla/5.0 AppleWebKit/537.36 (KHTML, like Gecko; compatible; ClaudeBot/1.0; +claudebot@anthropic.com)"
216.73.216.99 - - [16/Apr/2026:07:45:37 -0600] "GET /shop-goods/detail-829232213121 HTTP/1.1" 500 2576 "-" "Mozilla/5.0 AppleWebKit/537.36 (KHTML, like Gecko; compatible; ClaudeBot/1.0; +claudebot@anthropic.com)"
216.73.216.99 - - [16/Apr/2026:07:45:39 -0600] "GET /shop-goods/detail-828912710186 HTTP/1.1" 500 2576 "-" "Mozilla/5.0 AppleWebKit/537.36 (KHTML, like Gecko; compatible; ClaudeBot/1.0; +claudebot@anthropic.com)"
74.7.227.52 - - [16/Apr/2026:07:45:41 -0600] "GET /shop-goods/detail-828930774119 HTTP/1.1" 500 2576 "https://twb.ebh.mybluehost.me/sitemap_shop_302.xml" "Mozilla/5.0 AppleWebKit/537.36 (KHTML, like Gecko; compatible; GPTBot/1.3; +https://openai.com/gptbot)"
216.73.216.99 - - [16/Apr/2026:07:45:47 -0600] "GET /shop-goods/detail-828975599499 HTTP/1.1" 500 2576 "-" "Mozilla/5.0 AppleWebKit/537.36 (KHTML, like Gecko; compatible; ClaudeBot/1.0; +claudebot@anthropic.com)"
216.73.216.99 - - [16/Apr/2026:07:45:53 -0600] "GET /shop-goods/detail-828918877060 HTTP/1.1" 500 2576 "-" "Mozilla/5.0 AppleWebKit/537.36 (KHTML, like Gecko; compatible; ClaudeBot/1.0; +claudebot@anthropic.com)"
40.77.167.159 - - [16/Apr/2026:07:45:56 -0600] "GET /shop-goods/detail-82901003783 HTTP/1.1" 200 277506 "-" "Mozilla/5.0 AppleWebKit/537.36 (KHTML, like Gecko; compatible; bingbot/2.0; +http://www.bing.com/bingbot.htm) Chrome/116.0.1938.76 Safari/537.36"
216.73.216.99 - - [16/Apr/2026:07:45:57 -0600] "GET /shop-goods/detail-82886272635 HTTP/1.1" 500 2576 "-" "Mozilla/5.0 AppleWebKit/537.36 (KHTML, like Gecko; compatible; ClaudeBot/1.0; +claudebot@anthropic.com)"
216.73.216.99 - - [16/Apr/2026:07:45:59 -0600] "GET /shop-goods/detail-82922152968 HTTP/1.1" 500 2576 "-" "Mozilla/5.0 AppleWebKit/537.36 (KHTML, like Gecko; compatible; ClaudeBot/1.0; +claudebot@anthropic.com)"
216.73.216.99 - - [16/Apr/2026:07:46:04 -0600] "GET /shop-goods/detail-82922024444 HTTP/1.1" 500 2576 "-" "Mozilla/5.0 AppleWebKit/537.36 (KHTML, like Gecko; compatible; ClaudeBot/1.0; +claudebot@anthropic.com)"
216.73.216.99 - - [16/Apr/2026:07:46:09 -0600] "GET /shop-goods/detail-82911573442 HTTP/1.1" 500 2576 "-" "Mozilla/5.0 AppleWebKit/537.36 (KHTML, like Gecko; compatible; ClaudeBot/1.0; +claudebot@anthropic.com)"
216.73.216.99 - - [16/Apr/2026:07:46:15 -0600] "GET /shop-goods/detail-829134877918 HTTP/1.1" 500 2576 "-" "Mozilla/5.0 AppleWebKit/537.36 (KHTML, like Gecko; compatible; ClaudeBot/1.0; +claudebot@anthropic.com)"
216.73.216.99 - - [16/Apr/2026:07:46:21 -0600] "GET /shop-goods/detail-829320545360 HTTP/1.1" 500 2576 "-" "Mozilla/5.0 AppleWebKit/537.36 (KHTML, like Gecko; compatible; ClaudeBot/1.0; +claudebot@anthropic.com)"
216.73.216.99 - - [16/Apr/2026:07:46:25 -0600] "GET /shop-goods/detail-828872276384 HTTP/1.1" 500 2576 "-" "Mozilla/5.0 AppleWebKit/537.36 (KHTML, like Gecko; compatible; ClaudeBot/1.0; +claudebot@anthropic.com)"
216.73.216.99 - - [16/Apr/2026:07:46:30 -0600] "GET /shop-goods/detail-82907330032 HTTP/1.1" 500 2576 "-" "Mozilla/5.0 AppleWebKit/537.36 (KHTML, like Gecko; compatible; ClaudeBot/1.0; +claudebot@anthropic.com)"
216.73.216.99 - - [16/Apr/2026:07:46:35 -0600] "GET /shop-goods/detail-82917894091 HTTP/1.1" 500 2576 "-" "Mozilla/5.0 AppleWebKit/537.36 (KHTML, like Gecko; compatible; ClaudeBot/1.0; +claudebot@anthropic.com)"
216.73.216.99 - - [16/Apr/2026:07:46:40 -0600] "GET /shop-goods/detail-82899529933 HTTP/1.1" 500 2576 "-" "Mozilla/5.0 AppleWebKit/537.36 (KHTML, like Gecko; compatible; ClaudeBot/1.0; +claudebot@anthropic.com)"
74.7.227.52 - - [16/Apr/2026:07:46:45 -0600] "GET /shop-goods/detail-829122607954 HTTP/1.1" 500 2576 "https://twb.ebh.mybluehost.me/sitemap_shop_941.xml" "Mozilla/5.0 AppleWebKit/537.36 (KHTML, like Gecko; compatible; GPTBot/1.3; +https://openai.com/gptbot)"
216.73.216.99 - - [16/Apr/2026:07:46:45 -0600] "GET /shop-goods/detail-828945878956 HTTP/1.1" 500 2576 "-" "Mozilla/5.0 AppleWebKit/537.36 (KHTML, like Gecko; compatible; ClaudeBot/1.0; +claudebot@anthropic.com)"
216.73.216.99 - - [16/Apr/2026:07:46:50 -0600] "GET /shop-goods/detail-829356923948 HTTP/1.1" 500 2576 "-" "Mozilla/5.0 AppleWebKit/537.36 (KHTML, like Gecko; compatible; ClaudeBot/1.0; +claudebot@anthropic.com)"
216.73.216.99 - - [16/Apr/2026:07:46:55 -0600] "GET /shop-goods/detail-82889257559 HTTP/1.1" 500 2576 "-" "Mozilla/5.0 AppleWebKit/537.36 (KHTML, like Gecko; compatible; ClaudeBot/1.0; +claudebot@anthropic.com)"
216.73.216.99 - - [16/Apr/2026:07:47:01 -0600] "GET /shop-goods/detail-82883499323 HTTP/1.1" 500 2576 "-" "Mozilla/5.0 AppleWebKit/537.36 (KHTML, like Gecko; compatible; ClaudeBot/1.0; +claudebot@anthropic.com)"
216.73.216.99 - - [16/Apr/2026:07:47:05 -0600] "GET /shop-goods/detail-82925317429 HTTP/1.1" 500 2576 "-" "Mozilla/5.0 AppleWebKit/537.36 (KHTML, like Gecko; compatible; ClaudeBot/1.0; +claudebot@anthropic.com)"
216.73.216.99 - - [16/Apr/2026:07:47:10 -0600] "GET /shop-goods/detail-828966801351 HTTP/1.1" 500 2576 "-" "Mozilla/5.0 AppleWebKit/537.36 (KHTML, like Gecko; compatible; ClaudeBot/1.0; +claudebot@anthropic.com)"
216.73.216.99 - - [16/Apr/2026:07:47:11 -0600] "GET /shop-goods/detail-82935774294 HTTP/1.1" 500 2576 "-" "Mozilla/5.0 AppleWebKit/537.36 (KHTML, like Gecko; compatible; ClaudeBot/1.0; +claudebot@anthropic.com)"
216.73.216.99 - - [16/Apr/2026:07:47:17 -0600] "GET /shop-goods/detail-82935892797 HTTP/1.1" 500 2576 "-" "Mozilla/5.0 AppleWebKit/537.36 (KHTML, like Gecko; compatible; ClaudeBot/1.0; +claudebot@anthropic.com)"
216.73.216.99 - - [16/Apr/2026:07:47:21 -0600] "GET /shop-goods/detail-829110755677 HTTP/1.1" 500 2576 "-" "Mozilla/5.0 AppleWebKit/537.36 (KHTML, like Gecko; compatible; ClaudeBot/1.0; +claudebot@anthropic.com)"
216.73.216.99 - - [16/Apr/2026:07:47:28 -0600] "GET /shop-goods/detail-82907397635 HTTP/1.1" 500 2576 "-" "Mozilla/5.0 AppleWebKit/537.36 (KHTML, like Gecko; compatible; ClaudeBot/1.0; +claudebot@anthropic.com)"
216.73.216.99 - - [16/Apr/2026:07:47:34 -0600] "GET /shop-goods/detail-82883301593 HTTP/1.1" 500 2576 "-" "Mozilla/5.0 AppleWebKit/537.36 (KHTML, like Gecko; compatible; ClaudeBot/1.0; +claudebot@anthropic.com)"
216.73.216.99 - - [16/Apr/2026:07:47:39 -0600] "GET /shop-goods/detail-8289697183 HTTP/1.1" 500 2576 "-" "Mozilla/5.0 AppleWebKit/537.36 (KHTML, like Gecko; compatible; ClaudeBot/1.0; +claudebot@anthropic.com)"
216.73.216.99 - - [16/Apr/2026:07:47:43 -0600] "GET /shop-goods/detail-829134577482 HTTP/1.1" 500 2576 "-" "Mozilla/5.0 AppleWebKit/537.36 (KHTML, like Gecko; compatible; ClaudeBot/1.0; +claudebot@anthropic.com)"
74.7.227.52 - - [16/Apr/2026:07:47:47 -0600] "GET /shop-goods/detail-829010431674 HTTP/1.1" 500 2576 "https://twb.ebh.mybluehost.me/sitemap_index.xml" "Mozilla/5.0 AppleWebKit/537.36 (KHTML, like Gecko; compatible; GPTBot/1.3; +https://openai.com/gptbot)"
216.73.216.99 - - [16/Apr/2026:07:47:48 -0600] "GET /shop-goods/detail-82886044764 HTTP/1.1" 500 2576 "-" "Mozilla/5.0 AppleWebKit/537.36 (KHTML, like Gecko; compatible; ClaudeBot/1.0; +claudebot@anthropic.com)"
216.73.216.99 - - [16/Apr/2026:07:47:53 -0600] "GET /shop-goods/detail-829019394591 HTTP/1.1" 500 2576 "-" "Mozilla/5.0 AppleWebKit/537.36 (KHTML, like Gecko; compatible; ClaudeBot/1.0; +claudebot@anthropic.com)"
54.209.8.240 - - [16/Apr/2026:07:47:56 -0600] "GET /email-subscription/ HTTP/1.1" 500 2576 "-" "Mozilla/5.0 (Windows NT 10.0; Win64; x64) AppleWebKit/537.36 (KHTML, like Gecko) Chrome/139.0.0.0 Safari/537.36"
54.209.8.240 - - [16/Apr/2026:07:47:56 -0600] "GET /email-subscription/ HTTP/1.1" 500 2576 "-" "Mozilla/5.0 (Windows NT 10.0; Win64; x64) AppleWebKit/537.36 (KHTML, like Gecko) Chrome/139.0.0.0 Safari/537.36"
216.73.216.99 - - [16/Apr/2026:07:47:58 -0600] "GET /shop-goods/detail-82917602012 HTTP/1.1" 500 2576 "-" "Mozilla/5.0 AppleWebKit/537.36 (KHTML, like Gecko; compatible; ClaudeBot/1.0; +claudebot@anthropic.com)"
216.73.216.99 - - [16/Apr/2026:07:48:04 -0600] "GET /shop-goods/detail-82883043531 HTTP/1.1" 500 2576 "-" "Mozilla/5.0 AppleWebKit/537.36 (KHTML, like Gecko; compatible; ClaudeBot/1.0; +claudebot@anthropic.com)"
216.73.216.99 - - [16/Apr/2026:07:48:08 -0600] "GET /shop-goods/detail-82922057733 HTTP/1.1" 500 2576 "-" "Mozilla/5.0 AppleWebKit/537.36 (KHTML, like Gecko; compatible; ClaudeBot/1.0; +claudebot@anthropic.com)"
47.128.44.248 - - [16/Apr/2026:07:48:12 -0600] "GET /shop-goods/detail-82932777640 HTTP/1.1" 500 2576 "-" "Mozilla/5.0 (Linux; Android 5.0) AppleWebKit/537.36 (KHTML, like Gecko) Mobile Safari/537.36 (compatible; Bytespider; spider-feedback@bytedance.com)"
216.73.216.99 - - [16/Apr/2026:07:48:13 -0600] "GET /shop-goods/detail-82883391806 HTTP/1.1" 500 2576 "-" "Mozilla/5.0 AppleWebKit/537.36 (KHTML, like Gecko; compatible; ClaudeBot/1.0; +claudebot@anthropic.com)"
216.73.216.99 - - [16/Apr/2026:07:48:18 -0600] "GET /shop-goods/detail-828875283142 HTTP/1.1" 500 2576 "-" "Mozilla/5.0 AppleWebKit/537.36 (KHTML, like Gecko; compatible; ClaudeBot/1.0; +claudebot@anthropic.com)"
216.73.216.99 - - [16/Apr/2026:07:48:30 -0600] "GET /shop-goods/detail-828854290940 HTTP/1.1" 500 2576 "-" "Mozilla/5.0 AppleWebKit/537.36 (KHTML, like Gecko; compatible; ClaudeBot/1.0; +claudebot@anthropic.com)"
216.73.216.99 - - [16/Apr/2026:07:48:36 -0600] "GET /shop-goods/detail-82932876642 HTTP/1.1" 500 2576 "-" "Mozilla/5.0 AppleWebKit/537.36 (KHTML, like Gecko; compatible; ClaudeBot/1.0; +claudebot@anthropic.com)"
216.73.216.99 - - [16/Apr/2026:07:48:39 -0600] "GET /shop-goods/detail-829247452802 HTTP/1.1" 500 2576 "-" "Mozilla/5.0 AppleWebKit/537.36 (KHTML, like Gecko; compatible; ClaudeBot/1.0; +claudebot@anthropic.com)"
216.73.216.99 - - [16/Apr/2026:07:48:46 -0600] "GET /shop-goods/detail-828845378767 HTTP/1.1" 500 2576 "-" "Mozilla/5.0 AppleWebKit/537.36 (KHTML, like Gecko; compatible; ClaudeBot/1.0; +claudebot@anthropic.com)"
216.73.216.99 - - [16/Apr/2026:07:48:49 -0600] "GET /shop-goods/detail-829323955580 HTTP/1.1" 500 2576 "-" "Mozilla/5.0 AppleWebKit/537.36 (KHTML, like Gecko; compatible; ClaudeBot/1.0; +claudebot@anthropic.com)"
74.7.227.52 - - [16/Apr/2026:07:48:52 -0600] "GET /shop-goods/detail-829317760384 HTTP/1.1" 500 2576 "https://twb.ebh.mybluehost.me/sitemap_shop_941.xml" "Mozilla/5.0 AppleWebKit/537.36 (KHTML, like Gecko; compatible; GPTBot/1.3; +https://openai.com/gptbot)"
216.73.216.99 - - [16/Apr/2026:07:48:54 -0600] "GET /shop-goods/detail-82932953563 HTTP/1.1" 500 2576 "-" "Mozilla/5.0 AppleWebKit/537.36 (KHTML, like Gecko; compatible; ClaudeBot/1.0; +claudebot@anthropic.com)"
216.73.216.99 - - [16/Apr/2026:07:48:59 -0600] "GET /shop-goods/detail-82935948635 HTTP/1.1" 500 2576 "-" "Mozilla/5.0 AppleWebKit/537.36 (KHTML, like Gecko; compatible; ClaudeBot/1.0; +claudebot@anthropic.com)"
216.73.216.99 - - [16/Apr/2026:07:49:04 -0600] "GET /shop-goods/detail-82883119285 HTTP/1.1" 500 2576 "-" "Mozilla/5.0 AppleWebKit/537.36 (KHTML, like Gecko; compatible; ClaudeBot/1.0; +claudebot@anthropic.com)"
216.73.216.99 - - [16/Apr/2026:07:49:09 -0600] "GET /shop-goods/detail-828918503595 HTTP/1.1" 500 2576 "-" "Mozilla/5.0 AppleWebKit/537.36 (KHTML, like Gecko; compatible; ClaudeBot/1.0; +claudebot@anthropic.com)"
216.73.216.99 - - [16/Apr/2026:07:49:14 -0600] "GET /shop-goods/detail-82914903124 HTTP/1.1" 500 2576 "-" "Mozilla/5.0 AppleWebKit/537.36 (KHTML, like Gecko; compatible; ClaudeBot/1.0; +claudebot@anthropic.com)"
216.73.216.99 - - [16/Apr/2026:07:49:23 -0600] "GET /shop-goods/detail-828875002591 HTTP/1.1" 500 2576 "-" "Mozilla/5.0 AppleWebKit/537.36 (KHTML, like Gecko; compatible; ClaudeBot/1.0; +claudebot@anthropic.com)"
216.73.216.99 - - [16/Apr/2026:07:49:27 -0600] "GET /shop-goods/detail-828827474144 HTTP/1.1" 500 2576 "-" "Mozilla/5.0 AppleWebKit/537.36 (KHTML, like Gecko; compatible; ClaudeBot/1.0; +claudebot@anthropic.com)"
216.73.216.99 - - [16/Apr/2026:07:49:32 -0600] "GET /shop-goods/detail-82932827530 HTTP/1.1" 500 2576 "-" "Mozilla/5.0 AppleWebKit/537.36 (KHTML, like Gecko; compatible; ClaudeBot/1.0; +claudebot@anthropic.com)"
216.73.216.99 - - [16/Apr/2026:07:49:37 -0600] "GET /shop-goods/detail-82886419825 HTTP/1.1" 500 2576 "-" "Mozilla/5.0 AppleWebKit/537.36 (KHTML, like Gecko; compatible; ClaudeBot/1.0; +claudebot@anthropic.com)"
216.73.216.99 - - [16/Apr/2026:07:49:43 -0600] "GET /shop-goods/detail-829344745943 HTTP/1.1" 500 2576 "-" "Mozilla/5.0 AppleWebKit/537.36 (KHTML, like Gecko; compatible; ClaudeBot/1.0; +claudebot@anthropic.com)"
40.77.167.143 - - [16/Apr/2026:07:49:46 -0600] "GET /shop-goods/detail-82922145204 HTTP/1.1" 200 196735 "-" "Mozilla/5.0 AppleWebKit/537.36 (KHTML, like Gecko; compatible; bingbot/2.0; +http://www.bing.com/bingbot.htm) Chrome/116.0.1938.76 Safari/537.36"
216.73.216.99 - - [16/Apr/2026:07:49:48 -0600] "GET /shop-goods/detail-828827484453 HTTP/1.1" 500 2576 "-" "Mozilla/5.0 AppleWebKit/537.36 (KHTML, like Gecko; compatible; ClaudeBot/1.0; +claudebot@anthropic.com)"
216.73.216.99 - - [16/Apr/2026:07:49:53 -0600] "GET /shop-goods/detail-82932818407 HTTP/1.1" 500 2576 "-" "Mozilla/5.0 AppleWebKit/537.36 (KHTML, like Gecko; compatible; ClaudeBot/1.0; +claudebot@anthropic.com)"
74.7.227.52 - - [16/Apr/2026:07:49:56 -0600] "GET /shop-goods/detail-829125831069 HTTP/1.1" 500 2576 "https://twb.ebh.mybluehost.me/sitemap_shop_302.xml" "Mozilla/5.0 AppleWebKit/537.36 (KHTML, like Gecko; compatible; GPTBot/1.3; +https://openai.com/gptbot)"
216.73.216.99 - - [16/Apr/2026:07:49:57 -0600] "GET /shop-goods/detail-82907493757 HTTP/1.1" 500 2576 "-" "Mozilla/5.0 AppleWebKit/537.36 (KHTML, like Gecko; compatible; ClaudeBot/1.0; +claudebot@anthropic.com)"
216.73.216.99 - - [16/Apr/2026:07:50:02 -0600] "GET /shop-goods/detail-82935904261 HTTP/1.1" 500 2576 "-" "Mozilla/5.0 AppleWebKit/537.36 (KHTML, like Gecko; compatible; ClaudeBot/1.0; +claudebot@anthropic.com)"
216.73.216.99 - - [16/Apr/2026:07:50:07 -0600] "GET /shop-goods/detail-82932947012 HTTP/1.1" 500 2576 "-" "Mozilla/5.0 AppleWebKit/537.36 (KHTML, like Gecko; compatible; ClaudeBot/1.0; +claudebot@anthropic.com)"
66.132.195.78 - - [16/Apr/2026:07:50:08 -0600] "GET / HTTP/1.1" 500 2576 "-" "Mozilla/5.0 (compatible; CensysInspect/1.1; +https://about.censys.io/)"
216.73.216.99 - - [16/Apr/2026:07:50:13 -0600] "GET /shop-goods/detail-82883110315 HTTP/1.1" 500 2576 "-" "Mozilla/5.0 AppleWebKit/537.36 (KHTML, like Gecko; compatible; ClaudeBot/1.0; +claudebot@anthropic.com)"
216.73.216.99 - - [16/Apr/2026:07:50:17 -0600] "GET /shop-goods/detail-828851095005 HTTP/1.1" 500 2576 "-" "Mozilla/5.0 AppleWebKit/537.36 (KHTML, like Gecko; compatible; ClaudeBot/1.0; +claudebot@anthropic.com)"
216.73.216.99 - - [16/Apr/2026:07:50:23 -0600] "GET /shop-goods/detail-829046248606 HTTP/1.1" 500 2576 "-" "Mozilla/5.0 AppleWebKit/537.36 (KHTML, like Gecko; compatible; ClaudeBot/1.0; +claudebot@anthropic.com)"
216.73.216.99 - - [16/Apr/2026:07:50:28 -0600] "GET /shop-goods/detail-829152965492 HTTP/1.1" 500 2576 "-" "Mozilla/5.0 AppleWebKit/537.36 (KHTML, like Gecko; compatible; ClaudeBot/1.0; +claudebot@anthropic.com)"
216.73.216.99 - - [16/Apr/2026:07:50:33 -0600] "GET /shop-goods/detail-829025396668 HTTP/1.1" 500 2576 "-" "Mozilla/5.0 AppleWebKit/537.36 (KHTML, like Gecko; compatible; ClaudeBot/1.0; +claudebot@anthropic.com)"
216.73.216.99 - - [16/Apr/2026:07:50:38 -0600] "GET /shop-goods/detail-828851474805 HTTP/1.1" 500 2576 "-" "Mozilla/5.0 AppleWebKit/537.36 (KHTML, like Gecko; compatible; ClaudeBot/1.0; +claudebot@anthropic.com)"
216.73.216.99 - - [16/Apr/2026:07:50:43 -0600] "GET /shop-goods/detail-82914541514 HTTP/1.1" 500 2576 "-" "Mozilla/5.0 AppleWebKit/537.36 (KHTML, like Gecko; compatible; ClaudeBot/1.0; +claudebot@anthropic.com)"
216.73.216.99 - - [16/Apr/2026:07:50:48 -0600] "GET /shop-goods/detail-829173519436 HTTP/1.1" 500 2576 "-" "Mozilla/5.0 AppleWebKit/537.36 (KHTML, like Gecko; compatible; ClaudeBot/1.0; +claudebot@anthropic.com)"
216.73.216.99 - - [16/Apr/2026:07:50:53 -0600] "GET /shop-goods/detail-829226165975 HTTP/1.1" 500 2576 "-" "Mozilla/5.0 AppleWebKit/537.36 (KHTML, like Gecko; compatible; ClaudeBot/1.0; +claudebot@anthropic.com)"
74.7.227.52 - - [16/Apr/2026:07:50:58 -0600] "GET /shop-goods/detail-829317653664 HTTP/1.1" 500 2576 "https://twb.ebh.mybluehost.me/sitemap_shop_941.xml" "Mozilla/5.0 AppleWebKit/537.36 (KHTML, like Gecko; compatible; GPTBot/1.3; +https://openai.com/gptbot)"
216.73.216.99 - - [16/Apr/2026:07:50:58 -0600] "GET /shop-goods/detail-82893914507 HTTP/1.1" 500 2576 "-" "Mozilla/5.0 AppleWebKit/537.36 (KHTML, like Gecko; compatible; ClaudeBot/1.0; +claudebot@anthropic.com)"
66.132.195.78 - - [16/Apr/2026:07:51:01 -0600] "GET /sitemap.xml HTTP/1.1" 200 1561 "-" "Mozilla/5.0 (compatible; CensysInspect/1.1; +https://about.censys.io/)"
66.132.195.78 - - [16/Apr/2026:07:51:02 -0600] "GET /favicon.ico HTTP/1.1" 500 2576 "-" "Mozilla/5.0 (compatible; CensysInspect/1.1; +https://about.censys.io/)"
216.73.216.99 - - [16/Apr/2026:07:51:03 -0600] "GET /shop-goods/detail-829223463847 HTTP/1.1" 500 2576 "-" "Mozilla/5.0 AppleWebKit/537.36 (KHTML, like Gecko; compatible; ClaudeBot/1.0; +claudebot@anthropic.com)"
66.132.195.78 - - [16/Apr/2026:07:51:03 -0600] "GET /o8exswawa0t59nt_gt HTTP/1.1" 500 2576 "-" "Mozilla/5.0 (compatible; CensysInspect/1.1; +https://about.censys.io/)"
216.73.216.99 - - [16/Apr/2026:07:51:09 -0600] "GET /shop-goods/detail-82911644878 HTTP/1.1" 500 2576 "-" "Mozilla/5.0 AppleWebKit/537.36 (KHTML, like Gecko; compatible; ClaudeBot/1.0; +claudebot@anthropic.com)"
216.73.216.99 - - [16/Apr/2026:07:51:13 -0600] "GET /shop-goods/detail-82925325717 HTTP/1.1" 500 2576 "-" "Mozilla/5.0 AppleWebKit/537.36 (KHTML, like Gecko; compatible; ClaudeBot/1.0; +claudebot@anthropic.com)"
216.73.216.99 - - [16/Apr/2026:07:51:18 -0600] "GET /shop-goods/detail-829253318670 HTTP/1.1" 500 2576 "-" "Mozilla/5.0 AppleWebKit/537.36 (KHTML, like Gecko; compatible; ClaudeBot/1.0; +claudebot@anthropic.com)"
216.73.216.99 - - [16/Apr/2026:07:51:24 -0600] "GET /shop-goods/detail-82928215360 HTTP/1.1" 500 2576 "-" "Mozilla/5.0 AppleWebKit/537.36 (KHTML, like Gecko; compatible; ClaudeBot/1.0; +claudebot@anthropic.com)"
216.73.216.99 - - [16/Apr/2026:07:51:29 -0600] "GET /shop-goods/detail-82886443110 HTTP/1.1" 500 2576 "-" "Mozilla/5.0 AppleWebKit/537.36 (KHTML, like Gecko; compatible; ClaudeBot/1.0; +claudebot@anthropic.com)"
216.73.216.99 - - [16/Apr/2026:07:51:34 -0600] "GET /shop-goods/detail-828812297795 HTTP/1.1" 500 2576 "-" "Mozilla/5.0 AppleWebKit/537.36 (KHTML, like Gecko; compatible; ClaudeBot/1.0; +claudebot@anthropic.com)"
216.73.216.99 - - [16/Apr/2026:07:51:39 -0600] "GET /shop-goods/detail-82886217831 HTTP/1.1" 500 2576 "-" "Mozilla/5.0 AppleWebKit/537.36 (KHTML, like Gecko; compatible; ClaudeBot/1.0; +claudebot@anthropic.com)"
216.73.216.99 - - [16/Apr/2026:07:51:44 -0600] "GET /shop-goods/detail-829314528989 HTTP/1.1" 500 2576 "-" "Mozilla/5.0 AppleWebKit/537.36 (KHTML, like Gecko; compatible; ClaudeBot/1.0; +claudebot@anthropic.com)"
216.73.216.99 - - [16/Apr/2026:07:51:49 -0600] "GET /shop-goods/detail-82886259653 HTTP/1.1" 500 2576 "-" "Mozilla/5.0 AppleWebKit/537.36 (KHTML, like Gecko; compatible; ClaudeBot/1.0; +claudebot@anthropic.com)"
216.73.216.99 - - [16/Apr/2026:07:51:54 -0600] "GET /shop-goods/detail-829122519968 HTTP/1.1" 500 2576 "-" "Mozilla/5.0 AppleWebKit/537.36 (KHTML, like Gecko; compatible; ClaudeBot/1.0; +claudebot@anthropic.com)"
216.73.216.99 - - [16/Apr/2026:07:51:59 -0600] "GET /shop-goods/detail-829122633403 HTTP/1.1" 500 2576 "-" "Mozilla/5.0 AppleWebKit/537.36 (KHTML, like Gecko; compatible; ClaudeBot/1.0; +claudebot@anthropic.com)"
74.7.227.52 - - [16/Apr/2026:07:52:01 -0600] "GET /shop-goods/detail-829085269673 HTTP/1.1" 500 2576 "https://twb.ebh.mybluehost.me/sitemap_shop_972.xml" "Mozilla/5.0 AppleWebKit/537.36 (KHTML, like Gecko; compatible; GPTBot/1.3; +https://openai.com/gptbot)"
216.73.216.99 - - [16/Apr/2026:07:52:06 -0600] "GET /shop-goods/detail-82932949247 HTTP/1.1" 500 2576 "-" "Mozilla/5.0 AppleWebKit/537.36 (KHTML, like Gecko; compatible; ClaudeBot/1.0; +claudebot@anthropic.com)"
216.73.216.99 - - [16/Apr/2026:07:52:09 -0600] "GET /shop-goods/detail-82896508680 HTTP/1.1" 500 2576 "-" "Mozilla/5.0 AppleWebKit/537.36 (KHTML, like Gecko; compatible; ClaudeBot/1.0; +claudebot@anthropic.com)"
47.128.44.36 - - [16/Apr/2026:07:52:13 -0600] "GET /shop-goods/detail-828894939 HTTP/1.1" 500 2576 "-" "Mozilla/5.0 (Linux; Android 5.0) AppleWebKit/537.36 (KHTML, like Gecko) Mobile Safari/537.36 (compatible; Bytespider; spider-feedback@bytedance.com)"
216.73.216.99 - - [16/Apr/2026:07:52:14 -0600] "GET /shop-goods/detail-82883038715 HTTP/1.1" 500 2576 "-" "Mozilla/5.0 AppleWebKit/537.36 (KHTML, like Gecko; compatible; ClaudeBot/1.0; +claudebot@anthropic.com)"
216.73.216.99 - - [16/Apr/2026:07:52:19 -0600] "GET /shop-goods/detail-829052098632 HTTP/1.1" 500 2576 "-" "Mozilla/5.0 AppleWebKit/537.36 (KHTML, like Gecko; compatible; ClaudeBot/1.0; +claudebot@anthropic.com)"
216.73.216.99 - - [16/Apr/2026:07:52:24 -0600] "GET /shop-goods/detail-829250373470 HTTP/1.1" 500 2576 "-" "Mozilla/5.0 AppleWebKit/537.36 (KHTML, like Gecko; compatible; ClaudeBot/1.0; +claudebot@anthropic.com)"
216.73.216.99 - - [16/Apr/2026:07:52:29 -0600] "GET /shop-goods/detail-82932558605 HTTP/1.1" 500 2576 "-" "Mozilla/5.0 AppleWebKit/537.36 (KHTML, like Gecko; compatible; ClaudeBot/1.0; +claudebot@anthropic.com)"
216.73.216.99 - - [16/Apr/2026:07:52:34 -0600] "GET /shop-goods/detail-82917860943 HTTP/1.1" 500 2576 "-" "Mozilla/5.0 AppleWebKit/537.36 (KHTML, like Gecko; compatible; ClaudeBot/1.0; +claudebot@anthropic.com)"
216.73.216.99 - - [16/Apr/2026:07:52:40 -0600] "GET /shop-goods/detail-82883093750 HTTP/1.1" 500 2576 "-" "Mozilla/5.0 AppleWebKit/537.36 (KHTML, like Gecko; compatible; ClaudeBot/1.0; +claudebot@anthropic.com)"
216.73.216.99 - - [16/Apr/2026:07:52:44 -0600] "GET /shop-goods/detail-82932879828 HTTP/1.1" 500 2576 "-" "Mozilla/5.0 AppleWebKit/537.36 (KHTML, like Gecko; compatible; ClaudeBot/1.0; +claudebot@anthropic.com)"
216.73.216.99 - - [16/Apr/2026:07:52:49 -0600] "GET /shop-goods/detail-82907010964 HTTP/1.1" 500 2576 "-" "Mozilla/5.0 AppleWebKit/537.36 (KHTML, like Gecko; compatible; ClaudeBot/1.0; +claudebot@anthropic.com)"
216.73.216.99 - - [16/Apr/2026:07:52:54 -0600] "GET /shop-goods/detail-82932853490 HTTP/1.1" 500 2576 "-" "Mozilla/5.0 AppleWebKit/537.36 (KHTML, like Gecko; compatible; ClaudeBot/1.0; +claudebot@anthropic.com)"
216.73.216.99 - - [16/Apr/2026:07:52:59 -0600] "GET /shop-goods/detail-82893523323 HTTP/1.1" 500 2576 "-" "Mozilla/5.0 AppleWebKit/537.36 (KHTML, like Gecko; compatible; ClaudeBot/1.0; +claudebot@anthropic.com)"
74.7.227.52 - - [16/Apr/2026:07:53:02 -0600] "GET /shop-goods/detail-829214459776 HTTP/1.1" 500 2576 "https://twb.ebh.mybluehost.me/sitemap_shop_474.xml" "Mozilla/5.0 AppleWebKit/537.36 (KHTML, like Gecko; compatible; GPTBot/1.3; +https://openai.com/gptbot)"
216.73.216.99 - - [16/Apr/2026:07:53:04 -0600] "GET /shop-goods/detail-828878436312 HTTP/1.1" 500 2576 "-" "Mozilla/5.0 AppleWebKit/537.36 (KHTML, like Gecko; compatible; ClaudeBot/1.0; +claudebot@anthropic.com)"
216.73.216.99 - - [16/Apr/2026:07:53:11 -0600] "GET /shop-goods/detail-82935546933 HTTP/1.1" 500 2576 "-" "Mozilla/5.0 AppleWebKit/537.36 (KHTML, like Gecko; compatible; ClaudeBot/1.0; +claudebot@anthropic.com)"
216.73.216.99 - - [16/Apr/2026:07:53:14 -0600] "GET /shop-goods/detail-82901472389 HTTP/1.1" 500 2576 "-" "Mozilla/5.0 AppleWebKit/537.36 (KHTML, like Gecko; compatible; ClaudeBot/1.0; +claudebot@anthropic.com)"
216.73.216.99 - - [16/Apr/2026:07:53:20 -0600] "GET /shop-goods/detail-82883353502 HTTP/1.1" 500 2576 "-" "Mozilla/5.0 AppleWebKit/537.36 (KHTML, like Gecko; compatible; ClaudeBot/1.0; +claudebot@anthropic.com)"
216.73.216.99 - - [16/Apr/2026:07:53:25 -0600] "GET /shop-goods/detail-829223264902 HTTP/1.1" 500 2576 "-" "Mozilla/5.0 AppleWebKit/537.36 (KHTML, like Gecko; compatible; ClaudeBot/1.0; +claudebot@anthropic.com)"
216.73.216.99 - - [16/Apr/2026:07:53:30 -0600] "GET /shop-goods/detail-829122575630 HTTP/1.1" 500 2576 "-" "Mozilla/5.0 AppleWebKit/537.36 (KHTML, like Gecko; compatible; ClaudeBot/1.0; +claudebot@anthropic.com)"
216.73.216.99 - - [16/Apr/2026:07:53:35 -0600] "GET /shop-goods/detail-82883413281 HTTP/1.1" 500 2576 "-" "Mozilla/5.0 AppleWebKit/537.36 (KHTML, like Gecko; compatible; ClaudeBot/1.0; +claudebot@anthropic.com)"
216.73.216.99 - - [16/Apr/2026:07:53:41 -0600] "GET /shop-goods/detail-82917601036 HTTP/1.1" 500 2576 "-" "Mozilla/5.0 AppleWebKit/537.36 (KHTML, like Gecko; compatible; ClaudeBot/1.0; +claudebot@anthropic.com)"
172.239.50.62 - - [16/Apr/2026:07:53:44 -0600] "GET /wp-content/plugins/portfolio-and-projects/readme.txt HTTP/1.1" 500 2576 "-" "Mozilla/5.0 (Windows NT 10.0; Win64; x64) AppleWebKit/537.36 (KHTML, like Gecko) Chrome/133.0.0.0 Safari/537.36"
172.239.50.62 - - [16/Apr/2026:07:53:44 -0600] "GET /wp-content/plugins/portfolio-and-projects/release_notes.txt HTTP/1.1" 500 2576 "-" "Mozilla/5.0 (Windows NT 10.0; Win64; x64) AppleWebKit/537.36 (KHTML, like Gecko) Chrome/133.0.0.0 Safari/537.36"
216.73.216.99 - - [16/Apr/2026:07:53:45 -0600] "GET /shop-goods/detail-82914769833 HTTP/1.1" 500 2576 "-" "Mozilla/5.0 AppleWebKit/537.36 (KHTML, like Gecko; compatible; ClaudeBot/1.0; +claudebot@anthropic.com)"
216.73.216.99 - - [16/Apr/2026:07:53:50 -0600] "GET /shop-goods/detail-829329664882 HTTP/1.1" 500 2576 "-" "Mozilla/5.0 AppleWebKit/537.36 (KHTML, like Gecko; compatible; ClaudeBot/1.0; +claudebot@anthropic.com)"
216.73.216.99 - - [16/Apr/2026:07:53:55 -0600] "GET /shop-goods/detail-828845495803 HTTP/1.1" 500 2576 "-" "Mozilla/5.0 AppleWebKit/537.36 (KHTML, like Gecko; compatible; ClaudeBot/1.0; +claudebot@anthropic.com)"
216.73.216.99 - - [16/Apr/2026:07:54:00 -0600] "GET /shop-goods/detail-82932994586 HTTP/1.1" 500 2576 "-" "Mozilla/5.0 AppleWebKit/537.36 (KHTML, like Gecko; compatible; ClaudeBot/1.0; +claudebot@anthropic.com)"
74.7.227.52 - - [16/Apr/2026:07:54:03 -0600] "GET /shop-goods/detail-829125751673 HTTP/1.1" 500 2576 "https://twb.ebh.mybluehost.me/sitemap_shop_302.xml" "Mozilla/5.0 AppleWebKit/537.36 (KHTML, like Gecko; compatible; GPTBot/1.3; +https://openai.com/gptbot)"
216.73.216.99 - - [16/Apr/2026:07:54:05 -0600] "GET /shop-goods/detail-828845480176 HTTP/1.1" 500 2576 "-" "Mozilla/5.0 AppleWebKit/537.36 (KHTML, like Gecko; compatible; ClaudeBot/1.0; +claudebot@anthropic.com)"
50.74.236.214 - - [16/Apr/2026:07:54:06 -0600] "GET /wp-content/uploads/sites/1502433/2021/10/OgImage_New.png HTTP/1.1" 500 2576 "-" "Mozilla/5.0 (Windows NT 10.0; Win64; x64) AppleWebKit/537.36 (KHTML, like Gecko) Chrome/147.0.0.0 Safari/537.36 Edg/147.0.0.0"
216.73.216.99 - - [16/Apr/2026:07:54:11 -0600] "GET /shop-goods/detail-82886337451 HTTP/1.1" 500 2576 "-" "Mozilla/5.0 AppleWebKit/537.36 (KHTML, like Gecko; compatible; ClaudeBot/1.0; +claudebot@anthropic.com)"
216.73.216.99 - - [16/Apr/2026:07:54:18 -0600] "GET /shop-goods/detail-828845008109 HTTP/1.1" 500 2576 "-" "Mozilla/5.0 AppleWebKit/537.36 (KHTML, like Gecko; compatible; ClaudeBot/1.0; +claudebot@anthropic.com)"
216.73.216.99 - - [16/Apr/2026:07:54:21 -0600] "GET /shop-goods/detail-82925472091 HTTP/1.1" 500 2576 "-" "Mozilla/5.0 AppleWebKit/537.36 (KHTML, like Gecko; compatible; ClaudeBot/1.0; +claudebot@anthropic.com)"
216.73.216.99 - - [16/Apr/2026:07:54:26 -0600] "GET /shop-goods/detail-82932946925 HTTP/1.1" 500 2576 "-" "Mozilla/5.0 AppleWebKit/537.36 (KHTML, like Gecko; compatible; ClaudeBot/1.0; +claudebot@anthropic.com)"
216.73.216.99 - - [16/Apr/2026:07:54:31 -0600] "GET /shop-goods/detail-82896740293 HTTP/1.1" 500 2576 "-" "Mozilla/5.0 AppleWebKit/537.36 (KHTML, like Gecko; compatible; ClaudeBot/1.0; +claudebot@anthropic.com)"
66.249.74.76 - - [16/Apr/2026:07:54:35 -0600] "GET /shop-goods/detail-82901393263 HTTP/1.1" 200 196782 "-" "Mozilla/5.0 (Linux; Android 6.0.1; Nexus 5X Build/MMB29P) AppleWebKit/537.36 (KHTML, like Gecko) Chrome/146.0.7680.177 Mobile Safari/537.36 (compatible; Googlebot/2.1; +http://www.google.com/bot.html)"
216.73.216.99 - - [16/Apr/2026:07:54:36 -0600] "GET /shop-goods/detail-82922366173 HTTP/1.1" 500 2576 "-" "Mozilla/5.0 AppleWebKit/537.36 (KHTML, like Gecko; compatible; ClaudeBot/1.0; +claudebot@anthropic.com)"
216.73.216.99 - - [16/Apr/2026:07:54:41 -0600] "GET /shop-goods/detail-82889486362 HTTP/1.1" 500 2576 "-" "Mozilla/5.0 AppleWebKit/537.36 (KHTML, like Gecko; compatible; ClaudeBot/1.0; +claudebot@anthropic.com)"
216.73.216.99 - - [16/Apr/2026:07:54:46 -0600] "GET /shop-goods/detail-828869131640 HTTP/1.1" 500 2576 "-" "Mozilla/5.0 AppleWebKit/537.36 (KHTML, like Gecko; compatible; ClaudeBot/1.0; +claudebot@anthropic.com)"
216.73.216.99 - - [16/Apr/2026:07:54:51 -0600] "GET /shop-goods/detail-82896713664 HTTP/1.1" 500 2576 "-" "Mozilla/5.0 AppleWebKit/537.36 (KHTML, like Gecko; compatible; ClaudeBot/1.0; +claudebot@anthropic.com)"
216.73.216.99 - - [16/Apr/2026:07:55:02 -0600] "GET /shop-goods/detail-82935900059 HTTP/1.1" 500 2576 "-" "Mozilla/5.0 AppleWebKit/537.36 (KHTML, like Gecko; compatible; ClaudeBot/1.0; +claudebot@anthropic.com)"
74.7.227.52 - - [16/Apr/2026:07:55:06 -0600] "GET /shop-goods/detail-829314610511 HTTP/1.1" 500 2576 "https://twb.ebh.mybluehost.me/sitemap_shop_474.xml" "Mozilla/5.0 AppleWebKit/537.36 (KHTML, like Gecko; compatible; GPTBot/1.3; +https://openai.com/gptbot)"
216.73.216.99 - - [16/Apr/2026:07:55:06 -0600] "GET /shop-goods/detail-82925169485 HTTP/1.1" 500 2576 "-" "Mozilla/5.0 AppleWebKit/537.36 (KHTML, like Gecko; compatible; ClaudeBot/1.0; +claudebot@anthropic.com)"
216.73.216.99 - - [16/Apr/2026:07:55:11 -0600] "GET /shop-goods/detail-82914793026 HTTP/1.1" 500 2576 "-" "Mozilla/5.0 AppleWebKit/537.36 (KHTML, like Gecko; compatible; ClaudeBot/1.0; +claudebot@anthropic.com)"
216.73.216.99 - - [16/Apr/2026:07:55:16 -0600] "GET /shop-goods/detail-82886284270 HTTP/1.1" 500 2576 "-" "Mozilla/5.0 AppleWebKit/537.36 (KHTML, like Gecko; compatible; ClaudeBot/1.0; +claudebot@anthropic.com)"
216.73.216.99 - - [16/Apr/2026:07:55:21 -0600] "GET /shop-goods/detail-82935881704 HTTP/1.1" 500 2576 "-" "Mozilla/5.0 AppleWebKit/537.36 (KHTML, like Gecko; compatible; ClaudeBot/1.0; +claudebot@anthropic.com)"
216.73.216.99 - - [16/Apr/2026:07:55:26 -0600] "GET /shop-goods/detail-82922264569 HTTP/1.1" 500 2576 "-" "Mozilla/5.0 AppleWebKit/537.36 (KHTML, like Gecko; compatible; ClaudeBot/1.0; +claudebot@anthropic.com)"
216.73.216.99 - - [16/Apr/2026:07:55:31 -0600] "GET /shop-goods/detail-82922307871 HTTP/1.1" 500 2576 "-" "Mozilla/5.0 AppleWebKit/537.36 (KHTML, like Gecko; compatible; ClaudeBot/1.0; +claudebot@anthropic.com)"
216.73.216.99 - - [16/Apr/2026:07:55:37 -0600] "GET /shop-goods/detail-829344524971 HTTP/1.1" 500 2576 "-" "Mozilla/5.0 AppleWebKit/537.36 (KHTML, like Gecko; compatible; ClaudeBot/1.0; +claudebot@anthropic.com)"
216.73.216.99 - - [16/Apr/2026:07:55:42 -0600] "GET /shop-goods/detail-82889363071 HTTP/1.1" 500 2576 "-" "Mozilla/5.0 AppleWebKit/537.36 (KHTML, like Gecko; compatible; ClaudeBot/1.0; +claudebot@anthropic.com)"
216.73.216.99 - - [16/Apr/2026:07:55:47 -0600] "GET /shop-goods/detail-82896961997 HTTP/1.1" 500 2576 "-" "Mozilla/5.0 AppleWebKit/537.36 (KHTML, like Gecko; compatible; ClaudeBot/1.0; +claudebot@anthropic.com)"
216.73.216.99 - - [16/Apr/2026:07:55:52 -0600] "GET /shop-goods/detail-828969651012 HTTP/1.1" 500 2576 "-" "Mozilla/5.0 AppleWebKit/537.36 (KHTML, like Gecko; compatible; ClaudeBot/1.0; +claudebot@anthropic.com)"
216.73.216.99 - - [16/Apr/2026:07:55:57 -0600] "GET /shop-goods/detail-82889241544 HTTP/1.1" 500 2576 "-" "Mozilla/5.0 AppleWebKit/537.36 (KHTML, like Gecko; compatible; ClaudeBot/1.0; +claudebot@anthropic.com)"
216.73.216.99 - - [16/Apr/2026:07:56:02 -0600] "GET /shop-goods/detail-82889037316 HTTP/1.1" 500 2576 "-" "Mozilla/5.0 AppleWebKit/537.36 (KHTML, like Gecko; compatible; ClaudeBot/1.0; +claudebot@anthropic.com)"
216.73.216.99 - - [16/Apr/2026:07:56:07 -0600] "GET /shop-goods/detail-82925480147 HTTP/1.1" 500 2576 "-" "Mozilla/5.0 AppleWebKit/537.36 (KHTML, like Gecko; compatible; ClaudeBot/1.0; +claudebot@anthropic.com)"
74.7.227.52 - - [16/Apr/2026:07:56:11 -0600] "GET /shop-goods/detail-829188675703 HTTP/1.1" 500 2576 "https://twb.ebh.mybluehost.me/sitemap_shop_972.xml" "Mozilla/5.0 AppleWebKit/537.36 (KHTML, like Gecko; compatible; GPTBot/1.3; +https://openai.com/gptbot)"
216.73.216.99 - - [16/Apr/2026:07:56:12 -0600] "GET /shop-goods/detail-82907497569 HTTP/1.1" 500 2576 "-" "Mozilla/5.0 AppleWebKit/537.36 (KHTML, like Gecko; compatible; ClaudeBot/1.0; +claudebot@anthropic.com)"
47.128.44.36 - - [16/Apr/2026:07:56:14 -0600] "GET /shop-goods/detail-82901362297 HTTP/1.1" 500 2576 "-" "Mozilla/5.0 (Linux; Android 5.0) AppleWebKit/537.36 (KHTML, like Gecko) Mobile Safari/537.36 (compatible; Bytespider; spider-feedback@bytedance.com)"
216.73.216.99 - - [16/Apr/2026:07:56:17 -0600] "GET /shop-goods/detail-82889258797 HTTP/1.1" 500 2576 "-" "Mozilla/5.0 AppleWebKit/537.36 (KHTML, like Gecko; compatible; ClaudeBot/1.0; +claudebot@anthropic.com)"
216.73.216.99 - - [16/Apr/2026:07:56:22 -0600] "GET /shop-goods/detail-828966715464 HTTP/1.1" 500 2576 "-" "Mozilla/5.0 AppleWebKit/537.36 (KHTML, like Gecko; compatible; ClaudeBot/1.0; +claudebot@anthropic.com)"
216.73.216.99 - - [16/Apr/2026:07:56:27 -0600] "GET /shop-goods/detail-829329657549 HTTP/1.1" 500 2576 "-" "Mozilla/5.0 AppleWebKit/537.36 (KHTML, like Gecko; compatible; ClaudeBot/1.0; +claudebot@anthropic.com)"
216.73.216.99 - - [16/Apr/2026:07:56:33 -0600] "GET /sitemap_index.xml HTTP/1.1" 200 179802 "-" "Mozilla/5.0 AppleWebKit/537.36 (KHTML, like Gecko; compatible; ClaudeBot/1.0; +claudebot@anthropic.com)"
216.73.216.99 - - [16/Apr/2026:07:56:37 -0600] "GET /sitemap.xml HTTP/1.1" 200 1159 "-" "Mozilla/5.0 AppleWebKit/537.36 (KHTML, like Gecko; compatible; ClaudeBot/1.0; +claudebot@anthropic.com)"
216.73.216.99 - - [16/Apr/2026:07:56:42 -0600] "GET / HTTP/1.1" 301 273 "-" "Mozilla/5.0 AppleWebKit/537.36 (KHTML, like Gecko; compatible; ClaudeBot/1.0; +claudebot@anthropic.com)"
66.249.74.70 - - [16/Apr/2026:07:56:47 -0600] "GET /shop-goods/detail-8289569006 HTTP/1.1" 200 199523 "-" "Mozilla/5.0 (compatible; Googlebot/2.1; +http://www.google.com/bot.html)"
216.73.216.99 - - [16/Apr/2026:07:56:47 -0600] "GET /shop-goods/detail-82883358564 HTTP/1.1" 500 2576 "-" "Mozilla/5.0 AppleWebKit/537.36 (KHTML, like Gecko; compatible; ClaudeBot/1.0; +claudebot@anthropic.com)"
