216.73.216.99 - - [16/Apr/2026:08:22:16 -0600] "GET /shop-goods/detail-82935553513 HTTP/1.1" 500 2576 "-" "Mozilla/5.0 AppleWebKit/537.36 (KHTML, like Gecko; compatible; ClaudeBot/1.0; +claudebot@anthropic.com)"
20.198.83.136 - - [16/Apr/2026:08:22:17 -0600] "GET /w.php HTTP/1.1" 500 2576 "-" "Mozilla/5.0 (Windows NT 10.0; Win64; x64) AppleWebKit/537.36 (KHTML, like Gecko) Chrome/120.0.0.0 Safari/537.36"
20.198.83.136 - - [16/Apr/2026:08:22:18 -0600] "GET /edit.php HTTP/1.1" 500 2576 "-" "Mozilla/5.0 (Windows NT 10.0; Win64; x64) AppleWebKit/537.36 (KHTML, like Gecko) Chrome/120.0.0.0 Safari/537.36"
20.198.83.136 - - [16/Apr/2026:08:22:19 -0600] "GET /wp-blog.php HTTP/1.1" 500 2576 "-" "Mozilla/5.0 (Windows NT 10.0; Win64; x64) AppleWebKit/537.36 (KHTML, like Gecko) Chrome/120.0.0.0 Safari/537.36"
20.198.83.136 - - [16/Apr/2026:08:22:20 -0600] "GET /10.php HTTP/1.1" 500 2576 "-" "Mozilla/5.0 (Windows NT 10.0; Win64; x64) AppleWebKit/537.36 (KHTML, like Gecko) Chrome/120.0.0.0 Safari/537.36"
216.73.216.99 - - [16/Apr/2026:08:22:21 -0600] "GET /shop-goods/detail-82928349599 HTTP/1.1" 500 2576 "-" "Mozilla/5.0 AppleWebKit/537.36 (KHTML, like Gecko; compatible; ClaudeBot/1.0; +claudebot@anthropic.com)"
20.198.83.136 - - [16/Apr/2026:08:22:21 -0600] "GET /p.php HTTP/1.1" 500 2576 "-" "Mozilla/5.0 (Windows NT 10.0; Win64; x64) AppleWebKit/537.36 (KHTML, like Gecko) Chrome/120.0.0.0 Safari/537.36"
20.198.83.136 - - [16/Apr/2026:08:22:22 -0600] "GET /hplfuns.php HTTP/1.1" 500 2576 "-" "Mozilla/5.0 (Windows NT 10.0; Win64; x64) AppleWebKit/537.36 (KHTML, like Gecko) Chrome/120.0.0.0 Safari/537.36"
20.198.83.136 - - [16/Apr/2026:08:22:23 -0600] "GET /bless.php HTTP/1.1" 500 2576 "-" "Mozilla/5.0 (Windows NT 10.0; Win64; x64) AppleWebKit/537.36 (KHTML, like Gecko) Chrome/120.0.0.0 Safari/537.36"
74.7.227.52 - - [16/Apr/2026:08:22:24 -0600] "GET /shop-goods/detail-828927500964 HTTP/1.1" 500 2576 "https://twb.ebh.mybluehost.me/sitemap_shop_302.xml" "Mozilla/5.0 AppleWebKit/537.36 (KHTML, like Gecko; compatible; GPTBot/1.3; +https://openai.com/gptbot)"
20.198.83.136 - - [16/Apr/2026:08:22:25 -0600] "GET /php.php HTTP/1.1" 500 2576 "-" "Mozilla/5.0 (Windows NT 10.0; Win64; x64) AppleWebKit/537.36 (KHTML, like Gecko) Chrome/120.0.0.0 Safari/537.36"
20.198.83.136 - - [16/Apr/2026:08:22:26 -0600] "GET /chosen.php HTTP/1.1" 500 2576 "-" "Mozilla/5.0 (Windows NT 10.0; Win64; x64) AppleWebKit/537.36 (KHTML, like Gecko) Chrome/120.0.0.0 Safari/537.36"
216.73.216.99 - - [16/Apr/2026:08:22:26 -0600] "GET /shop-goods/detail-82907387934 HTTP/1.1" 500 2576 "-" "Mozilla/5.0 AppleWebKit/537.36 (KHTML, like Gecko; compatible; ClaudeBot/1.0; +claudebot@anthropic.com)"
20.198.83.136 - - [16/Apr/2026:08:22:27 -0600] "GET /ioxi-o.php HTTP/1.1" 500 2576 "-" "Mozilla/5.0 (Windows NT 10.0; Win64; x64) AppleWebKit/537.36 (KHTML, like Gecko) Chrome/120.0.0.0 Safari/537.36"
20.198.83.136 - - [16/Apr/2026:08:22:28 -0600] "GET /av.php HTTP/1.1" 500 2576 "-" "Mozilla/5.0 (Windows NT 10.0; Win64; x64) AppleWebKit/537.36 (KHTML, like Gecko) Chrome/120.0.0.0 Safari/537.36"
20.198.83.136 - - [16/Apr/2026:08:22:29 -0600] "GET /doc.php HTTP/1.1" 500 2576 "-" "Mozilla/5.0 (Windows NT 10.0; Win64; x64) AppleWebKit/537.36 (KHTML, like Gecko) Chrome/120.0.0.0 Safari/537.36"
20.198.83.136 - - [16/Apr/2026:08:22:30 -0600] "GET /elp.php HTTP/1.1" 500 2576 "-" "Mozilla/5.0 (Windows NT 10.0; Win64; x64) AppleWebKit/537.36 (KHTML, like Gecko) Chrome/120.0.0.0 Safari/537.36"
216.73.216.99 - - [16/Apr/2026:08:22:31 -0600] "GET /shop-goods/detail-82938973940 HTTP/1.1" 500 2576 "-" "Mozilla/5.0 AppleWebKit/537.36 (KHTML, like Gecko; compatible; ClaudeBot/1.0; +claudebot@anthropic.com)"
20.198.83.136 - - [16/Apr/2026:08:22:31 -0600] "GET /wp-user.php HTTP/1.1" 500 2576 "-" "Mozilla/5.0 (Windows NT 10.0; Win64; x64) AppleWebKit/537.36 (KHTML, like Gecko) Chrome/120.0.0.0 Safari/537.36"
20.198.83.136 - - [16/Apr/2026:08:22:32 -0600] "GET /root.php HTTP/1.1" 500 2576 "-" "Mozilla/5.0 (Windows NT 10.0; Win64; x64) AppleWebKit/537.36 (KHTML, like Gecko) Chrome/120.0.0.0 Safari/537.36"
20.198.83.136 - - [16/Apr/2026:08:22:34 -0600] "GET /alfa.php HTTP/1.1" 500 2576 "-" "Mozilla/5.0 (Windows NT 10.0; Win64; x64) AppleWebKit/537.36 (KHTML, like Gecko) Chrome/120.0.0.0 Safari/537.36"
20.198.83.136 - - [16/Apr/2026:08:22:35 -0600] "GET /autoload_classmap.php HTTP/1.1" 500 2576 "-" "Mozilla/5.0 (Windows NT 10.0; Win64; x64) AppleWebKit/537.36 (KHTML, like Gecko) Chrome/120.0.0.0 Safari/537.36"
20.198.83.136 - - [16/Apr/2026:08:22:36 -0600] "GET /file.php HTTP/1.1" 500 2576 "-" "Mozilla/5.0 (Windows NT 10.0; Win64; x64) AppleWebKit/537.36 (KHTML, like Gecko) Chrome/120.0.0.0 Safari/537.36"
216.73.216.99 - - [16/Apr/2026:08:22:36 -0600] "GET /shop-goods/detail-82901439185 HTTP/1.1" 500 2576 "-" "Mozilla/5.0 AppleWebKit/537.36 (KHTML, like Gecko; compatible; ClaudeBot/1.0; +claudebot@anthropic.com)"
20.198.83.136 - - [16/Apr/2026:08:22:37 -0600] "GET /new.php HTTP/1.1" 500 2576 "-" "Mozilla/5.0 (Windows NT 10.0; Win64; x64) AppleWebKit/537.36 (KHTML, like Gecko) Chrome/120.0.0.0 Safari/537.36"
20.198.83.136 - - [16/Apr/2026:08:22:38 -0600] "GET /ioxi-o.php HTTP/1.1" 500 2576 "-" "Mozilla/5.0 (Windows NT 10.0; Win64; x64) AppleWebKit/537.36 (KHTML, like Gecko) Chrome/120.0.0.0 Safari/537.36"
20.198.83.136 - - [16/Apr/2026:08:22:39 -0600] "GET /mm.php HTTP/1.1" 500 2576 "-" "Mozilla/5.0 (Windows NT 10.0; Win64; x64) AppleWebKit/537.36 (KHTML, like Gecko) Chrome/120.0.0.0 Safari/537.36"
20.198.83.136 - - [16/Apr/2026:08:22:40 -0600] "GET /oxshell.php HTTP/1.1" 500 2576 "-" "Mozilla/5.0 (Windows NT 10.0; Win64; x64) AppleWebKit/537.36 (KHTML, like Gecko) Chrome/120.0.0.0 Safari/537.36"
216.73.216.99 - - [16/Apr/2026:08:22:41 -0600] "GET /shop-goods/detail-82883100440 HTTP/1.1" 500 2576 "-" "Mozilla/5.0 AppleWebKit/537.36 (KHTML, like Gecko; compatible; ClaudeBot/1.0; +claudebot@anthropic.com)"
20.198.83.136 - - [16/Apr/2026:08:22:41 -0600] "GET /load.php HTTP/1.1" 500 2576 "-" "Mozilla/5.0 (Windows NT 10.0; Win64; x64) AppleWebKit/537.36 (KHTML, like Gecko) Chrome/120.0.0.0 Safari/537.36"
20.198.83.136 - - [16/Apr/2026:08:22:42 -0600] "GET /k.php HTTP/1.1" 500 2576 "-" "Mozilla/5.0 (Windows NT 10.0; Win64; x64) AppleWebKit/537.36 (KHTML, like Gecko) Chrome/120.0.0.0 Safari/537.36"
20.198.83.136 - - [16/Apr/2026:08:22:43 -0600] "GET /atomlib.php HTTP/1.1" 500 2576 "-" "Mozilla/5.0 (Windows NT 10.0; Win64; x64) AppleWebKit/537.36 (KHTML, like Gecko) Chrome/120.0.0.0 Safari/537.36"
20.198.83.136 - - [16/Apr/2026:08:22:45 -0600] "GET /buy.php HTTP/1.1" 500 2576 "-" "Mozilla/5.0 (Windows NT 10.0; Win64; x64) AppleWebKit/537.36 (KHTML, like Gecko) Chrome/120.0.0.0 Safari/537.36"
20.198.83.136 - - [16/Apr/2026:08:22:46 -0600] "GET /info.php HTTP/1.1" 500 2576 "-" "Mozilla/5.0 (Windows NT 10.0; Win64; x64) AppleWebKit/537.36 (KHTML, like Gecko) Chrome/120.0.0.0 Safari/537.36"
20.198.83.136 - - [16/Apr/2026:08:22:47 -0600] "GET /goods.php HTTP/1.1" 500 2576 "-" "Mozilla/5.0 (Windows NT 10.0; Win64; x64) AppleWebKit/537.36 (KHTML, like Gecko) Chrome/120.0.0.0 Safari/537.36"
216.73.216.99 - - [16/Apr/2026:08:22:47 -0600] "GET /shop-goods/detail-82914835181 HTTP/1.1" 500 2576 "-" "Mozilla/5.0 AppleWebKit/537.36 (KHTML, like Gecko; compatible; ClaudeBot/1.0; +claudebot@anthropic.com)"
20.198.83.136 - - [16/Apr/2026:08:22:48 -0600] "GET /setup-config.php HTTP/1.1" 500 2576 "-" "Mozilla/5.0 (Windows NT 10.0; Win64; x64) AppleWebKit/537.36 (KHTML, like Gecko) Chrome/120.0.0.0 Safari/537.36"
20.198.83.136 - - [16/Apr/2026:08:22:49 -0600] "GET /ss.php HTTP/1.1" 500 2576 "-" "Mozilla/5.0 (Windows NT 10.0; Win64; x64) AppleWebKit/537.36 (KHTML, like Gecko) Chrome/120.0.0.0 Safari/537.36"
20.198.83.136 - - [16/Apr/2026:08:22:50 -0600] "GET /xmlrpc.php HTTP/1.1" 500 2576 "-" "Mozilla/5.0 (Windows NT 10.0; Win64; x64) AppleWebKit/537.36 (KHTML, like Gecko) Chrome/120.0.0.0 Safari/537.36"
20.198.83.136 - - [16/Apr/2026:08:22:51 -0600] "GET /flower.php HTTP/1.1" 500 2576 "-" "Mozilla/5.0 (Windows NT 10.0; Win64; x64) AppleWebKit/537.36 (KHTML, like Gecko) Chrome/120.0.0.0 Safari/537.36"
216.73.216.99 - - [16/Apr/2026:08:22:51 -0600] "GET /shop-goods/detail-82883406216 HTTP/1.1" 500 2576 "-" "Mozilla/5.0 AppleWebKit/537.36 (KHTML, like Gecko; compatible; ClaudeBot/1.0; +claudebot@anthropic.com)"
20.198.83.136 - - [16/Apr/2026:08:22:52 -0600] "GET /al.php HTTP/1.1" 500 2576 "-" "Mozilla/5.0 (Windows NT 10.0; Win64; x64) AppleWebKit/537.36 (KHTML, like Gecko) Chrome/120.0.0.0 Safari/537.36"
20.198.83.136 - - [16/Apr/2026:08:22:53 -0600] "GET /vv.php HTTP/1.1" 500 2576 "-" "Mozilla/5.0 (Windows NT 10.0; Win64; x64) AppleWebKit/537.36 (KHTML, like Gecko) Chrome/120.0.0.0 Safari/537.36"
20.198.83.136 - - [16/Apr/2026:08:22:54 -0600] "GET /wp-signin.php HTTP/1.1" 500 2576 "-" "Mozilla/5.0 (Windows NT 10.0; Win64; x64) AppleWebKit/537.36 (KHTML, like Gecko) Chrome/120.0.0.0 Safari/537.36"
20.198.83.136 - - [16/Apr/2026:08:22:56 -0600] "GET /wsa.php HTTP/1.1" 500 2576 "-" "Mozilla/5.0 (Windows NT 10.0; Win64; x64) AppleWebKit/537.36 (KHTML, like Gecko) Chrome/120.0.0.0 Safari/537.36"
216.73.216.99 - - [16/Apr/2026:08:22:56 -0600] "GET /shop-goods/detail-829122653802 HTTP/1.1" 500 2576 "-" "Mozilla/5.0 AppleWebKit/537.36 (KHTML, like Gecko; compatible; ClaudeBot/1.0; +claudebot@anthropic.com)"
216.73.216.99 - - [16/Apr/2026:08:23:01 -0600] "GET /shop-goods/detail-82938723912 HTTP/1.1" 500 2576 "-" "Mozilla/5.0 AppleWebKit/537.36 (KHTML, like Gecko; compatible; ClaudeBot/1.0; +claudebot@anthropic.com)"
52.167.144.187 - - [16/Apr/2026:08:23:02 -0600] "GET /shop-goods/detail-8288264328 HTTP/1.1" 200 189563 "-" "Mozilla/5.0 AppleWebKit/537.36 (KHTML, like Gecko; compatible; bingbot/2.0; +http://www.bing.com/bingbot.htm) Chrome/116.0.1938.76 Safari/537.36"
216.73.216.99 - - [16/Apr/2026:08:23:06 -0600] "GET /shop-goods/detail-82889334335 HTTP/1.1" 500 2576 "-" "Mozilla/5.0 AppleWebKit/537.36 (KHTML, like Gecko; compatible; ClaudeBot/1.0; +claudebot@anthropic.com)"
216.73.216.99 - - [16/Apr/2026:08:23:11 -0600] "GET /shop-goods/detail-8288102048644 HTTP/1.1" 500 2576 "-" "Mozilla/5.0 AppleWebKit/537.36 (KHTML, like Gecko; compatible; ClaudeBot/1.0; +claudebot@anthropic.com)"
216.73.216.99 - - [16/Apr/2026:08:23:16 -0600] "GET /shop-goods/detail-82883009938 HTTP/1.1" 500 2576 "-" "Mozilla/5.0 AppleWebKit/537.36 (KHTML, like Gecko; compatible; ClaudeBot/1.0; +claudebot@anthropic.com)"
216.73.216.99 - - [16/Apr/2026:08:23:21 -0600] "GET /shop-goods/detail-829019089784 HTTP/1.1" 500 2576 "-" "Mozilla/5.0 AppleWebKit/537.36 (KHTML, like Gecko; compatible; ClaudeBot/1.0; +claudebot@anthropic.com)"
74.7.227.52 - - [16/Apr/2026:08:23:26 -0600] "GET /shop-goods/detail-829125930348 HTTP/1.1" 500 2576 "https://twb.ebh.mybluehost.me/sitemap_shop_302.xml" "Mozilla/5.0 AppleWebKit/537.36 (KHTML, like Gecko; compatible; GPTBot/1.3; +https://openai.com/gptbot)"
216.73.216.99 - - [16/Apr/2026:08:23:26 -0600] "GET /shop-goods/detail-82928377326 HTTP/1.1" 500 2576 "-" "Mozilla/5.0 AppleWebKit/537.36 (KHTML, like Gecko; compatible; ClaudeBot/1.0; +claudebot@anthropic.com)"
216.73.216.99 - - [16/Apr/2026:08:23:31 -0600] "GET /shop-goods/detail-82938548155 HTTP/1.1" 500 2576 "-" "Mozilla/5.0 AppleWebKit/537.36 (KHTML, like Gecko; compatible; ClaudeBot/1.0; +claudebot@anthropic.com)"
216.73.216.99 - - [16/Apr/2026:08:23:36 -0600] "GET /shop-goods/detail-82889482583 HTTP/1.1" 500 2576 "-" "Mozilla/5.0 AppleWebKit/537.36 (KHTML, like Gecko; compatible; ClaudeBot/1.0; +claudebot@anthropic.com)"
216.73.216.99 - - [16/Apr/2026:08:23:41 -0600] "GET /shop-goods/detail-82883253197 HTTP/1.1" 500 2576 "-" "Mozilla/5.0 AppleWebKit/537.36 (KHTML, like Gecko; compatible; ClaudeBot/1.0; +claudebot@anthropic.com)"
216.73.216.99 - - [16/Apr/2026:08:23:46 -0600] "GET /shop-goods/detail-82899599571 HTTP/1.1" 500 2576 "-" "Mozilla/5.0 AppleWebKit/537.36 (KHTML, like Gecko; compatible; ClaudeBot/1.0; +claudebot@anthropic.com)"
216.73.216.99 - - [16/Apr/2026:08:23:54 -0600] "GET /shop-goods/detail-82928359380 HTTP/1.1" 500 2576 "-" "Mozilla/5.0 AppleWebKit/537.36 (KHTML, like Gecko; compatible; ClaudeBot/1.0; +claudebot@anthropic.com)"
172.239.50.62 - - [16/Apr/2026:08:23:55 -0600] "GET /wp-content/plugins/post-grid-and-filter-ultimate/readme.txt HTTP/1.1" 500 2576 "-" "Mozilla/5.0 (Windows NT 10.0; Win64; x64) AppleWebKit/537.36 (KHTML, like Gecko) Chrome/133.0.0.0 Safari/537.36"
172.239.50.62 - - [16/Apr/2026:08:23:55 -0600] "GET /wp-content/plugins/post-grid-and-filter-ultimate/release_notes.txt HTTP/1.1" 500 2576 "-" "Mozilla/5.0 (Windows NT 10.0; Win64; x64) AppleWebKit/537.36 (KHTML, like Gecko) Chrome/133.0.0.0 Safari/537.36"
216.73.216.99 - - [16/Apr/2026:08:23:57 -0600] "GET /shop-goods/detail-82925447347 HTTP/1.1" 500 2576 "-" "Mozilla/5.0 AppleWebKit/537.36 (KHTML, like Gecko; compatible; ClaudeBot/1.0; +claudebot@anthropic.com)"
216.73.216.99 - - [16/Apr/2026:08:24:01 -0600] "GET /shop-goods/detail-82925218360 HTTP/1.1" 500 2576 "-" "Mozilla/5.0 AppleWebKit/537.36 (KHTML, like Gecko; compatible; ClaudeBot/1.0; +claudebot@anthropic.com)"
216.73.216.99 - - [16/Apr/2026:08:24:07 -0600] "GET /shop-goods/detail-82907486079 HTTP/1.1" 500 2576 "-" "Mozilla/5.0 AppleWebKit/537.36 (KHTML, like Gecko; compatible; ClaudeBot/1.0; +claudebot@anthropic.com)"
47.128.44.251 - - [16/Apr/2026:08:24:10 -0600] "GET /shop-goods/detail-82932736141 HTTP/1.1" 500 2576 "-" "Mozilla/5.0 (Linux; Android 5.0) AppleWebKit/537.36 (KHTML, like Gecko) Mobile Safari/537.36 (compatible; Bytespider; spider-feedback@bytedance.com)"
216.73.216.99 - - [16/Apr/2026:08:24:11 -0600] "GET /shop-goods/detail-82883208604 HTTP/1.1" 500 2576 "-" "Mozilla/5.0 AppleWebKit/537.36 (KHTML, like Gecko; compatible; ClaudeBot/1.0; +claudebot@anthropic.com)"
216.73.216.99 - - [16/Apr/2026:08:24:16 -0600] "GET /shop-goods/detail-82901178244 HTTP/1.1" 500 2576 "-" "Mozilla/5.0 AppleWebKit/537.36 (KHTML, like Gecko; compatible; ClaudeBot/1.0; +claudebot@anthropic.com)"
216.73.216.99 - - [16/Apr/2026:08:24:21 -0600] "GET /shop-goods/detail-829097430285 HTTP/1.1" 500 2576 "-" "Mozilla/5.0 AppleWebKit/537.36 (KHTML, like Gecko; compatible; ClaudeBot/1.0; +claudebot@anthropic.com)"
216.73.216.99 - - [16/Apr/2026:08:24:26 -0600] "GET /shop-goods/detail-8289798519 HTTP/1.1" 500 2576 "-" "Mozilla/5.0 AppleWebKit/537.36 (KHTML, like Gecko; compatible; ClaudeBot/1.0; +claudebot@anthropic.com)"
74.7.227.52 - - [16/Apr/2026:08:24:31 -0600] "GET /shop-goods/detail-829125705676 HTTP/1.1" 500 2576 "https://twb.ebh.mybluehost.me/sitemap_shop_302.xml" "Mozilla/5.0 AppleWebKit/537.36 (KHTML, like Gecko; compatible; GPTBot/1.3; +https://openai.com/gptbot)"
216.73.216.99 - - [16/Apr/2026:08:24:31 -0600] "GET /shop-goods/detail-82899852653 HTTP/1.1" 500 2576 "-" "Mozilla/5.0 AppleWebKit/537.36 (KHTML, like Gecko; compatible; ClaudeBot/1.0; +claudebot@anthropic.com)"
216.73.216.99 - - [16/Apr/2026:08:24:36 -0600] "GET /shop-goods/detail-828812027008 HTTP/1.1" 500 2576 "-" "Mozilla/5.0 AppleWebKit/537.36 (KHTML, like Gecko; compatible; ClaudeBot/1.0; +claudebot@anthropic.com)"
216.73.216.99 - - [16/Apr/2026:08:24:41 -0600] "GET /shop-goods/detail-82935635571 HTTP/1.1" 500 2576 "-" "Mozilla/5.0 AppleWebKit/537.36 (KHTML, like Gecko; compatible; ClaudeBot/1.0; +claudebot@anthropic.com)"
216.73.216.99 - - [16/Apr/2026:08:24:46 -0600] "GET /shop-goods/detail-82889305699 HTTP/1.1" 500 2576 "-" "Mozilla/5.0 AppleWebKit/537.36 (KHTML, like Gecko; compatible; ClaudeBot/1.0; +claudebot@anthropic.com)"
216.73.216.99 - - [16/Apr/2026:08:24:51 -0600] "GET /shop-goods/detail-829220120752 HTTP/1.1" 500 2576 "-" "Mozilla/5.0 AppleWebKit/537.36 (KHTML, like Gecko; compatible; ClaudeBot/1.0; +claudebot@anthropic.com)"
216.73.216.99 - - [16/Apr/2026:08:24:56 -0600] "GET /shop-goods/detail-82907384983 HTTP/1.1" 500 2576 "-" "Mozilla/5.0 AppleWebKit/537.36 (KHTML, like Gecko; compatible; ClaudeBot/1.0; +claudebot@anthropic.com)"
216.73.216.99 - - [16/Apr/2026:08:25:01 -0600] "GET /shop-goods/detail-82935740948 HTTP/1.1" 500 2576 "-" "Mozilla/5.0 AppleWebKit/537.36 (KHTML, like Gecko; compatible; ClaudeBot/1.0; +claudebot@anthropic.com)"
216.73.216.99 - - [16/Apr/2026:08:25:06 -0600] "GET /shop-goods/detail-829338621147 HTTP/1.1" 500 2576 "-" "Mozilla/5.0 AppleWebKit/537.36 (KHTML, like Gecko; compatible; ClaudeBot/1.0; +claudebot@anthropic.com)"
216.73.216.99 - - [16/Apr/2026:08:25:11 -0600] "GET /shop-goods/detail-82928450087 HTTP/1.1" 500 2576 "-" "Mozilla/5.0 AppleWebKit/537.36 (KHTML, like Gecko; compatible; ClaudeBot/1.0; +claudebot@anthropic.com)"
216.73.216.99 - - [16/Apr/2026:08:25:16 -0600] "GET /shop-goods/detail-82925054343 HTTP/1.1" 500 2576 "-" "Mozilla/5.0 AppleWebKit/537.36 (KHTML, like Gecko; compatible; ClaudeBot/1.0; +claudebot@anthropic.com)"
216.73.216.99 - - [16/Apr/2026:08:25:21 -0600] "GET /shop-goods/detail-82901343469 HTTP/1.1" 500 2576 "-" "Mozilla/5.0 AppleWebKit/537.36 (KHTML, like Gecko; compatible; ClaudeBot/1.0; +claudebot@anthropic.com)"
216.73.216.99 - - [16/Apr/2026:08:25:26 -0600] "GET /shop-goods/detail-82917535709 HTTP/1.1" 500 2576 "-" "Mozilla/5.0 AppleWebKit/537.36 (KHTML, like Gecko; compatible; ClaudeBot/1.0; +claudebot@anthropic.com)"
216.73.216.99 - - [16/Apr/2026:08:25:32 -0600] "GET /shop-goods/detail-828942735053 HTTP/1.1" 500 2576 "-" "Mozilla/5.0 AppleWebKit/537.36 (KHTML, like Gecko; compatible; ClaudeBot/1.0; +claudebot@anthropic.com)"
74.7.227.52 - - [16/Apr/2026:08:25:33 -0600] "GET /shop-goods/detail-829010363551 HTTP/1.1" 500 2576 "https://twb.ebh.mybluehost.me/sitemap_index.xml" "Mozilla/5.0 AppleWebKit/537.36 (KHTML, like Gecko; compatible; GPTBot/1.3; +https://openai.com/gptbot)"
216.73.216.99 - - [16/Apr/2026:08:25:37 -0600] "GET /shop-goods/detail-829244021719 HTTP/1.1" 500 2576 "-" "Mozilla/5.0 AppleWebKit/537.36 (KHTML, like Gecko; compatible; ClaudeBot/1.0; +claudebot@anthropic.com)"
216.73.216.99 - - [16/Apr/2026:08:25:42 -0600] "GET /shop-goods/detail-829110533009 HTTP/1.1" 500 2576 "-" "Mozilla/5.0 AppleWebKit/537.36 (KHTML, like Gecko; compatible; ClaudeBot/1.0; +claudebot@anthropic.com)"
216.73.216.99 - - [16/Apr/2026:08:25:47 -0600] "GET /shop-goods/detail-82889219318 HTTP/1.1" 500 2576 "-" "Mozilla/5.0 AppleWebKit/537.36 (KHTML, like Gecko; compatible; ClaudeBot/1.0; +claudebot@anthropic.com)"
52.167.144.228 - - [16/Apr/2026:08:25:50 -0600] "GET /shop-goods/detail-8288308338 HTTP/1.1" 200 195709 "-" "Mozilla/5.0 AppleWebKit/537.36 (KHTML, like Gecko; compatible; bingbot/2.0; +http://www.bing.com/bingbot.htm) Chrome/116.0.1938.76 Safari/537.36"
216.73.216.99 - - [16/Apr/2026:08:25:52 -0600] "GET /shop-goods/detail-828812229186 HTTP/1.1" 500 2576 "-" "Mozilla/5.0 AppleWebKit/537.36 (KHTML, like Gecko; compatible; ClaudeBot/1.0; +claudebot@anthropic.com)"
216.73.216.99 - - [16/Apr/2026:08:25:57 -0600] "GET /shop-goods/detail-829010068148 HTTP/1.1" 500 2576 "-" "Mozilla/5.0 AppleWebKit/537.36 (KHTML, like Gecko; compatible; ClaudeBot/1.0; +claudebot@anthropic.com)"
52.167.144.228 - - [16/Apr/2026:08:26:00 -0600] "GET /shop-goods/detail-8288341158 HTTP/1.1" 200 193378 "-" "Mozilla/5.0 AppleWebKit/537.36 (KHTML, like Gecko; compatible; bingbot/2.0; +http://www.bing.com/bingbot.htm) Chrome/116.0.1938.76 Safari/537.36"
216.73.216.99 - - [16/Apr/2026:08:26:03 -0600] "GET /shop-goods/detail-828848324546 HTTP/1.1" 500 2576 "-" "Mozilla/5.0 AppleWebKit/537.36 (KHTML, like Gecko; compatible; ClaudeBot/1.0; +claudebot@anthropic.com)"
40.77.167.10 - - [16/Apr/2026:08:26:04 -0600] "GET /shop-goods/detail-828834164 HTTP/1.1" 200 205768 "-" "Mozilla/5.0 AppleWebKit/537.36 (KHTML, like Gecko; compatible; bingbot/2.0; +http://www.bing.com/bingbot.htm) Chrome/116.0.1938.76 Safari/537.36"
74.7.227.52 - - [16/Apr/2026:08:26:35 -0600] "GET /shop-goods/detail-828915868074 HTTP/1.1" 500 2576 "https://twb.ebh.mybluehost.me/sitemap_index.xml" "Mozilla/5.0 AppleWebKit/537.36 (KHTML, like Gecko; compatible; GPTBot/1.3; +https://openai.com/gptbot)"
216.73.216.99 - - [16/Apr/2026:08:26:39 -0600] "GET /shop-goods/detail-82925262104 HTTP/1.1" 500 2576 "-" "Mozilla/5.0 AppleWebKit/537.36 (KHTML, like Gecko; compatible; ClaudeBot/1.0; +claudebot@anthropic.com)"
216.73.216.99 - - [16/Apr/2026:08:26:44 -0600] "GET /shop-goods/detail-829028347599 HTTP/1.1" 500 2576 "-" "Mozilla/5.0 AppleWebKit/537.36 (KHTML, like Gecko; compatible; ClaudeBot/1.0; +claudebot@anthropic.com)"
216.73.216.99 - - [16/Apr/2026:08:26:49 -0600] "GET /shop-goods/detail-829013430463 HTTP/1.1" 500 2576 "-" "Mozilla/5.0 AppleWebKit/537.36 (KHTML, like Gecko; compatible; ClaudeBot/1.0; +claudebot@anthropic.com)"
216.73.216.99 - - [16/Apr/2026:08:26:54 -0600] "GET /shop-goods/detail-82886104758 HTTP/1.1" 500 2576 "-" "Mozilla/5.0 AppleWebKit/537.36 (KHTML, like Gecko; compatible; ClaudeBot/1.0; +claudebot@anthropic.com)"
216.73.216.99 - - [16/Apr/2026:08:26:59 -0600] "GET /shop-goods/detail-829076035602 HTTP/1.1" 500 2576 "-" "Mozilla/5.0 AppleWebKit/537.36 (KHTML, like Gecko; compatible; ClaudeBot/1.0; +claudebot@anthropic.com)"
216.73.216.99 - - [16/Apr/2026:08:27:04 -0600] "GET /shop-goods/detail-82907242465 HTTP/1.1" 500 2576 "-" "Mozilla/5.0 AppleWebKit/537.36 (KHTML, like Gecko; compatible; ClaudeBot/1.0; +claudebot@anthropic.com)"
216.73.216.99 - - [16/Apr/2026:08:27:09 -0600] "GET /shop-goods/detail-82917525233 HTTP/1.1" 500 2576 "-" "Mozilla/5.0 AppleWebKit/537.36 (KHTML, like Gecko; compatible; ClaudeBot/1.0; +claudebot@anthropic.com)"
216.73.216.99 - - [16/Apr/2026:08:27:14 -0600] "GET /shop-goods/detail-82907308506 HTTP/1.1" 500 2576 "-" "Mozilla/5.0 AppleWebKit/537.36 (KHTML, like Gecko; compatible; ClaudeBot/1.0; +claudebot@anthropic.com)"
216.73.216.99 - - [16/Apr/2026:08:27:19 -0600] "GET /shop-goods/detail-82904420302 HTTP/1.1" 500 2576 "-" "Mozilla/5.0 AppleWebKit/537.36 (KHTML, like Gecko; compatible; ClaudeBot/1.0; +claudebot@anthropic.com)"
216.73.216.99 - - [16/Apr/2026:08:27:24 -0600] "GET /shop-goods/detail-82893648131 HTTP/1.1" 500 2576 "-" "Mozilla/5.0 AppleWebKit/537.36 (KHTML, like Gecko; compatible; ClaudeBot/1.0; +claudebot@anthropic.com)"
216.73.216.99 - - [16/Apr/2026:08:27:29 -0600] "GET /shop-goods/detail-82914543308 HTTP/1.1" 500 2576 "-" "Mozilla/5.0 AppleWebKit/537.36 (KHTML, like Gecko; compatible; ClaudeBot/1.0; +claudebot@anthropic.com)"
216.73.216.99 - - [16/Apr/2026:08:27:34 -0600] "GET /shop-goods/detail-829250423552 HTTP/1.1" 500 2576 "-" "Mozilla/5.0 AppleWebKit/537.36 (KHTML, like Gecko; compatible; ClaudeBot/1.0; +claudebot@anthropic.com)"
216.73.216.99 - - [16/Apr/2026:08:27:39 -0600] "GET /shop-goods/detail-82935963969 HTTP/1.1" 500 2576 "-" "Mozilla/5.0 AppleWebKit/537.36 (KHTML, like Gecko; compatible; ClaudeBot/1.0; +claudebot@anthropic.com)"
74.7.227.52 - - [16/Apr/2026:08:27:40 -0600] "GET /shop-goods/detail-829326510158 HTTP/1.1" 500 2576 "https://twb.ebh.mybluehost.me/sitemap_shop_302.xml" "Mozilla/5.0 AppleWebKit/537.36 (KHTML, like Gecko; compatible; GPTBot/1.3; +https://openai.com/gptbot)"
216.73.216.99 - - [16/Apr/2026:08:27:44 -0600] "GET /shop-goods/detail-829317887434 HTTP/1.1" 500 2576 "-" "Mozilla/5.0 AppleWebKit/537.36 (KHTML, like Gecko; compatible; ClaudeBot/1.0; +claudebot@anthropic.com)"
216.73.216.99 - - [16/Apr/2026:08:27:49 -0600] "GET /shop-goods/detail-828951596740 HTTP/1.1" 500 2576 "-" "Mozilla/5.0 AppleWebKit/537.36 (KHTML, like Gecko; compatible; ClaudeBot/1.0; +claudebot@anthropic.com)"
216.73.216.99 - - [16/Apr/2026:08:27:54 -0600] "GET /shop-goods/detail-82914529081 HTTP/1.1" 500 2576 "-" "Mozilla/5.0 AppleWebKit/537.36 (KHTML, like Gecko; compatible; ClaudeBot/1.0; +claudebot@anthropic.com)"
216.73.216.99 - - [16/Apr/2026:08:27:59 -0600] "GET /shop-goods/detail-82904468823 HTTP/1.1" 500 2576 "-" "Mozilla/5.0 AppleWebKit/537.36 (KHTML, like Gecko; compatible; ClaudeBot/1.0; +claudebot@anthropic.com)"
52.167.144.228 - - [16/Apr/2026:08:28:00 -0600] "GET /shop-goods/detail-8288486962 HTTP/1.1" 200 188957 "-" "Mozilla/5.0 AppleWebKit/537.36 (KHTML, like Gecko; compatible; bingbot/2.0; +http://www.bing.com/bingbot.htm) Chrome/116.0.1938.76 Safari/537.36"
216.73.216.99 - - [16/Apr/2026:08:28:04 -0600] "GET /shop-goods/detail-82925045288 HTTP/1.1" 500 2576 "-" "Mozilla/5.0 AppleWebKit/537.36 (KHTML, like Gecko; compatible; ClaudeBot/1.0; +claudebot@anthropic.com)"
216.73.216.99 - - [16/Apr/2026:08:28:09 -0600] "GET /shop-goods/detail-828966966355 HTTP/1.1" 500 2576 "-" "Mozilla/5.0 AppleWebKit/537.36 (KHTML, like Gecko; compatible; ClaudeBot/1.0; +claudebot@anthropic.com)"
216.73.216.99 - - [16/Apr/2026:08:28:14 -0600] "GET /shop-goods/detail-82925228534 HTTP/1.1" 500 2576 "-" "Mozilla/5.0 AppleWebKit/537.36 (KHTML, like Gecko; compatible; ClaudeBot/1.0; +claudebot@anthropic.com)"
216.73.216.99 - - [16/Apr/2026:08:28:19 -0600] "GET /shop-goods/detail-82938897943 HTTP/1.1" 500 2576 "-" "Mozilla/5.0 AppleWebKit/537.36 (KHTML, like Gecko; compatible; ClaudeBot/1.0; +claudebot@anthropic.com)"
216.73.216.99 - - [16/Apr/2026:08:28:24 -0600] "GET /shop-goods/detail-828878394888 HTTP/1.1" 500 2576 "-" "Mozilla/5.0 AppleWebKit/537.36 (KHTML, like Gecko; compatible; ClaudeBot/1.0; +claudebot@anthropic.com)"
216.73.216.99 - - [16/Apr/2026:08:28:30 -0600] "GET /shop-goods/detail-829314956845 HTTP/1.1" 500 2576 "-" "Mozilla/5.0 AppleWebKit/537.36 (KHTML, like Gecko; compatible; ClaudeBot/1.0; +claudebot@anthropic.com)"
216.73.216.99 - - [16/Apr/2026:08:28:35 -0600] "GET /shop-goods/detail-82935862328 HTTP/1.1" 500 2576 "-" "Mozilla/5.0 AppleWebKit/537.36 (KHTML, like Gecko; compatible; ClaudeBot/1.0; +claudebot@anthropic.com)"
216.73.216.99 - - [16/Apr/2026:08:28:41 -0600] "GET /shop-goods/detail-82911518959 HTTP/1.1" 500 2576 "-" "Mozilla/5.0 AppleWebKit/537.36 (KHTML, like Gecko; compatible; ClaudeBot/1.0; +claudebot@anthropic.com)"
74.7.227.52 - - [16/Apr/2026:08:28:42 -0600] "GET /shop-goods/detail-829314980537 HTTP/1.1" 500 2576 "https://twb.ebh.mybluehost.me/sitemap_shop_474.xml" "Mozilla/5.0 AppleWebKit/537.36 (KHTML, like Gecko; compatible; GPTBot/1.3; +https://openai.com/gptbot)"
216.73.216.99 - - [16/Apr/2026:08:28:45 -0600] "GET /shop-goods/detail-82914826734 HTTP/1.1" 500 2576 "-" "Mozilla/5.0 AppleWebKit/537.36 (KHTML, like Gecko; compatible; ClaudeBot/1.0; +claudebot@anthropic.com)"
216.73.216.99 - - [16/Apr/2026:08:28:50 -0600] "GET /shop-goods/detail-829073402406 HTTP/1.1" 500 2576 "-" "Mozilla/5.0 AppleWebKit/537.36 (KHTML, like Gecko; compatible; ClaudeBot/1.0; +claudebot@anthropic.com)"
216.73.216.99 - - [16/Apr/2026:08:28:55 -0600] "GET /shop-goods/detail-82914601387 HTTP/1.1" 500 2576 "-" "Mozilla/5.0 AppleWebKit/537.36 (KHTML, like Gecko; compatible; ClaudeBot/1.0; +claudebot@anthropic.com)"
216.73.216.99 - - [16/Apr/2026:08:29:00 -0600] "GET /shop-goods/detail-82928463468 HTTP/1.1" 500 2576 "-" "Mozilla/5.0 AppleWebKit/537.36 (KHTML, like Gecko; compatible; ClaudeBot/1.0; +claudebot@anthropic.com)"
216.73.216.99 - - [16/Apr/2026:08:29:05 -0600] "GET /shop-goods/detail-828851125863 HTTP/1.1" 500 2576 "-" "Mozilla/5.0 AppleWebKit/537.36 (KHTML, like Gecko; compatible; ClaudeBot/1.0; +claudebot@anthropic.com)"
216.73.216.99 - - [16/Apr/2026:08:29:10 -0600] "GET /shop-goods/detail-828851011824 HTTP/1.1" 500 2576 "-" "Mozilla/5.0 AppleWebKit/537.36 (KHTML, like Gecko; compatible; ClaudeBot/1.0; +claudebot@anthropic.com)"
216.73.216.99 - - [16/Apr/2026:08:29:15 -0600] "GET /shop-goods/detail-829155647528 HTTP/1.1" 500 2576 "-" "Mozilla/5.0 AppleWebKit/537.36 (KHTML, like Gecko; compatible; ClaudeBot/1.0; +claudebot@anthropic.com)"
216.73.216.99 - - [16/Apr/2026:08:29:20 -0600] "GET /shop-goods/detail-829320770525 HTTP/1.1" 500 2576 "-" "Mozilla/5.0 AppleWebKit/537.36 (KHTML, like Gecko; compatible; ClaudeBot/1.0; +claudebot@anthropic.com)"
216.73.216.99 - - [16/Apr/2026:08:29:25 -0600] "GET /shop-goods/detail-82901339552 HTTP/1.1" 500 2576 "-" "Mozilla/5.0 AppleWebKit/537.36 (KHTML, like Gecko; compatible; ClaudeBot/1.0; +claudebot@anthropic.com)"
216.73.216.99 - - [16/Apr/2026:08:29:30 -0600] "GET /shop-goods/detail-82914909147 HTTP/1.1" 500 2576 "-" "Mozilla/5.0 AppleWebKit/537.36 (KHTML, like Gecko; compatible; ClaudeBot/1.0; +claudebot@anthropic.com)"
216.73.216.99 - - [16/Apr/2026:08:29:35 -0600] "GET /shop-goods/detail-829341827262 HTTP/1.1" 500 2576 "-" "Mozilla/5.0 AppleWebKit/537.36 (KHTML, like Gecko; compatible; ClaudeBot/1.0; +claudebot@anthropic.com)"
216.73.216.99 - - [16/Apr/2026:08:29:40 -0600] "GET /shop-goods/detail-82883477068 HTTP/1.1" 500 2576 "-" "Mozilla/5.0 AppleWebKit/537.36 (KHTML, like Gecko; compatible; ClaudeBot/1.0; +claudebot@anthropic.com)"
216.73.216.99 - - [16/Apr/2026:08:29:45 -0600] "GET /shop-goods/detail-82883077330 HTTP/1.1" 500 2576 "-" "Mozilla/5.0 AppleWebKit/537.36 (KHTML, like Gecko; compatible; ClaudeBot/1.0; +claudebot@anthropic.com)"
74.7.227.52 - - [16/Apr/2026:08:29:46 -0600] "GET /shop-goods/detail-828915590676 HTTP/1.1" 500 2576 "https://twb.ebh.mybluehost.me/sitemap_index.xml" "Mozilla/5.0 AppleWebKit/537.36 (KHTML, like Gecko; compatible; GPTBot/1.3; +https://openai.com/gptbot)"
216.73.216.99 - - [16/Apr/2026:08:29:50 -0600] "GET /shop-goods/detail-82907264604 HTTP/1.1" 500 2576 "-" "Mozilla/5.0 AppleWebKit/537.36 (KHTML, like Gecko; compatible; ClaudeBot/1.0; +claudebot@anthropic.com)"
216.73.216.99 - - [16/Apr/2026:08:29:55 -0600] "GET /shop-goods/detail-82883463729 HTTP/1.1" 500 2576 "-" "Mozilla/5.0 AppleWebKit/537.36 (KHTML, like Gecko; compatible; ClaudeBot/1.0; +claudebot@anthropic.com)"
216.73.216.99 - - [16/Apr/2026:08:30:00 -0600] "GET /shop-goods/detail-82932999984 HTTP/1.1" 500 2576 "-" "Mozilla/5.0 AppleWebKit/537.36 (KHTML, like Gecko; compatible; ClaudeBot/1.0; +claudebot@anthropic.com)"
216.73.216.99 - - [16/Apr/2026:08:30:05 -0600] "GET /shop-goods/detail-82883480260 HTTP/1.1" 500 2576 "-" "Mozilla/5.0 AppleWebKit/537.36 (KHTML, like Gecko; compatible; ClaudeBot/1.0; +claudebot@anthropic.com)"
216.73.216.99 - - [16/Apr/2026:08:30:10 -0600] "GET /shop-goods/detail-82886493708 HTTP/1.1" 500 2576 "-" "Mozilla/5.0 AppleWebKit/537.36 (KHTML, like Gecko; compatible; ClaudeBot/1.0; +claudebot@anthropic.com)"
216.73.216.99 - - [16/Apr/2026:08:30:17 -0600] "GET /shop-goods/detail-82932817045 HTTP/1.1" 500 2576 "-" "Mozilla/5.0 AppleWebKit/537.36 (KHTML, like Gecko; compatible; ClaudeBot/1.0; +claudebot@anthropic.com)"
216.73.216.99 - - [16/Apr/2026:08:30:21 -0600] "GET /shop-goods/detail-82886057264 HTTP/1.1" 500 2576 "-" "Mozilla/5.0 AppleWebKit/537.36 (KHTML, like Gecko; compatible; ClaudeBot/1.0; +claudebot@anthropic.com)"
216.73.216.99 - - [16/Apr/2026:08:30:26 -0600] "GET /shop-goods/detail-829010090146 HTTP/1.1" 500 2576 "-" "Mozilla/5.0 AppleWebKit/537.36 (KHTML, like Gecko; compatible; ClaudeBot/1.0; +claudebot@anthropic.com)"
216.73.216.99 - - [16/Apr/2026:08:30:31 -0600] "GET /shop-goods/detail-82899902812 HTTP/1.1" 500 2576 "-" "Mozilla/5.0 AppleWebKit/537.36 (KHTML, like Gecko; compatible; ClaudeBot/1.0; +claudebot@anthropic.com)"
216.73.216.99 - - [16/Apr/2026:08:30:36 -0600] "GET /shop-goods/detail-82935599894 HTTP/1.1" 500 2576 "-" "Mozilla/5.0 AppleWebKit/537.36 (KHTML, like Gecko; compatible; ClaudeBot/1.0; +claudebot@anthropic.com)"
216.73.216.99 - - [16/Apr/2026:08:30:41 -0600] "GET /shop-goods/detail-82883410356 HTTP/1.1" 500 2576 "-" "Mozilla/5.0 AppleWebKit/537.36 (KHTML, like Gecko; compatible; ClaudeBot/1.0; +claudebot@anthropic.com)"
216.73.216.99 - - [16/Apr/2026:08:30:46 -0600] "GET /shop-goods/detail-82883353729 HTTP/1.1" 500 2576 "-" "Mozilla/5.0 AppleWebKit/537.36 (KHTML, like Gecko; compatible; ClaudeBot/1.0; +claudebot@anthropic.com)"
74.7.227.52 - - [16/Apr/2026:08:30:50 -0600] "GET /shop-goods/detail-829025479183 HTTP/1.1" 500 2576 "https://twb.ebh.mybluehost.me/sitemap_shop_302.xml" "Mozilla/5.0 AppleWebKit/537.36 (KHTML, like Gecko; compatible; GPTBot/1.3; +https://openai.com/gptbot)"
216.73.216.99 - - [16/Apr/2026:08:30:51 -0600] "GET /shop-goods/detail-82932828984 HTTP/1.1" 500 2576 "-" "Mozilla/5.0 AppleWebKit/537.36 (KHTML, like Gecko; compatible; ClaudeBot/1.0; +claudebot@anthropic.com)"
216.73.216.99 - - [16/Apr/2026:08:30:56 -0600] "GET /shop-goods/detail-82886066895 HTTP/1.1" 500 2576 "-" "Mozilla/5.0 AppleWebKit/537.36 (KHTML, like Gecko; compatible; ClaudeBot/1.0; +claudebot@anthropic.com)"
216.73.216.99 - - [16/Apr/2026:08:31:01 -0600] "GET /shop-goods/detail-8288451417 HTTP/1.1" 500 2576 "-" "Mozilla/5.0 AppleWebKit/537.36 (KHTML, like Gecko; compatible; ClaudeBot/1.0; +claudebot@anthropic.com)"
216.73.216.99 - - [16/Apr/2026:08:31:06 -0600] "GET /shop-goods/detail-82932706540 HTTP/1.1" 500 2576 "-" "Mozilla/5.0 AppleWebKit/537.36 (KHTML, like Gecko; compatible; ClaudeBot/1.0; +claudebot@anthropic.com)"
216.73.216.99 - - [16/Apr/2026:08:31:11 -0600] "GET /shop-goods/detail-82899844779 HTTP/1.1" 500 2576 "-" "Mozilla/5.0 AppleWebKit/537.36 (KHTML, like Gecko; compatible; ClaudeBot/1.0; +claudebot@anthropic.com)"
31.13.127.69 - - [16/Apr/2026:08:31:28 -0600] "GET /?npcmp=dir%3Alocal%3A5239763%3A14228 HTTP/1.1" 301 309 "-" "meta-externalagent/1.1 (+https://developers.facebook.com/docs/sharing/webmasters/crawler)"
74.7.227.52 - - [16/Apr/2026:08:31:54 -0600] "GET /shop-goods/detail-829110624734 HTTP/1.1" 500 2576 "https://twb.ebh.mybluehost.me/sitemap_index.xml" "Mozilla/5.0 AppleWebKit/537.36 (KHTML, like Gecko; compatible; GPTBot/1.3; +https://openai.com/gptbot)"
216.73.216.99 - - [16/Apr/2026:08:31:56 -0600] "GET /shop-goods/detail-82911655008 HTTP/1.1" 500 2576 "-" "Mozilla/5.0 AppleWebKit/537.36 (KHTML, like Gecko; compatible; ClaudeBot/1.0; +claudebot@anthropic.com)"
216.73.216.99 - - [16/Apr/2026:08:32:01 -0600] "GET /shop-goods/detail-829110809388 HTTP/1.1" 500 2576 "-" "Mozilla/5.0 AppleWebKit/537.36 (KHTML, like Gecko; compatible; ClaudeBot/1.0; +claudebot@anthropic.com)"
216.73.216.99 - - [16/Apr/2026:08:32:06 -0600] "GET /shop-goods/detail-82922035837 HTTP/1.1" 500 2576 "-" "Mozilla/5.0 AppleWebKit/537.36 (KHTML, like Gecko; compatible; ClaudeBot/1.0; +claudebot@anthropic.com)"
34.83.126.8 - - [16/Apr/2026:08:32:09 -0600] "GET / HTTP/1.1" 500 2576 "-" "Mozilla/5.0 (Windows NT 10.0; Win64; x64; rv:109.0) Gecko/20100101 Firefox/118.0"
34.83.126.8 - - [16/Apr/2026:08:32:10 -0600] "GET /favicon.ico HTTP/1.1" 500 2576 "-" "Mozilla/5.0 (Windows NT 10.0; Win64; x64; rv:109.0) Gecko/20100101 Firefox/118.0"
216.73.216.99 - - [16/Apr/2026:08:32:11 -0600] "GET /shop-goods/detail-82928109968 HTTP/1.1" 500 2576 "-" "Mozilla/5.0 AppleWebKit/537.36 (KHTML, like Gecko; compatible; ClaudeBot/1.0; +claudebot@anthropic.com)"
216.73.216.99 - - [16/Apr/2026:08:32:16 -0600] "GET /shop-goods/detail-829226148596 HTTP/1.1" 500 2576 "-" "Mozilla/5.0 AppleWebKit/537.36 (KHTML, like Gecko; compatible; ClaudeBot/1.0; +claudebot@anthropic.com)"
216.73.216.99 - - [16/Apr/2026:08:32:21 -0600] "GET /shop-goods/detail-82925279451 HTTP/1.1" 500 2576 "-" "Mozilla/5.0 AppleWebKit/537.36 (KHTML, like Gecko; compatible; ClaudeBot/1.0; +claudebot@anthropic.com)"
216.73.216.99 - - [16/Apr/2026:08:32:26 -0600] "GET /shop-goods/detail-828851143217 HTTP/1.1" 500 2576 "-" "Mozilla/5.0 AppleWebKit/537.36 (KHTML, like Gecko; compatible; ClaudeBot/1.0; +claudebot@anthropic.com)"
216.73.216.99 - - [16/Apr/2026:08:32:31 -0600] "GET /shop-goods/detail-829073435960 HTTP/1.1" 500 2576 "-" "Mozilla/5.0 AppleWebKit/537.36 (KHTML, like Gecko; compatible; ClaudeBot/1.0; +claudebot@anthropic.com)"
52.167.144.219 - - [16/Apr/2026:08:32:34 -0600] "GET /shop-goods/detail-8289861057 HTTP/1.1" 200 207174 "-" "Mozilla/5.0 AppleWebKit/537.36 (KHTML, like Gecko; compatible; bingbot/2.0; +http://www.bing.com/bingbot.htm) Chrome/116.0.1938.76 Safari/537.36"
216.73.216.99 - - [16/Apr/2026:08:32:36 -0600] "GET /shop-goods/detail-82896585628 HTTP/1.1" 500 2576 "-" "Mozilla/5.0 AppleWebKit/537.36 (KHTML, like Gecko; compatible; ClaudeBot/1.0; +claudebot@anthropic.com)"
66.249.74.68 - - [16/Apr/2026:08:32:40 -0600] "GET /shop-goods/detail-82922302102 HTTP/1.1" 200 189609 "-" "Mozilla/5.0 (compatible; Googlebot/2.1; +http://www.google.com/bot.html)"
216.73.216.99 - - [16/Apr/2026:08:32:41 -0600] "GET /shop-goods/detail-828951799447 HTTP/1.1" 500 2576 "-" "Mozilla/5.0 AppleWebKit/537.36 (KHTML, like Gecko; compatible; ClaudeBot/1.0; +claudebot@anthropic.com)"
216.73.216.99 - - [16/Apr/2026:08:32:46 -0600] "GET /shop-goods/detail-82922076847 HTTP/1.1" 500 2576 "-" "Mozilla/5.0 AppleWebKit/537.36 (KHTML, like Gecko; compatible; ClaudeBot/1.0; +claudebot@anthropic.com)"
52.167.144.228 - - [16/Apr/2026:08:32:50 -0600] "GET /shop-goods/detail-8288310720 HTTP/1.1" 200 194520 "-" "Mozilla/5.0 AppleWebKit/537.36 (KHTML, like Gecko; compatible; bingbot/2.0; +http://www.bing.com/bingbot.htm) Chrome/116.0.1938.76 Safari/537.36"
216.73.216.99 - - [16/Apr/2026:08:32:51 -0600] "GET /shop-goods/detail-82925106705 HTTP/1.1" 500 2576 "-" "Mozilla/5.0 AppleWebKit/537.36 (KHTML, like Gecko; compatible; ClaudeBot/1.0; +claudebot@anthropic.com)"
74.7.227.52 - - [16/Apr/2026:08:32:54 -0600] "GET /shop-goods/detail-829110660452 HTTP/1.1" 500 2576 "https://twb.ebh.mybluehost.me/sitemap_shop_474.xml" "Mozilla/5.0 AppleWebKit/537.36 (KHTML, like Gecko; compatible; GPTBot/1.3; +https://openai.com/gptbot)"
216.73.216.99 - - [16/Apr/2026:08:32:56 -0600] "GET /shop-goods/detail-82904210332 HTTP/1.1" 500 2576 "-" "Mozilla/5.0 AppleWebKit/537.36 (KHTML, like Gecko; compatible; ClaudeBot/1.0; +claudebot@anthropic.com)"
216.73.216.99 - - [16/Apr/2026:08:33:01 -0600] "GET /shop-goods/detail-829274289749 HTTP/1.1" 500 2576 "-" "Mozilla/5.0 AppleWebKit/537.36 (KHTML, like Gecko; compatible; ClaudeBot/1.0; +claudebot@anthropic.com)"
216.73.216.99 - - [16/Apr/2026:08:33:06 -0600] "GET /shop-goods/detail-828948748143 HTTP/1.1" 500 2576 "-" "Mozilla/5.0 AppleWebKit/537.36 (KHTML, like Gecko; compatible; ClaudeBot/1.0; +claudebot@anthropic.com)"
216.73.216.99 - - [16/Apr/2026:08:33:12 -0600] "GET /shop-goods/detail-82911876003 HTTP/1.1" 500 2576 "-" "Mozilla/5.0 AppleWebKit/537.36 (KHTML, like Gecko; compatible; ClaudeBot/1.0; +claudebot@anthropic.com)"
216.73.216.99 - - [16/Apr/2026:08:33:16 -0600] "GET /shop-goods/detail-829253292364 HTTP/1.1" 500 2576 "-" "Mozilla/5.0 AppleWebKit/537.36 (KHTML, like Gecko; compatible; ClaudeBot/1.0; +claudebot@anthropic.com)"
114.31.176.85 - - [16/Apr/2026:08:33:16 -0600] "GET /tag/counsel/ HTTP/1.1" 500 2576 "-" "Mozilla/5.0 (Macintosh; Intel Mac OS X 10_15_7) AppleWebKit/537.36 (KHTML, like Gecko) Chrome/124.0.6367.82 Safari/537.36"
216.73.216.99 - - [16/Apr/2026:08:33:21 -0600] "GET /shop-goods/detail-82883326189 HTTP/1.1" 500 2576 "-" "Mozilla/5.0 AppleWebKit/537.36 (KHTML, like Gecko; compatible; ClaudeBot/1.0; +claudebot@anthropic.com)"
216.73.216.99 - - [16/Apr/2026:08:33:26 -0600] "GET /shop-goods/detail-82886024029 HTTP/1.1" 500 2576 "-" "Mozilla/5.0 AppleWebKit/537.36 (KHTML, like Gecko; compatible; ClaudeBot/1.0; +claudebot@anthropic.com)"
216.73.216.99 - - [16/Apr/2026:08:33:31 -0600] "GET /shop-goods/detail-82928005674 HTTP/1.1" 500 2576 "-" "Mozilla/5.0 AppleWebKit/537.36 (KHTML, like Gecko; compatible; ClaudeBot/1.0; +claudebot@anthropic.com)"
216.73.216.99 - - [16/Apr/2026:08:33:36 -0600] "GET /shop-goods/detail-828899247097 HTTP/1.1" 500 2576 "-" "Mozilla/5.0 AppleWebKit/537.36 (KHTML, like Gecko; compatible; ClaudeBot/1.0; +claudebot@anthropic.com)"
66.249.74.68 - - [16/Apr/2026:08:33:40 -0600] "GET /shop-goods/detail-82932869240 HTTP/1.1" 200 200664 "-" "Mozilla/5.0 (Linux; Android 6.0.1; Nexus 5X Build/MMB29P) AppleWebKit/537.36 (KHTML, like Gecko) Chrome/146.0.7680.177 Mobile Safari/537.36 (compatible; Googlebot/2.1; +http://www.google.com/bot.html)"
216.73.216.99 - - [16/Apr/2026:08:33:41 -0600] "GET /shop-goods/detail-82883218080 HTTP/1.1" 500 2576 "-" "Mozilla/5.0 AppleWebKit/537.36 (KHTML, like Gecko; compatible; ClaudeBot/1.0; +claudebot@anthropic.com)"
216.73.216.99 - - [16/Apr/2026:08:33:48 -0600] "GET /shop-goods/detail-82883053079 HTTP/1.1" 500 2576 "-" "Mozilla/5.0 AppleWebKit/537.36 (KHTML, like Gecko; compatible; ClaudeBot/1.0; +claudebot@anthropic.com)"
216.73.216.99 - - [16/Apr/2026:08:33:51 -0600] "GET /shop-goods/detail-82883383739 HTTP/1.1" 500 2576 "-" "Mozilla/5.0 AppleWebKit/537.36 (KHTML, like Gecko; compatible; ClaudeBot/1.0; +claudebot@anthropic.com)"
216.73.216.99 - - [16/Apr/2026:08:33:56 -0600] "GET /shop-goods/detail-82901464564 HTTP/1.1" 500 2576 "-" "Mozilla/5.0 AppleWebKit/537.36 (KHTML, like Gecko; compatible; ClaudeBot/1.0; +claudebot@anthropic.com)"
74.7.227.52 - - [16/Apr/2026:08:33:59 -0600] "GET /shop-goods/detail-829131794268 HTTP/1.1" 500 2576 "https://twb.ebh.mybluehost.me/sitemap_shop_302.xml" "Mozilla/5.0 AppleWebKit/537.36 (KHTML, like Gecko; compatible; GPTBot/1.3; +https://openai.com/gptbot)"
216.73.216.99 - - [16/Apr/2026:08:34:01 -0600] "GET /shop-goods/detail-829010189620 HTTP/1.1" 500 2576 "-" "Mozilla/5.0 AppleWebKit/537.36 (KHTML, like Gecko; compatible; ClaudeBot/1.0; +claudebot@anthropic.com)"
216.73.216.99 - - [16/Apr/2026:08:34:06 -0600] "GET /shop-goods/detail-829320651302 HTTP/1.1" 500 2576 "-" "Mozilla/5.0 AppleWebKit/537.36 (KHTML, like Gecko; compatible; ClaudeBot/1.0; +claudebot@anthropic.com)"
216.73.216.99 - - [16/Apr/2026:08:34:11 -0600] "GET /shop-goods/detail-829314549040 HTTP/1.1" 500 2576 "-" "Mozilla/5.0 AppleWebKit/537.36 (KHTML, like Gecko; compatible; ClaudeBot/1.0; +claudebot@anthropic.com)"
216.73.216.99 - - [16/Apr/2026:08:34:16 -0600] "GET /shop-goods/detail-828984670971 HTTP/1.1" 500 2576 "-" "Mozilla/5.0 AppleWebKit/537.36 (KHTML, like Gecko; compatible; ClaudeBot/1.0; +claudebot@anthropic.com)"
216.73.216.99 - - [16/Apr/2026:08:34:21 -0600] "GET /shop-goods/detail-828818302976 HTTP/1.1" 500 2576 "-" "Mozilla/5.0 AppleWebKit/537.36 (KHTML, like Gecko; compatible; ClaudeBot/1.0; +claudebot@anthropic.com)"
216.73.216.99 - - [16/Apr/2026:08:34:26 -0600] "GET /shop-goods/detail-82883043283 HTTP/1.1" 500 2576 "-" "Mozilla/5.0 AppleWebKit/537.36 (KHTML, like Gecko; compatible; ClaudeBot/1.0; +claudebot@anthropic.com)"
216.73.216.99 - - [16/Apr/2026:08:34:31 -0600] "GET /shop-goods/detail-828812174876 HTTP/1.1" 500 2576 "-" "Mozilla/5.0 AppleWebKit/537.36 (KHTML, like Gecko; compatible; ClaudeBot/1.0; +claudebot@anthropic.com)"
216.73.216.99 - - [16/Apr/2026:08:34:36 -0600] "GET /shop-goods/detail-82932976244 HTTP/1.1" 500 2576 "-" "Mozilla/5.0 AppleWebKit/537.36 (KHTML, like Gecko; compatible; ClaudeBot/1.0; +claudebot@anthropic.com)"
216.73.216.99 - - [16/Apr/2026:08:34:41 -0600] "GET /shop-goods/detail-82883325799 HTTP/1.1" 500 2576 "-" "Mozilla/5.0 AppleWebKit/537.36 (KHTML, like Gecko; compatible; ClaudeBot/1.0; +claudebot@anthropic.com)"
216.73.216.99 - - [16/Apr/2026:08:34:46 -0600] "GET /shop-goods/detail-829079077970 HTTP/1.1" 500 2576 "-" "Mozilla/5.0 AppleWebKit/537.36 (KHTML, like Gecko; compatible; ClaudeBot/1.0; +claudebot@anthropic.com)"
40.77.167.57 - - [16/Apr/2026:08:34:51 -0600] "GET /shop-goods/detail-82911645882 HTTP/1.1" 200 193042 "-" "Mozilla/5.0 AppleWebKit/537.36 (KHTML, like Gecko; compatible; bingbot/2.0; +http://www.bing.com/bingbot.htm) Chrome/116.0.1938.76 Safari/537.36"
216.73.216.99 - - [16/Apr/2026:08:34:51 -0600] "GET /shop-goods/detail-82932950600 HTTP/1.1" 500 2576 "-" "Mozilla/5.0 AppleWebKit/537.36 (KHTML, like Gecko; compatible; ClaudeBot/1.0; +claudebot@anthropic.com)"
216.73.216.99 - - [16/Apr/2026:08:34:57 -0600] "GET /shop-goods/detail-82911527768 HTTP/1.1" 500 2576 "-" "Mozilla/5.0 AppleWebKit/537.36 (KHTML, like Gecko; compatible; ClaudeBot/1.0; +claudebot@anthropic.com)"
216.73.216.99 - - [16/Apr/2026:08:35:02 -0600] "GET /shop-goods/detail-82896899062 HTTP/1.1" 500 2576 "-" "Mozilla/5.0 AppleWebKit/537.36 (KHTML, like Gecko; compatible; ClaudeBot/1.0; +claudebot@anthropic.com)"
74.7.227.52 - - [16/Apr/2026:08:35:03 -0600] "GET /shop-goods/detail-829110617353 HTTP/1.1" 500 2576 "https://twb.ebh.mybluehost.me/sitemap_index.xml" "Mozilla/5.0 AppleWebKit/537.36 (KHTML, like Gecko; compatible; GPTBot/1.3; +https://openai.com/gptbot)"
66.249.74.70 - - [16/Apr/2026:08:35:06 -0600] "GET /shop-goods/detail-82911767169 HTTP/1.1" 200 200446 "-" "Mozilla/5.0 (Linux; Android 6.0.1; Nexus 5X Build/MMB29P) AppleWebKit/537.36 (KHTML, like Gecko) Chrome/146.0.7680.177 Mobile Safari/537.36 (compatible; Googlebot/2.1; +http://www.google.com/bot.html)"
216.73.216.99 - - [16/Apr/2026:08:35:07 -0600] "GET /shop-goods/detail-82883332347 HTTP/1.1" 500 2576 "-" "Mozilla/5.0 AppleWebKit/537.36 (KHTML, like Gecko; compatible; ClaudeBot/1.0; +claudebot@anthropic.com)"
216.73.216.99 - - [16/Apr/2026:08:35:12 -0600] "GET /shop-goods/detail-82883337213 HTTP/1.1" 500 2576 "-" "Mozilla/5.0 AppleWebKit/537.36 (KHTML, like Gecko; compatible; ClaudeBot/1.0; +claudebot@anthropic.com)"
216.73.216.99 - - [16/Apr/2026:08:35:17 -0600] "GET /shop-goods/detail-829314993400 HTTP/1.1" 500 2576 "-" "Mozilla/5.0 AppleWebKit/537.36 (KHTML, like Gecko; compatible; ClaudeBot/1.0; +claudebot@anthropic.com)"
216.73.216.99 - - [16/Apr/2026:08:35:22 -0600] "GET /shop-goods/detail-82899809769 HTTP/1.1" 500 2576 "-" "Mozilla/5.0 AppleWebKit/537.36 (KHTML, like Gecko; compatible; ClaudeBot/1.0; +claudebot@anthropic.com)"
216.73.216.99 - - [16/Apr/2026:08:35:27 -0600] "GET /shop-goods/detail-829137841819 HTTP/1.1" 500 2576 "-" "Mozilla/5.0 AppleWebKit/537.36 (KHTML, like Gecko; compatible; ClaudeBot/1.0; +claudebot@anthropic.com)"
216.73.216.99 - - [16/Apr/2026:08:35:32 -0600] "GET /shop-goods/detail-82883332480 HTTP/1.1" 500 2576 "-" "Mozilla/5.0 AppleWebKit/537.36 (KHTML, like Gecko; compatible; ClaudeBot/1.0; +claudebot@anthropic.com)"
216.73.216.99 - - [16/Apr/2026:08:35:37 -0600] "GET /shop-goods/detail-828878293422 HTTP/1.1" 500 2576 "-" "Mozilla/5.0 AppleWebKit/537.36 (KHTML, like Gecko; compatible; ClaudeBot/1.0; +claudebot@anthropic.com)"
216.73.216.99 - - [16/Apr/2026:08:35:42 -0600] "GET /shop-goods/detail-82935732297 HTTP/1.1" 500 2576 "-" "Mozilla/5.0 AppleWebKit/537.36 (KHTML, like Gecko; compatible; ClaudeBot/1.0; +claudebot@anthropic.com)"
216.73.216.99 - - [16/Apr/2026:08:35:47 -0600] "GET /shop-goods/detail-82893662703 HTTP/1.1" 500 2576 "-" "Mozilla/5.0 AppleWebKit/537.36 (KHTML, like Gecko; compatible; ClaudeBot/1.0; +claudebot@anthropic.com)"
216.73.216.99 - - [16/Apr/2026:08:35:52 -0600] "GET /shop-goods/detail-8289801013 HTTP/1.1" 500 2576 "-" "Mozilla/5.0 AppleWebKit/537.36 (KHTML, like Gecko; compatible; ClaudeBot/1.0; +claudebot@anthropic.com)"
216.73.216.99 - - [16/Apr/2026:08:35:57 -0600] "GET /shop-goods/detail-82889017597 HTTP/1.1" 500 2576 "-" "Mozilla/5.0 AppleWebKit/537.36 (KHTML, like Gecko; compatible; ClaudeBot/1.0; +claudebot@anthropic.com)"
52.167.144.145 - - [16/Apr/2026:08:36:01 -0600] "GET /shop-goods/detail-8288207414 HTTP/1.1" 200 196612 "-" "Mozilla/5.0 AppleWebKit/537.36 (KHTML, like Gecko; compatible; bingbot/2.0; +http://www.bing.com/bingbot.htm) Chrome/116.0.1938.76 Safari/537.36"
216.73.216.99 - - [16/Apr/2026:08:36:02 -0600] "GET /shop-goods/detail-82901444072 HTTP/1.1" 500 2576 "-" "Mozilla/5.0 AppleWebKit/537.36 (KHTML, like Gecko; compatible; ClaudeBot/1.0; +claudebot@anthropic.com)"
74.7.227.52 - - [16/Apr/2026:08:36:04 -0600] "GET /shop-goods/detail-829085406387 HTTP/1.1" 500 2576 "https://twb.ebh.mybluehost.me/sitemap_shop_972.xml" "Mozilla/5.0 AppleWebKit/537.36 (KHTML, like Gecko; compatible; GPTBot/1.3; +https://openai.com/gptbot)"
216.73.216.99 - - [16/Apr/2026:08:36:07 -0600] "GET /shop-goods/detail-82899761670 HTTP/1.1" 500 2576 "-" "Mozilla/5.0 AppleWebKit/537.36 (KHTML, like Gecko; compatible; ClaudeBot/1.0; +claudebot@anthropic.com)"
47.128.44.42 - - [16/Apr/2026:08:36:09 -0600] "GET /shop-goods/detail-82901176046 HTTP/1.1" 500 2576 "-" "Mozilla/5.0 (Linux; Android 5.0) AppleWebKit/537.36 (KHTML, like Gecko) Mobile Safari/537.36 (compatible; Bytespider; spider-feedback@bytedance.com)"
40.77.167.57 - - [16/Apr/2026:08:36:11 -0600] "GET /shop/c/c82901001549/ HTTP/1.1" 200 192614 "-" "Mozilla/5.0 AppleWebKit/537.36 (KHTML, like Gecko; compatible; bingbot/2.0; +http://www.bing.com/bingbot.htm) Chrome/116.0.1938.76 Safari/537.36"
216.73.216.99 - - [16/Apr/2026:08:36:12 -0600] "GET /shop-goods/detail-82935589492 HTTP/1.1" 500 2576 "-" "Mozilla/5.0 AppleWebKit/537.36 (KHTML, like Gecko; compatible; ClaudeBot/1.0; +claudebot@anthropic.com)"
216.73.216.99 - - [16/Apr/2026:08:36:17 -0600] "GET /shop-goods/detail-82922373098 HTTP/1.1" 500 2576 "-" "Mozilla/5.0 AppleWebKit/537.36 (KHTML, like Gecko; compatible; ClaudeBot/1.0; +claudebot@anthropic.com)"
216.73.216.99 - - [16/Apr/2026:08:36:22 -0600] "GET /shop-goods/detail-829010451385 HTTP/1.1" 500 2576 "-" "Mozilla/5.0 AppleWebKit/537.36 (KHTML, like Gecko; compatible; ClaudeBot/1.0; +claudebot@anthropic.com)"
216.73.216.99 - - [16/Apr/2026:08:36:27 -0600] "GET /shop-goods/detail-82928288905 HTTP/1.1" 500 2576 "-" "Mozilla/5.0 AppleWebKit/537.36 (KHTML, like Gecko; compatible; ClaudeBot/1.0; +claudebot@anthropic.com)"
216.73.216.99 - - [16/Apr/2026:08:36:32 -0600] "GET /shop-goods/detail-82883232522 HTTP/1.1" 500 2576 "-" "Mozilla/5.0 AppleWebKit/537.36 (KHTML, like Gecko; compatible; ClaudeBot/1.0; +claudebot@anthropic.com)"
216.73.216.99 - - [16/Apr/2026:08:36:37 -0600] "GET /shop-goods/detail-828912902175 HTTP/1.1" 500 2576 "-" "Mozilla/5.0 AppleWebKit/537.36 (KHTML, like Gecko; compatible; ClaudeBot/1.0; +claudebot@anthropic.com)"
216.73.216.99 - - [16/Apr/2026:08:36:42 -0600] "GET /shop-goods/detail-82883157569 HTTP/1.1" 500 2576 "-" "Mozilla/5.0 AppleWebKit/537.36 (KHTML, like Gecko; compatible; ClaudeBot/1.0; +claudebot@anthropic.com)"
216.73.216.99 - - [16/Apr/2026:08:36:47 -0600] "GET /shop-goods/detail-82904401560 HTTP/1.1" 500 2576 "-" "Mozilla/5.0 AppleWebKit/537.36 (KHTML, like Gecko; compatible; ClaudeBot/1.0; +claudebot@anthropic.com)"
