216.73.216.99 - - [16/Apr/2026:12:35:23 -0600] "GET /shop-goods/detail-829250167376 HTTP/1.1" 500 2576 "-" "Mozilla/5.0 AppleWebKit/537.36 (KHTML, like Gecko; compatible; ClaudeBot/1.0; +claudebot@anthropic.com)"
74.7.227.52 - - [16/Apr/2026:12:35:25 -0600] "GET /shop-goods/detail-8291100777984 HTTP/1.1" 500 2576 "https://twb.ebh.mybluehost.me/sitemap_shop_461.xml" "Mozilla/5.0 AppleWebKit/537.36 (KHTML, like Gecko; compatible; GPTBot/1.3; +https://openai.com/gptbot)"
216.73.216.99 - - [16/Apr/2026:12:35:28 -0600] "GET /shop-goods/detail-82893910133 HTTP/1.1" 500 2576 "-" "Mozilla/5.0 AppleWebKit/537.36 (KHTML, like Gecko; compatible; ClaudeBot/1.0; +claudebot@anthropic.com)"
216.73.216.99 - - [16/Apr/2026:12:35:33 -0600] "GET /shop-goods/detail-82911863105 HTTP/1.1" 500 2576 "-" "Mozilla/5.0 AppleWebKit/537.36 (KHTML, like Gecko; compatible; ClaudeBot/1.0; +claudebot@anthropic.com)"
216.73.216.99 - - [16/Apr/2026:12:35:38 -0600] "GET /shop-goods/detail-82925077930 HTTP/1.1" 500 2576 "-" "Mozilla/5.0 AppleWebKit/537.36 (KHTML, like Gecko; compatible; ClaudeBot/1.0; +claudebot@anthropic.com)"
216.73.216.99 - - [16/Apr/2026:12:35:43 -0600] "GET /shop-goods/detail-828927659749 HTTP/1.1" 500 2576 "-" "Mozilla/5.0 AppleWebKit/537.36 (KHTML, like Gecko; compatible; ClaudeBot/1.0; +claudebot@anthropic.com)"
216.73.216.99 - - [16/Apr/2026:12:35:49 -0600] "GET /shop-goods/detail-829079201999 HTTP/1.1" 500 2576 "-" "Mozilla/5.0 AppleWebKit/537.36 (KHTML, like Gecko; compatible; ClaudeBot/1.0; +claudebot@anthropic.com)"
216.73.216.99 - - [16/Apr/2026:12:35:53 -0600] "GET /shop-goods/detail-829256090130 HTTP/1.1" 500 2576 "-" "Mozilla/5.0 AppleWebKit/537.36 (KHTML, like Gecko; compatible; ClaudeBot/1.0; +claudebot@anthropic.com)"
216.73.216.99 - - [16/Apr/2026:12:35:58 -0600] "GET /shop-goods/detail-82935727265 HTTP/1.1" 500 2576 "-" "Mozilla/5.0 AppleWebKit/537.36 (KHTML, like Gecko; compatible; ClaudeBot/1.0; +claudebot@anthropic.com)"
216.73.216.99 - - [16/Apr/2026:12:36:03 -0600] "GET /shop-goods/detail-829028383539 HTTP/1.1" 500 2576 "-" "Mozilla/5.0 AppleWebKit/537.36 (KHTML, like Gecko; compatible; ClaudeBot/1.0; +claudebot@anthropic.com)"
216.73.216.99 - - [16/Apr/2026:12:36:08 -0600] "GET /shop-goods/detail-82932638055 HTTP/1.1" 500 2576 "-" "Mozilla/5.0 AppleWebKit/537.36 (KHTML, like Gecko; compatible; ClaudeBot/1.0; +claudebot@anthropic.com)"
47.128.44.245 - - [16/Apr/2026:12:36:08 -0600] "GET /shop-goods/detail-82901280910 HTTP/1.1" 500 2576 "-" "Mozilla/5.0 (Linux; Android 5.0) AppleWebKit/537.36 (KHTML, like Gecko) Mobile Safari/537.36 (compatible; Bytespider; spider-feedback@bytedance.com)"
216.73.216.99 - - [16/Apr/2026:12:36:13 -0600] "GET /shop-goods/detail-82935989143 HTTP/1.1" 500 2576 "-" "Mozilla/5.0 AppleWebKit/537.36 (KHTML, like Gecko; compatible; ClaudeBot/1.0; +claudebot@anthropic.com)"
52.167.144.204 - - [16/Apr/2026:12:36:14 -0600] "GET /shop-goods/detail-8288204490 HTTP/1.1" 200 208737 "-" "Mozilla/5.0 AppleWebKit/537.36 (KHTML, like Gecko; compatible; bingbot/2.0; +http://www.bing.com/bingbot.htm) Chrome/116.0.1938.76 Safari/537.36"
52.167.144.204 - - [16/Apr/2026:12:36:15 -0600] "GET /shop-goods/detail-8288475264 HTTP/1.1" 200 191501 "-" "Mozilla/5.0 AppleWebKit/537.36 (KHTML, like Gecko; compatible; bingbot/2.0; +http://www.bing.com/bingbot.htm) Chrome/116.0.1938.76 Safari/537.36"
216.73.216.99 - - [16/Apr/2026:12:36:18 -0600] "GET /shop-goods/detail-82893748056 HTTP/1.1" 500 2576 "-" "Mozilla/5.0 AppleWebKit/537.36 (KHTML, like Gecko; compatible; ClaudeBot/1.0; +claudebot@anthropic.com)"
216.73.216.99 - - [16/Apr/2026:12:36:23 -0600] "GET /shop-goods/detail-829076418613 HTTP/1.1" 500 2576 "-" "Mozilla/5.0 AppleWebKit/537.36 (KHTML, like Gecko; compatible; ClaudeBot/1.0; +claudebot@anthropic.com)"
216.73.216.99 - - [16/Apr/2026:12:36:28 -0600] "GET /shop-goods/detail-829149926889 HTTP/1.1" 500 2576 "-" "Mozilla/5.0 AppleWebKit/537.36 (KHTML, like Gecko; compatible; ClaudeBot/1.0; +claudebot@anthropic.com)"
74.7.227.52 - - [16/Apr/2026:12:36:28 -0600] "GET /shop-goods/detail-8293104777484 HTTP/1.1" 500 2576 "https://twb.ebh.mybluehost.me/sitemap_shop_461.xml" "Mozilla/5.0 AppleWebKit/537.36 (KHTML, like Gecko; compatible; GPTBot/1.3; +https://openai.com/gptbot)"
216.73.216.99 - - [16/Apr/2026:12:36:33 -0600] "GET /shop-goods/detail-829122648778 HTTP/1.1" 500 2576 "-" "Mozilla/5.0 AppleWebKit/537.36 (KHTML, like Gecko; compatible; ClaudeBot/1.0; +claudebot@anthropic.com)"
52.167.144.166 - - [16/Apr/2026:12:36:34 -0600] "GET /shop-goods/detail-8288275464 HTTP/1.1" 200 216131 "-" "Mozilla/5.0 AppleWebKit/537.36 (KHTML, like Gecko; compatible; bingbot/2.0; +http://www.bing.com/bingbot.htm) Chrome/116.0.1938.76 Safari/537.36"
216.73.216.99 - - [16/Apr/2026:12:36:38 -0600] "GET /shop-goods/detail-82917645509 HTTP/1.1" 500 2576 "-" "Mozilla/5.0 AppleWebKit/537.36 (KHTML, like Gecko; compatible; ClaudeBot/1.0; +claudebot@anthropic.com)"
216.73.216.99 - - [16/Apr/2026:12:36:43 -0600] "GET /shop-goods/detail-829146522987 HTTP/1.1" 500 2576 "-" "Mozilla/5.0 AppleWebKit/537.36 (KHTML, like Gecko; compatible; ClaudeBot/1.0; +claudebot@anthropic.com)"
216.73.216.99 - - [16/Apr/2026:12:36:48 -0600] "GET /shop-goods/detail-829022453957 HTTP/1.1" 500 2576 "-" "Mozilla/5.0 AppleWebKit/537.36 (KHTML, like Gecko; compatible; ClaudeBot/1.0; +claudebot@anthropic.com)"
216.73.216.99 - - [16/Apr/2026:12:36:53 -0600] "GET /shop-goods/detail-828918869451 HTTP/1.1" 500 2576 "-" "Mozilla/5.0 AppleWebKit/537.36 (KHTML, like Gecko; compatible; ClaudeBot/1.0; +claudebot@anthropic.com)"
52.167.144.166 - - [16/Apr/2026:12:36:54 -0600] "GET /shop-goods/detail-82922429940 HTTP/1.1" 200 191481 "-" "Mozilla/5.0 AppleWebKit/537.36 (KHTML, like Gecko; compatible; bingbot/2.0; +http://www.bing.com/bingbot.htm) Chrome/116.0.1938.76 Safari/537.36"
216.73.216.99 - - [16/Apr/2026:12:36:58 -0600] "GET /shop-goods/detail-828945730682 HTTP/1.1" 500 2576 "-" "Mozilla/5.0 AppleWebKit/537.36 (KHTML, like Gecko; compatible; ClaudeBot/1.0; +claudebot@anthropic.com)"
216.73.216.99 - - [16/Apr/2026:12:37:03 -0600] "GET /shop-goods/detail-829028349443 HTTP/1.1" 500 2576 "-" "Mozilla/5.0 AppleWebKit/537.36 (KHTML, like Gecko; compatible; ClaudeBot/1.0; +claudebot@anthropic.com)"
216.73.216.99 - - [16/Apr/2026:12:37:08 -0600] "GET /shop-goods/detail-829347762426 HTTP/1.1" 500 2576 "-" "Mozilla/5.0 AppleWebKit/537.36 (KHTML, like Gecko; compatible; ClaudeBot/1.0; +claudebot@anthropic.com)"
216.73.216.99 - - [16/Apr/2026:12:37:13 -0600] "GET /shop-goods/detail-82893538168 HTTP/1.1" 500 2576 "-" "Mozilla/5.0 AppleWebKit/537.36 (KHTML, like Gecko; compatible; ClaudeBot/1.0; +claudebot@anthropic.com)"
216.73.216.99 - - [16/Apr/2026:12:37:18 -0600] "GET /shop-goods/detail-828878055791 HTTP/1.1" 500 2576 "-" "Mozilla/5.0 AppleWebKit/537.36 (KHTML, like Gecko; compatible; ClaudeBot/1.0; +claudebot@anthropic.com)"
216.73.216.99 - - [16/Apr/2026:12:37:23 -0600] "GET /shop-goods/detail-829028088468 HTTP/1.1" 500 2576 "-" "Mozilla/5.0 AppleWebKit/537.36 (KHTML, like Gecko; compatible; ClaudeBot/1.0; +claudebot@anthropic.com)"
216.73.216.99 - - [16/Apr/2026:12:37:28 -0600] "GET /shop-goods/detail-829173553756 HTTP/1.1" 500 2576 "-" "Mozilla/5.0 AppleWebKit/537.36 (KHTML, like Gecko; compatible; ClaudeBot/1.0; +claudebot@anthropic.com)"
74.7.227.52 - - [16/Apr/2026:12:37:31 -0600] "GET /shop-goods/detail-8290100394666 HTTP/1.1" 500 2576 "https://twb.ebh.mybluehost.me/sitemap_shop_461.xml" "Mozilla/5.0 AppleWebKit/537.36 (KHTML, like Gecko; compatible; GPTBot/1.3; +https://openai.com/gptbot)"
79.124.40.174 - - [16/Apr/2026:12:37:33 -0600] "GET /actuator/gateway/routes HTTP/1.1" 500 2576 "-" "Mozilla/5.0 (Windows NT 10.0; Win64; x64) AppleWebKit/537.36 (KHTML, like Gecko) Chrome/78.0.3904.108 Safari/537.36"
216.73.216.99 - - [16/Apr/2026:12:37:34 -0600] "GET /shop-goods/detail-82911626514 HTTP/1.1" 500 2576 "-" "Mozilla/5.0 AppleWebKit/537.36 (KHTML, like Gecko; compatible; ClaudeBot/1.0; +claudebot@anthropic.com)"
216.73.216.99 - - [16/Apr/2026:12:37:38 -0600] "GET /shop-goods/detail-828851037855 HTTP/1.1" 500 2576 "-" "Mozilla/5.0 AppleWebKit/537.36 (KHTML, like Gecko; compatible; ClaudeBot/1.0; +claudebot@anthropic.com)"
216.73.216.99 - - [16/Apr/2026:12:37:43 -0600] "GET /shop-goods/detail-82893693208 HTTP/1.1" 500 2576 "-" "Mozilla/5.0 AppleWebKit/537.36 (KHTML, like Gecko; compatible; ClaudeBot/1.0; +claudebot@anthropic.com)"
216.73.216.99 - - [16/Apr/2026:12:37:48 -0600] "GET /shop-goods/detail-829326542857 HTTP/1.1" 500 2576 "-" "Mozilla/5.0 AppleWebKit/537.36 (KHTML, like Gecko; compatible; ClaudeBot/1.0; +claudebot@anthropic.com)"
172.239.50.62 - - [16/Apr/2026:12:37:50 -0600] "GET /wp-content/plugins/wp-trending-post-slider-and-widget/readme.txt HTTP/1.1" 500 2576 "-" "Mozilla/5.0 (Windows NT 10.0; Win64; x64) AppleWebKit/537.36 (KHTML, like Gecko) Chrome/133.0.0.0 Safari/537.36"
172.239.50.62 - - [16/Apr/2026:12:37:51 -0600] "GET /wp-content/plugins/wp-trending-post-slider-and-widget/release_notes.txt HTTP/1.1" 500 2576 "-" "Mozilla/5.0 (Windows NT 10.0; Win64; x64) AppleWebKit/537.36 (KHTML, like Gecko) Chrome/133.0.0.0 Safari/537.36"
216.73.216.99 - - [16/Apr/2026:12:37:53 -0600] "GET /shop-goods/detail-82922204556 HTTP/1.1" 500 2576 "-" "Mozilla/5.0 AppleWebKit/537.36 (KHTML, like Gecko; compatible; ClaudeBot/1.0; +claudebot@anthropic.com)"
216.73.216.99 - - [16/Apr/2026:12:37:58 -0600] "GET /shop-goods/detail-82896507843 HTTP/1.1" 500 2576 "-" "Mozilla/5.0 AppleWebKit/537.36 (KHTML, like Gecko; compatible; ClaudeBot/1.0; +claudebot@anthropic.com)"
216.73.216.99 - - [16/Apr/2026:12:38:04 -0600] "GET /shop-goods/detail-829073495555 HTTP/1.1" 500 2576 "-" "Mozilla/5.0 AppleWebKit/537.36 (KHTML, like Gecko; compatible; ClaudeBot/1.0; +claudebot@anthropic.com)"
216.73.216.99 - - [16/Apr/2026:12:38:08 -0600] "GET /shop-goods/detail-829247015538 HTTP/1.1" 500 2576 "-" "Mozilla/5.0 AppleWebKit/537.36 (KHTML, like Gecko; compatible; ClaudeBot/1.0; +claudebot@anthropic.com)"
216.73.216.99 - - [16/Apr/2026:12:38:13 -0600] "GET /shop-goods/detail-829332634307 HTTP/1.1" 500 2576 "-" "Mozilla/5.0 AppleWebKit/537.36 (KHTML, like Gecko; compatible; ClaudeBot/1.0; +claudebot@anthropic.com)"
16.146.93.202 - - [16/Apr/2026:12:38:17 -0600] "GET / HTTP/1.1" 301 273 "-" "Mozilla/5.0 (Macintosh; Intel Mac OS X 10_15_7) AppleWebKit/605.1.15 (KHTML, like Gecko) Version/18.6 Safari/605.1.15 Ddg/18.6 Chrome/141.0.0.0"
216.73.216.99 - - [16/Apr/2026:12:38:18 -0600] "GET /shop-goods/detail-82914518373 HTTP/1.1" 500 2576 "-" "Mozilla/5.0 AppleWebKit/537.36 (KHTML, like Gecko; compatible; ClaudeBot/1.0; +claudebot@anthropic.com)"
16.146.93.202 - - [16/Apr/2026:12:38:20 -0600] "GET / HTTP/1.1" 301 273 "-" "-"
216.73.216.99 - - [16/Apr/2026:12:38:23 -0600] "GET /shop-goods/detail-829019210940 HTTP/1.1" 500 2576 "-" "Mozilla/5.0 AppleWebKit/537.36 (KHTML, like Gecko; compatible; ClaudeBot/1.0; +claudebot@anthropic.com)"
16.146.93.202 - - [16/Apr/2026:12:38:24 -0600] "HEAD / HTTP/1.1" 301 - "-" "Mozilla/5.0 (X11; Ubuntu; Linux i686; rv:35.0) Gecko/20100101 Firefox/35.0"
16.146.93.202 - - [16/Apr/2026:12:38:25 -0600] "HEAD / HTTP/1.1" 301 - "-" "Mozilla/5.0 (X11; Ubuntu; Linux i686; rv:35.0) Gecko/20100101 Firefox/35.0"
16.146.93.202 - - [16/Apr/2026:12:38:25 -0600] "HEAD / HTTP/1.1" 500 - "-" "Mozilla/5.0 (X11; Ubuntu; Linux i686; rv:35.0) Gecko/20100101 Firefox/35.0"
216.73.216.99 - - [16/Apr/2026:12:38:28 -0600] "GET /shop-goods/detail-829211423044 HTTP/1.1" 500 2576 "-" "Mozilla/5.0 AppleWebKit/537.36 (KHTML, like Gecko; compatible; ClaudeBot/1.0; +claudebot@anthropic.com)"
74.7.227.52 - - [16/Apr/2026:12:38:32 -0600] "GET /shop-goods/detail-8290103189666 HTTP/1.1" 500 2576 "https://twb.ebh.mybluehost.me/sitemap_shop_461.xml" "Mozilla/5.0 AppleWebKit/537.36 (KHTML, like Gecko; compatible; GPTBot/1.3; +https://openai.com/gptbot)"
216.73.216.99 - - [16/Apr/2026:12:38:33 -0600] "GET /shop-goods/detail-82922477213 HTTP/1.1" 500 2576 "-" "Mozilla/5.0 AppleWebKit/537.36 (KHTML, like Gecko; compatible; ClaudeBot/1.0; +claudebot@anthropic.com)"
216.73.216.99 - - [16/Apr/2026:12:38:38 -0600] "GET /shop-goods/detail-828927989013 HTTP/1.1" 500 2576 "-" "Mozilla/5.0 AppleWebKit/537.36 (KHTML, like Gecko; compatible; ClaudeBot/1.0; +claudebot@anthropic.com)"
216.73.216.99 - - [16/Apr/2026:12:38:43 -0600] "GET /shop-goods/detail-82904008549 HTTP/1.1" 500 2576 "-" "Mozilla/5.0 AppleWebKit/537.36 (KHTML, like Gecko; compatible; ClaudeBot/1.0; +claudebot@anthropic.com)"
216.73.216.99 - - [16/Apr/2026:12:38:48 -0600] "GET /shop-goods/detail-829329681115 HTTP/1.1" 500 2576 "-" "Mozilla/5.0 AppleWebKit/537.36 (KHTML, like Gecko; compatible; ClaudeBot/1.0; +claudebot@anthropic.com)"
216.73.216.99 - - [16/Apr/2026:12:38:54 -0600] "GET /shop-goods/detail-829167992970 HTTP/1.1" 500 2576 "-" "Mozilla/5.0 AppleWebKit/537.36 (KHTML, like Gecko; compatible; ClaudeBot/1.0; +claudebot@anthropic.com)"
172.56.7.26 - - [16/Apr/2026:12:38:59 -0600] "GET /wp-content/uploads/2021/11/bannerslide1-2.jpg HTTP/1.1" 200 69459 "https://thelomad.com/" "Mozilla/5.0 (Macintosh; Intel Mac OS X 10_15_7) AppleWebKit/537.36 (KHTML, like Gecko) Chrome/147.0.0.0 Safari/537.36"
172.56.7.26 - - [16/Apr/2026:12:38:59 -0600] "GET /wp-content/uploads/2021/11/bannerslide3.jpeg HTTP/1.1" 200 98646 "https://thelomad.com/" "Mozilla/5.0 (Macintosh; Intel Mac OS X 10_15_7) AppleWebKit/537.36 (KHTML, like Gecko) Chrome/147.0.0.0 Safari/537.36"
172.56.7.26 - - [16/Apr/2026:12:38:59 -0600] "GET /wp-content/uploads/2021/11/bannerslid2.jpeg HTTP/1.1" 200 99293 "https://thelomad.com/" "Mozilla/5.0 (Macintosh; Intel Mac OS X 10_15_7) AppleWebKit/537.36 (KHTML, like Gecko) Chrome/147.0.0.0 Safari/537.36"
172.56.7.26 - - [16/Apr/2026:12:38:59 -0600] "GET /wp-content/uploads/2021/08/AdobeStock_108033031-D.jpg HTTP/1.1" 200 107876 "https://thelomad.com/" "Mozilla/5.0 (Macintosh; Intel Mac OS X 10_15_7) AppleWebKit/537.36 (KHTML, like Gecko) Chrome/147.0.0.0 Safari/537.36"
172.56.7.26 - - [16/Apr/2026:12:38:59 -0600] "GET /wp-contentlomad-test.getmad.today/wp-content/uploads/2021/09/AdobeStock_209705558.jpeg HTTP/1.1" 500 2576 "https://thelomad.com/" "Mozilla/5.0 (Macintosh; Intel Mac OS X 10_15_7) AppleWebKit/537.36 (KHTML, like Gecko) Chrome/147.0.0.0 Safari/537.36"
172.56.7.26 - - [16/Apr/2026:12:38:59 -0600] "GET /wp-contentlomad-test.getmad.today/wp-content/uploads/2021/09/AdobeStock_443605491-1.jpg HTTP/1.1" 500 2576 "https://thelomad.com/" "Mozilla/5.0 (Macintosh; Intel Mac OS X 10_15_7) AppleWebKit/537.36 (KHTML, like Gecko) Chrome/147.0.0.0 Safari/537.36"
216.73.216.99 - - [16/Apr/2026:12:38:59 -0600] "GET /shop-goods/detail-828942821118 HTTP/1.1" 500 2576 "-" "Mozilla/5.0 AppleWebKit/537.36 (KHTML, like Gecko; compatible; ClaudeBot/1.0; +claudebot@anthropic.com)"
216.73.216.99 - - [16/Apr/2026:12:39:04 -0600] "GET /shop-goods/detail-82893793649 HTTP/1.1" 500 2576 "-" "Mozilla/5.0 AppleWebKit/537.36 (KHTML, like Gecko; compatible; ClaudeBot/1.0; +claudebot@anthropic.com)"
216.73.216.99 - - [16/Apr/2026:12:39:09 -0600] "GET /shop-goods/detail-829028250799 HTTP/1.1" 500 2576 "-" "Mozilla/5.0 AppleWebKit/537.36 (KHTML, like Gecko; compatible; ClaudeBot/1.0; +claudebot@anthropic.com)"
216.73.216.99 - - [16/Apr/2026:12:39:15 -0600] "GET /shop-goods/detail-82886343451 HTTP/1.1" 500 2576 "-" "Mozilla/5.0 AppleWebKit/537.36 (KHTML, like Gecko; compatible; ClaudeBot/1.0; +claudebot@anthropic.com)"
216.73.216.99 - - [16/Apr/2026:12:39:19 -0600] "GET /shop-goods/detail-82935551723 HTTP/1.1" 500 2576 "-" "Mozilla/5.0 AppleWebKit/537.36 (KHTML, like Gecko; compatible; ClaudeBot/1.0; +claudebot@anthropic.com)"
216.73.216.99 - - [16/Apr/2026:12:39:24 -0600] "GET /shop-goods/detail-82928100030 HTTP/1.1" 500 2576 "-" "Mozilla/5.0 AppleWebKit/537.36 (KHTML, like Gecko; compatible; ClaudeBot/1.0; +claudebot@anthropic.com)"
216.73.216.99 - - [16/Apr/2026:12:39:29 -0600] "GET /shop-goods/detail-82893848098 HTTP/1.1" 500 2576 "-" "Mozilla/5.0 AppleWebKit/537.36 (KHTML, like Gecko; compatible; ClaudeBot/1.0; +claudebot@anthropic.com)"
74.7.227.52 - - [16/Apr/2026:12:39:33 -0600] "GET /shop-goods/detail-8290100042358 HTTP/1.1" 500 2576 "https://twb.ebh.mybluehost.me/sitemap_shop_461.xml" "Mozilla/5.0 AppleWebKit/537.36 (KHTML, like Gecko; compatible; GPTBot/1.3; +https://openai.com/gptbot)"
216.73.216.99 - - [16/Apr/2026:12:39:34 -0600] "GET /shop-goods/detail-82886122927 HTTP/1.1" 500 2576 "-" "Mozilla/5.0 AppleWebKit/537.36 (KHTML, like Gecko; compatible; ClaudeBot/1.0; +claudebot@anthropic.com)"
216.73.216.99 - - [16/Apr/2026:12:39:39 -0600] "GET /shop-goods/detail-82911730977 HTTP/1.1" 500 2576 "-" "Mozilla/5.0 AppleWebKit/537.36 (KHTML, like Gecko; compatible; ClaudeBot/1.0; +claudebot@anthropic.com)"
216.73.216.99 - - [16/Apr/2026:12:39:44 -0600] "GET /shop-goods/detail-82917657085 HTTP/1.1" 500 2576 "-" "Mozilla/5.0 AppleWebKit/537.36 (KHTML, like Gecko; compatible; ClaudeBot/1.0; +claudebot@anthropic.com)"
216.73.216.99 - - [16/Apr/2026:12:39:49 -0600] "GET /shop-goods/detail-82904226822 HTTP/1.1" 500 2576 "-" "Mozilla/5.0 AppleWebKit/537.36 (KHTML, like Gecko; compatible; ClaudeBot/1.0; +claudebot@anthropic.com)"
216.73.216.99 - - [16/Apr/2026:12:39:54 -0600] "GET /shop-goods/detail-829253266202 HTTP/1.1" 500 2576 "-" "Mozilla/5.0 AppleWebKit/537.36 (KHTML, like Gecko; compatible; ClaudeBot/1.0; +claudebot@anthropic.com)"
216.73.216.99 - - [16/Apr/2026:12:40:00 -0600] "GET /shop-goods/detail-82896530586 HTTP/1.1" 500 2576 "-" "Mozilla/5.0 AppleWebKit/537.36 (KHTML, like Gecko; compatible; ClaudeBot/1.0; +claudebot@anthropic.com)"
216.73.216.99 - - [16/Apr/2026:12:40:05 -0600] "GET /shop-goods/detail-82886398882 HTTP/1.1" 500 2576 "-" "Mozilla/5.0 AppleWebKit/537.36 (KHTML, like Gecko; compatible; ClaudeBot/1.0; +claudebot@anthropic.com)"
47.128.44.43 - - [16/Apr/2026:12:40:09 -0600] "GET /shop-goods/detail-82932703874 HTTP/1.1" 500 2576 "-" "Mozilla/5.0 (Linux; Android 5.0) AppleWebKit/537.36 (KHTML, like Gecko) Mobile Safari/537.36 (compatible; Bytespider; spider-feedback@bytedance.com)"
216.73.216.99 - - [16/Apr/2026:12:40:10 -0600] "GET /shop-goods/detail-82914577091 HTTP/1.1" 500 2576 "-" "Mozilla/5.0 AppleWebKit/537.36 (KHTML, like Gecko; compatible; ClaudeBot/1.0; +claudebot@anthropic.com)"
52.167.144.166 - - [16/Apr/2026:12:40:15 -0600] "GET /shop-goods/detail-82922438836 HTTP/1.1" 200 193715 "-" "Mozilla/5.0 AppleWebKit/537.36 (KHTML, like Gecko; compatible; bingbot/2.0; +http://www.bing.com/bingbot.htm) Chrome/116.0.1938.76 Safari/537.36"
216.73.216.99 - - [16/Apr/2026:12:40:15 -0600] "GET /shop-goods/detail-828951593630 HTTP/1.1" 500 2576 "-" "Mozilla/5.0 AppleWebKit/537.36 (KHTML, like Gecko; compatible; ClaudeBot/1.0; +claudebot@anthropic.com)"
216.73.216.99 - - [16/Apr/2026:12:40:19 -0600] "GET /shop-goods/detail-82907395949 HTTP/1.1" 500 2576 "-" "Mozilla/5.0 AppleWebKit/537.36 (KHTML, like Gecko; compatible; ClaudeBot/1.0; +claudebot@anthropic.com)"
216.73.216.99 - - [16/Apr/2026:12:40:25 -0600] "GET /shop-goods/detail-82893687523 HTTP/1.1" 500 2576 "-" "Mozilla/5.0 AppleWebKit/537.36 (KHTML, like Gecko; compatible; ClaudeBot/1.0; +claudebot@anthropic.com)"
216.73.216.99 - - [16/Apr/2026:12:40:30 -0600] "GET /shop-goods/detail-82928264660 HTTP/1.1" 500 2576 "-" "Mozilla/5.0 AppleWebKit/537.36 (KHTML, like Gecko; compatible; ClaudeBot/1.0; +claudebot@anthropic.com)"
74.7.227.52 - - [16/Apr/2026:12:40:34 -0600] "GET /shop-goods/detail-8290100069144 HTTP/1.1" 500 2576 "https://twb.ebh.mybluehost.me/sitemap_shop_461.xml" "Mozilla/5.0 AppleWebKit/537.36 (KHTML, like Gecko; compatible; GPTBot/1.3; +https://openai.com/gptbot)"
216.73.216.99 - - [16/Apr/2026:12:40:34 -0600] "GET /shop-goods/detail-829232362018 HTTP/1.1" 500 2576 "-" "Mozilla/5.0 AppleWebKit/537.36 (KHTML, like Gecko; compatible; ClaudeBot/1.0; +claudebot@anthropic.com)"
216.73.216.99 - - [16/Apr/2026:12:40:39 -0600] "GET /shop-goods/detail-82914992378 HTTP/1.1" 500 2576 "-" "Mozilla/5.0 AppleWebKit/537.36 (KHTML, like Gecko; compatible; ClaudeBot/1.0; +claudebot@anthropic.com)"
35.84.198.224 - - [16/Apr/2026:12:40:43 -0600] "GET / HTTP/1.1" 500 1084 "-" "Mozilla/5.0 (X11; Linux x86_64) AppleWebKit/537.36 (KHTML, like Gecko) Chrome/51.0.2704.103 Safari/537.36"
35.84.198.224 - - [16/Apr/2026:12:40:43 -0600] "\n" 400 - "-" "-"
216.73.216.99 - - [16/Apr/2026:12:40:45 -0600] "GET /shop-goods/detail-82911525406 HTTP/1.1" 500 2576 "-" "Mozilla/5.0 AppleWebKit/537.36 (KHTML, like Gecko; compatible; ClaudeBot/1.0; +claudebot@anthropic.com)"
216.73.216.99 - - [16/Apr/2026:12:40:50 -0600] "GET /shop-goods/detail-829226301007 HTTP/1.1" 500 2576 "-" "Mozilla/5.0 AppleWebKit/537.36 (KHTML, like Gecko; compatible; ClaudeBot/1.0; +claudebot@anthropic.com)"
216.73.216.99 - - [16/Apr/2026:12:40:55 -0600] "GET /shop-goods/detail-82883416640 HTTP/1.1" 500 2576 "-" "Mozilla/5.0 AppleWebKit/537.36 (KHTML, like Gecko; compatible; ClaudeBot/1.0; +claudebot@anthropic.com)"
216.73.216.99 - - [16/Apr/2026:12:41:02 -0600] "GET /shop-goods/detail-82883174863 HTTP/1.1" 500 2576 "-" "Mozilla/5.0 AppleWebKit/537.36 (KHTML, like Gecko; compatible; ClaudeBot/1.0; +claudebot@anthropic.com)"
216.73.216.99 - - [16/Apr/2026:12:41:05 -0600] "GET /shop-goods/detail-828918856424 HTTP/1.1" 500 2576 "-" "Mozilla/5.0 AppleWebKit/537.36 (KHTML, like Gecko; compatible; ClaudeBot/1.0; +claudebot@anthropic.com)"
216.73.216.99 - - [16/Apr/2026:12:41:10 -0600] "GET /shop-goods/detail-82886253233 HTTP/1.1" 500 2576 "-" "Mozilla/5.0 AppleWebKit/537.36 (KHTML, like Gecko; compatible; ClaudeBot/1.0; +claudebot@anthropic.com)"
216.73.216.99 - - [16/Apr/2026:12:41:15 -0600] "GET /shop-goods/detail-828851375813 HTTP/1.1" 500 2576 "-" "Mozilla/5.0 AppleWebKit/537.36 (KHTML, like Gecko; compatible; ClaudeBot/1.0; +claudebot@anthropic.com)"
172.56.7.26 - - [16/Apr/2026:12:41:20 -0600] "GET /wp-content/uploads/2022/09/LOMAD-Logo-190x120-1.jpg HTTP/1.1" 200 13167 "https://thelomad.com/" "Mozilla/5.0 (Macintosh; Intel Mac OS X 10_15_7) AppleWebKit/537.36 (KHTML, like Gecko) Chrome/147.0.0.0 Safari/537.36"
172.56.7.26 - - [16/Apr/2026:12:41:20 -0600] "GET /wp-content/uploads/2021/09/MWBE-Logo-300x141-1.png HTTP/1.1" 200 30999 "https://thelomad.com/" "Mozilla/5.0 (Macintosh; Intel Mac OS X 10_15_7) AppleWebKit/537.36 (KHTML, like Gecko) Chrome/147.0.0.0 Safari/537.36"
216.73.216.99 - - [16/Apr/2026:12:41:20 -0600] "GET /shop-goods/detail-82896817543 HTTP/1.1" 500 2576 "-" "Mozilla/5.0 AppleWebKit/537.36 (KHTML, like Gecko; compatible; ClaudeBot/1.0; +claudebot@anthropic.com)"
172.56.7.26 - - [16/Apr/2026:12:41:20 -0600] "GET /wp-contentlomad-test.getmad.today/wp-content/uploads/2021/09/AdobeStock_209705558.jpeg HTTP/1.1" 500 2576 "https://thelomad.com/" "Mozilla/5.0 (Macintosh; Intel Mac OS X 10_15_7) AppleWebKit/537.36 (KHTML, like Gecko) Chrome/147.0.0.0 Safari/537.36"
172.56.7.26 - - [16/Apr/2026:12:41:20 -0600] "GET /wp-contentlomad-test.getmad.today/wp-content/uploads/2021/09/AdobeStock_443605491-1.jpg HTTP/1.1" 500 2576 "https://thelomad.com/" "Mozilla/5.0 (Macintosh; Intel Mac OS X 10_15_7) AppleWebKit/537.36 (KHTML, like Gecko) Chrome/147.0.0.0 Safari/537.36"
216.73.216.99 - - [16/Apr/2026:12:41:25 -0600] "GET /shop-goods/detail-82917536688 HTTP/1.1" 500 2576 "-" "Mozilla/5.0 AppleWebKit/537.36 (KHTML, like Gecko; compatible; ClaudeBot/1.0; +claudebot@anthropic.com)"
66.249.74.70 - - [16/Apr/2026:12:41:29 -0600] "GET /shop-goods/detail-8289762684 HTTP/1.1" 200 194445 "-" "Mozilla/5.0 (compatible; Googlebot/2.1; +http://www.google.com/bot.html)"
216.73.216.99 - - [16/Apr/2026:12:41:30 -0600] "GET /shop-goods/detail-82928126271 HTTP/1.1" 500 2576 "-" "Mozilla/5.0 AppleWebKit/537.36 (KHTML, like Gecko; compatible; ClaudeBot/1.0; +claudebot@anthropic.com)"
216.73.216.99 - - [16/Apr/2026:12:41:35 -0600] "GET /shop-goods/detail-828927681663 HTTP/1.1" 500 2576 "-" "Mozilla/5.0 AppleWebKit/537.36 (KHTML, like Gecko; compatible; ClaudeBot/1.0; +claudebot@anthropic.com)"
74.7.227.52 - - [16/Apr/2026:12:41:40 -0600] "GET /shop-goods/detail-8290100062434 HTTP/1.1" 500 2576 "https://twb.ebh.mybluehost.me/sitemap_shop_461.xml" "Mozilla/5.0 AppleWebKit/537.36 (KHTML, like Gecko; compatible; GPTBot/1.3; +https://openai.com/gptbot)"
216.73.216.99 - - [16/Apr/2026:12:41:42 -0600] "GET /shop-goods/detail-82889261663 HTTP/1.1" 500 2576 "-" "Mozilla/5.0 AppleWebKit/537.36 (KHTML, like Gecko; compatible; ClaudeBot/1.0; +claudebot@anthropic.com)"
216.73.216.99 - - [16/Apr/2026:12:41:45 -0600] "GET /shop-goods/detail-82899561663 HTTP/1.1" 500 2576 "-" "Mozilla/5.0 AppleWebKit/537.36 (KHTML, like Gecko; compatible; ClaudeBot/1.0; +claudebot@anthropic.com)"
34.215.161.15 - - [16/Apr/2026:12:41:45 -0600] "GET / HTTP/1.1" 500 1084 "-" "Mozilla/5.0 (X11; Linux x86_64) AppleWebKit/537.36 (KHTML, like Gecko) Chrome/51.0.2704.103 Safari/537.36"
34.215.161.15 - - [16/Apr/2026:12:41:46 -0600] "\n" 400 - "-" "-"
216.73.216.99 - - [16/Apr/2026:12:41:50 -0600] "GET /shop-goods/detail-82907166330 HTTP/1.1" 500 2576 "-" "Mozilla/5.0 AppleWebKit/537.36 (KHTML, like Gecko; compatible; ClaudeBot/1.0; +claudebot@anthropic.com)"
216.73.216.99 - - [16/Apr/2026:12:41:55 -0600] "GET /shop-goods/detail-82883376216 HTTP/1.1" 500 2576 "-" "Mozilla/5.0 AppleWebKit/537.36 (KHTML, like Gecko; compatible; ClaudeBot/1.0; +claudebot@anthropic.com)"
216.73.216.99 - - [16/Apr/2026:12:42:00 -0600] "GET /shop-goods/detail-82925251663 HTTP/1.1" 500 2576 "-" "Mozilla/5.0 AppleWebKit/537.36 (KHTML, like Gecko; compatible; ClaudeBot/1.0; +claudebot@anthropic.com)"
216.73.216.99 - - [16/Apr/2026:12:42:05 -0600] "GET /sitemap_shop_921.xml HTTP/1.1" 200 175009 "-" "Mozilla/5.0 AppleWebKit/537.36 (KHTML, like Gecko; compatible; ClaudeBot/1.0; +claudebot@anthropic.com)"
216.73.216.99 - - [16/Apr/2026:12:42:10 -0600] "GET /sitemap_shop_336.xml HTTP/1.1" 200 173936 "-" "Mozilla/5.0 AppleWebKit/537.36 (KHTML, like Gecko; compatible; ClaudeBot/1.0; +claudebot@anthropic.com)"
216.73.216.99 - - [16/Apr/2026:12:42:15 -0600] "GET /sitemap_shop_594.xml HTTP/1.1" 200 173936 "-" "Mozilla/5.0 AppleWebKit/537.36 (KHTML, like Gecko; compatible; ClaudeBot/1.0; +claudebot@anthropic.com)"
216.73.216.99 - - [16/Apr/2026:12:42:20 -0600] "GET /sitemap_shop_517.xml HTTP/1.1" 200 175009 "-" "Mozilla/5.0 AppleWebKit/537.36 (KHTML, like Gecko; compatible; ClaudeBot/1.0; +claudebot@anthropic.com)"
216.73.216.99 - - [16/Apr/2026:12:42:25 -0600] "GET /sitemap_shop_250.xml HTTP/1.1" 200 174315 "-" "Mozilla/5.0 AppleWebKit/537.36 (KHTML, like Gecko; compatible; ClaudeBot/1.0; +claudebot@anthropic.com)"
216.73.216.99 - - [16/Apr/2026:12:42:30 -0600] "GET /sitemap_shop_711.xml HTTP/1.1" 200 175009 "-" "Mozilla/5.0 AppleWebKit/537.36 (KHTML, like Gecko; compatible; ClaudeBot/1.0; +claudebot@anthropic.com)"
52.167.144.166 - - [16/Apr/2026:12:42:35 -0600] "GET /shop-goods/detail-828838920 HTTP/1.1" 200 192468 "-" "Mozilla/5.0 AppleWebKit/537.36 (KHTML, like Gecko; compatible; bingbot/2.0; +http://www.bing.com/bingbot.htm) Chrome/116.0.1938.76 Safari/537.36"
216.73.216.99 - - [16/Apr/2026:12:42:35 -0600] "GET /sitemap_shop_875.xml HTTP/1.1" 200 174299 "-" "Mozilla/5.0 AppleWebKit/537.36 (KHTML, like Gecko; compatible; ClaudeBot/1.0; +claudebot@anthropic.com)"
216.73.216.99 - - [16/Apr/2026:12:42:40 -0600] "GET /sitemap_shop_800.xml HTTP/1.1" 200 175009 "-" "Mozilla/5.0 AppleWebKit/537.36 (KHTML, like Gecko; compatible; ClaudeBot/1.0; +claudebot@anthropic.com)"
74.7.227.52 - - [16/Apr/2026:12:42:43 -0600] "GET /shop-goods/detail-8290103454333 HTTP/1.1" 500 2576 "https://twb.ebh.mybluehost.me/sitemap_shop_461.xml" "Mozilla/5.0 AppleWebKit/537.36 (KHTML, like Gecko; compatible; GPTBot/1.3; +https://openai.com/gptbot)"
216.73.216.99 - - [16/Apr/2026:12:42:45 -0600] "GET /sitemap_shop_995.xml HTTP/1.1" 200 175009 "-" "Mozilla/5.0 AppleWebKit/537.36 (KHTML, like Gecko; compatible; ClaudeBot/1.0; +claudebot@anthropic.com)"
216.73.216.99 - - [16/Apr/2026:12:42:50 -0600] "GET /sitemap_shop_192.xml HTTP/1.1" 200 173617 "-" "Mozilla/5.0 AppleWebKit/537.36 (KHTML, like Gecko; compatible; ClaudeBot/1.0; +claudebot@anthropic.com)"
216.73.216.99 - - [16/Apr/2026:12:42:55 -0600] "GET /sitemap_shop_558.xml HTTP/1.1" 200 175009 "-" "Mozilla/5.0 AppleWebKit/537.36 (KHTML, like Gecko; compatible; ClaudeBot/1.0; +claudebot@anthropic.com)"
216.73.216.99 - - [16/Apr/2026:12:43:00 -0600] "GET /sitemap_shop_447.xml HTTP/1.1" 200 175009 "-" "Mozilla/5.0 AppleWebKit/537.36 (KHTML, like Gecko; compatible; ClaudeBot/1.0; +claudebot@anthropic.com)"
216.73.216.99 - - [16/Apr/2026:12:43:05 -0600] "GET /sitemap_shop_641.xml HTTP/1.1" 200 173936 "-" "Mozilla/5.0 AppleWebKit/537.36 (KHTML, like Gecko; compatible; ClaudeBot/1.0; +claudebot@anthropic.com)"
216.73.216.99 - - [16/Apr/2026:12:43:10 -0600] "GET /sitemap_shop_741.xml HTTP/1.1" 200 173936 "-" "Mozilla/5.0 AppleWebKit/537.36 (KHTML, like Gecko; compatible; ClaudeBot/1.0; +claudebot@anthropic.com)"
216.73.216.99 - - [16/Apr/2026:12:43:15 -0600] "GET /sitemap_shop_718.xml HTTP/1.1" 200 173936 "-" "Mozilla/5.0 AppleWebKit/537.36 (KHTML, like Gecko; compatible; ClaudeBot/1.0; +claudebot@anthropic.com)"
216.73.216.99 - - [16/Apr/2026:12:43:20 -0600] "GET /sitemap_shop_463.xml HTTP/1.1" 200 173992 "-" "Mozilla/5.0 AppleWebKit/537.36 (KHTML, like Gecko; compatible; ClaudeBot/1.0; +claudebot@anthropic.com)"
216.73.216.99 - - [16/Apr/2026:12:43:25 -0600] "GET /sitemap_shop_804.xml HTTP/1.1" 200 173936 "-" "Mozilla/5.0 AppleWebKit/537.36 (KHTML, like Gecko; compatible; ClaudeBot/1.0; +claudebot@anthropic.com)"
216.73.216.99 - - [16/Apr/2026:12:43:30 -0600] "GET /sitemap_shop_792.xml HTTP/1.1" 200 173936 "-" "Mozilla/5.0 AppleWebKit/537.36 (KHTML, like Gecko; compatible; ClaudeBot/1.0; +claudebot@anthropic.com)"
52.167.144.166 - - [16/Apr/2026:12:43:35 -0600] "GET /shop-goods/detail-8288386098 HTTP/1.1" 200 187075 "-" "Mozilla/5.0 AppleWebKit/537.36 (KHTML, like Gecko; compatible; bingbot/2.0; +http://www.bing.com/bingbot.htm) Chrome/116.0.1938.76 Safari/537.36"
216.73.216.99 - - [16/Apr/2026:12:43:35 -0600] "GET /sitemap_shop_786.xml HTTP/1.1" 200 173936 "-" "Mozilla/5.0 AppleWebKit/537.36 (KHTML, like Gecko; compatible; ClaudeBot/1.0; +claudebot@anthropic.com)"
216.73.216.99 - - [16/Apr/2026:12:43:40 -0600] "GET /sitemap_shop_459.xml HTTP/1.1" 200 174538 "-" "Mozilla/5.0 AppleWebKit/537.36 (KHTML, like Gecko; compatible; ClaudeBot/1.0; +claudebot@anthropic.com)"
216.73.216.99 - - [16/Apr/2026:12:43:45 -0600] "GET /sitemap_shop_604.xml HTTP/1.1" 200 175009 "-" "Mozilla/5.0 AppleWebKit/537.36 (KHTML, like Gecko; compatible; ClaudeBot/1.0; +claudebot@anthropic.com)"
74.7.227.52 - - [16/Apr/2026:12:43:48 -0600] "GET /shop-goods/detail-8289102726669 HTTP/1.1" 500 2576 "https://twb.ebh.mybluehost.me/sitemap_shop_461.xml" "Mozilla/5.0 AppleWebKit/537.36 (KHTML, like Gecko; compatible; GPTBot/1.3; +https://openai.com/gptbot)"
216.73.216.99 - - [16/Apr/2026:12:43:50 -0600] "GET /sitemap_shop_730.xml HTTP/1.1" 200 173846 "-" "Mozilla/5.0 AppleWebKit/537.36 (KHTML, like Gecko; compatible; ClaudeBot/1.0; +claudebot@anthropic.com)"
216.73.216.99 - - [16/Apr/2026:12:43:55 -0600] "GET /sitemap_shop_412.xml HTTP/1.1" 200 175009 "-" "Mozilla/5.0 AppleWebKit/537.36 (KHTML, like Gecko; compatible; ClaudeBot/1.0; +claudebot@anthropic.com)"
216.73.216.99 - - [16/Apr/2026:12:44:00 -0600] "GET /sitemap_shop_348.xml HTTP/1.1" 200 174223 "-" "Mozilla/5.0 AppleWebKit/537.36 (KHTML, like Gecko; compatible; ClaudeBot/1.0; +claudebot@anthropic.com)"
216.73.216.99 - - [16/Apr/2026:12:44:05 -0600] "GET /sitemap_shop_683.xml HTTP/1.1" 200 173936 "-" "Mozilla/5.0 AppleWebKit/537.36 (KHTML, like Gecko; compatible; ClaudeBot/1.0; +claudebot@anthropic.com)"
47.128.44.62 - - [16/Apr/2026:12:44:09 -0600] "GET /shop-goods/detail-82932771352 HTTP/1.1" 500 2576 "-" "Mozilla/5.0 (Linux; Android 5.0) AppleWebKit/537.36 (KHTML, like Gecko) Mobile Safari/537.36 (compatible; Bytespider; spider-feedback@bytedance.com)"
216.73.216.99 - - [16/Apr/2026:12:44:10 -0600] "GET /shop-goods/detail-82904460662 HTTP/1.1" 500 2576 "-" "Mozilla/5.0 AppleWebKit/537.36 (KHTML, like Gecko; compatible; ClaudeBot/1.0; +claudebot@anthropic.com)"
216.73.216.99 - - [16/Apr/2026:12:44:15 -0600] "GET /shop-goods/detail-828945556347 HTTP/1.1" 500 2576 "-" "Mozilla/5.0 AppleWebKit/537.36 (KHTML, like Gecko; compatible; ClaudeBot/1.0; +claudebot@anthropic.com)"
216.73.216.99 - - [16/Apr/2026:12:44:20 -0600] "GET /shop-goods/detail-82922217525 HTTP/1.1" 500 2576 "-" "Mozilla/5.0 AppleWebKit/537.36 (KHTML, like Gecko; compatible; ClaudeBot/1.0; +claudebot@anthropic.com)"
216.73.216.99 - - [16/Apr/2026:12:44:25 -0600] "GET /shop-goods/detail-82886456456 HTTP/1.1" 500 2576 "-" "Mozilla/5.0 AppleWebKit/537.36 (KHTML, like Gecko; compatible; ClaudeBot/1.0; +claudebot@anthropic.com)"
216.73.216.99 - - [16/Apr/2026:12:44:30 -0600] "GET /shop-goods/detail-82904169344 HTTP/1.1" 500 2576 "-" "Mozilla/5.0 AppleWebKit/537.36 (KHTML, like Gecko; compatible; ClaudeBot/1.0; +claudebot@anthropic.com)"
216.73.216.99 - - [16/Apr/2026:12:44:35 -0600] "GET /shop-goods/detail-828851022130 HTTP/1.1" 500 2576 "-" "Mozilla/5.0 AppleWebKit/537.36 (KHTML, like Gecko; compatible; ClaudeBot/1.0; +claudebot@anthropic.com)"
216.73.216.99 - - [16/Apr/2026:12:44:40 -0600] "GET /shop-goods/detail-829173607377 HTTP/1.1" 500 2576 "-" "Mozilla/5.0 AppleWebKit/537.36 (KHTML, like Gecko; compatible; ClaudeBot/1.0; +claudebot@anthropic.com)"
216.73.216.99 - - [16/Apr/2026:12:44:45 -0600] "GET /shop-goods/detail-828951610645 HTTP/1.1" 500 2576 "-" "Mozilla/5.0 AppleWebKit/537.36 (KHTML, like Gecko; compatible; ClaudeBot/1.0; +claudebot@anthropic.com)"
216.73.216.99 - - [16/Apr/2026:12:44:50 -0600] "GET /shop-goods/detail-829256092918 HTTP/1.1" 500 2576 "-" "Mozilla/5.0 AppleWebKit/537.36 (KHTML, like Gecko; compatible; ClaudeBot/1.0; +claudebot@anthropic.com)"
172.56.7.26 - - [16/Apr/2026:12:44:52 -0600] "GET /wp-content/uploads/2021/11/bannerslide1-2.jpg HTTP/1.1" 200 69459 "https://thelomad.com/" "Mozilla/5.0 (Macintosh; Intel Mac OS X 10_15_7) AppleWebKit/537.36 (KHTML, like Gecko) Chrome/147.0.0.0 Safari/537.36"
172.56.7.26 - - [16/Apr/2026:12:44:52 -0600] "GET /wp-content/uploads/2021/08/AdobeStock_108033031-D.jpg HTTP/1.1" 200 107876 "https://thelomad.com/" "Mozilla/5.0 (Macintosh; Intel Mac OS X 10_15_7) AppleWebKit/537.36 (KHTML, like Gecko) Chrome/147.0.0.0 Safari/537.36"
172.56.7.26 - - [16/Apr/2026:12:44:52 -0600] "GET /wp-contentlomad-test.getmad.today/wp-content/uploads/2021/09/AdobeStock_209705558.jpeg HTTP/1.1" 500 2576 "https://thelomad.com/" "Mozilla/5.0 (Macintosh; Intel Mac OS X 10_15_7) AppleWebKit/537.36 (KHTML, like Gecko) Chrome/147.0.0.0 Safari/537.36"
172.56.7.26 - - [16/Apr/2026:12:44:52 -0600] "GET /wp-contentlomad-test.getmad.today/wp-content/uploads/2021/09/AdobeStock_443605491-1.jpg HTTP/1.1" 500 2576 "https://thelomad.com/" "Mozilla/5.0 (Macintosh; Intel Mac OS X 10_15_7) AppleWebKit/537.36 (KHTML, like Gecko) Chrome/147.0.0.0 Safari/537.36"
172.56.7.26 - - [16/Apr/2026:12:44:53 -0600] "GET /wp-content/uploads/2021/11/bannerslid2.jpeg HTTP/1.1" 200 99293 "https://thelomad.com/" "Mozilla/5.0 (Macintosh; Intel Mac OS X 10_15_7) AppleWebKit/537.36 (KHTML, like Gecko) Chrome/147.0.0.0 Safari/537.36"
172.56.7.26 - - [16/Apr/2026:12:44:53 -0600] "GET /wp-content/uploads/2021/11/bannerslide3.jpeg HTTP/1.1" 200 98646 "https://thelomad.com/" "Mozilla/5.0 (Macintosh; Intel Mac OS X 10_15_7) AppleWebKit/537.36 (KHTML, like Gecko) Chrome/147.0.0.0 Safari/537.36"
172.56.7.26 - - [16/Apr/2026:12:44:53 -0600] "GET /wp-content/uploads/2022/09/LOMAD-Logo-190x120-1.jpg HTTP/1.1" 200 13167 "https://thelomad.com/" "Mozilla/5.0 (Macintosh; Intel Mac OS X 10_15_7) AppleWebKit/537.36 (KHTML, like Gecko) Chrome/147.0.0.0 Safari/537.36"
172.56.7.26 - - [16/Apr/2026:12:44:53 -0600] "GET /wp-content/uploads/2021/09/MWBE-Logo-300x141-1.png HTTP/1.1" 200 30999 "https://thelomad.com/" "Mozilla/5.0 (Macintosh; Intel Mac OS X 10_15_7) AppleWebKit/537.36 (KHTML, like Gecko) Chrome/147.0.0.0 Safari/537.36"
74.7.227.52 - - [16/Apr/2026:12:44:53 -0600] "GET /shop-goods/detail-8290100015716 HTTP/1.1" 500 2576 "https://twb.ebh.mybluehost.me/sitemap_shop_461.xml" "Mozilla/5.0 AppleWebKit/537.36 (KHTML, like Gecko; compatible; GPTBot/1.3; +https://openai.com/gptbot)"
216.73.216.99 - - [16/Apr/2026:12:44:55 -0600] "GET /shop-goods/detail-828951826592 HTTP/1.1" 500 2576 "-" "Mozilla/5.0 AppleWebKit/537.36 (KHTML, like Gecko; compatible; ClaudeBot/1.0; +claudebot@anthropic.com)"
216.73.216.99 - - [16/Apr/2026:12:45:00 -0600] "GET /shop-goods/detail-828851000230 HTTP/1.1" 500 2576 "-" "Mozilla/5.0 AppleWebKit/537.36 (KHTML, like Gecko; compatible; ClaudeBot/1.0; +claudebot@anthropic.com)"
216.73.216.99 - - [16/Apr/2026:12:45:05 -0600] "GET /shop-goods/detail-828951866205 HTTP/1.1" 500 2576 "-" "Mozilla/5.0 AppleWebKit/537.36 (KHTML, like Gecko; compatible; ClaudeBot/1.0; +claudebot@anthropic.com)"
172.56.7.26 - - [16/Apr/2026:12:45:13 -0600] "GET /wp-content/uploads/2022/08/NYS-WC-Forum-Homepage_transparent.png HTTP/1.1" 200 144926 "https://thelomad.com/" "Mozilla/5.0 (Macintosh; Intel Mac OS X 10_15_7) AppleWebKit/537.36 (KHTML, like Gecko) Chrome/147.0.0.0 Safari/537.36"
216.73.216.99 - - [16/Apr/2026:12:45:14 -0600] "GET /shop-goods/detail-82904176645 HTTP/1.1" 500 2576 "-" "Mozilla/5.0 AppleWebKit/537.36 (KHTML, like Gecko; compatible; ClaudeBot/1.0; +claudebot@anthropic.com)"
172.56.7.26 - - [16/Apr/2026:12:45:15 -0600] "GET /wp-content/uploads/2022/08/NYS-WC-Forum-Homepage_transparent.png HTTP/1.1" 200 144926 "https://thelomad.com/" "Mozilla/5.0 (Macintosh; Intel Mac OS X 10_15_7) AppleWebKit/537.36 (KHTML, like Gecko) Chrome/147.0.0.0 Safari/537.36"
216.73.216.99 - - [16/Apr/2026:12:45:17 -0600] "GET /shop-goods/detail-829146754039 HTTP/1.1" 500 2576 "-" "Mozilla/5.0 AppleWebKit/537.36 (KHTML, like Gecko; compatible; ClaudeBot/1.0; +claudebot@anthropic.com)"
216.73.216.99 - - [16/Apr/2026:12:45:20 -0600] "GET /shop-goods/detail-828851037748 HTTP/1.1" 500 2576 "-" "Mozilla/5.0 AppleWebKit/537.36 (KHTML, like Gecko; compatible; ClaudeBot/1.0; +claudebot@anthropic.com)"
216.73.216.99 - - [16/Apr/2026:12:45:28 -0600] "GET /shop-goods/detail-829211212858 HTTP/1.1" 500 2576 "-" "Mozilla/5.0 AppleWebKit/537.36 (KHTML, like Gecko; compatible; ClaudeBot/1.0; +claudebot@anthropic.com)"
216.73.216.99 - - [16/Apr/2026:12:45:31 -0600] "GET /shop-goods/detail-828927926333 HTTP/1.1" 500 2576 "-" "Mozilla/5.0 AppleWebKit/537.36 (KHTML, like Gecko; compatible; ClaudeBot/1.0; +claudebot@anthropic.com)"
216.73.216.99 - - [16/Apr/2026:12:45:36 -0600] "GET /shop-goods/detail-829125774703 HTTP/1.1" 500 2576 "-" "Mozilla/5.0 AppleWebKit/537.36 (KHTML, like Gecko; compatible; ClaudeBot/1.0; +claudebot@anthropic.com)"
216.73.216.99 - - [16/Apr/2026:12:45:44 -0600] "GET /shop-goods/detail-828921859091 HTTP/1.1" 500 2576 "-" "Mozilla/5.0 AppleWebKit/537.36 (KHTML, like Gecko; compatible; ClaudeBot/1.0; +claudebot@anthropic.com)"
216.73.216.99 - - [16/Apr/2026:12:45:46 -0600] "GET /shop-goods/detail-829028432421 HTTP/1.1" 500 2576 "-" "Mozilla/5.0 AppleWebKit/537.36 (KHTML, like Gecko; compatible; ClaudeBot/1.0; +claudebot@anthropic.com)"
216.73.216.99 - - [16/Apr/2026:12:45:51 -0600] "GET /shop-goods/detail-828930726380 HTTP/1.1" 500 2576 "-" "Mozilla/5.0 AppleWebKit/537.36 (KHTML, like Gecko; compatible; ClaudeBot/1.0; +claudebot@anthropic.com)"
216.73.216.99 - - [16/Apr/2026:12:45:56 -0600] "GET /shop-goods/detail-82904350955 HTTP/1.1" 500 2576 "-" "Mozilla/5.0 AppleWebKit/537.36 (KHTML, like Gecko; compatible; ClaudeBot/1.0; +claudebot@anthropic.com)"
74.7.227.52 - - [16/Apr/2026:12:45:58 -0600] "GET /shop-goods/detail-8289102891841 HTTP/1.1" 500 2576 "https://twb.ebh.mybluehost.me/sitemap_shop_461.xml" "Mozilla/5.0 AppleWebKit/537.36 (KHTML, like Gecko; compatible; GPTBot/1.3; +https://openai.com/gptbot)"
216.73.216.99 - - [16/Apr/2026:12:46:02 -0600] "GET /shop-goods/detail-828966735021 HTTP/1.1" 500 2576 "-" "Mozilla/5.0 AppleWebKit/537.36 (KHTML, like Gecko; compatible; ClaudeBot/1.0; +claudebot@anthropic.com)"
52.167.144.159 - - [16/Apr/2026:12:46:06 -0600] "GET /shop-goods/detail-82922100432 HTTP/1.1" 200 196258 "-" "Mozilla/5.0 AppleWebKit/537.36 (KHTML, like Gecko; compatible; bingbot/2.0; +http://www.bing.com/bingbot.htm) Chrome/116.0.1938.76 Safari/537.36"
216.73.216.99 - - [16/Apr/2026:12:46:07 -0600] "GET /shop-goods/detail-829052347420 HTTP/1.1" 500 2576 "-" "Mozilla/5.0 AppleWebKit/537.36 (KHTML, like Gecko; compatible; ClaudeBot/1.0; +claudebot@anthropic.com)"
216.73.216.99 - - [16/Apr/2026:12:46:11 -0600] "GET /shop-goods/detail-82911674509 HTTP/1.1" 500 2576 "-" "Mozilla/5.0 AppleWebKit/537.36 (KHTML, like Gecko; compatible; ClaudeBot/1.0; +claudebot@anthropic.com)"
216.73.216.99 - - [16/Apr/2026:12:46:16 -0600] "GET /shop-goods/detail-829170619926 HTTP/1.1" 500 2576 "-" "Mozilla/5.0 AppleWebKit/537.36 (KHTML, like Gecko; compatible; ClaudeBot/1.0; +claudebot@anthropic.com)"
216.73.216.99 - - [16/Apr/2026:12:46:21 -0600] "GET /shop-goods/detail-828927659277 HTTP/1.1" 500 2576 "-" "Mozilla/5.0 AppleWebKit/537.36 (KHTML, like Gecko; compatible; ClaudeBot/1.0; +claudebot@anthropic.com)"
216.73.216.99 - - [16/Apr/2026:12:46:26 -0600] "GET /shop-goods/detail-82917978362 HTTP/1.1" 500 2576 "-" "Mozilla/5.0 AppleWebKit/537.36 (KHTML, like Gecko; compatible; ClaudeBot/1.0; +claudebot@anthropic.com)"
216.73.216.99 - - [16/Apr/2026:12:46:31 -0600] "GET /shop-goods/detail-829176784824 HTTP/1.1" 500 2576 "-" "Mozilla/5.0 AppleWebKit/537.36 (KHTML, like Gecko; compatible; ClaudeBot/1.0; +claudebot@anthropic.com)"
216.73.216.99 - - [16/Apr/2026:12:46:37 -0600] "GET /shop-goods/detail-829383673356 HTTP/1.1" 500 2576 "-" "Mozilla/5.0 AppleWebKit/537.36 (KHTML, like Gecko; compatible; ClaudeBot/1.0; +claudebot@anthropic.com)"
216.73.216.99 - - [16/Apr/2026:12:46:42 -0600] "GET /shop-goods/detail-82932694205 HTTP/1.1" 500 2576 "-" "Mozilla/5.0 AppleWebKit/537.36 (KHTML, like Gecko; compatible; ClaudeBot/1.0; +claudebot@anthropic.com)"
216.73.216.99 - - [16/Apr/2026:12:46:47 -0600] "GET /shop-goods/detail-82914627697 HTTP/1.1" 500 2576 "-" "Mozilla/5.0 AppleWebKit/537.36 (KHTML, like Gecko; compatible; ClaudeBot/1.0; +claudebot@anthropic.com)"
216.73.216.99 - - [16/Apr/2026:12:46:54 -0600] "GET /shop-goods/detail-82928119073 HTTP/1.1" 500 2576 "-" "Mozilla/5.0 AppleWebKit/537.36 (KHTML, like Gecko; compatible; ClaudeBot/1.0; +claudebot@anthropic.com)"
216.73.216.99 - - [16/Apr/2026:12:46:57 -0600] "GET /shop-goods/detail-82907352224 HTTP/1.1" 500 2576 "-" "Mozilla/5.0 AppleWebKit/537.36 (KHTML, like Gecko; compatible; ClaudeBot/1.0; +claudebot@anthropic.com)"
74.7.227.52 - - [16/Apr/2026:12:47:01 -0600] "GET /shop-goods/detail-829383924938 HTTP/1.1" 500 2576 "https://twb.ebh.mybluehost.me/sitemap_shop_972.xml" "Mozilla/5.0 AppleWebKit/537.36 (KHTML, like Gecko; compatible; GPTBot/1.3; +https://openai.com/gptbot)"
216.73.216.99 - - [16/Apr/2026:12:47:02 -0600] "GET /shop-goods/detail-82935944846 HTTP/1.1" 500 2576 "-" "Mozilla/5.0 AppleWebKit/537.36 (KHTML, like Gecko; compatible; ClaudeBot/1.0; +claudebot@anthropic.com)"
216.73.216.99 - - [16/Apr/2026:12:47:09 -0600] "GET /shop-goods/detail-82932624772 HTTP/1.1" 500 2576 "-" "Mozilla/5.0 AppleWebKit/537.36 (KHTML, like Gecko; compatible; ClaudeBot/1.0; +claudebot@anthropic.com)"
216.73.216.99 - - [16/Apr/2026:12:47:14 -0600] "GET /shop-goods/detail-82889061668 HTTP/1.1" 500 2576 "-" "Mozilla/5.0 AppleWebKit/537.36 (KHTML, like Gecko; compatible; ClaudeBot/1.0; +claudebot@anthropic.com)"
216.73.216.99 - - [16/Apr/2026:12:47:17 -0600] "GET /shop-goods/detail-828936997367 HTTP/1.1" 500 2576 "-" "Mozilla/5.0 AppleWebKit/537.36 (KHTML, like Gecko; compatible; ClaudeBot/1.0; +claudebot@anthropic.com)"
216.73.216.99 - - [16/Apr/2026:12:47:22 -0600] "GET /shop-goods/detail-829283134922 HTTP/1.1" 500 2576 "-" "Mozilla/5.0 AppleWebKit/537.36 (KHTML, like Gecko; compatible; ClaudeBot/1.0; +claudebot@anthropic.com)"
216.73.216.99 - - [16/Apr/2026:12:47:27 -0600] "GET /shop-goods/detail-829079362649 HTTP/1.1" 500 2576 "-" "Mozilla/5.0 AppleWebKit/537.36 (KHTML, like Gecko; compatible; ClaudeBot/1.0; +claudebot@anthropic.com)"
216.73.216.99 - - [16/Apr/2026:12:47:32 -0600] "GET /shop-goods/detail-82886058224 HTTP/1.1" 500 2576 "-" "Mozilla/5.0 AppleWebKit/537.36 (KHTML, like Gecko; compatible; ClaudeBot/1.0; +claudebot@anthropic.com)"
216.73.216.99 - - [16/Apr/2026:12:47:37 -0600] "GET /shop-goods/detail-829179872004 HTTP/1.1" 500 2576 "-" "Mozilla/5.0 AppleWebKit/537.36 (KHTML, like Gecko; compatible; ClaudeBot/1.0; +claudebot@anthropic.com)"
216.73.216.99 - - [16/Apr/2026:12:47:43 -0600] "GET /shop-goods/detail-82935690552 HTTP/1.1" 500 2576 "-" "Mozilla/5.0 AppleWebKit/537.36 (KHTML, like Gecko; compatible; ClaudeBot/1.0; +claudebot@anthropic.com)"
216.73.216.99 - - [16/Apr/2026:12:47:47 -0600] "GET /shop-goods/detail-82935549517 HTTP/1.1" 500 2576 "-" "Mozilla/5.0 AppleWebKit/537.36 (KHTML, like Gecko; compatible; ClaudeBot/1.0; +claudebot@anthropic.com)"
195.178.110.159 - - [16/Apr/2026:12:47:49 -0600] "GET /.git/config HTTP/1.1" 500 2576 "-" "Mozilla/5.0 (Macintosh; Intel Mac OS X 10_15_7) AppleWebKit/605.1.15 (KHTML, like Gecko) Version/18.5 Mobile/15E148 Safari/604.1"
216.73.216.99 - - [16/Apr/2026:12:47:54 -0600] "GET /shop-goods/detail-828818307242 HTTP/1.1" 500 2576 "-" "Mozilla/5.0 AppleWebKit/537.36 (KHTML, like Gecko; compatible; ClaudeBot/1.0; +claudebot@anthropic.com)"
216.73.216.99 - - [16/Apr/2026:12:47:57 -0600] "GET /shop-goods/detail-82889383598 HTTP/1.1" 500 2576 "-" "Mozilla/5.0 AppleWebKit/537.36 (KHTML, like Gecko; compatible; ClaudeBot/1.0; +claudebot@anthropic.com)"
172.56.7.26 - - [16/Apr/2026:12:47:59 -0600] "-" 408 - "-" "-"
74.7.227.52 - - [16/Apr/2026:12:48:02 -0600] "GET /shop-goods/detail-828912892971 HTTP/1.1" 500 2576 "https://twb.ebh.mybluehost.me/sitemap_shop_474.xml" "Mozilla/5.0 AppleWebKit/537.36 (KHTML, like Gecko; compatible; GPTBot/1.3; +https://openai.com/gptbot)"
216.73.216.99 - - [16/Apr/2026:12:48:02 -0600] "GET /shop-goods/detail-82899509719 HTTP/1.1" 500 2576 "-" "Mozilla/5.0 AppleWebKit/537.36 (KHTML, like Gecko; compatible; ClaudeBot/1.0; +claudebot@anthropic.com)"
216.73.216.99 - - [16/Apr/2026:12:48:07 -0600] "GET /shop-goods/detail-82886309712 HTTP/1.1" 500 2576 "-" "Mozilla/5.0 AppleWebKit/537.36 (KHTML, like Gecko; compatible; ClaudeBot/1.0; +claudebot@anthropic.com)"
47.128.44.64 - - [16/Apr/2026:12:48:10 -0600] "GET /shop-goods/detail-828895930 HTTP/1.1" 500 2576 "-" "Mozilla/5.0 (Linux; Android 5.0) AppleWebKit/537.36 (KHTML, like Gecko) Mobile Safari/537.36 (compatible; Bytespider; spider-feedback@bytedance.com)"
216.73.216.99 - - [16/Apr/2026:12:48:12 -0600] "GET /shop-goods/detail-829280442379 HTTP/1.1" 500 2576 "-" "Mozilla/5.0 AppleWebKit/537.36 (KHTML, like Gecko; compatible; ClaudeBot/1.0; +claudebot@anthropic.com)"
216.73.216.99 - - [16/Apr/2026:12:48:19 -0600] "GET /shop-goods/detail-82932857430 HTTP/1.1" 500 2576 "-" "Mozilla/5.0 AppleWebKit/537.36 (KHTML, like Gecko; compatible; ClaudeBot/1.0; +claudebot@anthropic.com)"
216.73.216.99 - - [16/Apr/2026:12:48:25 -0600] "GET /shop-goods/detail-8289909597 HTTP/1.1" 500 2576 "-" "Mozilla/5.0 AppleWebKit/537.36 (KHTML, like Gecko; compatible; ClaudeBot/1.0; +claudebot@anthropic.com)"
216.73.216.99 - - [16/Apr/2026:12:48:28 -0600] "GET /shop-goods/detail-82901359147 HTTP/1.1" 500 2576 "-" "Mozilla/5.0 AppleWebKit/537.36 (KHTML, like Gecko; compatible; ClaudeBot/1.0; +claudebot@anthropic.com)"
216.73.216.99 - - [16/Apr/2026:12:48:32 -0600] "GET /shop-goods/detail-829317564977 HTTP/1.1" 500 2576 "-" "Mozilla/5.0 AppleWebKit/537.36 (KHTML, like Gecko; compatible; ClaudeBot/1.0; +claudebot@anthropic.com)"
216.73.216.99 - - [16/Apr/2026:12:48:37 -0600] "GET /shop-goods/detail-82907383330 HTTP/1.1" 500 2576 "-" "Mozilla/5.0 AppleWebKit/537.36 (KHTML, like Gecko; compatible; ClaudeBot/1.0; +claudebot@anthropic.com)"
216.73.216.99 - - [16/Apr/2026:12:48:44 -0600] "GET /shop-goods/detail-82932801120 HTTP/1.1" 500 2576 "-" "Mozilla/5.0 AppleWebKit/537.36 (KHTML, like Gecko; compatible; ClaudeBot/1.0; +claudebot@anthropic.com)"
216.73.216.99 - - [16/Apr/2026:12:48:47 -0600] "GET /shop-goods/detail-82935896424 HTTP/1.1" 500 2576 "-" "Mozilla/5.0 AppleWebKit/537.36 (KHTML, like Gecko; compatible; ClaudeBot/1.0; +claudebot@anthropic.com)"
216.73.216.99 - - [16/Apr/2026:12:48:52 -0600] "GET /shop-goods/detail-82883194969 HTTP/1.1" 500 2576 "-" "Mozilla/5.0 AppleWebKit/537.36 (KHTML, like Gecko; compatible; ClaudeBot/1.0; +claudebot@anthropic.com)"
216.73.216.99 - - [16/Apr/2026:12:48:57 -0600] "GET /shop-goods/detail-82883281696 HTTP/1.1" 500 2576 "-" "Mozilla/5.0 AppleWebKit/537.36 (KHTML, like Gecko; compatible; ClaudeBot/1.0; +claudebot@anthropic.com)"
216.73.216.99 - - [16/Apr/2026:12:49:04 -0600] "GET /shop-goods/detail-82932720345 HTTP/1.1" 500 2576 "-" "Mozilla/5.0 AppleWebKit/537.36 (KHTML, like Gecko; compatible; ClaudeBot/1.0; +claudebot@anthropic.com)"
216.73.216.99 - - [16/Apr/2026:12:49:04 -0600] "GET /shop-goods/detail-829022486015 HTTP/1.1" 500 2576 "-" "Mozilla/5.0 AppleWebKit/537.36 (KHTML, like Gecko; compatible; ClaudeBot/1.0; +claudebot@anthropic.com)"
216.73.216.99 - - [16/Apr/2026:12:49:05 -0600] "GET /shop-goods/detail-828854174810 HTTP/1.1" 500 2576 "-" "Mozilla/5.0 AppleWebKit/537.36 (KHTML, like Gecko; compatible; ClaudeBot/1.0; +claudebot@anthropic.com)"
216.73.216.99 - - [16/Apr/2026:12:49:05 -0600] "GET /shop-goods/detail-82907236283 HTTP/1.1" 500 2576 "-" "Mozilla/5.0 AppleWebKit/537.36 (KHTML, like Gecko; compatible; ClaudeBot/1.0; +claudebot@anthropic.com)"
74.7.227.52 - - [16/Apr/2026:12:49:07 -0600] "GET /shop-goods/detail-829329829448 HTTP/1.1" 500 2576 "https://twb.ebh.mybluehost.me/sitemap_shop_302.xml" "Mozilla/5.0 AppleWebKit/537.36 (KHTML, like Gecko; compatible; GPTBot/1.3; +https://openai.com/gptbot)"
