216.73.216.99 - - [16/Apr/2026:12:49:10 -0600] "GET /shop-goods/detail-82932737841 HTTP/1.1" 500 2576 "-" "Mozilla/5.0 AppleWebKit/537.36 (KHTML, like Gecko; compatible; ClaudeBot/1.0; +claudebot@anthropic.com)"
216.73.216.99 - - [16/Apr/2026:12:49:15 -0600] "GET /shop-goods/detail-828857049304 HTTP/1.1" 500 2576 "-" "Mozilla/5.0 AppleWebKit/537.36 (KHTML, like Gecko; compatible; ClaudeBot/1.0; +claudebot@anthropic.com)"
216.73.216.99 - - [16/Apr/2026:12:49:22 -0600] "GET /shop-goods/detail-828830125482 HTTP/1.1" 500 2576 "-" "Mozilla/5.0 AppleWebKit/537.36 (KHTML, like Gecko; compatible; ClaudeBot/1.0; +claudebot@anthropic.com)"
216.73.216.99 - - [16/Apr/2026:12:49:27 -0600] "GET /shop-goods/detail-82917894288 HTTP/1.1" 500 2576 "-" "Mozilla/5.0 AppleWebKit/537.36 (KHTML, like Gecko; compatible; ClaudeBot/1.0; +claudebot@anthropic.com)"
216.73.216.99 - - [16/Apr/2026:12:49:31 -0600] "GET /shop-goods/detail-82896893493 HTTP/1.1" 500 2576 "-" "Mozilla/5.0 AppleWebKit/537.36 (KHTML, like Gecko; compatible; ClaudeBot/1.0; +claudebot@anthropic.com)"
216.73.216.99 - - [16/Apr/2026:12:49:36 -0600] "GET /shop-goods/detail-82904211769 HTTP/1.1" 500 2576 "-" "Mozilla/5.0 AppleWebKit/537.36 (KHTML, like Gecko; compatible; ClaudeBot/1.0; +claudebot@anthropic.com)"
216.73.216.99 - - [16/Apr/2026:12:49:41 -0600] "GET /shop-goods/detail-829317863749 HTTP/1.1" 500 2576 "-" "Mozilla/5.0 AppleWebKit/537.36 (KHTML, like Gecko; compatible; ClaudeBot/1.0; +claudebot@anthropic.com)"
216.73.216.99 - - [16/Apr/2026:12:49:46 -0600] "GET /shop-goods/detail-82889440731 HTTP/1.1" 500 2576 "-" "Mozilla/5.0 AppleWebKit/537.36 (KHTML, like Gecko; compatible; ClaudeBot/1.0; +claudebot@anthropic.com)"
216.73.216.99 - - [16/Apr/2026:12:49:53 -0600] "GET /shop-goods/detail-829128550557 HTTP/1.1" 500 2576 "-" "Mozilla/5.0 AppleWebKit/537.36 (KHTML, like Gecko; compatible; ClaudeBot/1.0; +claudebot@anthropic.com)"
216.73.216.99 - - [16/Apr/2026:12:49:56 -0600] "GET /shop-goods/detail-82907043138 HTTP/1.1" 500 2576 "-" "Mozilla/5.0 AppleWebKit/537.36 (KHTML, like Gecko; compatible; ClaudeBot/1.0; +claudebot@anthropic.com)"
216.73.216.99 - - [16/Apr/2026:12:50:01 -0600] "GET /shop-goods/detail-829250092387 HTTP/1.1" 500 2576 "-" "Mozilla/5.0 AppleWebKit/537.36 (KHTML, like Gecko; compatible; ClaudeBot/1.0; +claudebot@anthropic.com)"
216.73.216.99 - - [16/Apr/2026:12:50:08 -0600] "GET /shop-goods/detail-82928351180 HTTP/1.1" 500 2576 "-" "Mozilla/5.0 AppleWebKit/537.36 (KHTML, like Gecko; compatible; ClaudeBot/1.0; +claudebot@anthropic.com)"
216.73.216.99 - - [16/Apr/2026:12:50:11 -0600] "GET /shop-goods/detail-8288464424 HTTP/1.1" 500 2576 "-" "Mozilla/5.0 AppleWebKit/537.36 (KHTML, like Gecko; compatible; ClaudeBot/1.0; +claudebot@anthropic.com)"
74.7.227.52 - - [16/Apr/2026:12:50:12 -0600] "GET /shop-goods/detail-829028038033 HTTP/1.1" 500 2576 "https://twb.ebh.mybluehost.me/sitemap_shop_302.xml" "Mozilla/5.0 AppleWebKit/537.36 (KHTML, like Gecko; compatible; GPTBot/1.3; +https://openai.com/gptbot)"
216.73.216.99 - - [16/Apr/2026:12:50:16 -0600] "GET /shop-goods/detail-828854083364 HTTP/1.1" 500 2576 "-" "Mozilla/5.0 AppleWebKit/537.36 (KHTML, like Gecko; compatible; ClaudeBot/1.0; +claudebot@anthropic.com)"
216.73.216.99 - - [16/Apr/2026:12:50:23 -0600] "GET /shop-goods/detail-82896837268 HTTP/1.1" 500 2576 "-" "Mozilla/5.0 AppleWebKit/537.36 (KHTML, like Gecko; compatible; ClaudeBot/1.0; +claudebot@anthropic.com)"
216.73.216.99 - - [16/Apr/2026:12:50:26 -0600] "GET /shop-goods/detail-82904013492 HTTP/1.1" 500 2576 "-" "Mozilla/5.0 AppleWebKit/537.36 (KHTML, like Gecko; compatible; ClaudeBot/1.0; +claudebot@anthropic.com)"
216.73.216.99 - - [16/Apr/2026:12:50:31 -0600] "GET /shop-goods/detail-828851337169 HTTP/1.1" 500 2576 "-" "Mozilla/5.0 AppleWebKit/537.36 (KHTML, like Gecko; compatible; ClaudeBot/1.0; +claudebot@anthropic.com)"
216.73.216.99 - - [16/Apr/2026:12:50:37 -0600] "GET /shop-goods/detail-82922189938 HTTP/1.1" 500 2576 "-" "Mozilla/5.0 AppleWebKit/537.36 (KHTML, like Gecko; compatible; ClaudeBot/1.0; +claudebot@anthropic.com)"
216.73.216.99 - - [16/Apr/2026:12:50:41 -0600] "GET /shop-goods/detail-829374847861 HTTP/1.1" 500 2576 "-" "Mozilla/5.0 AppleWebKit/537.36 (KHTML, like Gecko; compatible; ClaudeBot/1.0; +claudebot@anthropic.com)"
216.73.216.99 - - [16/Apr/2026:12:50:46 -0600] "GET /shop-goods/detail-829049413878 HTTP/1.1" 500 2576 "-" "Mozilla/5.0 AppleWebKit/537.36 (KHTML, like Gecko; compatible; ClaudeBot/1.0; +claudebot@anthropic.com)"
216.73.216.99 - - [16/Apr/2026:12:50:54 -0600] "GET /shop-goods/detail-829317578294 HTTP/1.1" 500 2576 "-" "Mozilla/5.0 AppleWebKit/537.36 (KHTML, like Gecko; compatible; ClaudeBot/1.0; +claudebot@anthropic.com)"
216.73.216.99 - - [16/Apr/2026:12:50:59 -0600] "GET /shop-goods/detail-829256061709 HTTP/1.1" 500 2576 "-" "Mozilla/5.0 AppleWebKit/537.36 (KHTML, like Gecko; compatible; ClaudeBot/1.0; +claudebot@anthropic.com)"
216.73.216.99 - - [16/Apr/2026:12:51:02 -0600] "GET /shop-goods/detail-829070148365 HTTP/1.1" 500 2576 "-" "Mozilla/5.0 AppleWebKit/537.36 (KHTML, like Gecko; compatible; ClaudeBot/1.0; +claudebot@anthropic.com)"
216.73.216.99 - - [16/Apr/2026:12:51:07 -0600] "GET /shop-goods/detail-82893521326 HTTP/1.1" 500 2576 "-" "Mozilla/5.0 AppleWebKit/537.36 (KHTML, like Gecko; compatible; ClaudeBot/1.0; +claudebot@anthropic.com)"
66.249.74.70 - - [16/Apr/2026:12:51:10 -0600] "GET /shop-goods/detail-82922488250 HTTP/1.1" 200 209168 "-" "Mozilla/5.0 (Linux; Android 6.0.1; Nexus 5X Build/MMB29P) AppleWebKit/537.36 (KHTML, like Gecko) Chrome/146.0.7680.177 Mobile Safari/537.36 (compatible; Googlebot/2.1; +http://www.google.com/bot.html)"
66.249.74.69 - - [16/Apr/2026:12:51:11 -0600] "GET /shop-goods/detail-82901250370 HTTP/1.1" 200 204683 "-" "Mozilla/5.0 (Linux; Android 6.0.1; Nexus 5X Build/MMB29P) AppleWebKit/537.36 (KHTML, like Gecko) Chrome/146.0.7680.177 Mobile Safari/537.36 (compatible; Googlebot/2.1; +http://www.google.com/bot.html)"
216.73.216.99 - - [16/Apr/2026:12:51:12 -0600] "GET /shop-goods/detail-828851465133 HTTP/1.1" 500 2576 "-" "Mozilla/5.0 AppleWebKit/537.36 (KHTML, like Gecko; compatible; ClaudeBot/1.0; +claudebot@anthropic.com)"
74.7.227.52 - - [16/Apr/2026:12:51:13 -0600] "GET /shop-goods/detail-828812070207 HTTP/1.1" 500 2576 "https://twb.ebh.mybluehost.me/sitemap_shop_474.xml" "Mozilla/5.0 AppleWebKit/537.36 (KHTML, like Gecko; compatible; GPTBot/1.3; +https://openai.com/gptbot)"
216.73.216.99 - - [16/Apr/2026:12:51:17 -0600] "GET /shop-goods/detail-828918671015 HTTP/1.1" 500 2576 "-" "Mozilla/5.0 AppleWebKit/537.36 (KHTML, like Gecko; compatible; ClaudeBot/1.0; +claudebot@anthropic.com)"
216.73.216.99 - - [16/Apr/2026:12:51:22 -0600] "GET /shop-goods/detail-829268223728 HTTP/1.1" 500 2576 "-" "Mozilla/5.0 AppleWebKit/537.36 (KHTML, like Gecko; compatible; ClaudeBot/1.0; +claudebot@anthropic.com)"
216.73.216.99 - - [16/Apr/2026:12:51:30 -0600] "GET /shop-goods/detail-829116522547 HTTP/1.1" 500 2576 "-" "Mozilla/5.0 AppleWebKit/537.36 (KHTML, like Gecko; compatible; ClaudeBot/1.0; +claudebot@anthropic.com)"
216.73.216.99 - - [16/Apr/2026:12:51:32 -0600] "GET /shop-goods/detail-829350604437 HTTP/1.1" 500 2576 "-" "Mozilla/5.0 AppleWebKit/537.36 (KHTML, like Gecko; compatible; ClaudeBot/1.0; +claudebot@anthropic.com)"
216.73.216.99 - - [16/Apr/2026:12:51:37 -0600] "GET /shop-goods/detail-82922169870 HTTP/1.1" 500 2576 "-" "Mozilla/5.0 AppleWebKit/537.36 (KHTML, like Gecko; compatible; ClaudeBot/1.0; +claudebot@anthropic.com)"
216.73.216.99 - - [16/Apr/2026:12:51:42 -0600] "GET /shop-goods/detail-82922288213 HTTP/1.1" 500 2576 "-" "Mozilla/5.0 AppleWebKit/537.36 (KHTML, like Gecko; compatible; ClaudeBot/1.0; +claudebot@anthropic.com)"
216.73.216.99 - - [16/Apr/2026:12:51:47 -0600] "GET /shop-goods/detail-82896819773 HTTP/1.1" 500 2576 "-" "Mozilla/5.0 AppleWebKit/537.36 (KHTML, like Gecko; compatible; ClaudeBot/1.0; +claudebot@anthropic.com)"
216.73.216.99 - - [16/Apr/2026:12:51:52 -0600] "GET /shop-goods/detail-829173594581 HTTP/1.1" 500 2576 "-" "Mozilla/5.0 AppleWebKit/537.36 (KHTML, like Gecko; compatible; ClaudeBot/1.0; +claudebot@anthropic.com)"
216.73.216.99 - - [16/Apr/2026:12:51:58 -0600] "GET /shop-goods/detail-828851272472 HTTP/1.1" 500 2576 "-" "Mozilla/5.0 AppleWebKit/537.36 (KHTML, like Gecko; compatible; ClaudeBot/1.0; +claudebot@anthropic.com)"
216.73.216.99 - - [16/Apr/2026:12:52:02 -0600] "GET /shop-goods/detail-829320707615 HTTP/1.1" 500 2576 "-" "Mozilla/5.0 AppleWebKit/537.36 (KHTML, like Gecko; compatible; ClaudeBot/1.0; +claudebot@anthropic.com)"
216.73.216.99 - - [16/Apr/2026:12:52:07 -0600] "GET /shop-goods/detail-829022239881 HTTP/1.1" 500 2576 "-" "Mozilla/5.0 AppleWebKit/537.36 (KHTML, like Gecko; compatible; ClaudeBot/1.0; +claudebot@anthropic.com)"
47.128.44.219 - - [16/Apr/2026:12:52:11 -0600] "GET /shop-goods/detail-828869180 HTTP/1.1" 500 2576 "-" "Mozilla/5.0 (Linux; Android 5.0) AppleWebKit/537.36 (KHTML, like Gecko) Mobile Safari/537.36 (compatible; Bytespider; spider-feedback@bytedance.com)"
216.73.216.99 - - [16/Apr/2026:12:52:12 -0600] "GET /shop-goods/detail-82925114713 HTTP/1.1" 500 2576 "-" "Mozilla/5.0 AppleWebKit/537.36 (KHTML, like Gecko; compatible; ClaudeBot/1.0; +claudebot@anthropic.com)"
74.7.227.52 - - [16/Apr/2026:12:52:13 -0600] "GET /shop-goods/detail-829317504625 HTTP/1.1" 500 2576 "https://twb.ebh.mybluehost.me/sitemap_shop_941.xml" "Mozilla/5.0 AppleWebKit/537.36 (KHTML, like Gecko; compatible; GPTBot/1.3; +https://openai.com/gptbot)"
40.77.167.8 - - [16/Apr/2026:12:52:16 -0600] "GET /shop-goods/detail-8288347882 HTTP/1.1" 200 192011 "-" "Mozilla/5.0 AppleWebKit/537.36 (KHTML, like Gecko; compatible; bingbot/2.0; +http://www.bing.com/bingbot.htm) Chrome/116.0.1938.76 Safari/537.36"
216.73.216.99 - - [16/Apr/2026:12:52:17 -0600] "GET /shop-goods/detail-829173658591 HTTP/1.1" 500 2576 "-" "Mozilla/5.0 AppleWebKit/537.36 (KHTML, like Gecko; compatible; ClaudeBot/1.0; +claudebot@anthropic.com)"
216.73.216.99 - - [16/Apr/2026:12:52:22 -0600] "GET /shop-goods/detail-829010300891 HTTP/1.1" 500 2576 "-" "Mozilla/5.0 AppleWebKit/537.36 (KHTML, like Gecko; compatible; ClaudeBot/1.0; +claudebot@anthropic.com)"
216.73.216.99 - - [16/Apr/2026:12:52:27 -0600] "GET /shop-goods/detail-82911681253 HTTP/1.1" 500 2576 "-" "Mozilla/5.0 AppleWebKit/537.36 (KHTML, like Gecko; compatible; ClaudeBot/1.0; +claudebot@anthropic.com)"
216.73.216.99 - - [16/Apr/2026:12:52:33 -0600] "GET /shop-goods/detail-82914571492 HTTP/1.1" 500 2576 "-" "Mozilla/5.0 AppleWebKit/537.36 (KHTML, like Gecko; compatible; ClaudeBot/1.0; +claudebot@anthropic.com)"
216.73.216.99 - - [16/Apr/2026:12:52:37 -0600] "GET /shop-goods/detail-829220241003 HTTP/1.1" 500 2576 "-" "Mozilla/5.0 AppleWebKit/537.36 (KHTML, like Gecko; compatible; ClaudeBot/1.0; +claudebot@anthropic.com)"
216.73.216.99 - - [16/Apr/2026:12:52:42 -0600] "GET /shop-goods/detail-828815278894 HTTP/1.1" 500 2576 "-" "Mozilla/5.0 AppleWebKit/537.36 (KHTML, like Gecko; compatible; ClaudeBot/1.0; +claudebot@anthropic.com)"
216.73.216.99 - - [16/Apr/2026:12:52:50 -0600] "GET /shop-goods/detail-829019428219 HTTP/1.1" 500 2576 "-" "Mozilla/5.0 AppleWebKit/537.36 (KHTML, like Gecko; compatible; ClaudeBot/1.0; +claudebot@anthropic.com)"
216.73.216.99 - - [16/Apr/2026:12:52:57 -0600] "GET /shop-goods/detail-829122669782 HTTP/1.1" 500 2576 "-" "Mozilla/5.0 AppleWebKit/537.36 (KHTML, like Gecko; compatible; ClaudeBot/1.0; +claudebot@anthropic.com)"
216.73.216.99 - - [16/Apr/2026:12:53:00 -0600] "GET /shop-goods/detail-829173555647 HTTP/1.1" 500 2576 "-" "Mozilla/5.0 AppleWebKit/537.36 (KHTML, like Gecko; compatible; ClaudeBot/1.0; +claudebot@anthropic.com)"
216.73.216.99 - - [16/Apr/2026:12:53:05 -0600] "GET /shop-goods/detail-828954977063 HTTP/1.1" 500 2576 "-" "Mozilla/5.0 AppleWebKit/537.36 (KHTML, like Gecko; compatible; ClaudeBot/1.0; +claudebot@anthropic.com)"
216.73.216.99 - - [16/Apr/2026:12:53:11 -0600] "GET /shop-goods/detail-82917676970 HTTP/1.1" 500 2576 "-" "Mozilla/5.0 AppleWebKit/537.36 (KHTML, like Gecko; compatible; ClaudeBot/1.0; +claudebot@anthropic.com)"
74.7.227.52 - - [16/Apr/2026:12:53:13 -0600] "GET /shop-goods/detail-829217350364 HTTP/1.1" 500 2576 "https://twb.ebh.mybluehost.me/sitemap_shop_941.xml" "Mozilla/5.0 AppleWebKit/537.36 (KHTML, like Gecko; compatible; GPTBot/1.3; +https://openai.com/gptbot)"
216.73.216.99 - - [16/Apr/2026:12:53:15 -0600] "GET /shop-goods/detail-82935537322 HTTP/1.1" 500 2576 "-" "Mozilla/5.0 AppleWebKit/537.36 (KHTML, like Gecko; compatible; ClaudeBot/1.0; +claudebot@anthropic.com)"
216.73.216.99 - - [16/Apr/2026:12:53:20 -0600] "GET /shop-goods/detail-82917582669 HTTP/1.1" 500 2576 "-" "Mozilla/5.0 AppleWebKit/537.36 (KHTML, like Gecko; compatible; ClaudeBot/1.0; +claudebot@anthropic.com)"
216.73.216.99 - - [16/Apr/2026:12:53:28 -0600] "GET /shop-goods/detail-829067393705 HTTP/1.1" 500 2576 "-" "Mozilla/5.0 AppleWebKit/537.36 (KHTML, like Gecko; compatible; ClaudeBot/1.0; +claudebot@anthropic.com)"
216.73.216.99 - - [16/Apr/2026:12:53:31 -0600] "GET /shop-goods/detail-829043338804 HTTP/1.1" 500 2576 "-" "Mozilla/5.0 AppleWebKit/537.36 (KHTML, like Gecko; compatible; ClaudeBot/1.0; +claudebot@anthropic.com)"
216.73.216.99 - - [16/Apr/2026:12:53:35 -0600] "GET /shop-goods/detail-82893658250 HTTP/1.1" 500 2576 "-" "Mozilla/5.0 AppleWebKit/537.36 (KHTML, like Gecko; compatible; ClaudeBot/1.0; +claudebot@anthropic.com)"
216.73.216.99 - - [16/Apr/2026:12:53:40 -0600] "GET /shop-goods/detail-829226377975 HTTP/1.1" 500 2576 "-" "Mozilla/5.0 AppleWebKit/537.36 (KHTML, like Gecko; compatible; ClaudeBot/1.0; +claudebot@anthropic.com)"
74.7.227.52 - - [16/Apr/2026:12:54:13 -0600] "GET /shop-goods/detail-829013047569 HTTP/1.1" 500 2576 "https://twb.ebh.mybluehost.me/sitemap_index.xml" "Mozilla/5.0 AppleWebKit/537.36 (KHTML, like Gecko; compatible; GPTBot/1.3; +https://openai.com/gptbot)"
15.235.60.218 - - [16/Apr/2026:12:54:14 -0600] "GET /wp-content/uploads/2021/11/bannerslide1-2.jpg HTTP/1.1" 200 69459 "https://thelomad.com/" "Mozilla/5.0 (X11; Linux x86_64) AppleWebKit/537.36 (KHTML, like Gecko) HeadlessChrome/147.0.0.0 Safari/537.36"
15.235.60.218 - - [16/Apr/2026:12:54:14 -0600] "GET /wp-content/uploads/2021/08/AdobeStock_108033031-D.jpg HTTP/1.1" 200 107876 "https://thelomad.com/" "Mozilla/5.0 (X11; Linux x86_64) AppleWebKit/537.36 (KHTML, like Gecko) HeadlessChrome/147.0.0.0 Safari/537.36"
15.235.60.218 - - [16/Apr/2026:12:54:14 -0600] "GET /wp-contentlomad-test.getmad.today/wp-content/uploads/2021/09/AdobeStock_209705558.jpeg HTTP/1.1" 500 2576 "https://thelomad.com/" "Mozilla/5.0 (X11; Linux x86_64) AppleWebKit/537.36 (KHTML, like Gecko) HeadlessChrome/147.0.0.0 Safari/537.36"
15.235.60.218 - - [16/Apr/2026:12:54:14 -0600] "GET /wp-content/uploads/2021/11/bannerslide1-2.jpg HTTP/1.1" 200 69459 "https://thelomad.com/" "Mozilla/5.0 (X11; Linux x86_64) AppleWebKit/537.36 (KHTML, like Gecko) HeadlessChrome/147.0.0.0 Safari/537.36"
15.235.60.218 - - [16/Apr/2026:12:54:14 -0600] "GET /wp-contentlomad-test.getmad.today/wp-content/uploads/2021/09/AdobeStock_443605491-1.jpg HTTP/1.1" 500 2576 "https://thelomad.com/" "Mozilla/5.0 (X11; Linux x86_64) AppleWebKit/537.36 (KHTML, like Gecko) HeadlessChrome/147.0.0.0 Safari/537.36"
15.235.60.218 - - [16/Apr/2026:12:54:15 -0600] "GET /wp-content/uploads/2021/08/AdobeStock_108033031-D.jpg HTTP/1.1" 200 107876 "https://thelomad.com/" "Mozilla/5.0 (X11; Linux x86_64) AppleWebKit/537.36 (KHTML, like Gecko) HeadlessChrome/147.0.0.0 Safari/537.36"
15.235.60.218 - - [16/Apr/2026:12:54:15 -0600] "GET /wp-contentlomad-test.getmad.today/wp-content/uploads/2021/09/AdobeStock_209705558.jpeg HTTP/1.1" 500 2576 "https://thelomad.com/" "Mozilla/5.0 (X11; Linux x86_64) AppleWebKit/537.36 (KHTML, like Gecko) HeadlessChrome/147.0.0.0 Safari/537.36"
15.235.60.218 - - [16/Apr/2026:12:54:15 -0600] "GET /wp-contentlomad-test.getmad.today/wp-content/uploads/2021/09/AdobeStock_443605491-1.jpg HTTP/1.1" 500 2576 "https://thelomad.com/" "Mozilla/5.0 (X11; Linux x86_64) AppleWebKit/537.36 (KHTML, like Gecko) HeadlessChrome/147.0.0.0 Safari/537.36"
24.39.7.154 - - [16/Apr/2026:12:54:22 -0600] "GET / HTTP/1.1" 301 273 "https://duckduckgo.com/" "Mozilla/5.0 (Windows NT 10.0; Win64; x64) AppleWebKit/537.36 (KHTML, like Gecko) Chrome/147.0.0.0 Safari/537.36"
15.235.60.218 - - [16/Apr/2026:12:54:23 -0600] "GET /wp-content/uploads/2021/11/bannerslide3.jpeg HTTP/1.1" 200 98646 "https://thelomad.com/" "Mozilla/5.0 (X11; Linux x86_64) AppleWebKit/537.36 (KHTML, like Gecko) HeadlessChrome/147.0.0.0 Safari/537.36"
15.235.60.218 - - [16/Apr/2026:12:54:23 -0600] "GET /wp-content/uploads/2021/11/bannerslid2.jpeg HTTP/1.1" 200 99293 "https://thelomad.com/" "Mozilla/5.0 (X11; Linux x86_64) AppleWebKit/537.36 (KHTML, like Gecko) HeadlessChrome/147.0.0.0 Safari/537.36"
15.235.60.218 - - [16/Apr/2026:12:54:23 -0600] "GET /wp-content/uploads/2022/09/LOMAD-Logo-190x120-1.jpg HTTP/1.1" 200 13167 "https://thelomad.com/" "Mozilla/5.0 (X11; Linux x86_64) AppleWebKit/537.36 (KHTML, like Gecko) HeadlessChrome/147.0.0.0 Safari/537.36"
15.235.60.218 - - [16/Apr/2026:12:54:24 -0600] "GET /wp-content/uploads/2021/09/MWBE-Logo-300x141-1.png HTTP/1.1" 200 30999 "https://thelomad.com/" "Mozilla/5.0 (X11; Linux x86_64) AppleWebKit/537.36 (KHTML, like Gecko) HeadlessChrome/147.0.0.0 Safari/537.36"
15.235.60.218 - - [16/Apr/2026:12:54:25 -0600] "GET /wp-content/uploads/2021/11/bannerslid2.jpeg HTTP/1.1" 200 99293 "https://thelomad.com/" "Mozilla/5.0 (X11; Linux x86_64) AppleWebKit/537.36 (KHTML, like Gecko) HeadlessChrome/147.0.0.0 Safari/537.36"
15.235.60.218 - - [16/Apr/2026:12:54:25 -0600] "GET /wp-content/uploads/2021/11/bannerslide3.jpeg HTTP/1.1" 200 98646 "https://thelomad.com/" "Mozilla/5.0 (X11; Linux x86_64) AppleWebKit/537.36 (KHTML, like Gecko) HeadlessChrome/147.0.0.0 Safari/537.36"
15.235.60.218 - - [16/Apr/2026:12:54:26 -0600] "GET /wp-content/uploads/2022/09/LOMAD-Logo-190x120-1.jpg HTTP/1.1" 200 13167 "https://thelomad.com/" "Mozilla/5.0 (X11; Linux x86_64) AppleWebKit/537.36 (KHTML, like Gecko) HeadlessChrome/147.0.0.0 Safari/537.36"
15.235.60.218 - - [16/Apr/2026:12:54:26 -0600] "GET /wp-content/uploads/2021/09/MWBE-Logo-300x141-1.png HTTP/1.1" 200 30999 "https://thelomad.com/" "Mozilla/5.0 (X11; Linux x86_64) AppleWebKit/537.36 (KHTML, like Gecko) HeadlessChrome/147.0.0.0 Safari/537.36"
24.39.7.154 - - [16/Apr/2026:12:54:26 -0600] "GET /wp-content/uploads/2021/11/bannerslide1-2.jpg HTTP/1.1" 200 69459 "https://thelomad.com/" "Mozilla/5.0 (Windows NT 10.0; Win64; x64) AppleWebKit/537.36 (KHTML, like Gecko) Chrome/147.0.0.0 Safari/537.36"
24.39.7.154 - - [16/Apr/2026:12:54:26 -0600] "GET /wp-content/uploads/2021/08/AdobeStock_108033031-D.jpg HTTP/1.1" 200 107876 "https://thelomad.com/" "Mozilla/5.0 (Windows NT 10.0; Win64; x64) AppleWebKit/537.36 (KHTML, like Gecko) Chrome/147.0.0.0 Safari/537.36"
24.39.7.154 - - [16/Apr/2026:12:54:27 -0600] "GET /wp-content/uploads/2021/11/bannerslide3.jpeg HTTP/1.1" 200 98646 "https://thelomad.com/" "Mozilla/5.0 (Windows NT 10.0; Win64; x64) AppleWebKit/537.36 (KHTML, like Gecko) Chrome/147.0.0.0 Safari/537.36"
24.39.7.154 - - [16/Apr/2026:12:54:27 -0600] "GET /wp-content/uploads/2021/11/bannerslid2.jpeg HTTP/1.1" 200 99293 "https://thelomad.com/" "Mozilla/5.0 (Windows NT 10.0; Win64; x64) AppleWebKit/537.36 (KHTML, like Gecko) Chrome/147.0.0.0 Safari/537.36"
24.39.7.154 - - [16/Apr/2026:12:54:26 -0600] "GET /wp-contentlomad-test.getmad.today/wp-content/uploads/2021/09/AdobeStock_209705558.jpeg HTTP/1.1" 500 2576 "https://thelomad.com/" "Mozilla/5.0 (Windows NT 10.0; Win64; x64) AppleWebKit/537.36 (KHTML, like Gecko) Chrome/147.0.0.0 Safari/537.36"
24.39.7.154 - - [16/Apr/2026:12:54:26 -0600] "GET /wp-contentlomad-test.getmad.today/wp-content/uploads/2021/09/AdobeStock_443605491-1.jpg HTTP/1.1" 500 2576 "https://thelomad.com/" "Mozilla/5.0 (Windows NT 10.0; Win64; x64) AppleWebKit/537.36 (KHTML, like Gecko) Chrome/147.0.0.0 Safari/537.36"
24.39.7.154 - - [16/Apr/2026:12:54:27 -0600] "GET /wp-content/uploads/2022/09/LOMAD-Logo-190x120-1.jpg HTTP/1.1" 200 13167 "https://thelomad.com/" "Mozilla/5.0 (Windows NT 10.0; Win64; x64) AppleWebKit/537.36 (KHTML, like Gecko) Chrome/147.0.0.0 Safari/537.36"
24.39.7.154 - - [16/Apr/2026:12:54:27 -0600] "GET /wp-content/uploads/2021/09/MWBE-Logo-300x141-1.png HTTP/1.1" 200 30999 "https://thelomad.com/" "Mozilla/5.0 (Windows NT 10.0; Win64; x64) AppleWebKit/537.36 (KHTML, like Gecko) Chrome/147.0.0.0 Safari/537.36"
216.73.216.99 - - [16/Apr/2026:12:54:27 -0600] "GET /shop-goods/detail-82935571225 HTTP/1.1" 500 2576 "-" "Mozilla/5.0 AppleWebKit/537.36 (KHTML, like Gecko; compatible; ClaudeBot/1.0; +claudebot@anthropic.com)"
216.73.216.99 - - [16/Apr/2026:12:54:32 -0600] "GET /shop-goods/detail-829146668172 HTTP/1.1" 500 2576 "-" "Mozilla/5.0 AppleWebKit/537.36 (KHTML, like Gecko; compatible; ClaudeBot/1.0; +claudebot@anthropic.com)"
216.73.216.99 - - [16/Apr/2026:12:54:37 -0600] "GET /shop-goods/detail-829232034689 HTTP/1.1" 500 2576 "-" "Mozilla/5.0 AppleWebKit/537.36 (KHTML, like Gecko; compatible; ClaudeBot/1.0; +claudebot@anthropic.com)"
216.73.216.99 - - [16/Apr/2026:12:54:42 -0600] "GET /shop-goods/detail-829116815544 HTTP/1.1" 500 2576 "-" "Mozilla/5.0 AppleWebKit/537.36 (KHTML, like Gecko; compatible; ClaudeBot/1.0; +claudebot@anthropic.com)"
216.73.216.99 - - [16/Apr/2026:12:54:47 -0600] "GET /shop-goods/detail-829116948874 HTTP/1.1" 500 2576 "-" "Mozilla/5.0 AppleWebKit/537.36 (KHTML, like Gecko; compatible; ClaudeBot/1.0; +claudebot@anthropic.com)"
24.39.7.154 - - [16/Apr/2026:12:54:51 -0600] "GET /wp-content/uploads/2021/10/Brian_Prince-1_pp.jpg HTTP/1.1" 200 12748 "https://thelomad.com/" "Mozilla/5.0 (Windows NT 10.0; Win64; x64) AppleWebKit/537.36 (KHTML, like Gecko) Chrome/147.0.0.0 Safari/537.36"
24.39.7.154 - - [16/Apr/2026:12:54:51 -0600] "GET /wp-content/uploads/2021/10/Melanie_Daly-1_pp.jpg HTTP/1.1" 200 10811 "https://thelomad.com/" "Mozilla/5.0 (Windows NT 10.0; Win64; x64) AppleWebKit/537.36 (KHTML, like Gecko) Chrome/147.0.0.0 Safari/537.36"
216.73.216.99 - - [16/Apr/2026:12:54:52 -0600] "GET /shop-goods/detail-829347982195 HTTP/1.1" 500 2576 "-" "Mozilla/5.0 AppleWebKit/537.36 (KHTML, like Gecko; compatible; ClaudeBot/1.0; +claudebot@anthropic.com)"
216.73.216.99 - - [16/Apr/2026:12:54:57 -0600] "GET /shop-goods/detail-82911967049 HTTP/1.1" 500 2576 "-" "Mozilla/5.0 AppleWebKit/537.36 (KHTML, like Gecko; compatible; ClaudeBot/1.0; +claudebot@anthropic.com)"
24.39.7.154 - - [16/Apr/2026:12:54:58 -0600] "GET /wp-content/uploads/2021/10/Brendan_Shannon_pp.jpg HTTP/1.1" 200 10706 "https://thelomad.com/" "Mozilla/5.0 (Windows NT 10.0; Win64; x64) AppleWebKit/537.36 (KHTML, like Gecko) Chrome/147.0.0.0 Safari/537.36"
24.39.7.154 - - [16/Apr/2026:12:55:00 -0600] "GET /wp-content/uploads/2021/09/Andrew_Gould_pp.jpg HTTP/1.1" 200 11834 "https://thelomad.com/" "Mozilla/5.0 (Windows NT 10.0; Win64; x64) AppleWebKit/537.36 (KHTML, like Gecko) Chrome/147.0.0.0 Safari/537.36"
24.39.7.154 - - [16/Apr/2026:12:55:01 -0600] "GET /wp-content/uploads/2021/10/Vicki_L_Buehler-1_pp.jpg HTTP/1.1" 200 13036 "https://thelomad.com/" "Mozilla/5.0 (Windows NT 10.0; Win64; x64) AppleWebKit/537.36 (KHTML, like Gecko) Chrome/147.0.0.0 Safari/537.36"
216.73.216.99 - - [16/Apr/2026:12:55:04 -0600] "GET /shop-goods/detail-829155572779 HTTP/1.1" 404 - "-" "Mozilla/5.0 AppleWebKit/537.36 (KHTML, like Gecko; compatible; ClaudeBot/1.0; +claudebot@anthropic.com)"
216.73.216.99 - - [16/Apr/2026:12:55:07 -0600] "GET /shop-goods/detail-828921719980 HTTP/1.1" 404 - "-" "Mozilla/5.0 AppleWebKit/537.36 (KHTML, like Gecko; compatible; ClaudeBot/1.0; +claudebot@anthropic.com)"
24.39.7.154 - - [16/Apr/2026:12:55:11 -0600] "GET /wp-content/uploads/2022/09/Maria-Lua300X300.jpg HTTP/1.1" 200 21468 "https://thelomad.com/" "Mozilla/5.0 (Windows NT 10.0; Win64; x64) AppleWebKit/537.36 (KHTML, like Gecko) Chrome/147.0.0.0 Safari/537.36"
216.73.216.99 - - [16/Apr/2026:12:55:12 -0600] "GET /shop-goods/detail-829356625610 HTTP/1.1" 404 - "-" "Mozilla/5.0 AppleWebKit/537.36 (KHTML, like Gecko; compatible; ClaudeBot/1.0; +claudebot@anthropic.com)"
74.7.227.52 - - [16/Apr/2026:12:55:14 -0600] "GET /shop-goods/detail-829317681045 HTTP/1.1" 404 - "https://twb.ebh.mybluehost.me/sitemap_shop_941.xml" "Mozilla/5.0 AppleWebKit/537.36 (KHTML, like Gecko; compatible; GPTBot/1.3; +https://openai.com/gptbot)"
216.73.216.99 - - [16/Apr/2026:12:55:17 -0600] "GET /shop-goods/detail-829274465695 HTTP/1.1" 404 - "-" "Mozilla/5.0 AppleWebKit/537.36 (KHTML, like Gecko; compatible; ClaudeBot/1.0; +claudebot@anthropic.com)"
122.55.94.34 - - [16/Apr/2026:12:55:19 -0600] "GET /wp-content/uploads/2022/09/LOMAD-Logo-190x120-1.jpg HTTP/1.1" 200 13167 "https://thelomad.com/" "Mozilla/5.0 (Windows NT 10.0; Win64; x64) AppleWebKit/537.36 (KHTML, like Gecko) Chrome/147.0.0.0 Safari/537.36"
122.55.94.34 - - [16/Apr/2026:12:55:19 -0600] "GET /wp-content/uploads/2021/09/MWBE-Logo-300x141-1.png HTTP/1.1" 200 30999 "https://thelomad.com/" "Mozilla/5.0 (Windows NT 10.0; Win64; x64) AppleWebKit/537.36 (KHTML, like Gecko) Chrome/147.0.0.0 Safari/537.36"
216.73.216.99 - - [16/Apr/2026:12:55:22 -0600] "GET /shop-goods/detail-828951872738 HTTP/1.1" 404 - "-" "Mozilla/5.0 AppleWebKit/537.36 (KHTML, like Gecko; compatible; ClaudeBot/1.0; +claudebot@anthropic.com)"
216.73.216.99 - - [16/Apr/2026:12:55:35 -0600] "GET /shop-goods/detail-829329797014 HTTP/1.1" 404 - "-" "Mozilla/5.0 AppleWebKit/537.36 (KHTML, like Gecko; compatible; ClaudeBot/1.0; +claudebot@anthropic.com)"
216.73.216.99 - - [16/Apr/2026:12:55:38 -0600] "GET /shop-goods/detail-82883083891 HTTP/1.1" 500 2576 "-" "Mozilla/5.0 AppleWebKit/537.36 (KHTML, like Gecko; compatible; ClaudeBot/1.0; +claudebot@anthropic.com)"
216.73.216.99 - - [16/Apr/2026:12:55:43 -0600] "GET /shop-goods/detail-82886068889 HTTP/1.1" 500 2576 "-" "Mozilla/5.0 AppleWebKit/537.36 (KHTML, like Gecko; compatible; ClaudeBot/1.0; +claudebot@anthropic.com)"
216.73.216.99 - - [16/Apr/2026:12:55:48 -0600] "GET /shop-goods/detail-82883362271 HTTP/1.1" 500 2576 "-" "Mozilla/5.0 AppleWebKit/537.36 (KHTML, like Gecko; compatible; ClaudeBot/1.0; +claudebot@anthropic.com)"
199.45.154.117 - - [16/Apr/2026:12:55:51 -0600] "GET / HTTP/1.1" 500 2576 "-" "Mozilla/5.0 (compatible; CensysInspect/1.1; +https://about.censys.io/)"
216.73.216.99 - - [16/Apr/2026:12:55:53 -0600] "GET /shop-goods/detail-829323976185 HTTP/1.1" 500 2576 "-" "Mozilla/5.0 AppleWebKit/537.36 (KHTML, like Gecko; compatible; ClaudeBot/1.0; +claudebot@anthropic.com)"
216.73.216.99 - - [16/Apr/2026:12:55:58 -0600] "GET /shop-goods/detail-82904310331 HTTP/1.1" 500 2576 "-" "Mozilla/5.0 AppleWebKit/537.36 (KHTML, like Gecko; compatible; ClaudeBot/1.0; +claudebot@anthropic.com)"
216.73.216.99 - - [16/Apr/2026:12:56:03 -0600] "GET /shop-goods/detail-82883349531 HTTP/1.1" 500 2576 "-" "Mozilla/5.0 AppleWebKit/537.36 (KHTML, like Gecko; compatible; ClaudeBot/1.0; +claudebot@anthropic.com)"
119.13.211.110 - - [16/Apr/2026:12:56:11 -0600] "GET /wp-contentlomad-test.getmad.today/wp-content/uploads/2021/09/AdobeStock_209705558.jpeg HTTP/1.1" 404 - "https://thelomad.com/" "Mozilla/5.0 (X11; Linux x86_64) AppleWebKit/537.36 (KHTML, like Gecko) HeadlessChrome/106.0.5249.30 Safari/537.36"
213.188.95.86 - - [16/Apr/2026:12:56:11 -0600] "GET /wp-content/uploads/2021/11/bannerslide1-2.jpg HTTP/1.1" 200 69459 "https://thelomad.com/" "Mozilla/5.0 (X11; Linux x86_64) AppleWebKit/537.36 (KHTML, like Gecko) HeadlessChrome/106.0.5249.30 Safari/537.36"
216.73.216.99 - - [16/Apr/2026:12:56:11 -0600] "GET /shop-goods/detail-828818171355 HTTP/1.1" 404 - "-" "Mozilla/5.0 AppleWebKit/537.36 (KHTML, like Gecko; compatible; ClaudeBot/1.0; +claudebot@anthropic.com)"
213.188.95.86 - - [16/Apr/2026:12:56:11 -0600] "GET /wp-contentlomad-test.getmad.today/wp-content/uploads/2021/09/AdobeStock_443605491-1.jpg HTTP/1.1" 404 - "https://thelomad.com/" "Mozilla/5.0 (X11; Linux x86_64) AppleWebKit/537.36 (KHTML, like Gecko) HeadlessChrome/106.0.5249.30 Safari/537.36"
152.39.248.138 - - [16/Apr/2026:12:56:11 -0600] "GET /wp-content/uploads/2021/08/AdobeStock_108033031-D.jpg HTTP/1.1" 200 107876 "https://thelomad.com/" "Mozilla/5.0 (X11; Linux x86_64) AppleWebKit/537.36 (KHTML, like Gecko) HeadlessChrome/106.0.5249.30 Safari/537.36"
152.39.248.138 - - [16/Apr/2026:12:56:11 -0600] "GET /wp-content/uploads/2021/11/bannerslid2.jpeg HTTP/1.1" 200 99293 "https://thelomad.com/" "Mozilla/5.0 (X11; Linux x86_64) AppleWebKit/537.36 (KHTML, like Gecko) HeadlessChrome/106.0.5249.30 Safari/537.36"
119.13.195.27 - - [16/Apr/2026:12:56:11 -0600] "GET /wp-content/uploads/2021/11/bannerslide3.jpeg HTTP/1.1" 200 98646 "https://thelomad.com/" "Mozilla/5.0 (X11; Linux x86_64) AppleWebKit/537.36 (KHTML, like Gecko) HeadlessChrome/106.0.5249.30 Safari/537.36"
152.39.248.138 - - [16/Apr/2026:12:56:11 -0600] "GET /wp-content/uploads/2022/09/LOMAD-Logo-190x120-1.jpg HTTP/1.1" 200 13167 "https://thelomad.com/" "Mozilla/5.0 (X11; Linux x86_64) AppleWebKit/537.36 (KHTML, like Gecko) HeadlessChrome/106.0.5249.30 Safari/537.36"
119.13.195.27 - - [16/Apr/2026:12:56:12 -0600] "GET /wp-content/uploads/2021/09/MWBE-Logo-300x141-1.png HTTP/1.1" 200 30999 "https://thelomad.com/" "Mozilla/5.0 (X11; Linux x86_64) AppleWebKit/537.36 (KHTML, like Gecko) HeadlessChrome/106.0.5249.30 Safari/537.36"
47.128.44.32 - - [16/Apr/2026:12:56:12 -0600] "GET /shop-goods/detail-82901388457 HTTP/1.1" 404 - "-" "Mozilla/5.0 (Linux; Android 5.0) AppleWebKit/537.36 (KHTML, like Gecko) Mobile Safari/537.36 (compatible; Bytespider; spider-feedback@bytedance.com)"
119.13.195.27 - - [16/Apr/2026:12:56:12 -0600] "GET /wp-content/uploads/2021/08/AdobeStock_108033031-M.jpg HTTP/1.1" 200 27739 "https://thelomad.com/" "Mozilla/5.0 (X11; Linux x86_64) AppleWebKit/537.36 (KHTML, like Gecko) HeadlessChrome/106.0.5249.30 Safari/537.36"
216.73.216.99 - - [16/Apr/2026:12:56:13 -0600] "GET /shop-goods/detail-82886449634 HTTP/1.1" 404 - "-" "Mozilla/5.0 AppleWebKit/537.36 (KHTML, like Gecko; compatible; ClaudeBot/1.0; +claudebot@anthropic.com)"
216.73.216.99 - - [16/Apr/2026:12:56:18 -0600] "GET /shop-goods/detail-82883067283 HTTP/1.1" 404 - "-" "Mozilla/5.0 AppleWebKit/537.36 (KHTML, like Gecko; compatible; ClaudeBot/1.0; +claudebot@anthropic.com)"
74.7.227.52 - - [16/Apr/2026:12:56:20 -0600] "GET /shop-goods/detail-829317640095 HTTP/1.1" 404 - "https://twb.ebh.mybluehost.me/sitemap_shop_941.xml" "Mozilla/5.0 AppleWebKit/537.36 (KHTML, like Gecko; compatible; GPTBot/1.3; +https://openai.com/gptbot)"
216.73.216.99 - - [16/Apr/2026:12:56:23 -0600] "GET /shop-goods/detail-82907275849 HTTP/1.1" 404 - "-" "Mozilla/5.0 AppleWebKit/537.36 (KHTML, like Gecko; compatible; ClaudeBot/1.0; +claudebot@anthropic.com)"
216.73.216.99 - - [16/Apr/2026:12:56:28 -0600] "GET /shop-goods/detail-829013314503 HTTP/1.1" 404 - "-" "Mozilla/5.0 AppleWebKit/537.36 (KHTML, like Gecko; compatible; ClaudeBot/1.0; +claudebot@anthropic.com)"
139.59.40.89 - - [16/Apr/2026:12:56:29 -0600] "GET / HTTP/1.1" 500 2576 "-" "Mozilla/5.0 (X11; Linux x86_64) AppleWebKit/537.36 (KHTML, like Gecko) Chrome/142.0.0.0 Safari/537.36"
216.73.216.99 - - [16/Apr/2026:12:56:33 -0600] "GET /shop-goods/detail-82904431341 HTTP/1.1" 404 - "-" "Mozilla/5.0 AppleWebKit/537.36 (KHTML, like Gecko; compatible; ClaudeBot/1.0; +claudebot@anthropic.com)"
222.127.103.194 - - [16/Apr/2026:12:56:35 -0600] "GET /wp-content/uploads/2021/09/MWBE-Logo-300x141-1.png HTTP/1.1" 200 30999 "http://thelomad.com/" "Mozilla/5.0 (Windows NT 10.0; Win64; x64) AppleWebKit/537.36 (KHTML, like Gecko) Chrome/147.0.0.0 Safari/537.36"
161.49.162.66 - - [16/Apr/2026:12:56:35 -0600] "GET /wp-content/uploads/2022/09/LOMAD-Logo-190x120-1.jpg HTTP/1.1" 200 13167 "http://thelomad.com/" "Mozilla/5.0 (Windows NT 10.0; Win64; x64) AppleWebKit/537.36 (KHTML, like Gecko) Chrome/147.0.0.0 Safari/537.36"
139.59.40.89 - - [16/Apr/2026:12:56:36 -0600] "GET /favicon.ico HTTP/1.1" 404 - "https://getmad.today/" "Mozilla/5.0 (X11; Linux x86_64) AppleWebKit/537.36 (KHTML, like Gecko) Chrome/142.0.0.0 Safari/537.36"
216.73.216.99 - - [16/Apr/2026:12:56:38 -0600] "GET /shop-goods/detail-82886194893 HTTP/1.1" 404 - "-" "Mozilla/5.0 AppleWebKit/537.36 (KHTML, like Gecko; compatible; ClaudeBot/1.0; +claudebot@anthropic.com)"
216.73.216.99 - - [16/Apr/2026:12:56:43 -0600] "GET /shop-goods/detail-82893874333 HTTP/1.1" 404 - "-" "Mozilla/5.0 AppleWebKit/537.36 (KHTML, like Gecko; compatible; ClaudeBot/1.0; +claudebot@anthropic.com)"
216.73.216.99 - - [16/Apr/2026:12:56:48 -0600] "GET /shop-goods/detail-82886172247 HTTP/1.1" 404 - "-" "Mozilla/5.0 AppleWebKit/537.36 (KHTML, like Gecko; compatible; ClaudeBot/1.0; +claudebot@anthropic.com)"
52.255.111.13 - - [16/Apr/2026:12:56:46 -0600] "GET / HTTP/1.1" 500 2576 "-" "Mozilla/5.0 AppleWebKit/537.36 (KHTML, like Gecko); compatible; ChatGPT-User/1.0; +https://openai.com/bot"
216.73.216.99 - - [16/Apr/2026:12:56:53 -0600] "GET /shop-goods/detail-82907261472 HTTP/1.1" 404 - "-" "Mozilla/5.0 AppleWebKit/537.36 (KHTML, like Gecko; compatible; ClaudeBot/1.0; +claudebot@anthropic.com)"
216.73.216.99 - - [16/Apr/2026:12:56:58 -0600] "GET /shop-goods/detail-82935563847 HTTP/1.1" 404 - "-" "Mozilla/5.0 AppleWebKit/537.36 (KHTML, like Gecko; compatible; ClaudeBot/1.0; +claudebot@anthropic.com)"
216.73.216.99 - - [16/Apr/2026:12:57:03 -0600] "GET /shop-goods/detail-829314695634 HTTP/1.1" 404 - "-" "Mozilla/5.0 AppleWebKit/537.36 (KHTML, like Gecko; compatible; ClaudeBot/1.0; +claudebot@anthropic.com)"
216.73.216.99 - - [16/Apr/2026:12:57:08 -0600] "GET /shop-goods/detail-82935927733 HTTP/1.1" 404 - "-" "Mozilla/5.0 AppleWebKit/537.36 (KHTML, like Gecko; compatible; ClaudeBot/1.0; +claudebot@anthropic.com)"
216.73.216.99 - - [16/Apr/2026:12:57:13 -0600] "GET /shop-goods/detail-82907041888 HTTP/1.1" 404 - "-" "Mozilla/5.0 AppleWebKit/537.36 (KHTML, like Gecko; compatible; ClaudeBot/1.0; +claudebot@anthropic.com)"
216.73.216.99 - - [16/Apr/2026:12:57:19 -0600] "GET /shop-goods/detail-82935824336 HTTP/1.1" 404 - "-" "Mozilla/5.0 AppleWebKit/537.36 (KHTML, like Gecko; compatible; ClaudeBot/1.0; +claudebot@anthropic.com)"
74.7.227.52 - - [16/Apr/2026:12:57:22 -0600] "GET /shop-goods/detail-829311650749 HTTP/1.1" 404 - "https://twb.ebh.mybluehost.me/sitemap_index.xml" "Mozilla/5.0 AppleWebKit/537.36 (KHTML, like Gecko; compatible; GPTBot/1.3; +https://openai.com/gptbot)"
216.73.216.99 - - [16/Apr/2026:12:57:23 -0600] "GET /shop-goods/detail-82907033032 HTTP/1.1" 404 - "-" "Mozilla/5.0 AppleWebKit/537.36 (KHTML, like Gecko; compatible; ClaudeBot/1.0; +claudebot@anthropic.com)"
216.73.216.99 - - [16/Apr/2026:12:57:28 -0600] "GET /shop-goods/detail-82925264156 HTTP/1.1" 404 - "-" "Mozilla/5.0 AppleWebKit/537.36 (KHTML, like Gecko; compatible; ClaudeBot/1.0; +claudebot@anthropic.com)"
216.73.216.99 - - [16/Apr/2026:12:57:33 -0600] "GET /shop-goods/detail-829094420266 HTTP/1.1" 404 - "-" "Mozilla/5.0 AppleWebKit/537.36 (KHTML, like Gecko; compatible; ClaudeBot/1.0; +claudebot@anthropic.com)"
216.73.216.99 - - [16/Apr/2026:12:57:38 -0600] "GET /shop-goods/detail-82938993988 HTTP/1.1" 404 - "-" "Mozilla/5.0 AppleWebKit/537.36 (KHTML, like Gecko; compatible; ClaudeBot/1.0; +claudebot@anthropic.com)"
216.73.216.99 - - [16/Apr/2026:12:57:43 -0600] "GET /shop-goods/detail-82911700689 HTTP/1.1" 404 - "-" "Mozilla/5.0 AppleWebKit/537.36 (KHTML, like Gecko; compatible; ClaudeBot/1.0; +claudebot@anthropic.com)"
216.73.216.99 - - [16/Apr/2026:12:57:48 -0600] "GET /shop-goods/detail-829226250073 HTTP/1.1" 404 - "-" "Mozilla/5.0 AppleWebKit/537.36 (KHTML, like Gecko; compatible; ClaudeBot/1.0; +claudebot@anthropic.com)"
216.73.216.99 - - [16/Apr/2026:12:57:53 -0600] "GET /shop-goods/detail-828933584528 HTTP/1.1" 404 - "-" "Mozilla/5.0 AppleWebKit/537.36 (KHTML, like Gecko; compatible; ClaudeBot/1.0; +claudebot@anthropic.com)"
216.73.216.99 - - [16/Apr/2026:12:57:58 -0600] "GET /shop-goods/detail-82896837356 HTTP/1.1" 404 - "-" "Mozilla/5.0 AppleWebKit/537.36 (KHTML, like Gecko; compatible; ClaudeBot/1.0; +claudebot@anthropic.com)"
216.73.216.99 - - [16/Apr/2026:12:58:03 -0600] "GET /shop-goods/detail-82935866857 HTTP/1.1" 404 - "-" "Mozilla/5.0 AppleWebKit/537.36 (KHTML, like Gecko; compatible; ClaudeBot/1.0; +claudebot@anthropic.com)"
216.73.216.99 - - [16/Apr/2026:12:58:08 -0600] "GET /shop-goods/detail-829013052279 HTTP/1.1" 404 - "-" "Mozilla/5.0 AppleWebKit/537.36 (KHTML, like Gecko; compatible; ClaudeBot/1.0; +claudebot@anthropic.com)"
216.73.216.99 - - [16/Apr/2026:12:58:13 -0600] "GET /shop-goods/detail-829344929674 HTTP/1.1" 404 - "-" "Mozilla/5.0 AppleWebKit/537.36 (KHTML, like Gecko; compatible; ClaudeBot/1.0; +claudebot@anthropic.com)"
216.73.216.99 - - [16/Apr/2026:12:58:24 -0600] "GET /shop-goods/detail-82914686009 HTTP/1.1" 404 - "-" "Mozilla/5.0 AppleWebKit/537.36 (KHTML, like Gecko; compatible; ClaudeBot/1.0; +claudebot@anthropic.com)"
74.7.227.52 - - [16/Apr/2026:12:58:27 -0600] "GET /shop-goods/detail-829317543064 HTTP/1.1" 404 - "https://twb.ebh.mybluehost.me/sitemap_shop_941.xml" "Mozilla/5.0 AppleWebKit/537.36 (KHTML, like Gecko; compatible; GPTBot/1.3; +https://openai.com/gptbot)"
216.73.216.99 - - [16/Apr/2026:12:58:28 -0600] "GET /shop-goods/detail-829146658403 HTTP/1.1" 404 - "-" "Mozilla/5.0 AppleWebKit/537.36 (KHTML, like Gecko; compatible; ClaudeBot/1.0; +claudebot@anthropic.com)"
216.73.216.99 - - [16/Apr/2026:12:58:34 -0600] "GET /shop-goods/detail-829368702835 HTTP/1.1" 404 - "-" "Mozilla/5.0 AppleWebKit/537.36 (KHTML, like Gecko; compatible; ClaudeBot/1.0; +claudebot@anthropic.com)"
216.73.216.99 - - [16/Apr/2026:12:58:38 -0600] "GET /shop-goods/detail-82886238667 HTTP/1.1" 404 - "-" "Mozilla/5.0 AppleWebKit/537.36 (KHTML, like Gecko; compatible; ClaudeBot/1.0; +claudebot@anthropic.com)"
216.73.216.99 - - [16/Apr/2026:12:58:49 -0600] "GET /shop-goods/detail-829091011147 HTTP/1.1" 404 - "-" "Mozilla/5.0 AppleWebKit/537.36 (KHTML, like Gecko; compatible; ClaudeBot/1.0; +claudebot@anthropic.com)"
216.73.216.99 - - [16/Apr/2026:12:58:53 -0600] "GET /shop-goods/detail-82907163192 HTTP/1.1" 404 - "-" "Mozilla/5.0 AppleWebKit/537.36 (KHTML, like Gecko; compatible; ClaudeBot/1.0; +claudebot@anthropic.com)"
216.73.216.99 - - [16/Apr/2026:12:58:58 -0600] "GET /shop-goods/detail-828912964268 HTTP/1.1" 404 - "-" "Mozilla/5.0 AppleWebKit/537.36 (KHTML, like Gecko; compatible; ClaudeBot/1.0; +claudebot@anthropic.com)"
216.73.216.99 - - [16/Apr/2026:12:59:03 -0600] "GET /shop-goods/detail-82925174568 HTTP/1.1" 404 - "-" "Mozilla/5.0 AppleWebKit/537.36 (KHTML, like Gecko; compatible; ClaudeBot/1.0; +claudebot@anthropic.com)"
216.73.216.99 - - [16/Apr/2026:12:59:08 -0600] "GET /shop-goods/detail-82914709623 HTTP/1.1" 404 - "-" "Mozilla/5.0 AppleWebKit/537.36 (KHTML, like Gecko; compatible; ClaudeBot/1.0; +claudebot@anthropic.com)"
216.73.216.99 - - [16/Apr/2026:12:59:13 -0600] "GET /shop-goods/detail-828812141542 HTTP/1.1" 404 - "-" "Mozilla/5.0 AppleWebKit/537.36 (KHTML, like Gecko; compatible; ClaudeBot/1.0; +claudebot@anthropic.com)"
216.73.216.99 - - [16/Apr/2026:12:59:24 -0600] "GET /shop-goods/detail-82935814814 HTTP/1.1" 404 - "-" "Mozilla/5.0 AppleWebKit/537.36 (KHTML, like Gecko; compatible; ClaudeBot/1.0; +claudebot@anthropic.com)"
216.73.216.99 - - [16/Apr/2026:12:59:28 -0600] "GET /shop-goods/detail-82925309669 HTTP/1.1" 404 - "-" "Mozilla/5.0 AppleWebKit/537.36 (KHTML, like Gecko; compatible; ClaudeBot/1.0; +claudebot@anthropic.com)"
74.7.227.52 - - [16/Apr/2026:12:59:31 -0600] "GET /shop-goods/detail-829085471623 HTTP/1.1" 404 - "https://twb.ebh.mybluehost.me/sitemap_shop_972.xml" "Mozilla/5.0 AppleWebKit/537.36 (KHTML, like Gecko; compatible; GPTBot/1.3; +https://openai.com/gptbot)"
216.73.216.99 - - [16/Apr/2026:12:59:33 -0600] "GET /shop-goods/detail-829070299345 HTTP/1.1" 404 - "-" "Mozilla/5.0 AppleWebKit/537.36 (KHTML, like Gecko; compatible; ClaudeBot/1.0; +claudebot@anthropic.com)"
216.73.216.99 - - [16/Apr/2026:12:59:38 -0600] "GET /shop-goods/detail-829131888613 HTTP/1.1" 404 - "-" "Mozilla/5.0 AppleWebKit/537.36 (KHTML, like Gecko; compatible; ClaudeBot/1.0; +claudebot@anthropic.com)"
216.73.216.99 - - [16/Apr/2026:12:59:43 -0600] "GET /shop-goods/detail-828930947573 HTTP/1.1" 404 - "-" "Mozilla/5.0 AppleWebKit/537.36 (KHTML, like Gecko; compatible; ClaudeBot/1.0; +claudebot@anthropic.com)"
216.73.216.99 - - [16/Apr/2026:12:59:48 -0600] "GET /shop-goods/detail-82899605088 HTTP/1.1" 404 - "-" "Mozilla/5.0 AppleWebKit/537.36 (KHTML, like Gecko; compatible; ClaudeBot/1.0; +claudebot@anthropic.com)"
17.246.23.77 - - [16/Apr/2026:12:59:49 -0600] "GET /the-team/workers-compensation-team/melissa-a-day/ HTTP/1.1" 404 - "-" "Mozilla/5.0 (Macintosh; Intel Mac OS X 10_15_7) AppleWebKit/605.1.15 (KHTML, like Gecko) Version/17.4 Safari/605.1.15 (Applebot/0.1; +http://www.apple.com/go/applebot)"
216.73.216.99 - - [16/Apr/2026:12:59:53 -0600] "GET /shop-goods/detail-82889169179 HTTP/1.1" 404 - "-" "Mozilla/5.0 AppleWebKit/537.36 (KHTML, like Gecko; compatible; ClaudeBot/1.0; +claudebot@anthropic.com)"
216.73.216.99 - - [16/Apr/2026:12:59:58 -0600] "GET /shop-goods/detail-82928279838 HTTP/1.1" 404 - "-" "Mozilla/5.0 AppleWebKit/537.36 (KHTML, like Gecko; compatible; ClaudeBot/1.0; +claudebot@anthropic.com)"
216.73.216.99 - - [16/Apr/2026:13:00:03 -0600] "GET /shop-goods/detail-82935747042 HTTP/1.1" 404 - "-" "Mozilla/5.0 AppleWebKit/537.36 (KHTML, like Gecko; compatible; ClaudeBot/1.0; +claudebot@anthropic.com)"
216.73.216.99 - - [16/Apr/2026:13:00:08 -0600] "GET /shop-goods/detail-829311515169 HTTP/1.1" 404 - "-" "Mozilla/5.0 AppleWebKit/537.36 (KHTML, like Gecko; compatible; ClaudeBot/1.0; +claudebot@anthropic.com)"
47.128.44.248 - - [16/Apr/2026:13:00:12 -0600] "GET /shop-goods/detail-82922369720 HTTP/1.1" 404 - "-" "Mozilla/5.0 (Linux; Android 5.0) AppleWebKit/537.36 (KHTML, like Gecko) Mobile Safari/537.36 (compatible; Bytespider; spider-feedback@bytedance.com)"
216.73.216.99 - - [16/Apr/2026:13:00:13 -0600] "GET /shop-goods/detail-829320643685 HTTP/1.1" 404 - "-" "Mozilla/5.0 AppleWebKit/537.36 (KHTML, like Gecko; compatible; ClaudeBot/1.0; +claudebot@anthropic.com)"
216.73.216.99 - - [16/Apr/2026:13:00:19 -0600] "GET /shop-goods/detail-82904415909 HTTP/1.1" 404 - "-" "Mozilla/5.0 AppleWebKit/537.36 (KHTML, like Gecko; compatible; ClaudeBot/1.0; +claudebot@anthropic.com)"
216.73.216.99 - - [16/Apr/2026:13:00:23 -0600] "GET /shop-goods/detail-82932590142 HTTP/1.1" 404 - "-" "Mozilla/5.0 AppleWebKit/537.36 (KHTML, like Gecko; compatible; ClaudeBot/1.0; +claudebot@anthropic.com)"
216.73.216.99 - - [16/Apr/2026:13:00:28 -0600] "GET /shop-goods/detail-8288323788 HTTP/1.1" 404 - "-" "Mozilla/5.0 AppleWebKit/537.36 (KHTML, like Gecko; compatible; ClaudeBot/1.0; +claudebot@anthropic.com)"
216.73.216.99 - - [16/Apr/2026:13:00:33 -0600] "GET /shop-goods/detail-82911523488 HTTP/1.1" 404 - "-" "Mozilla/5.0 AppleWebKit/537.36 (KHTML, like Gecko; compatible; ClaudeBot/1.0; +claudebot@anthropic.com)"
74.7.227.52 - - [16/Apr/2026:13:00:37 -0600] "GET /shop-goods/detail-829125646073 HTTP/1.1" 404 - "https://twb.ebh.mybluehost.me/sitemap_shop_302.xml" "Mozilla/5.0 AppleWebKit/537.36 (KHTML, like Gecko; compatible; GPTBot/1.3; +https://openai.com/gptbot)"
216.73.216.99 - - [16/Apr/2026:13:00:38 -0600] "GET /shop-goods/detail-82935912904 HTTP/1.1" 404 - "-" "Mozilla/5.0 AppleWebKit/537.36 (KHTML, like Gecko; compatible; ClaudeBot/1.0; +claudebot@anthropic.com)"
3.224.210.53 - - [16/Apr/2026:13:00:43 -0600] "GET /wp-content/uploads/2023/07/New-Adj-Page-LOMAD-Mag-Background-1.png HTTP/1.1" 404 - "http://thelomad.com/" "Mozilla/5.0 (Windows NT 10.0; Win64; x64) AppleWebKit/537.36 (KHTML, like Gecko) Chrome/139.0.0.0 Safari/537.36"
3.224.210.53 - - [16/Apr/2026:13:00:43 -0600] "GET /wp-content/uploads/2022/09/LOMAD-Logo-190x120-1.jpg HTTP/1.1" 200 13167 "http://thelomad.com/" "Mozilla/5.0 (Windows NT 10.0; Win64; x64) AppleWebKit/537.36 (KHTML, like Gecko) Chrome/139.0.0.0 Safari/537.36"
3.224.210.53 - - [16/Apr/2026:13:00:43 -0600] "GET /wp-content/uploads/2021/09/MWBE-Logo-300x141-1.png HTTP/1.1" 200 30999 "http://thelomad.com/" "Mozilla/5.0 (Windows NT 10.0; Win64; x64) AppleWebKit/537.36 (KHTML, like Gecko) Chrome/139.0.0.0 Safari/537.36"
216.73.216.99 - - [16/Apr/2026:13:00:43 -0600] "GET /shop-goods/detail-82935595080 HTTP/1.1" 404 - "-" "Mozilla/5.0 AppleWebKit/537.36 (KHTML, like Gecko; compatible; ClaudeBot/1.0; +claudebot@anthropic.com)"
34.198.94.144 - - [16/Apr/2026:13:00:45 -0600] "GET /wp-contentlomad-test.getmad.today/wp-content/uploads/2021/09/AdobeStock_209705558.jpeg HTTP/1.1" 404 - "https://thelomad.com/" "Mozilla/5.0 (Windows NT 10.0; Win64; x64) AppleWebKit/537.36 (KHTML, like Gecko) Chrome/139.0.0.0 Safari/537.36"
34.198.94.144 - - [16/Apr/2026:13:00:45 -0600] "GET /wp-contentlomad-test.getmad.today/wp-content/uploads/2021/09/AdobeStock_443605491-1.jpg HTTP/1.1" 404 - "https://thelomad.com/" "Mozilla/5.0 (Windows NT 10.0; Win64; x64) AppleWebKit/537.36 (KHTML, like Gecko) Chrome/139.0.0.0 Safari/537.36"
34.198.94.144 - - [16/Apr/2026:13:00:45 -0600] "GET /wp-content/uploads/2021/11/bannerslide1-2.jpg HTTP/1.1" 200 69459 "https://thelomad.com/" "Mozilla/5.0 (Windows NT 10.0; Win64; x64) AppleWebKit/537.36 (KHTML, like Gecko) Chrome/139.0.0.0 Safari/537.36"
34.198.94.144 - - [16/Apr/2026:13:00:45 -0600] "GET /wp-content/uploads/2021/08/AdobeStock_108033031-D.jpg HTTP/1.1" 200 107876 "https://thelomad.com/" "Mozilla/5.0 (Windows NT 10.0; Win64; x64) AppleWebKit/537.36 (KHTML, like Gecko) Chrome/139.0.0.0 Safari/537.36"
34.198.94.144 - - [16/Apr/2026:13:00:45 -0600] "GET /wp-content/uploads/2021/11/bannerslide3.jpeg HTTP/1.1" 200 98646 "https://thelomad.com/" "Mozilla/5.0 (Windows NT 10.0; Win64; x64) AppleWebKit/537.36 (KHTML, like Gecko) Chrome/139.0.0.0 Safari/537.36"
34.198.94.144 - - [16/Apr/2026:13:00:45 -0600] "GET /wp-content/uploads/2021/11/bannerslid2.jpeg HTTP/1.1" 200 99293 "https://thelomad.com/" "Mozilla/5.0 (Windows NT 10.0; Win64; x64) AppleWebKit/537.36 (KHTML, like Gecko) Chrome/139.0.0.0 Safari/537.36"
34.198.94.144 - - [16/Apr/2026:13:00:45 -0600] "GET /wp-content/uploads/2022/09/LOMAD-Logo-190x120-1.jpg HTTP/1.1" 200 13167 "https://thelomad.com/" "Mozilla/5.0 (Windows NT 10.0; Win64; x64) AppleWebKit/537.36 (KHTML, like Gecko) Chrome/139.0.0.0 Safari/537.36"
34.198.94.144 - - [16/Apr/2026:13:00:45 -0600] "GET /wp-content/uploads/2021/09/MWBE-Logo-300x141-1.png HTTP/1.1" 200 30999 "https://thelomad.com/" "Mozilla/5.0 (Windows NT 10.0; Win64; x64) AppleWebKit/537.36 (KHTML, like Gecko) Chrome/139.0.0.0 Safari/537.36"
3.224.210.53 - - [16/Apr/2026:13:00:46 -0600] "GET /wp-content/uploads/2022/08/LOMADtv-logo_2_transparent.png HTTP/1.1" 200 259492 "http://thelomad.com/" "Mozilla/5.0 (Windows NT 10.0; Win64; x64) AppleWebKit/537.36 (KHTML, like Gecko) Chrome/139.0.0.0 Safari/537.36"
34.198.94.144 - - [16/Apr/2026:13:00:48 -0600] "GET /wp-content/uploads/2022/09/LOMAD-Newsletter-Blue-3.png HTTP/1.1" 200 5868 "https://thelomad.com/" "Mozilla/5.0 (Windows NT 10.0; Win64; x64) AppleWebKit/537.36 (KHTML, like Gecko) Chrome/139.0.0.0 Safari/537.36"
34.198.94.144 - - [16/Apr/2026:13:00:48 -0600] "GET /wp-content/uploads/2022/09/LOMAD-Hands-In-100x100-1-1.png HTTP/1.1" 200 11555 "https://thelomad.com/" "Mozilla/5.0 (Windows NT 10.0; Win64; x64) AppleWebKit/537.36 (KHTML, like Gecko) Chrome/139.0.0.0 Safari/537.36"
34.198.94.144 - - [16/Apr/2026:13:00:48 -0600] "GET /wp-content/uploads/2022/09/2022-Largest-Buffalo-law-firms.jpg HTTP/1.1" 200 73870 "https://thelomad.com/" "Mozilla/5.0 (Windows NT 10.0; Win64; x64) AppleWebKit/537.36 (KHTML, like Gecko) Chrome/139.0.0.0 Safari/537.36"
34.198.94.144 - - [16/Apr/2026:13:00:48 -0600] "GET /wp-content/uploads/2022/08/LOMAD-Icons-TV-blue-100-x-100.png HTTP/1.1" 200 1452 "https://thelomad.com/" "Mozilla/5.0 (Windows NT 10.0; Win64; x64) AppleWebKit/537.36 (KHTML, like Gecko) Chrome/139.0.0.0 Safari/537.36"
34.198.94.144 - - [16/Apr/2026:13:00:48 -0600] "GET /wp-content/uploads/2021/09/AdobeStock_443605491-1.jpg HTTP/1.1" 200 90646 "https://thelomad.com/" "Mozilla/5.0 (Windows NT 10.0; Win64; x64) AppleWebKit/537.36 (KHTML, like Gecko) Chrome/139.0.0.0 Safari/537.36"
34.198.94.144 - - [16/Apr/2026:13:00:48 -0600] "GET /wp-content/uploads/2021/11/CUSTOM-975884-1.jpg HTTP/1.1" 200 23712 "https://thelomad.com/" "Mozilla/5.0 (Windows NT 10.0; Win64; x64) AppleWebKit/537.36 (KHTML, like Gecko) Chrome/139.0.0.0 Safari/537.36"
34.198.94.144 - - [16/Apr/2026:13:00:48 -0600] "GET /wp-content/uploads/2021/11/MULTI-114764-1-ap3.jpg HTTP/1.1" 200 41137 "https://thelomad.com/" "Mozilla/5.0 (Windows NT 10.0; Win64; x64) AppleWebKit/537.36 (KHTML, like Gecko) Chrome/139.0.0.0 Safari/537.36"
34.198.94.144 - - [16/Apr/2026:13:00:48 -0600] "GET /wp-content/uploads/2021/11/CUSTOM-1069294-Badge-1.jpg HTTP/1.1" 200 66049 "https://thelomad.com/" "Mozilla/5.0 (Windows NT 10.0; Win64; x64) AppleWebKit/537.36 (KHTML, like Gecko) Chrome/139.0.0.0 Safari/537.36"
34.198.94.144 - - [16/Apr/2026:13:00:48 -0600] "GET /wp-content/uploads/2021/11/CUSTOM-870784-cmyk.png HTTP/1.1" 200 140331 "https://thelomad.com/" "Mozilla/5.0 (Windows NT 10.0; Win64; x64) AppleWebKit/537.36 (KHTML, like Gecko) Chrome/139.0.0.0 Safari/537.36"
34.198.94.144 - - [16/Apr/2026:13:00:48 -0600] "GET /wp-content/uploads/2021/11/women2020-1.jpg HTTP/1.1" 200 61683 "https://thelomad.com/" "Mozilla/5.0 (Windows NT 10.0; Win64; x64) AppleWebKit/537.36 (KHTML, like Gecko) Chrome/139.0.0.0 Safari/537.36"
34.198.94.144 - - [16/Apr/2026:13:00:48 -0600] "GET /wp-content/uploads/2021/11/101814-cmyk-1.png HTTP/1.1" 200 144359 "https://thelomad.com/" "Mozilla/5.0 (Windows NT 10.0; Win64; x64) AppleWebKit/537.36 (KHTML, like Gecko) Chrome/139.0.0.0 Safari/537.36"
