216.73.216.99 - - [16/Apr/2026:13:00:54 -0600] "GET /shop-goods/detail-829323964444 HTTP/1.1" 404 - "-" "Mozilla/5.0 AppleWebKit/537.36 (KHTML, like Gecko; compatible; ClaudeBot/1.0; +claudebot@anthropic.com)"
216.73.216.99 - - [16/Apr/2026:13:00:58 -0600] "GET /shop-goods/detail-829220129329 HTTP/1.1" 404 - "-" "Mozilla/5.0 AppleWebKit/537.36 (KHTML, like Gecko; compatible; ClaudeBot/1.0; +claudebot@anthropic.com)"
216.73.216.99 - - [16/Apr/2026:13:01:09 -0600] "GET /shop-goods/detail-82907221189 HTTP/1.1" 404 - "-" "Mozilla/5.0 AppleWebKit/537.36 (KHTML, like Gecko; compatible; ClaudeBot/1.0; +claudebot@anthropic.com)"
216.73.216.99 - - [16/Apr/2026:13:01:14 -0600] "GET /shop-goods/detail-82925475982 HTTP/1.1" 404 - "-" "Mozilla/5.0 AppleWebKit/537.36 (KHTML, like Gecko; compatible; ClaudeBot/1.0; +claudebot@anthropic.com)"
216.73.216.99 - - [16/Apr/2026:13:01:24 -0600] "GET /shop-goods/detail-82911902249 HTTP/1.1" 404 - "-" "Mozilla/5.0 AppleWebKit/537.36 (KHTML, like Gecko; compatible; ClaudeBot/1.0; +claudebot@anthropic.com)"
216.73.216.99 - - [16/Apr/2026:13:01:29 -0600] "GET /shop-goods/detail-82932676429 HTTP/1.1" 404 - "-" "Mozilla/5.0 AppleWebKit/537.36 (KHTML, like Gecko; compatible; ClaudeBot/1.0; +claudebot@anthropic.com)"
216.73.216.99 - - [16/Apr/2026:13:01:34 -0600] "GET /shop-goods/detail-82901019992 HTTP/1.1" 404 - "-" "Mozilla/5.0 AppleWebKit/537.36 (KHTML, like Gecko; compatible; ClaudeBot/1.0; +claudebot@anthropic.com)"
74.7.227.52 - - [16/Apr/2026:13:01:38 -0600] "GET /shop-goods/detail-829016475238 HTTP/1.1" 404 - "https://twb.ebh.mybluehost.me/sitemap_index.xml" "Mozilla/5.0 AppleWebKit/537.36 (KHTML, like Gecko; compatible; GPTBot/1.3; +https://openai.com/gptbot)"
216.73.216.99 - - [16/Apr/2026:13:01:39 -0600] "GET /shop-goods/detail-82896580263 HTTP/1.1" 404 - "-" "Mozilla/5.0 AppleWebKit/537.36 (KHTML, like Gecko; compatible; ClaudeBot/1.0; +claudebot@anthropic.com)"
74.125.217.75 - - [16/Apr/2026:13:01:43 -0600] "GET / HTTP/1.1" 200 203941 "-" "AdsBot-Google (+http://www.google.com/adsbot.html)"
216.73.216.99 - - [16/Apr/2026:13:01:44 -0600] "GET /shop-goods/detail-82889262803 HTTP/1.1" 404 - "-" "Mozilla/5.0 AppleWebKit/537.36 (KHTML, like Gecko; compatible; ClaudeBot/1.0; +claudebot@anthropic.com)"
66.249.74.69 - - [16/Apr/2026:13:01:46 -0600] "GET /shop-goods/detail-82901196898 HTTP/1.1" 404 - "-" "Mozilla/5.0 (Linux; Android 6.0.1; Nexus 5X Build/MMB29P) AppleWebKit/537.36 (KHTML, like Gecko) Chrome/146.0.7680.177 Mobile Safari/537.36 (compatible; Googlebot/2.1; +http://www.google.com/bot.html)"
216.73.216.99 - - [16/Apr/2026:13:01:49 -0600] "GET /shop-goods/detail-82932918326 HTTP/1.1" 404 - "-" "Mozilla/5.0 AppleWebKit/537.36 (KHTML, like Gecko; compatible; ClaudeBot/1.0; +claudebot@anthropic.com)"
216.73.216.99 - - [16/Apr/2026:13:01:54 -0600] "GET /shop-goods/detail-82932786265 HTTP/1.1" 404 - "-" "Mozilla/5.0 AppleWebKit/537.36 (KHTML, like Gecko; compatible; ClaudeBot/1.0; +claudebot@anthropic.com)"
222.127.103.194 - - [16/Apr/2026:13:01:57 -0600] "GET / HTTP/1.1" 500 2431 "-" "Mozilla/5.0 (Windows NT 10.0; Win64; x64) AppleWebKit/537.36 (KHTML, like Gecko) Chrome/147.0.0.0 Safari/537.36"
216.73.216.99 - - [16/Apr/2026:13:01:59 -0600] "GET /shop-goods/detail-828999500969 HTTP/1.1" 404 - "-" "Mozilla/5.0 AppleWebKit/537.36 (KHTML, like Gecko; compatible; ClaudeBot/1.0; +claudebot@anthropic.com)"
222.127.103.194 - - [16/Apr/2026:13:01:59 -0600] "GET /favicon.ico HTTP/1.1" 404 - "https://getmad.today/" "Mozilla/5.0 (Windows NT 10.0; Win64; x64) AppleWebKit/537.36 (KHTML, like Gecko) Chrome/147.0.0.0 Safari/537.36"
216.73.216.99 - - [16/Apr/2026:13:02:04 -0600] "GET /shop-goods/detail-829317596594 HTTP/1.1" 404 - "-" "Mozilla/5.0 AppleWebKit/537.36 (KHTML, like Gecko; compatible; ClaudeBot/1.0; +claudebot@anthropic.com)"
108.62.206.87 - - [16/Apr/2026:13:02:09 -0600] "GET /wp-content/uploads/2021/11/bannerslide1-2.jpg HTTP/1.1" 200 69459 "https://thelomad.com/" "Mozilla/5.0 (Windows NT 10.0; Win64; x64) AppleWebKit/537.36 (KHTML, like Gecko) Chrome/144.0.0.0 Safari/537.36"
108.62.206.87 - - [16/Apr/2026:13:02:10 -0600] "GET /wp-contentlomad-test.getmad.today/wp-content/uploads/2021/09/AdobeStock_443605491-1.jpg HTTP/1.1" 404 - "https://thelomad.com/" "Mozilla/5.0 (Windows NT 10.0; Win64; x64) AppleWebKit/537.36 (KHTML, like Gecko) Chrome/144.0.0.0 Safari/537.36"
108.62.206.87 - - [16/Apr/2026:13:02:13 -0600] "GET /wp-contentlomad-test.getmad.today/wp-content/uploads/2021/09/AdobeStock_209705558.jpeg HTTP/1.1" 404 - "https://thelomad.com/" "Mozilla/5.0 (Windows NT 10.0; Win64; x64) AppleWebKit/537.36 (KHTML, like Gecko) Chrome/144.0.0.0 Safari/537.36"
108.62.206.87 - - [16/Apr/2026:13:02:13 -0600] "GET /wp-content/uploads/2021/08/AdobeStock_108033031-D.jpg HTTP/1.1" 200 107876 "https://thelomad.com/" "Mozilla/5.0 (Windows NT 10.0; Win64; x64) AppleWebKit/537.36 (KHTML, like Gecko) Chrome/144.0.0.0 Safari/537.36"
216.73.216.99 - - [16/Apr/2026:13:02:14 -0600] "GET /shop-goods/detail-829197833422 HTTP/1.1" 404 - "-" "Mozilla/5.0 AppleWebKit/537.36 (KHTML, like Gecko; compatible; ClaudeBot/1.0; +claudebot@anthropic.com)"
216.73.216.99 - - [16/Apr/2026:13:02:19 -0600] "GET /shop-goods/detail-82899798465 HTTP/1.1" 404 - "-" "Mozilla/5.0 AppleWebKit/537.36 (KHTML, like Gecko; compatible; ClaudeBot/1.0; +claudebot@anthropic.com)"
216.73.216.99 - - [16/Apr/2026:13:02:24 -0600] "GET /shop-goods/detail-82907089397 HTTP/1.1" 404 - "-" "Mozilla/5.0 AppleWebKit/537.36 (KHTML, like Gecko; compatible; ClaudeBot/1.0; +claudebot@anthropic.com)"
222.127.103.194 - - [16/Apr/2026:13:02:26 -0600] "GET /wp-contentlomad-test.getmad.today/wp-content/uploads/2021/09/AdobeStock_209705558.jpeg HTTP/1.1" 404 - "https://thelomad.com/" "Mozilla/5.0 (Windows NT 10.0; Win64; x64) AppleWebKit/537.36 (KHTML, like Gecko) Chrome/147.0.0.0 Safari/537.36"
222.127.103.194 - - [16/Apr/2026:13:02:26 -0600] "GET /wp-contentlomad-test.getmad.today/wp-content/uploads/2021/09/AdobeStock_443605491-1.jpg HTTP/1.1" 404 - "https://thelomad.com/" "Mozilla/5.0 (Windows NT 10.0; Win64; x64) AppleWebKit/537.36 (KHTML, like Gecko) Chrome/147.0.0.0 Safari/537.36"
222.127.103.194 - - [16/Apr/2026:13:02:26 -0600] "GET /wp-content/uploads/2021/11/bannerslide1-2.jpg HTTP/1.1" 200 69459 "https://thelomad.com/" "Mozilla/5.0 (Windows NT 10.0; Win64; x64) AppleWebKit/537.36 (KHTML, like Gecko) Chrome/147.0.0.0 Safari/537.36"
222.127.103.194 - - [16/Apr/2026:13:02:26 -0600] "GET /wp-content/uploads/2021/11/bannerslide3.jpeg HTTP/1.1" 200 98646 "https://thelomad.com/" "Mozilla/5.0 (Windows NT 10.0; Win64; x64) AppleWebKit/537.36 (KHTML, like Gecko) Chrome/147.0.0.0 Safari/537.36"
222.127.103.194 - - [16/Apr/2026:13:02:26 -0600] "GET /wp-content/uploads/2021/11/bannerslid2.jpeg HTTP/1.1" 200 99293 "https://thelomad.com/" "Mozilla/5.0 (Windows NT 10.0; Win64; x64) AppleWebKit/537.36 (KHTML, like Gecko) Chrome/147.0.0.0 Safari/537.36"
52.167.144.210 - - [16/Apr/2026:13:02:26 -0600] "GET /shop-goods/detail-82901358706 HTTP/1.1" 404 - "-" "Mozilla/5.0 AppleWebKit/537.36 (KHTML, like Gecko; compatible; bingbot/2.0; +http://www.bing.com/bingbot.htm) Chrome/116.0.1938.76 Safari/537.36"
222.127.103.194 - - [16/Apr/2026:13:02:26 -0600] "GET /wp-content/uploads/2021/08/AdobeStock_108033031-D.jpg HTTP/1.1" 200 107876 "https://thelomad.com/" "Mozilla/5.0 (Windows NT 10.0; Win64; x64) AppleWebKit/537.36 (KHTML, like Gecko) Chrome/147.0.0.0 Safari/537.36"
216.73.216.99 - - [16/Apr/2026:13:02:29 -0600] "GET /shop-goods/detail-82901273833 HTTP/1.1" 404 - "-" "Mozilla/5.0 AppleWebKit/537.36 (KHTML, like Gecko; compatible; ClaudeBot/1.0; +claudebot@anthropic.com)"
216.73.216.99 - - [16/Apr/2026:13:02:34 -0600] "GET /shop-goods/detail-82907351690 HTTP/1.1" 404 - "-" "Mozilla/5.0 AppleWebKit/537.36 (KHTML, like Gecko; compatible; ClaudeBot/1.0; +claudebot@anthropic.com)"
216.73.216.99 - - [16/Apr/2026:13:02:39 -0600] "GET /shop-goods/detail-82896599259 HTTP/1.1" 404 - "-" "Mozilla/5.0 AppleWebKit/537.36 (KHTML, like Gecko; compatible; ClaudeBot/1.0; +claudebot@anthropic.com)"
74.7.227.52 - - [16/Apr/2026:13:02:42 -0600] "GET /shop-goods/detail-829317685640 HTTP/1.1" 404 - "https://twb.ebh.mybluehost.me/sitemap_shop_941.xml" "Mozilla/5.0 AppleWebKit/537.36 (KHTML, like Gecko; compatible; GPTBot/1.3; +https://openai.com/gptbot)"
216.73.216.99 - - [16/Apr/2026:13:02:44 -0600] "GET /shop-goods/detail-82893802226 HTTP/1.1" 404 - "-" "Mozilla/5.0 AppleWebKit/537.36 (KHTML, like Gecko; compatible; ClaudeBot/1.0; +claudebot@anthropic.com)"
216.73.216.99 - - [16/Apr/2026:13:02:49 -0600] "GET /shop-goods/detail-828890108744 HTTP/1.1" 404 - "-" "Mozilla/5.0 AppleWebKit/537.36 (KHTML, like Gecko; compatible; ClaudeBot/1.0; +claudebot@anthropic.com)"
216.73.216.99 - - [16/Apr/2026:13:02:54 -0600] "GET /shop-goods/detail-82886180970 HTTP/1.1" 404 - "-" "Mozilla/5.0 AppleWebKit/537.36 (KHTML, like Gecko; compatible; ClaudeBot/1.0; +claudebot@anthropic.com)"
216.73.216.99 - - [16/Apr/2026:13:02:59 -0600] "GET /shop-goods/detail-829389905083 HTTP/1.1" 404 - "-" "Mozilla/5.0 AppleWebKit/537.36 (KHTML, like Gecko; compatible; ClaudeBot/1.0; +claudebot@anthropic.com)"
216.73.216.99 - - [16/Apr/2026:13:03:04 -0600] "GET /shop-goods/detail-829013124100 HTTP/1.1" 404 - "-" "Mozilla/5.0 AppleWebKit/537.36 (KHTML, like Gecko; compatible; ClaudeBot/1.0; +claudebot@anthropic.com)"
216.73.216.99 - - [16/Apr/2026:13:03:09 -0600] "GET /shop-goods/detail-82935752960 HTTP/1.1" 404 - "-" "Mozilla/5.0 AppleWebKit/537.36 (KHTML, like Gecko; compatible; ClaudeBot/1.0; +claudebot@anthropic.com)"
216.73.216.99 - - [16/Apr/2026:13:03:14 -0600] "GET /shop-goods/detail-829010351928 HTTP/1.1" 404 - "-" "Mozilla/5.0 AppleWebKit/537.36 (KHTML, like Gecko; compatible; ClaudeBot/1.0; +claudebot@anthropic.com)"
216.73.216.99 - - [16/Apr/2026:13:03:19 -0600] "GET /shop-goods/detail-82914742402 HTTP/1.1" 404 - "-" "Mozilla/5.0 AppleWebKit/537.36 (KHTML, like Gecko; compatible; ClaudeBot/1.0; +claudebot@anthropic.com)"
216.73.216.99 - - [16/Apr/2026:13:03:24 -0600] "GET /shop-goods/detail-829010281285 HTTP/1.1" 404 - "-" "Mozilla/5.0 AppleWebKit/537.36 (KHTML, like Gecko; compatible; ClaudeBot/1.0; +claudebot@anthropic.com)"
216.73.216.99 - - [16/Apr/2026:13:03:29 -0600] "GET /shop-goods/detail-829097491665 HTTP/1.1" 404 - "-" "Mozilla/5.0 AppleWebKit/537.36 (KHTML, like Gecko; compatible; ClaudeBot/1.0; +claudebot@anthropic.com)"
216.73.216.99 - - [16/Apr/2026:13:03:39 -0600] "GET /shop-goods/detail-82886162797 HTTP/1.1" 404 - "-" "Mozilla/5.0 AppleWebKit/537.36 (KHTML, like Gecko; compatible; ClaudeBot/1.0; +claudebot@anthropic.com)"
216.73.216.99 - - [16/Apr/2026:13:03:44 -0600] "GET /shop-goods/detail-82904432733 HTTP/1.1" 404 - "-" "Mozilla/5.0 AppleWebKit/537.36 (KHTML, like Gecko; compatible; ClaudeBot/1.0; +claudebot@anthropic.com)"
74.7.227.52 - - [16/Apr/2026:13:03:46 -0600] "GET /shop-goods/detail-829010356471 HTTP/1.1" 404 - "https://twb.ebh.mybluehost.me/sitemap_shop_474.xml" "Mozilla/5.0 AppleWebKit/537.36 (KHTML, like Gecko; compatible; GPTBot/1.3; +https://openai.com/gptbot)"
216.73.216.99 - - [16/Apr/2026:13:03:49 -0600] "GET /shop-goods/detail-828987646209 HTTP/1.1" 404 - "-" "Mozilla/5.0 AppleWebKit/537.36 (KHTML, like Gecko; compatible; ClaudeBot/1.0; +claudebot@anthropic.com)"
216.73.216.99 - - [16/Apr/2026:13:03:54 -0600] "GET /shop-goods/detail-82886117526 HTTP/1.1" 404 - "-" "Mozilla/5.0 AppleWebKit/537.36 (KHTML, like Gecko; compatible; ClaudeBot/1.0; +claudebot@anthropic.com)"
216.73.216.99 - - [16/Apr/2026:13:03:59 -0600] "GET /shop-goods/detail-829329653868 HTTP/1.1" 404 - "-" "Mozilla/5.0 AppleWebKit/537.36 (KHTML, like Gecko; compatible; ClaudeBot/1.0; +claudebot@anthropic.com)"
216.73.216.99 - - [16/Apr/2026:13:04:04 -0600] "GET /shop-goods/detail-82917698153 HTTP/1.1" 404 - "-" "Mozilla/5.0 AppleWebKit/537.36 (KHTML, like Gecko; compatible; ClaudeBot/1.0; +claudebot@anthropic.com)"
47.128.44.51 - - [16/Apr/2026:13:04:13 -0600] "GET /shop-goods/detail-82911930890 HTTP/1.1" 404 - "-" "Mozilla/5.0 (Linux; Android 5.0) AppleWebKit/537.36 (KHTML, like Gecko) Mobile Safari/537.36 (compatible; Bytespider; spider-feedback@bytedance.com)"
216.73.216.99 - - [16/Apr/2026:13:04:14 -0600] "GET /shop-goods/detail-829311674983 HTTP/1.1" 404 - "-" "Mozilla/5.0 AppleWebKit/537.36 (KHTML, like Gecko; compatible; ClaudeBot/1.0; +claudebot@anthropic.com)"
216.73.216.99 - - [16/Apr/2026:13:04:19 -0600] "GET /shop-goods/detail-82928331386 HTTP/1.1" 404 - "-" "Mozilla/5.0 AppleWebKit/537.36 (KHTML, like Gecko; compatible; ClaudeBot/1.0; +claudebot@anthropic.com)"
216.73.216.99 - - [16/Apr/2026:13:04:24 -0600] "GET /shop-goods/detail-82932895730 HTTP/1.1" 404 - "-" "Mozilla/5.0 AppleWebKit/537.36 (KHTML, like Gecko; compatible; ClaudeBot/1.0; +claudebot@anthropic.com)"
216.73.216.99 - - [16/Apr/2026:13:04:29 -0600] "GET /shop-goods/detail-82893688973 HTTP/1.1" 404 - "-" "Mozilla/5.0 AppleWebKit/537.36 (KHTML, like Gecko; compatible; ClaudeBot/1.0; +claudebot@anthropic.com)"
216.73.216.99 - - [16/Apr/2026:13:04:39 -0600] "GET /shop-goods/detail-829013260396 HTTP/1.1" 404 - "-" "Mozilla/5.0 AppleWebKit/537.36 (KHTML, like Gecko; compatible; ClaudeBot/1.0; +claudebot@anthropic.com)"
216.73.216.99 - - [16/Apr/2026:13:04:44 -0600] "GET /shop-goods/detail-82896796586 HTTP/1.1" 404 - "-" "Mozilla/5.0 AppleWebKit/537.36 (KHTML, like Gecko; compatible; ClaudeBot/1.0; +claudebot@anthropic.com)"
216.73.216.99 - - [16/Apr/2026:13:04:49 -0600] "GET /shop-goods/detail-82932943131 HTTP/1.1" 404 - "-" "Mozilla/5.0 AppleWebKit/537.36 (KHTML, like Gecko; compatible; ClaudeBot/1.0; +claudebot@anthropic.com)"
74.7.227.52 - - [16/Apr/2026:13:04:51 -0600] "GET /shop-goods/detail-829314565073 HTTP/1.1" 404 - "https://twb.ebh.mybluehost.me/sitemap_index.xml" "Mozilla/5.0 AppleWebKit/537.36 (KHTML, like Gecko; compatible; GPTBot/1.3; +https://openai.com/gptbot)"
216.73.216.99 - - [16/Apr/2026:13:04:54 -0600] "GET /shop-goods/detail-82917565121 HTTP/1.1" 404 - "-" "Mozilla/5.0 AppleWebKit/537.36 (KHTML, like Gecko; compatible; ClaudeBot/1.0; +claudebot@anthropic.com)"
216.73.216.99 - - [16/Apr/2026:13:04:59 -0600] "GET /shop-goods/detail-82896755863 HTTP/1.1" 404 - "-" "Mozilla/5.0 AppleWebKit/537.36 (KHTML, like Gecko; compatible; ClaudeBot/1.0; +claudebot@anthropic.com)"
216.73.216.99 - - [16/Apr/2026:13:05:04 -0600] "GET /shop-goods/detail-82904425205 HTTP/1.1" 404 - "-" "Mozilla/5.0 AppleWebKit/537.36 (KHTML, like Gecko; compatible; ClaudeBot/1.0; +claudebot@anthropic.com)"
216.73.216.99 - - [16/Apr/2026:13:05:09 -0600] "GET /shop-goods/detail-82899677189 HTTP/1.1" 404 - "-" "Mozilla/5.0 AppleWebKit/537.36 (KHTML, like Gecko; compatible; ClaudeBot/1.0; +claudebot@anthropic.com)"
216.73.216.99 - - [16/Apr/2026:13:05:14 -0600] "GET /shop-goods/detail-82935831634 HTTP/1.1" 404 - "-" "Mozilla/5.0 AppleWebKit/537.36 (KHTML, like Gecko; compatible; ClaudeBot/1.0; +claudebot@anthropic.com)"
216.73.216.99 - - [16/Apr/2026:13:05:19 -0600] "GET /shop-goods/detail-82907174418 HTTP/1.1" 404 - "-" "Mozilla/5.0 AppleWebKit/537.36 (KHTML, like Gecko; compatible; ClaudeBot/1.0; +claudebot@anthropic.com)"
216.73.216.99 - - [16/Apr/2026:13:05:24 -0600] "GET /shop-goods/detail-8289658210 HTTP/1.1" 404 - "-" "Mozilla/5.0 AppleWebKit/537.36 (KHTML, like Gecko; compatible; ClaudeBot/1.0; +claudebot@anthropic.com)"
216.73.216.99 - - [16/Apr/2026:13:05:29 -0600] "GET /shop-goods/detail-82904470194 HTTP/1.1" 404 - "-" "Mozilla/5.0 AppleWebKit/537.36 (KHTML, like Gecko; compatible; ClaudeBot/1.0; +claudebot@anthropic.com)"
216.73.216.99 - - [16/Apr/2026:13:05:39 -0600] "GET /shop-goods/detail-829317592444 HTTP/1.1" 404 - "-" "Mozilla/5.0 AppleWebKit/537.36 (KHTML, like Gecko; compatible; ClaudeBot/1.0; +claudebot@anthropic.com)"
216.73.216.99 - - [16/Apr/2026:13:05:44 -0600] "GET /shop-goods/detail-82928068295 HTTP/1.1" 404 - "-" "Mozilla/5.0 AppleWebKit/537.36 (KHTML, like Gecko; compatible; ClaudeBot/1.0; +claudebot@anthropic.com)"
216.73.216.99 - - [16/Apr/2026:13:05:49 -0600] "GET /shop-goods/detail-82901404190 HTTP/1.1" 404 - "-" "Mozilla/5.0 AppleWebKit/537.36 (KHTML, like Gecko; compatible; ClaudeBot/1.0; +claudebot@anthropic.com)"
216.73.216.99 - - [16/Apr/2026:13:05:54 -0600] "GET /shop-goods/detail-82914534247 HTTP/1.1" 404 - "-" "Mozilla/5.0 AppleWebKit/537.36 (KHTML, like Gecko; compatible; ClaudeBot/1.0; +claudebot@anthropic.com)"
74.7.227.52 - - [16/Apr/2026:13:05:55 -0600] "GET /shop-goods/detail-829314657508 HTTP/1.1" 404 - "https://twb.ebh.mybluehost.me/sitemap_index.xml" "Mozilla/5.0 AppleWebKit/537.36 (KHTML, like Gecko; compatible; GPTBot/1.3; +https://openai.com/gptbot)"
216.73.216.99 - - [16/Apr/2026:13:05:59 -0600] "GET /shop-goods/detail-82911650673 HTTP/1.1" 404 - "-" "Mozilla/5.0 AppleWebKit/537.36 (KHTML, like Gecko; compatible; ClaudeBot/1.0; +claudebot@anthropic.com)"
216.73.216.99 - - [16/Apr/2026:13:06:04 -0600] "GET /shop-goods/detail-829317983477 HTTP/1.1" 404 - "-" "Mozilla/5.0 AppleWebKit/537.36 (KHTML, like Gecko; compatible; ClaudeBot/1.0; +claudebot@anthropic.com)"
216.73.216.99 - - [16/Apr/2026:13:06:09 -0600] "GET /shop-goods/detail-82896765734 HTTP/1.1" 404 - "-" "Mozilla/5.0 AppleWebKit/537.36 (KHTML, like Gecko; compatible; ClaudeBot/1.0; +claudebot@anthropic.com)"
216.73.216.99 - - [16/Apr/2026:13:06:14 -0600] "GET /shop-goods/detail-82883008911 HTTP/1.1" 404 - "-" "Mozilla/5.0 AppleWebKit/537.36 (KHTML, like Gecko; compatible; ClaudeBot/1.0; +claudebot@anthropic.com)"
216.73.216.99 - - [16/Apr/2026:13:06:19 -0600] "GET /shop-goods/detail-82922009979 HTTP/1.1" 404 - "-" "Mozilla/5.0 AppleWebKit/537.36 (KHTML, like Gecko; compatible; ClaudeBot/1.0; +claudebot@anthropic.com)"
216.73.216.99 - - [16/Apr/2026:13:06:24 -0600] "GET /shop-goods/detail-82896746744 HTTP/1.1" 404 - "-" "Mozilla/5.0 AppleWebKit/537.36 (KHTML, like Gecko; compatible; ClaudeBot/1.0; +claudebot@anthropic.com)"
216.73.216.99 - - [16/Apr/2026:13:06:29 -0600] "GET /shop-goods/detail-828884227779 HTTP/1.1" 404 - "-" "Mozilla/5.0 AppleWebKit/537.36 (KHTML, like Gecko; compatible; ClaudeBot/1.0; +claudebot@anthropic.com)"
216.73.216.99 - - [16/Apr/2026:13:06:34 -0600] "GET /shop-goods/detail-82917766489 HTTP/1.1" 404 - "-" "Mozilla/5.0 AppleWebKit/537.36 (KHTML, like Gecko; compatible; ClaudeBot/1.0; +claudebot@anthropic.com)"
216.73.216.99 - - [16/Apr/2026:13:06:44 -0600] "GET /shop-goods/detail-829137716782 HTTP/1.1" 404 - "-" "Mozilla/5.0 AppleWebKit/537.36 (KHTML, like Gecko; compatible; ClaudeBot/1.0; +claudebot@anthropic.com)"
216.73.216.99 - - [16/Apr/2026:13:06:49 -0600] "GET /shop-goods/detail-82901186434 HTTP/1.1" 404 - "-" "Mozilla/5.0 AppleWebKit/537.36 (KHTML, like Gecko; compatible; ClaudeBot/1.0; +claudebot@anthropic.com)"
216.73.216.99 - - [16/Apr/2026:13:06:54 -0600] "GET /shop-goods/detail-829040328069 HTTP/1.1" 404 - "-" "Mozilla/5.0 AppleWebKit/537.36 (KHTML, like Gecko; compatible; ClaudeBot/1.0; +claudebot@anthropic.com)"
74.7.227.52 - - [16/Apr/2026:13:06:56 -0600] "GET /shop-goods/detail-829311566704 HTTP/1.1" 404 - "https://twb.ebh.mybluehost.me/sitemap_index.xml" "Mozilla/5.0 AppleWebKit/537.36 (KHTML, like Gecko; compatible; GPTBot/1.3; +https://openai.com/gptbot)"
216.73.216.99 - - [16/Apr/2026:13:07:04 -0600] "GET /shop-goods/detail-82886204673 HTTP/1.1" 404 - "-" "Mozilla/5.0 AppleWebKit/537.36 (KHTML, like Gecko; compatible; ClaudeBot/1.0; +claudebot@anthropic.com)"
216.73.216.99 - - [16/Apr/2026:13:07:09 -0600] "GET /shop-goods/detail-829283294249 HTTP/1.1" 404 - "-" "Mozilla/5.0 AppleWebKit/537.36 (KHTML, like Gecko; compatible; ClaudeBot/1.0; +claudebot@anthropic.com)"
216.73.216.99 - - [16/Apr/2026:13:07:14 -0600] "GET /shop-goods/detail-82932712429 HTTP/1.1" 404 - "-" "Mozilla/5.0 AppleWebKit/537.36 (KHTML, like Gecko; compatible; ClaudeBot/1.0; +claudebot@anthropic.com)"
179.6.3.224 - - [16/Apr/2026:13:07:18 -0600] "GET /about/danielle-f-draschan/ HTTP/1.1" 404 - "-" "Mozilla/5.0 (Macintosh; Intel Mac OS X 15_1_1) AppleWebKit/537.36 (KHTML, like Gecko) Chrome/133.0.6943.53 Safari/537.36"
216.73.216.99 - - [16/Apr/2026:13:07:19 -0600] "GET /shop-goods/detail-82886009268 HTTP/1.1" 404 - "-" "Mozilla/5.0 AppleWebKit/537.36 (KHTML, like Gecko; compatible; ClaudeBot/1.0; +claudebot@anthropic.com)"
216.73.216.99 - - [16/Apr/2026:13:07:24 -0600] "GET /shop-goods/detail-82928237785 HTTP/1.1" 404 - "-" "Mozilla/5.0 AppleWebKit/537.36 (KHTML, like Gecko; compatible; ClaudeBot/1.0; +claudebot@anthropic.com)"
216.73.216.99 - - [16/Apr/2026:13:07:29 -0600] "GET /shop-goods/detail-828884129864 HTTP/1.1" 404 - "-" "Mozilla/5.0 AppleWebKit/537.36 (KHTML, like Gecko; compatible; ClaudeBot/1.0; +claudebot@anthropic.com)"
216.73.216.99 - - [16/Apr/2026:13:07:35 -0600] "GET /shop-goods/detail-82938568841 HTTP/1.1" 404 - "-" "Mozilla/5.0 AppleWebKit/537.36 (KHTML, like Gecko; compatible; ClaudeBot/1.0; +claudebot@anthropic.com)"
216.73.216.99 - - [16/Apr/2026:13:07:39 -0600] "GET /shop-goods/detail-82935759231 HTTP/1.1" 404 - "-" "Mozilla/5.0 AppleWebKit/537.36 (KHTML, like Gecko; compatible; ClaudeBot/1.0; +claudebot@anthropic.com)"
216.73.216.99 - - [16/Apr/2026:13:07:44 -0600] "GET /shop-goods/detail-82904343733 HTTP/1.1" 404 - "-" "Mozilla/5.0 AppleWebKit/537.36 (KHTML, like Gecko; compatible; ClaudeBot/1.0; +claudebot@anthropic.com)"
216.73.216.99 - - [16/Apr/2026:13:07:49 -0600] "GET /shop-goods/detail-829019112059 HTTP/1.1" 404 - "-" "Mozilla/5.0 AppleWebKit/537.36 (KHTML, like Gecko; compatible; ClaudeBot/1.0; +claudebot@anthropic.com)"
216.73.216.99 - - [16/Apr/2026:13:07:50 -0600] "GET /robots.txt HTTP/1.1" 404 - "-" "Mozilla/5.0 AppleWebKit/537.36 (KHTML, like Gecko; compatible; ClaudeBot/1.0; +claudebot@anthropic.com)"
216.73.216.99 - - [16/Apr/2026:13:07:54 -0600] "GET /shop-goods/detail-82889244074 HTTP/1.1" 404 - "-" "Mozilla/5.0 AppleWebKit/537.36 (KHTML, like Gecko; compatible; ClaudeBot/1.0; +claudebot@anthropic.com)"
216.73.216.99 - - [16/Apr/2026:13:07:59 -0600] "GET /shop-goods/detail-82932769465 HTTP/1.1" 404 - "-" "Mozilla/5.0 AppleWebKit/537.36 (KHTML, like Gecko; compatible; ClaudeBot/1.0; +claudebot@anthropic.com)"
74.7.227.52 - - [16/Apr/2026:13:08:00 -0600] "GET /shop-goods/detail-829082182922 HTTP/1.1" 404 - "https://twb.ebh.mybluehost.me/sitemap_shop_972.xml" "Mozilla/5.0 AppleWebKit/537.36 (KHTML, like Gecko; compatible; GPTBot/1.3; +https://openai.com/gptbot)"
216.73.216.99 - - [16/Apr/2026:13:08:04 -0600] "GET /shop-goods/detail-828812484911 HTTP/1.1" 404 - "-" "Mozilla/5.0 AppleWebKit/537.36 (KHTML, like Gecko; compatible; ClaudeBot/1.0; +claudebot@anthropic.com)"
47.128.44.29 - - [16/Apr/2026:13:08:13 -0600] "GET /shop-goods/detail-8289912288 HTTP/1.1" 404 - "-" "Mozilla/5.0 (Linux; Android 5.0) AppleWebKit/537.36 (KHTML, like Gecko) Mobile Safari/537.36 (compatible; Bytespider; spider-feedback@bytedance.com)"
216.73.216.99 - - [16/Apr/2026:13:08:15 -0600] "GET /shop-goods/detail-82907388931 HTTP/1.1" 404 - "-" "Mozilla/5.0 AppleWebKit/537.36 (KHTML, like Gecko; compatible; ClaudeBot/1.0; +claudebot@anthropic.com)"
216.73.216.99 - - [16/Apr/2026:13:08:19 -0600] "GET /shop-goods/detail-828918753552 HTTP/1.1" 404 - "-" "Mozilla/5.0 AppleWebKit/537.36 (KHTML, like Gecko; compatible; ClaudeBot/1.0; +claudebot@anthropic.com)"
216.73.216.99 - - [16/Apr/2026:13:08:24 -0600] "GET /shop-goods/detail-82917596393 HTTP/1.1" 404 - "-" "Mozilla/5.0 AppleWebKit/537.36 (KHTML, like Gecko; compatible; ClaudeBot/1.0; +claudebot@anthropic.com)"
216.73.216.99 - - [16/Apr/2026:13:08:29 -0600] "GET /shop-goods/detail-82935772685 HTTP/1.1" 404 - "-" "Mozilla/5.0 AppleWebKit/537.36 (KHTML, like Gecko; compatible; ClaudeBot/1.0; +claudebot@anthropic.com)"
216.73.216.99 - - [16/Apr/2026:13:08:35 -0600] "GET /shop-goods/detail-829073241985 HTTP/1.1" 404 - "-" "Mozilla/5.0 AppleWebKit/537.36 (KHTML, like Gecko; compatible; ClaudeBot/1.0; +claudebot@anthropic.com)"
216.73.216.99 - - [16/Apr/2026:13:08:39 -0600] "GET /shop-goods/detail-82889460779 HTTP/1.1" 404 - "-" "Mozilla/5.0 AppleWebKit/537.36 (KHTML, like Gecko; compatible; ClaudeBot/1.0; +claudebot@anthropic.com)"
216.73.216.99 - - [16/Apr/2026:13:08:44 -0600] "GET /shop-goods/detail-829329644823 HTTP/1.1" 404 - "-" "Mozilla/5.0 AppleWebKit/537.36 (KHTML, like Gecko; compatible; ClaudeBot/1.0; +claudebot@anthropic.com)"
216.73.216.99 - - [16/Apr/2026:13:08:49 -0600] "GET /shop-goods/detail-829131829564 HTTP/1.1" 404 - "-" "Mozilla/5.0 AppleWebKit/537.36 (KHTML, like Gecko; compatible; ClaudeBot/1.0; +claudebot@anthropic.com)"
216.73.216.99 - - [16/Apr/2026:13:08:55 -0600] "GET /shop-goods/detail-82883180691 HTTP/1.1" 404 - "-" "Mozilla/5.0 AppleWebKit/537.36 (KHTML, like Gecko; compatible; ClaudeBot/1.0; +claudebot@anthropic.com)"
216.73.216.99 - - [16/Apr/2026:13:09:00 -0600] "GET /shop-goods/detail-82928440641 HTTP/1.1" 404 - "-" "Mozilla/5.0 AppleWebKit/537.36 (KHTML, like Gecko; compatible; ClaudeBot/1.0; +claudebot@anthropic.com)"
74.7.227.52 - - [16/Apr/2026:13:09:04 -0600] "GET /shop-goods/detail-829229012908 HTTP/1.1" 404 - "https://twb.ebh.mybluehost.me/sitemap_shop_302.xml" "Mozilla/5.0 AppleWebKit/537.36 (KHTML, like Gecko; compatible; GPTBot/1.3; +https://openai.com/gptbot)"
216.73.216.99 - - [16/Apr/2026:13:09:05 -0600] "GET /shop-goods/detail-8288102095264 HTTP/1.1" 404 - "-" "Mozilla/5.0 AppleWebKit/537.36 (KHTML, like Gecko; compatible; ClaudeBot/1.0; +claudebot@anthropic.com)"
216.73.216.99 - - [16/Apr/2026:13:09:10 -0600] "GET /shop-goods/detail-82904497295 HTTP/1.1" 404 - "-" "Mozilla/5.0 AppleWebKit/537.36 (KHTML, like Gecko; compatible; ClaudeBot/1.0; +claudebot@anthropic.com)"
216.73.216.99 - - [16/Apr/2026:13:09:15 -0600] "GET /shop-goods/detail-82907165337 HTTP/1.1" 404 - "-" "Mozilla/5.0 AppleWebKit/537.36 (KHTML, like Gecko; compatible; ClaudeBot/1.0; +claudebot@anthropic.com)"
46.151.178.13 - - [16/Apr/2026:13:09:19 -0600] "PROPFIND / HTTP/1.1" 404 - "http://162.240.221.145:443/" "-"
216.73.216.99 - - [16/Apr/2026:13:09:20 -0600] "GET /shop-goods/detail-828812483524 HTTP/1.1" 404 - "-" "Mozilla/5.0 AppleWebKit/537.36 (KHTML, like Gecko; compatible; ClaudeBot/1.0; +claudebot@anthropic.com)"
216.73.216.99 - - [16/Apr/2026:13:09:30 -0600] "GET /shop-goods/detail-829010163253 HTTP/1.1" 404 - "-" "Mozilla/5.0 AppleWebKit/537.36 (KHTML, like Gecko; compatible; ClaudeBot/1.0; +claudebot@anthropic.com)"
216.73.216.99 - - [16/Apr/2026:13:09:35 -0600] "GET /shop-goods/detail-829140716617 HTTP/1.1" 404 - "-" "Mozilla/5.0 AppleWebKit/537.36 (KHTML, like Gecko; compatible; ClaudeBot/1.0; +claudebot@anthropic.com)"
216.73.216.99 - - [16/Apr/2026:13:09:40 -0600] "GET /shop-goods/detail-82883126590 HTTP/1.1" 404 - "-" "Mozilla/5.0 AppleWebKit/537.36 (KHTML, like Gecko; compatible; ClaudeBot/1.0; +claudebot@anthropic.com)"
216.73.216.99 - - [16/Apr/2026:13:09:45 -0600] "GET /shop-goods/detail-829220056491 HTTP/1.1" 404 - "-" "Mozilla/5.0 AppleWebKit/537.36 (KHTML, like Gecko; compatible; ClaudeBot/1.0; +claudebot@anthropic.com)"
216.73.216.99 - - [16/Apr/2026:13:09:50 -0600] "GET /shop-goods/detail-829088444292 HTTP/1.1" 404 - "-" "Mozilla/5.0 AppleWebKit/537.36 (KHTML, like Gecko; compatible; ClaudeBot/1.0; +claudebot@anthropic.com)"
216.73.216.99 - - [16/Apr/2026:13:09:55 -0600] "GET /shop-goods/detail-82914601700 HTTP/1.1" 404 - "-" "Mozilla/5.0 AppleWebKit/537.36 (KHTML, like Gecko; compatible; ClaudeBot/1.0; +claudebot@anthropic.com)"
216.73.216.99 - - [16/Apr/2026:13:10:00 -0600] "GET /shop-goods/detail-829280480809 HTTP/1.1" 404 - "-" "Mozilla/5.0 AppleWebKit/537.36 (KHTML, like Gecko; compatible; ClaudeBot/1.0; +claudebot@anthropic.com)"
122.55.94.34 - - [16/Apr/2026:13:10:03 -0600] "GET /wp-contentlomad-test.getmad.today/wp-content/uploads/2021/09/AdobeStock_209705558.jpeg HTTP/1.1" 404 - "https://thelomad.com/" "Mozilla/5.0 (Windows NT 10.0; Win64; x64) AppleWebKit/537.36 (KHTML, like Gecko) Chrome/147.0.0.0 Safari/537.36"
122.55.94.34 - - [16/Apr/2026:13:10:03 -0600] "GET /wp-contentlomad-test.getmad.today/wp-content/uploads/2021/09/AdobeStock_443605491-1.jpg HTTP/1.1" 404 - "https://thelomad.com/" "Mozilla/5.0 (Windows NT 10.0; Win64; x64) AppleWebKit/537.36 (KHTML, like Gecko) Chrome/147.0.0.0 Safari/537.36"
122.55.94.34 - - [16/Apr/2026:13:10:04 -0600] "GET /wp-contentlomad-test.getmad.today/wp-content/uploads/2021/09/AdobeStock_209705558.jpeg HTTP/1.1" 404 - "https://thelomad.com/" "Mozilla/5.0 (Windows NT 10.0; Win64; x64) AppleWebKit/537.36 (KHTML, like Gecko) Chrome/147.0.0.0 Safari/537.36"
122.55.94.34 - - [16/Apr/2026:13:10:04 -0600] "GET /wp-contentlomad-test.getmad.today/wp-content/uploads/2021/09/AdobeStock_443605491-1.jpg HTTP/1.1" 404 - "https://thelomad.com/" "Mozilla/5.0 (Windows NT 10.0; Win64; x64) AppleWebKit/537.36 (KHTML, like Gecko) Chrome/147.0.0.0 Safari/537.36"
74.7.227.52 - - [16/Apr/2026:13:10:05 -0600] "GET /shop-goods/detail-828818218200 HTTP/1.1" 404 - "https://twb.ebh.mybluehost.me/sitemap_shop_941.xml" "Mozilla/5.0 AppleWebKit/537.36 (KHTML, like Gecko; compatible; GPTBot/1.3; +https://openai.com/gptbot)"
216.73.216.99 - - [16/Apr/2026:13:10:05 -0600] "GET /shop-goods/detail-829137537394 HTTP/1.1" 404 - "-" "Mozilla/5.0 AppleWebKit/537.36 (KHTML, like Gecko; compatible; ClaudeBot/1.0; +claudebot@anthropic.com)"
216.73.216.99 - - [16/Apr/2026:13:10:10 -0600] "GET /shop-goods/detail-82883036560 HTTP/1.1" 404 - "-" "Mozilla/5.0 AppleWebKit/537.36 (KHTML, like Gecko; compatible; ClaudeBot/1.0; +claudebot@anthropic.com)"
216.73.216.99 - - [16/Apr/2026:13:10:15 -0600] "GET /shop-goods/detail-82901096029 HTTP/1.1" 404 - "-" "Mozilla/5.0 AppleWebKit/537.36 (KHTML, like Gecko; compatible; ClaudeBot/1.0; +claudebot@anthropic.com)"
216.73.216.99 - - [16/Apr/2026:13:10:21 -0600] "GET /shop-goods/detail-82907249061 HTTP/1.1" 404 - "-" "Mozilla/5.0 AppleWebKit/537.36 (KHTML, like Gecko; compatible; ClaudeBot/1.0; +claudebot@anthropic.com)"
216.73.216.99 - - [16/Apr/2026:13:10:26 -0600] "GET /shop-goods/detail-828890052881 HTTP/1.1" 404 - "-" "Mozilla/5.0 AppleWebKit/537.36 (KHTML, like Gecko; compatible; ClaudeBot/1.0; +claudebot@anthropic.com)"
216.73.216.99 - - [16/Apr/2026:13:10:31 -0600] "GET /shop-goods/detail-828824424495 HTTP/1.1" 404 - "-" "Mozilla/5.0 AppleWebKit/537.36 (KHTML, like Gecko; compatible; ClaudeBot/1.0; +claudebot@anthropic.com)"
216.73.216.99 - - [16/Apr/2026:13:10:36 -0600] "GET /shop-goods/detail-82914890163 HTTP/1.1" 404 - "-" "Mozilla/5.0 AppleWebKit/537.36 (KHTML, like Gecko; compatible; ClaudeBot/1.0; +claudebot@anthropic.com)"
216.73.216.99 - - [16/Apr/2026:13:10:41 -0600] "GET /shop-goods/detail-829088397754 HTTP/1.1" 404 - "-" "Mozilla/5.0 AppleWebKit/537.36 (KHTML, like Gecko; compatible; ClaudeBot/1.0; +claudebot@anthropic.com)"
216.73.216.99 - - [16/Apr/2026:13:10:46 -0600] "GET /shop-goods/detail-82899699149 HTTP/1.1" 404 - "-" "Mozilla/5.0 AppleWebKit/537.36 (KHTML, like Gecko; compatible; ClaudeBot/1.0; +claudebot@anthropic.com)"
216.73.216.99 - - [16/Apr/2026:13:10:51 -0600] "GET /shop-goods/detail-82914723255 HTTP/1.1" 404 - "-" "Mozilla/5.0 AppleWebKit/537.36 (KHTML, like Gecko; compatible; ClaudeBot/1.0; +claudebot@anthropic.com)"
216.73.216.99 - - [16/Apr/2026:13:10:56 -0600] "GET /shop-goods/detail-828845205938 HTTP/1.1" 404 - "-" "Mozilla/5.0 AppleWebKit/537.36 (KHTML, like Gecko; compatible; ClaudeBot/1.0; +claudebot@anthropic.com)"
216.73.216.99 - - [16/Apr/2026:13:11:01 -0600] "GET /shop-goods/detail-829344874729 HTTP/1.1" 404 - "-" "Mozilla/5.0 AppleWebKit/537.36 (KHTML, like Gecko; compatible; ClaudeBot/1.0; +claudebot@anthropic.com)"
74.7.227.52 - - [16/Apr/2026:13:11:09 -0600] "GET /shop-goods/detail-829398935893 HTTP/1.1" 404 - "https://twb.ebh.mybluehost.me/sitemap_shop_461.xml" "Mozilla/5.0 AppleWebKit/537.36 (KHTML, like Gecko; compatible; GPTBot/1.3; +https://openai.com/gptbot)"
216.73.216.99 - - [16/Apr/2026:13:11:11 -0600] "GET /shop-goods/detail-828966705609 HTTP/1.1" 404 - "-" "Mozilla/5.0 AppleWebKit/537.36 (KHTML, like Gecko; compatible; ClaudeBot/1.0; +claudebot@anthropic.com)"
216.73.216.99 - - [16/Apr/2026:13:11:16 -0600] "GET /shop-goods/detail-82907294780 HTTP/1.1" 404 - "-" "Mozilla/5.0 AppleWebKit/537.36 (KHTML, like Gecko; compatible; ClaudeBot/1.0; +claudebot@anthropic.com)"
216.73.216.99 - - [16/Apr/2026:13:11:21 -0600] "GET /shop-goods/detail-82889495236 HTTP/1.1" 404 - "-" "Mozilla/5.0 AppleWebKit/537.36 (KHTML, like Gecko; compatible; ClaudeBot/1.0; +claudebot@anthropic.com)"
216.73.216.99 - - [16/Apr/2026:13:12:03 -0600] "GET /shop-goods/detail-82893648885 HTTP/1.1" 404 - "-" "Mozilla/5.0 AppleWebKit/537.36 (KHTML, like Gecko; compatible; ClaudeBot/1.0; +claudebot@anthropic.com)"
216.73.216.99 - - [16/Apr/2026:13:12:08 -0600] "GET /shop-goods/detail-828993631191 HTTP/1.1" 404 - "-" "Mozilla/5.0 AppleWebKit/537.36 (KHTML, like Gecko; compatible; ClaudeBot/1.0; +claudebot@anthropic.com)"
74.7.227.52 - - [16/Apr/2026:13:12:11 -0600] "GET /shop-goods/detail-829229250558 HTTP/1.1" 404 - "https://twb.ebh.mybluehost.me/sitemap_shop_302.xml" "Mozilla/5.0 AppleWebKit/537.36 (KHTML, like Gecko; compatible; GPTBot/1.3; +https://openai.com/gptbot)"
216.73.216.99 - - [16/Apr/2026:13:12:13 -0600] "GET /shop-goods/detail-828990958731 HTTP/1.1" 404 - "-" "Mozilla/5.0 AppleWebKit/537.36 (KHTML, like Gecko; compatible; ClaudeBot/1.0; +claudebot@anthropic.com)"
47.128.44.223 - - [16/Apr/2026:13:12:14 -0600] "GET /shop-goods/detail-82932804637 HTTP/1.1" 404 - "-" "Mozilla/5.0 (Linux; Android 5.0) AppleWebKit/537.36 (KHTML, like Gecko) Mobile Safari/537.36 (compatible; Bytespider; spider-feedback@bytedance.com)"
216.73.216.99 - - [16/Apr/2026:13:12:15 -0600] "GET /robots.txt HTTP/1.1" 404 - "-" "Mozilla/5.0 AppleWebKit/537.36 (KHTML, like Gecko; compatible; ClaudeBot/1.0; +claudebot@anthropic.com)"
216.73.216.99 - - [16/Apr/2026:13:12:18 -0600] "GET /shop-goods/detail-82886119925 HTTP/1.1" 404 - "-" "Mozilla/5.0 AppleWebKit/537.36 (KHTML, like Gecko; compatible; ClaudeBot/1.0; +claudebot@anthropic.com)"
216.73.216.99 - - [16/Apr/2026:13:12:28 -0600] "GET /shop-goods/detail-82886017069 HTTP/1.1" 404 - "-" "Mozilla/5.0 AppleWebKit/537.36 (KHTML, like Gecko; compatible; ClaudeBot/1.0; +claudebot@anthropic.com)"
216.73.216.99 - - [16/Apr/2026:13:12:33 -0600] "GET /shop-goods/detail-82907195740 HTTP/1.1" 404 - "-" "Mozilla/5.0 AppleWebKit/537.36 (KHTML, like Gecko; compatible; ClaudeBot/1.0; +claudebot@anthropic.com)"
195.178.110.159 - - [16/Apr/2026:13:12:37 -0600] "GET /.git/config HTTP/1.1" 404 - "-" "Mozilla/5.0 (Macintosh; Intel Mac OS X 10_15_6) AppleWebKit/605.1.15 (KHTML, like Gecko) Version/14.0.3 Safari/605.1.15"
216.73.216.99 - - [16/Apr/2026:13:12:38 -0600] "GET /shop-goods/detail-82886287728 HTTP/1.1" 404 - "-" "Mozilla/5.0 AppleWebKit/537.36 (KHTML, like Gecko; compatible; ClaudeBot/1.0; +claudebot@anthropic.com)"
216.73.216.99 - - [16/Apr/2026:13:12:43 -0600] "GET /shop-goods/detail-82925191978 HTTP/1.1" 404 - "-" "Mozilla/5.0 AppleWebKit/537.36 (KHTML, like Gecko; compatible; ClaudeBot/1.0; +claudebot@anthropic.com)"
104.244.72.22 - - [16/Apr/2026:13:12:45 -0600] "GET /testsitemap.xml HTTP/1.1" 404 - "-" "google,yahoo,bot,googlebot"
216.73.216.99 - - [16/Apr/2026:13:12:48 -0600] "GET /shop-goods/detail-829323949175 HTTP/1.1" 404 - "-" "Mozilla/5.0 AppleWebKit/537.36 (KHTML, like Gecko; compatible; ClaudeBot/1.0; +claudebot@anthropic.com)"
216.73.216.99 - - [16/Apr/2026:13:12:53 -0600] "GET /shop-goods/detail-8289535474 HTTP/1.1" 404 - "-" "Mozilla/5.0 AppleWebKit/537.36 (KHTML, like Gecko; compatible; ClaudeBot/1.0; +claudebot@anthropic.com)"
216.73.216.99 - - [16/Apr/2026:13:12:58 -0600] "GET /shop-goods/detail-82889100397 HTTP/1.1" 404 - "-" "Mozilla/5.0 AppleWebKit/537.36 (KHTML, like Gecko; compatible; ClaudeBot/1.0; +claudebot@anthropic.com)"
27.126.152.170 - - [16/Apr/2026:13:12:59 -0600] "GET /wp-content/uploads/2022/09/LOMAD-Newsletter-Blue-3.png HTTP/1.1" 404 - "https://thelomad.com/" "Mozilla/5.0 (Windows NT 10.0; Win64; x64) AppleWebKit/537.36 (KHTML, like Gecko) Chrome/147.0.0.0 Safari/537.36"
27.126.152.170 - - [16/Apr/2026:13:12:59 -0600] "GET /wp-content/uploads/2022/09/LOMAD-Hands-In-100x100-1-1.png HTTP/1.1" 404 - "https://thelomad.com/" "Mozilla/5.0 (Windows NT 10.0; Win64; x64) AppleWebKit/537.36 (KHTML, like Gecko) Chrome/147.0.0.0 Safari/537.36"
222.127.103.194 - - [16/Apr/2026:13:12:59 -0600] "GET /wp-content/uploads/2022/08/LOMAD-Icons-TV-blue-100-x-100.png HTTP/1.1" 404 - "https://thelomad.com/" "Mozilla/5.0 (Windows NT 10.0; Win64; x64) AppleWebKit/537.36 (KHTML, like Gecko) Chrome/147.0.0.0 Safari/537.36"
174.138.14.122 - - [16/Apr/2026:13:13:03 -0600] "GET / HTTP/1.1" 200 3177 "-" "Mozilla/5.0 (X11; Linux x86_64) AppleWebKit/537.36 (KHTML, like Gecko) Chrome/142.0.0.0 Safari/537.36"
216.73.216.99 - - [16/Apr/2026:13:13:03 -0600] "GET /shop-goods/detail-829329691982 HTTP/1.1" 404 - "-" "Mozilla/5.0 AppleWebKit/537.36 (KHTML, like Gecko; compatible; ClaudeBot/1.0; +claudebot@anthropic.com)"
174.138.14.122 - - [16/Apr/2026:13:13:06 -0600] "GET /favicon.ico HTTP/1.1" 404 - "https://162.240.221.145/" "Mozilla/5.0 (X11; Linux x86_64) AppleWebKit/537.36 (KHTML, like Gecko) Chrome/142.0.0.0 Safari/537.36"
216.73.216.99 - - [16/Apr/2026:13:13:08 -0600] "GET /shop-goods/detail-82883096758 HTTP/1.1" 404 - "-" "Mozilla/5.0 AppleWebKit/537.36 (KHTML, like Gecko; compatible; ClaudeBot/1.0; +claudebot@anthropic.com)"
74.7.227.52 - - [16/Apr/2026:13:13:11 -0600] "GET /shop-goods/detail-829298291868 HTTP/1.1" 404 - "https://twb.ebh.mybluehost.me/sitemap_shop_461.xml" "Mozilla/5.0 AppleWebKit/537.36 (KHTML, like Gecko; compatible; GPTBot/1.3; +https://openai.com/gptbot)"
216.73.216.99 - - [16/Apr/2026:13:13:13 -0600] "GET /shop-goods/detail-82904481990 HTTP/1.1" 404 - "-" "Mozilla/5.0 AppleWebKit/537.36 (KHTML, like Gecko; compatible; ClaudeBot/1.0; +claudebot@anthropic.com)"
216.73.216.99 - - [16/Apr/2026:13:13:18 -0600] "GET /shop-goods/detail-82935670397 HTTP/1.1" 404 - "-" "Mozilla/5.0 AppleWebKit/537.36 (KHTML, like Gecko; compatible; ClaudeBot/1.0; +claudebot@anthropic.com)"
216.73.216.99 - - [16/Apr/2026:13:13:23 -0600] "GET /shop-goods/detail-82932713655 HTTP/1.1" 404 - "-" "Mozilla/5.0 AppleWebKit/537.36 (KHTML, like Gecko; compatible; ClaudeBot/1.0; +claudebot@anthropic.com)"
216.73.216.99 - - [16/Apr/2026:13:13:28 -0600] "GET /shop-goods/detail-82932840798 HTTP/1.1" 404 - "-" "Mozilla/5.0 AppleWebKit/537.36 (KHTML, like Gecko; compatible; ClaudeBot/1.0; +claudebot@anthropic.com)"
216.73.216.99 - - [16/Apr/2026:13:13:33 -0600] "GET /shop-goods/detail-82914714733 HTTP/1.1" 404 - "-" "Mozilla/5.0 AppleWebKit/537.36 (KHTML, like Gecko; compatible; ClaudeBot/1.0; +claudebot@anthropic.com)"
216.73.216.99 - - [16/Apr/2026:13:13:39 -0600] "GET /shop-goods/detail-828915802469 HTTP/1.1" 404 - "-" "Mozilla/5.0 AppleWebKit/537.36 (KHTML, like Gecko; compatible; ClaudeBot/1.0; +claudebot@anthropic.com)"
216.73.216.99 - - [16/Apr/2026:13:13:43 -0600] "GET /shop-goods/detail-82914748873 HTTP/1.1" 404 - "-" "Mozilla/5.0 AppleWebKit/537.36 (KHTML, like Gecko; compatible; ClaudeBot/1.0; +claudebot@anthropic.com)"
216.73.216.99 - - [16/Apr/2026:13:13:48 -0600] "GET /shop-goods/detail-82935580652 HTTP/1.1" 404 - "-" "Mozilla/5.0 AppleWebKit/537.36 (KHTML, like Gecko; compatible; ClaudeBot/1.0; +claudebot@anthropic.com)"
216.73.216.99 - - [16/Apr/2026:13:13:53 -0600] "GET /shop-goods/detail-82904192523 HTTP/1.1" 404 - "-" "Mozilla/5.0 AppleWebKit/537.36 (KHTML, like Gecko; compatible; ClaudeBot/1.0; +claudebot@anthropic.com)"
216.73.216.99 - - [16/Apr/2026:13:13:58 -0600] "GET /shop-goods/detail-82886487291 HTTP/1.1" 404 - "-" "Mozilla/5.0 AppleWebKit/537.36 (KHTML, like Gecko; compatible; ClaudeBot/1.0; +claudebot@anthropic.com)"
216.73.216.99 - - [16/Apr/2026:13:14:03 -0600] "GET /shop-goods/detail-8288361573 HTTP/1.1" 404 - "-" "Mozilla/5.0 AppleWebKit/537.36 (KHTML, like Gecko; compatible; ClaudeBot/1.0; +claudebot@anthropic.com)"
216.73.216.99 - - [16/Apr/2026:13:14:08 -0600] "GET /shop-goods/detail-82935537792 HTTP/1.1" 404 - "-" "Mozilla/5.0 AppleWebKit/537.36 (KHTML, like Gecko; compatible; ClaudeBot/1.0; +claudebot@anthropic.com)"
74.7.227.52 - - [16/Apr/2026:13:14:12 -0600] "GET /shop-goods/detail-829010108801 HTTP/1.1" 404 - "https://twb.ebh.mybluehost.me/sitemap_index.xml" "Mozilla/5.0 AppleWebKit/537.36 (KHTML, like Gecko; compatible; GPTBot/1.3; +https://openai.com/gptbot)"
216.73.216.99 - - [16/Apr/2026:13:14:13 -0600] "GET /shop-goods/detail-82883098481 HTTP/1.1" 404 - "-" "Mozilla/5.0 AppleWebKit/537.36 (KHTML, like Gecko; compatible; ClaudeBot/1.0; +claudebot@anthropic.com)"
216.73.216.99 - - [16/Apr/2026:13:14:18 -0600] "GET /shop-goods/detail-82883062052 HTTP/1.1" 404 - "-" "Mozilla/5.0 AppleWebKit/537.36 (KHTML, like Gecko; compatible; ClaudeBot/1.0; +claudebot@anthropic.com)"
216.73.216.99 - - [16/Apr/2026:13:14:23 -0600] "GET /shop-goods/detail-82886479725 HTTP/1.1" 404 - "-" "Mozilla/5.0 AppleWebKit/537.36 (KHTML, like Gecko; compatible; ClaudeBot/1.0; +claudebot@anthropic.com)"
216.73.216.99 - - [16/Apr/2026:13:14:32 -0600] "GET /shop-goods/detail-82935940892 HTTP/1.1" 404 - "-" "Mozilla/5.0 AppleWebKit/537.36 (KHTML, like Gecko; compatible; ClaudeBot/1.0; +claudebot@anthropic.com)"
216.73.216.99 - - [16/Apr/2026:13:14:37 -0600] "GET /shop-goods/detail-82883496938 HTTP/1.1" 404 - "-" "Mozilla/5.0 AppleWebKit/537.36 (KHTML, like Gecko; compatible; ClaudeBot/1.0; +claudebot@anthropic.com)"
216.73.216.99 - - [16/Apr/2026:13:14:42 -0600] "GET /shop-goods/detail-82932872062 HTTP/1.1" 404 - "-" "Mozilla/5.0 AppleWebKit/537.36 (KHTML, like Gecko; compatible; ClaudeBot/1.0; +claudebot@anthropic.com)"
216.73.216.99 - - [16/Apr/2026:13:14:47 -0600] "GET /shop-goods/detail-82932837010 HTTP/1.1" 404 - "-" "Mozilla/5.0 AppleWebKit/537.36 (KHTML, like Gecko; compatible; ClaudeBot/1.0; +claudebot@anthropic.com)"
122.55.94.34 - - [16/Apr/2026:13:14:57 -0600] "GET /wp-content/uploads/2022/09/LOMAD-Icon-Gavel-blue.png HTTP/1.1" 404 - "https://thelomad.com/" "Mozilla/5.0 (Windows NT 10.0; Win64; x64) AppleWebKit/537.36 (KHTML, like Gecko) Chrome/147.0.0.0 Safari/537.36"
222.127.103.194 - - [16/Apr/2026:13:14:57 -0600] "GET /wp-content/uploads/2022/09/LOMAD-Hands-In-2-blue-.png HTTP/1.1" 404 - "https://thelomad.com/" "Mozilla/5.0 (Windows NT 10.0; Win64; x64) AppleWebKit/537.36 (KHTML, like Gecko) Chrome/147.0.0.0 Safari/537.36"
203.177.161.154 - - [16/Apr/2026:13:14:57 -0600] "GET /wp-content/uploads/2021/09/ic1.png HTTP/1.1" 404 - "https://thelomad.com/" "Mozilla/5.0 (Windows NT 10.0; Win64; x64) AppleWebKit/537.36 (KHTML, like Gecko) Chrome/147.0.0.0 Safari/537.36"
216.73.216.99 - - [16/Apr/2026:13:14:57 -0600] "GET /shop-goods/detail-82886060414 HTTP/1.1" 404 - "-" "Mozilla/5.0 AppleWebKit/537.36 (KHTML, like Gecko; compatible; ClaudeBot/1.0; +claudebot@anthropic.com)"
216.73.216.99 - - [16/Apr/2026:13:15:02 -0600] "GET /shop-goods/detail-828848440698 HTTP/1.1" 404 - "-" "Mozilla/5.0 AppleWebKit/537.36 (KHTML, like Gecko; compatible; ClaudeBot/1.0; +claudebot@anthropic.com)"
216.73.216.99 - - [16/Apr/2026:13:15:07 -0600] "GET /shop-goods/detail-82932965285 HTTP/1.1" 404 - "-" "Mozilla/5.0 AppleWebKit/537.36 (KHTML, like Gecko; compatible; ClaudeBot/1.0; +claudebot@anthropic.com)"
216.73.216.99 - - [16/Apr/2026:13:15:12 -0600] "GET /shop-goods/detail-82886060013 HTTP/1.1" 404 - "-" "Mozilla/5.0 AppleWebKit/537.36 (KHTML, like Gecko; compatible; ClaudeBot/1.0; +claudebot@anthropic.com)"
74.7.227.52 - - [16/Apr/2026:13:15:15 -0600] "GET /shop-goods/detail-829088388338 HTTP/1.1" 404 - "https://twb.ebh.mybluehost.me/sitemap_shop_972.xml" "Mozilla/5.0 AppleWebKit/537.36 (KHTML, like Gecko; compatible; GPTBot/1.3; +https://openai.com/gptbot)"
216.73.216.99 - - [16/Apr/2026:13:15:17 -0600] "GET /shop-goods/detail-82883312374 HTTP/1.1" 404 - "-" "Mozilla/5.0 AppleWebKit/537.36 (KHTML, like Gecko; compatible; ClaudeBot/1.0; +claudebot@anthropic.com)"
216.73.216.99 - - [16/Apr/2026:13:15:23 -0600] "GET /shop-goods/detail-82883417224 HTTP/1.1" 404 - "-" "Mozilla/5.0 AppleWebKit/537.36 (KHTML, like Gecko; compatible; ClaudeBot/1.0; +claudebot@anthropic.com)"
216.73.216.99 - - [16/Apr/2026:13:15:27 -0600] "GET /shop-goods/detail-829326577983 HTTP/1.1" 404 - "-" "Mozilla/5.0 AppleWebKit/537.36 (KHTML, like Gecko; compatible; ClaudeBot/1.0; +claudebot@anthropic.com)"
216.73.216.99 - - [16/Apr/2026:13:15:32 -0600] "GET /shop-goods/detail-828845476527 HTTP/1.1" 404 - "-" "Mozilla/5.0 AppleWebKit/537.36 (KHTML, like Gecko; compatible; ClaudeBot/1.0; +claudebot@anthropic.com)"
216.73.216.99 - - [16/Apr/2026:13:15:37 -0600] "GET /shop-goods/detail-829344876573 HTTP/1.1" 404 - "-" "Mozilla/5.0 AppleWebKit/537.36 (KHTML, like Gecko; compatible; ClaudeBot/1.0; +claudebot@anthropic.com)"
122.55.94.34 - - [16/Apr/2026:13:15:42 -0600] "GET /wp-content/uploads/2022/09/LOMAD-Hands-In-2-blue-.png HTTP/1.1" 404 - "https://thelomad.com/" "Mozilla/5.0 (Windows NT 10.0; Win64; x64) AppleWebKit/537.36 (KHTML, like Gecko) Chrome/147.0.0.0 Safari/537.36"
122.55.94.34 - - [16/Apr/2026:13:15:42 -0600] "GET /wp-content/uploads/2021/09/ic1.png HTTP/1.1" 404 - "https://thelomad.com/" "Mozilla/5.0 (Windows NT 10.0; Win64; x64) AppleWebKit/537.36 (KHTML, like Gecko) Chrome/147.0.0.0 Safari/537.36"
222.127.103.194 - - [16/Apr/2026:13:15:42 -0600] "GET /wp-content/uploads/2022/09/LOMAD-Icon-Gavel-blue.png HTTP/1.1" 404 - "https://thelomad.com/" "Mozilla/5.0 (Windows NT 10.0; Win64; x64) AppleWebKit/537.36 (KHTML, like Gecko) Chrome/147.0.0.0 Safari/537.36"
216.73.216.99 - - [16/Apr/2026:13:15:42 -0600] "GET /shop-goods/detail-829173662402 HTTP/1.1" 404 - "-" "Mozilla/5.0 AppleWebKit/537.36 (KHTML, like Gecko; compatible; ClaudeBot/1.0; +claudebot@anthropic.com)"
216.73.216.99 - - [16/Apr/2026:13:15:53 -0600] "GET /shop-goods/detail-828954673045 HTTP/1.1" 404 - "-" "Mozilla/5.0 AppleWebKit/537.36 (KHTML, like Gecko; compatible; ClaudeBot/1.0; +claudebot@anthropic.com)"
27.126.152.170 - - [16/Apr/2026:13:15:54 -0600] "GET /wp-content/uploads/2021/09/ic1.png HTTP/1.1" 404 - "https://thelomad.com/" "Mozilla/5.0 (Windows NT 10.0; Win64; x64) AppleWebKit/537.36 (KHTML, like Gecko) Chrome/147.0.0.0 Safari/537.36"
122.3.0.194 - - [16/Apr/2026:13:15:54 -0600] "GET /wp-content/uploads/2022/09/LOMAD-Hands-In-2-blue-.png HTTP/1.1" 404 - "https://thelomad.com/" "Mozilla/5.0 (Windows NT 10.0; Win64; x64) AppleWebKit/537.36 (KHTML, like Gecko) Chrome/147.0.0.0 Safari/537.36"
122.55.94.34 - - [16/Apr/2026:13:15:54 -0600] "GET /wp-content/uploads/2022/09/LOMAD-Icon-Gavel-blue.png HTTP/1.1" 404 - "https://thelomad.com/" "Mozilla/5.0 (Windows NT 10.0; Win64; x64) AppleWebKit/537.36 (KHTML, like Gecko) Chrome/147.0.0.0 Safari/537.36"
216.73.216.99 - - [16/Apr/2026:13:15:57 -0600] "GET /shop-goods/detail-828848420239 HTTP/1.1" 404 - "-" "Mozilla/5.0 AppleWebKit/537.36 (KHTML, like Gecko; compatible; ClaudeBot/1.0; +claudebot@anthropic.com)"
216.73.216.99 - - [16/Apr/2026:13:16:02 -0600] "GET /shop-goods/detail-82893804356 HTTP/1.1" 404 - "-" "Mozilla/5.0 AppleWebKit/537.36 (KHTML, like Gecko; compatible; ClaudeBot/1.0; +claudebot@anthropic.com)"
216.73.216.99 - - [16/Apr/2026:13:16:07 -0600] "GET /shop-goods/detail-828818079830 HTTP/1.1" 404 - "-" "Mozilla/5.0 AppleWebKit/537.36 (KHTML, like Gecko; compatible; ClaudeBot/1.0; +claudebot@anthropic.com)"
216.73.216.99 - - [16/Apr/2026:13:16:12 -0600] "GET /shop-goods/detail-828833282769 HTTP/1.1" 404 - "-" "Mozilla/5.0 AppleWebKit/537.36 (KHTML, like Gecko; compatible; ClaudeBot/1.0; +claudebot@anthropic.com)"
47.128.44.217 - - [16/Apr/2026:13:16:15 -0600] "GET /shop-goods/detail-8289754800 HTTP/1.1" 404 - "-" "Mozilla/5.0 (Linux; Android 5.0) AppleWebKit/537.36 (KHTML, like Gecko) Mobile Safari/537.36 (compatible; Bytespider; spider-feedback@bytedance.com)"
74.7.227.52 - - [16/Apr/2026:13:16:16 -0600] "GET /shop-goods/detail-829197919914 HTTP/1.1" 404 - "https://twb.ebh.mybluehost.me/sitemap_shop_461.xml" "Mozilla/5.0 AppleWebKit/537.36 (KHTML, like Gecko; compatible; GPTBot/1.3; +https://openai.com/gptbot)"
216.73.216.99 - - [16/Apr/2026:13:16:25 -0600] "GET /shop-goods/detail-829167868337 HTTP/1.1" 404 - "-" "Mozilla/5.0 AppleWebKit/537.36 (KHTML, like Gecko; compatible; ClaudeBot/1.0; +claudebot@anthropic.com)"
122.3.0.194 - - [16/Apr/2026:13:16:27 -0600] "GET /wp-content/uploads/2022/09/LOMAD-Icon-Gavel-blue.png HTTP/1.1" 404 - "https://thelomad.com/" "Mozilla/5.0 (Windows NT 10.0; Win64; x64) AppleWebKit/537.36 (KHTML, like Gecko) Chrome/147.0.0.0 Safari/537.36"
122.55.94.34 - - [16/Apr/2026:13:16:27 -0600] "GET /wp-content/uploads/2022/09/LOMAD-Hands-In-2-blue-.png HTTP/1.1" 404 - "https://thelomad.com/" "Mozilla/5.0 (Windows NT 10.0; Win64; x64) AppleWebKit/537.36 (KHTML, like Gecko) Chrome/147.0.0.0 Safari/537.36"
222.127.103.194 - - [16/Apr/2026:13:16:27 -0600] "GET /wp-content/uploads/2021/09/ic1.png HTTP/1.1" 404 - "https://thelomad.com/" "Mozilla/5.0 (Windows NT 10.0; Win64; x64) AppleWebKit/537.36 (KHTML, like Gecko) Chrome/147.0.0.0 Safari/537.36"
216.73.216.99 - - [16/Apr/2026:13:16:29 -0600] "GET /shop-goods/detail-82928479037 HTTP/1.1" 404 - "-" "Mozilla/5.0 AppleWebKit/537.36 (KHTML, like Gecko; compatible; ClaudeBot/1.0; +claudebot@anthropic.com)"
216.73.216.99 - - [16/Apr/2026:13:16:34 -0600] "GET /shop-goods/detail-82904022849 HTTP/1.1" 404 - "-" "Mozilla/5.0 AppleWebKit/537.36 (KHTML, like Gecko; compatible; ClaudeBot/1.0; +claudebot@anthropic.com)"
216.73.216.99 - - [16/Apr/2026:13:16:39 -0600] "GET /shop-goods/detail-82928252239 HTTP/1.1" 404 - "-" "Mozilla/5.0 AppleWebKit/537.36 (KHTML, like Gecko; compatible; ClaudeBot/1.0; +claudebot@anthropic.com)"
216.73.216.99 - - [16/Apr/2026:13:16:50 -0600] "GET /shop-goods/detail-82925327086 HTTP/1.1" 404 - "-" "Mozilla/5.0 AppleWebKit/537.36 (KHTML, like Gecko; compatible; ClaudeBot/1.0; +claudebot@anthropic.com)"
