216.73.216.99 - - [16/Apr/2026:08:36:52 -0600] "GET /shop-goods/detail-82893511544 HTTP/1.1" 500 2576 "-" "Mozilla/5.0 AppleWebKit/537.36 (KHTML, like Gecko; compatible; ClaudeBot/1.0; +claudebot@anthropic.com)"
216.73.216.99 - - [16/Apr/2026:08:36:57 -0600] "GET /shop-goods/detail-829311665343 HTTP/1.1" 500 2576 "-" "Mozilla/5.0 AppleWebKit/537.36 (KHTML, like Gecko; compatible; ClaudeBot/1.0; +claudebot@anthropic.com)"
216.73.216.99 - - [16/Apr/2026:08:37:02 -0600] "GET /shop-goods/detail-82935686135 HTTP/1.1" 500 2576 "-" "Mozilla/5.0 AppleWebKit/537.36 (KHTML, like Gecko; compatible; ClaudeBot/1.0; +claudebot@anthropic.com)"
74.7.227.52 - - [16/Apr/2026:08:37:04 -0600] "GET /shop-goods/detail-829116853270 HTTP/1.1" 500 2576 "https://twb.ebh.mybluehost.me/sitemap_shop_941.xml" "Mozilla/5.0 AppleWebKit/537.36 (KHTML, like Gecko; compatible; GPTBot/1.3; +https://openai.com/gptbot)"
216.73.216.99 - - [16/Apr/2026:08:37:07 -0600] "GET /shop-goods/detail-82893758670 HTTP/1.1" 500 2576 "-" "Mozilla/5.0 AppleWebKit/537.36 (KHTML, like Gecko; compatible; ClaudeBot/1.0; +claudebot@anthropic.com)"
216.73.216.99 - - [16/Apr/2026:08:37:12 -0600] "GET /shop-goods/detail-828812351756 HTTP/1.1" 500 2576 "-" "Mozilla/5.0 AppleWebKit/537.36 (KHTML, like Gecko; compatible; ClaudeBot/1.0; +claudebot@anthropic.com)"
216.73.216.99 - - [16/Apr/2026:08:37:18 -0600] "GET /shop-goods/detail-82904053028 HTTP/1.1" 500 2576 "-" "Mozilla/5.0 AppleWebKit/537.36 (KHTML, like Gecko; compatible; ClaudeBot/1.0; +claudebot@anthropic.com)"
216.73.216.99 - - [16/Apr/2026:08:37:22 -0600] "GET /shop-goods/detail-82935982407 HTTP/1.1" 500 2576 "-" "Mozilla/5.0 AppleWebKit/537.36 (KHTML, like Gecko; compatible; ClaudeBot/1.0; +claudebot@anthropic.com)"
216.73.216.99 - - [16/Apr/2026:08:37:27 -0600] "GET /shop-goods/detail-82886289725 HTTP/1.1" 500 2576 "-" "Mozilla/5.0 AppleWebKit/537.36 (KHTML, like Gecko; compatible; ClaudeBot/1.0; +claudebot@anthropic.com)"
216.73.216.99 - - [16/Apr/2026:08:37:36 -0600] "GET /shop-goods/detail-82938528854 HTTP/1.1" 500 2576 "-" "Mozilla/5.0 AppleWebKit/537.36 (KHTML, like Gecko; compatible; ClaudeBot/1.0; +claudebot@anthropic.com)"
216.73.216.99 - - [16/Apr/2026:08:37:41 -0600] "GET /shop-goods/detail-829110655372 HTTP/1.1" 500 2576 "-" "Mozilla/5.0 AppleWebKit/537.36 (KHTML, like Gecko; compatible; ClaudeBot/1.0; +claudebot@anthropic.com)"
216.73.216.99 - - [16/Apr/2026:08:37:46 -0600] "GET /shop-goods/detail-82904059274 HTTP/1.1" 500 2576 "-" "Mozilla/5.0 AppleWebKit/537.36 (KHTML, like Gecko; compatible; ClaudeBot/1.0; +claudebot@anthropic.com)"
52.167.144.145 - - [16/Apr/2026:08:37:51 -0600] "GET /shop-goods/detail-828889397 HTTP/1.1" 200 197632 "-" "Mozilla/5.0 AppleWebKit/537.36 (KHTML, like Gecko; compatible; bingbot/2.0; +http://www.bing.com/bingbot.htm) Chrome/116.0.1938.76 Safari/537.36"
216.73.216.99 - - [16/Apr/2026:08:37:51 -0600] "GET /shop-goods/detail-82893876941 HTTP/1.1" 500 2576 "-" "Mozilla/5.0 AppleWebKit/537.36 (KHTML, like Gecko; compatible; ClaudeBot/1.0; +claudebot@anthropic.com)"
216.73.216.99 - - [16/Apr/2026:08:37:57 -0600] "GET /shop-goods/detail-82907241950 HTTP/1.1" 500 2576 "-" "Mozilla/5.0 AppleWebKit/537.36 (KHTML, like Gecko; compatible; ClaudeBot/1.0; +claudebot@anthropic.com)"
216.73.216.99 - - [16/Apr/2026:08:38:02 -0600] "GET /shop-goods/detail-82935573697 HTTP/1.1" 500 2576 "-" "Mozilla/5.0 AppleWebKit/537.36 (KHTML, like Gecko; compatible; ClaudeBot/1.0; +claudebot@anthropic.com)"
216.73.216.99 - - [16/Apr/2026:08:38:07 -0600] "GET /shop-goods/detail-82911566595 HTTP/1.1" 500 2576 "-" "Mozilla/5.0 AppleWebKit/537.36 (KHTML, like Gecko; compatible; ClaudeBot/1.0; +claudebot@anthropic.com)"
172.239.50.62 - - [16/Apr/2026:08:38:09 -0600] "GET /wp-content/plugins/preloader-for-website/readme.txt HTTP/1.1" 500 2576 "-" "Mozilla/5.0 (Windows NT 10.0; Win64; x64) AppleWebKit/537.36 (KHTML, like Gecko) Chrome/133.0.0.0 Safari/537.36"
74.7.227.52 - - [16/Apr/2026:08:38:10 -0600] "GET /shop-goods/detail-829320736149 HTTP/1.1" 500 2576 "https://twb.ebh.mybluehost.me/sitemap_shop_941.xml" "Mozilla/5.0 AppleWebKit/537.36 (KHTML, like Gecko; compatible; GPTBot/1.3; +https://openai.com/gptbot)"
172.239.50.62 - - [16/Apr/2026:08:38:10 -0600] "GET /wp-content/plugins/preloader-for-website/release_notes.txt HTTP/1.1" 500 2576 "-" "Mozilla/5.0 (Windows NT 10.0; Win64; x64) AppleWebKit/537.36 (KHTML, like Gecko) Chrome/133.0.0.0 Safari/537.36"
216.73.216.99 - - [16/Apr/2026:08:38:11 -0600] "GET /shop-goods/detail-829122695145 HTTP/1.1" 500 2576 "-" "Mozilla/5.0 AppleWebKit/537.36 (KHTML, like Gecko; compatible; ClaudeBot/1.0; +claudebot@anthropic.com)"
216.73.216.99 - - [16/Apr/2026:08:38:18 -0600] "GET /shop-goods/detail-829067336437 HTTP/1.1" 500 2576 "-" "Mozilla/5.0 AppleWebKit/537.36 (KHTML, like Gecko; compatible; ClaudeBot/1.0; +claudebot@anthropic.com)"
216.73.216.99 - - [16/Apr/2026:08:38:21 -0600] "GET /shop-goods/detail-82886216302 HTTP/1.1" 500 2576 "-" "Mozilla/5.0 AppleWebKit/537.36 (KHTML, like Gecko; compatible; ClaudeBot/1.0; +claudebot@anthropic.com)"
216.73.216.99 - - [16/Apr/2026:08:38:26 -0600] "GET /shop-goods/detail-829067076265 HTTP/1.1" 500 2576 "-" "Mozilla/5.0 AppleWebKit/537.36 (KHTML, like Gecko; compatible; ClaudeBot/1.0; +claudebot@anthropic.com)"
216.73.216.99 - - [16/Apr/2026:08:38:31 -0600] "GET /shop-goods/detail-829010389044 HTTP/1.1" 500 2576 "-" "Mozilla/5.0 AppleWebKit/537.36 (KHTML, like Gecko; compatible; ClaudeBot/1.0; +claudebot@anthropic.com)"
216.73.216.99 - - [16/Apr/2026:08:38:36 -0600] "GET /shop-goods/detail-82899948073 HTTP/1.1" 500 2576 "-" "Mozilla/5.0 AppleWebKit/537.36 (KHTML, like Gecko; compatible; ClaudeBot/1.0; +claudebot@anthropic.com)"
216.73.216.99 - - [16/Apr/2026:08:38:41 -0600] "GET /shop-goods/detail-829314522213 HTTP/1.1" 500 2576 "-" "Mozilla/5.0 AppleWebKit/537.36 (KHTML, like Gecko; compatible; ClaudeBot/1.0; +claudebot@anthropic.com)"
65.108.47.187 - - [16/Apr/2026:08:38:46 -0600] "GET /wp-content/uploads/2021/11/bannerslide1-2.jpg HTTP/1.1" 200 69459 "https://thelomad.com/wp-content/et-cache/6/et-core-unified-tb-51147-tb-51148-deferred-6.min.css?ver=1775659795" "Mozilla/5.0 (Macintosh; Intel Mac OS X 10_15_7) AppleWebKit/537.36 (KHTML, like Gecko) Chrome/147.0.0.0 Safari/537.36"
65.108.47.187 - - [16/Apr/2026:08:38:46 -0600] "GET /wp-content/uploads/2021/08/AdobeStock_108033031-D.jpg HTTP/1.1" 200 107876 "https://thelomad.com/wp-content/et-cache/6/et-core-unified-tb-51147-tb-51148-deferred-6.min.css?ver=1775659795" "Mozilla/5.0 (Macintosh; Intel Mac OS X 10_15_7) AppleWebKit/537.36 (KHTML, like Gecko) Chrome/147.0.0.0 Safari/537.36"
65.108.47.187 - - [16/Apr/2026:08:38:46 -0600] "GET /wp-contentlomad-test.getmad.today/wp-content/uploads/2021/09/AdobeStock_443605491-1.jpg HTTP/1.1" 500 2576 "https://thelomad.com/wp-content/et-cache/6/et-core-unified-tb-51147-tb-51148-deferred-6.min.css?ver=1775659795" "Mozilla/5.0 (Macintosh; Intel Mac OS X 10_15_7) AppleWebKit/537.36 (KHTML, like Gecko) Chrome/147.0.0.0 Safari/537.36"
65.108.47.187 - - [16/Apr/2026:08:38:46 -0600] "GET /wp-contentlomad-test.getmad.today/wp-content/uploads/2021/09/AdobeStock_209705558.jpeg HTTP/1.1" 500 2576 "https://thelomad.com/wp-content/et-cache/6/et-core-unified-tb-51147-tb-51148-deferred-6.min.css?ver=1775659795" "Mozilla/5.0 (Macintosh; Intel Mac OS X 10_15_7) AppleWebKit/537.36 (KHTML, like Gecko) Chrome/147.0.0.0 Safari/537.36"
216.73.216.99 - - [16/Apr/2026:08:38:47 -0600] "GET /shop-goods/detail-829320688973 HTTP/1.1" 500 2576 "-" "Mozilla/5.0 AppleWebKit/537.36 (KHTML, like Gecko; compatible; ClaudeBot/1.0; +claudebot@anthropic.com)"
65.108.47.187 - - [16/Apr/2026:08:38:51 -0600] "GET /wp-content/uploads/2022/09/LOMAD-Logo-190x120-1.jpg HTTP/1.1" 200 13167 "https://thelomad.com/?dicbo=v4-yqprxWg-1203887488-1" "Mozilla/5.0 (Macintosh; Intel Mac OS X 10_15_7) AppleWebKit/537.36 (KHTML, like Gecko) Chrome/147.0.0.0 Safari/537.36"
65.108.47.187 - - [16/Apr/2026:08:38:51 -0600] "GET /wp-content/uploads/2021/09/MWBE-Logo-300x141-1.png HTTP/1.1" 200 30999 "https://thelomad.com/?dicbo=v4-yqprxWg-1203887488-1" "Mozilla/5.0 (Macintosh; Intel Mac OS X 10_15_7) AppleWebKit/537.36 (KHTML, like Gecko) Chrome/147.0.0.0 Safari/537.36"
216.73.216.99 - - [16/Apr/2026:08:38:51 -0600] "GET /shop-goods/detail-82917570948 HTTP/1.1" 500 2576 "-" "Mozilla/5.0 AppleWebKit/537.36 (KHTML, like Gecko; compatible; ClaudeBot/1.0; +claudebot@anthropic.com)"
65.108.47.187 - - [16/Apr/2026:08:38:54 -0600] "GET /wp-content/uploads/2021/11/bannerslide3.jpeg HTTP/1.1" 200 98646 "https://thelomad.com/wp-content/et-cache/6/et-core-unified-tb-51147-tb-51148-deferred-6.min.css?ver=1775659795" "Mozilla/5.0 (Macintosh; Intel Mac OS X 10_15_7) AppleWebKit/537.36 (KHTML, like Gecko) Chrome/147.0.0.0 Safari/537.36"
65.108.47.187 - - [16/Apr/2026:08:38:54 -0600] "GET /wp-content/uploads/2021/11/bannerslid2.jpeg HTTP/1.1" 200 99293 "https://thelomad.com/wp-content/et-cache/6/et-core-unified-tb-51147-tb-51148-deferred-6.min.css?ver=1775659795" "Mozilla/5.0 (Macintosh; Intel Mac OS X 10_15_7) AppleWebKit/537.36 (KHTML, like Gecko) Chrome/147.0.0.0 Safari/537.36"
66.249.74.69 - - [16/Apr/2026:08:39:06 -0600] "GET /shop-goods/detail-82932796601 HTTP/1.1" 200 207546 "-" "Mozilla/5.0 (Linux; Android 6.0.1; Nexus 5X Build/MMB29P) AppleWebKit/537.36 (KHTML, like Gecko) Chrome/146.0.7680.177 Mobile Safari/537.36 (compatible; Googlebot/2.1; +http://www.google.com/bot.html)"
74.7.227.52 - - [16/Apr/2026:08:39:10 -0600] "GET /shop-goods/detail-828815064349 HTTP/1.1" 500 2576 "https://twb.ebh.mybluehost.me/sitemap_shop_474.xml" "Mozilla/5.0 AppleWebKit/537.36 (KHTML, like Gecko; compatible; GPTBot/1.3; +https://openai.com/gptbot)"
216.73.216.99 - - [16/Apr/2026:08:39:10 -0600] "GET /shop-goods/detail-82883227100 HTTP/1.1" 500 2576 "-" "Mozilla/5.0 AppleWebKit/537.36 (KHTML, like Gecko; compatible; ClaudeBot/1.0; +claudebot@anthropic.com)"
216.73.216.99 - - [16/Apr/2026:08:39:17 -0600] "GET /shop-goods/detail-82889362850 HTTP/1.1" 500 2576 "-" "Mozilla/5.0 AppleWebKit/537.36 (KHTML, like Gecko; compatible; ClaudeBot/1.0; +claudebot@anthropic.com)"
216.73.216.99 - - [16/Apr/2026:08:39:21 -0600] "GET /shop-goods/detail-82935872645 HTTP/1.1" 500 2576 "-" "Mozilla/5.0 AppleWebKit/537.36 (KHTML, like Gecko; compatible; ClaudeBot/1.0; +claudebot@anthropic.com)"
216.73.216.99 - - [16/Apr/2026:08:39:25 -0600] "GET /shop-goods/detail-829010260229 HTTP/1.1" 500 2576 "-" "Mozilla/5.0 AppleWebKit/537.36 (KHTML, like Gecko; compatible; ClaudeBot/1.0; +claudebot@anthropic.com)"
216.73.216.99 - - [16/Apr/2026:08:39:32 -0600] "GET /shop-goods/detail-82935683369 HTTP/1.1" 500 2576 "-" "Mozilla/5.0 AppleWebKit/537.36 (KHTML, like Gecko; compatible; ClaudeBot/1.0; +claudebot@anthropic.com)"
216.73.216.99 - - [16/Apr/2026:08:39:35 -0600] "GET /shop-goods/detail-82935526519 HTTP/1.1" 500 2576 "-" "Mozilla/5.0 AppleWebKit/537.36 (KHTML, like Gecko; compatible; ClaudeBot/1.0; +claudebot@anthropic.com)"
216.73.216.99 - - [16/Apr/2026:08:39:40 -0600] "GET /shop-goods/detail-82932616374 HTTP/1.1" 500 2576 "-" "Mozilla/5.0 AppleWebKit/537.36 (KHTML, like Gecko; compatible; ClaudeBot/1.0; +claudebot@anthropic.com)"
216.73.216.99 - - [16/Apr/2026:08:39:45 -0600] "GET /shop-goods/detail-829329615753 HTTP/1.1" 500 2576 "-" "Mozilla/5.0 AppleWebKit/537.36 (KHTML, like Gecko; compatible; ClaudeBot/1.0; +claudebot@anthropic.com)"
216.73.216.99 - - [16/Apr/2026:08:39:50 -0600] "GET /shop-goods/detail-82901459036 HTTP/1.1" 500 2576 "-" "Mozilla/5.0 AppleWebKit/537.36 (KHTML, like Gecko; compatible; ClaudeBot/1.0; +claudebot@anthropic.com)"
216.73.216.99 - - [16/Apr/2026:08:39:55 -0600] "GET /shop-goods/detail-82901296955 HTTP/1.1" 500 2576 "-" "Mozilla/5.0 AppleWebKit/537.36 (KHTML, like Gecko; compatible; ClaudeBot/1.0; +claudebot@anthropic.com)"
66.249.74.69 - - [16/Apr/2026:08:39:55 -0600] "GET /shop-goods/detail-82911904608 HTTP/1.1" 200 191676 "-" "Mozilla/5.0 (Linux; Android 6.0.1; Nexus 5X Build/MMB29P) AppleWebKit/537.36 (KHTML, like Gecko) Chrome/146.0.7680.177 Mobile Safari/537.36 (compatible; Googlebot/2.1; +http://www.google.com/bot.html)"
216.73.216.99 - - [16/Apr/2026:08:40:00 -0600] "GET /shop-goods/detail-829329770544 HTTP/1.1" 500 2576 "-" "Mozilla/5.0 AppleWebKit/537.36 (KHTML, like Gecko; compatible; ClaudeBot/1.0; +claudebot@anthropic.com)"
47.128.44.5 - - [16/Apr/2026:08:40:09 -0600] "GET /shop-goods/detail-82932945785 HTTP/1.1" 500 2576 "-" "Mozilla/5.0 (Linux; Android 5.0) AppleWebKit/537.36 (KHTML, like Gecko) Mobile Safari/537.36 (compatible; Bytespider; spider-feedback@bytedance.com)"
74.7.227.52 - - [16/Apr/2026:08:40:15 -0600] "GET /shop-goods/detail-829025430753 HTTP/1.1" 500 2576 "https://twb.ebh.mybluehost.me/sitemap_shop_302.xml" "Mozilla/5.0 AppleWebKit/537.36 (KHTML, like Gecko; compatible; GPTBot/1.3; +https://openai.com/gptbot)"
216.73.216.99 - - [16/Apr/2026:08:40:38 -0600] "GET /shop-goods/detail-829274149282 HTTP/1.1" 500 2576 "-" "Mozilla/5.0 AppleWebKit/537.36 (KHTML, like Gecko; compatible; ClaudeBot/1.0; +claudebot@anthropic.com)"
216.73.216.99 - - [16/Apr/2026:08:40:45 -0600] "GET /shop-goods/detail-829167679503 HTTP/1.1" 500 2576 "-" "Mozilla/5.0 AppleWebKit/537.36 (KHTML, like Gecko; compatible; ClaudeBot/1.0; +claudebot@anthropic.com)"
216.73.216.99 - - [16/Apr/2026:08:40:49 -0600] "GET /shop-goods/detail-82883169899 HTTP/1.1" 500 2576 "-" "Mozilla/5.0 AppleWebKit/537.36 (KHTML, like Gecko; compatible; ClaudeBot/1.0; +claudebot@anthropic.com)"
216.73.216.99 - - [16/Apr/2026:08:40:53 -0600] "GET /shop-goods/detail-829110718063 HTTP/1.1" 500 2576 "-" "Mozilla/5.0 AppleWebKit/537.36 (KHTML, like Gecko; compatible; ClaudeBot/1.0; +claudebot@anthropic.com)"
216.73.216.99 - - [16/Apr/2026:08:40:59 -0600] "GET /shop-goods/detail-828812467531 HTTP/1.1" 500 2576 "-" "Mozilla/5.0 AppleWebKit/537.36 (KHTML, like Gecko; compatible; ClaudeBot/1.0; +claudebot@anthropic.com)"
216.73.216.99 - - [16/Apr/2026:08:41:04 -0600] "GET /shop-goods/detail-82901407669 HTTP/1.1" 500 2576 "-" "Mozilla/5.0 AppleWebKit/537.36 (KHTML, like Gecko; compatible; ClaudeBot/1.0; +claudebot@anthropic.com)"
216.73.216.99 - - [16/Apr/2026:08:41:08 -0600] "GET /shop-goods/detail-82893717844 HTTP/1.1" 500 2576 "-" "Mozilla/5.0 AppleWebKit/537.36 (KHTML, like Gecko; compatible; ClaudeBot/1.0; +claudebot@anthropic.com)"
216.73.216.99 - - [16/Apr/2026:08:41:13 -0600] "GET /shop-goods/detail-82893976804 HTTP/1.1" 500 2576 "-" "Mozilla/5.0 AppleWebKit/537.36 (KHTML, like Gecko; compatible; ClaudeBot/1.0; +claudebot@anthropic.com)"
74.7.227.52 - - [16/Apr/2026:08:41:21 -0600] "GET /shop-goods/detail-828921634074 HTTP/1.1" 500 2576 "https://twb.ebh.mybluehost.me/sitemap_shop_941.xml" "Mozilla/5.0 AppleWebKit/537.36 (KHTML, like Gecko; compatible; GPTBot/1.3; +https://openai.com/gptbot)"
216.73.216.99 - - [16/Apr/2026:08:41:39 -0600] "GET /shop-goods/detail-829320652771 HTTP/1.1" 500 2576 "-" "Mozilla/5.0 AppleWebKit/537.36 (KHTML, like Gecko; compatible; ClaudeBot/1.0; +claudebot@anthropic.com)"
216.73.216.99 - - [16/Apr/2026:08:41:45 -0600] "GET /shop-goods/detail-828945504772 HTTP/1.1" 500 2576 "-" "Mozilla/5.0 AppleWebKit/537.36 (KHTML, like Gecko; compatible; ClaudeBot/1.0; +claudebot@anthropic.com)"
216.73.216.99 - - [16/Apr/2026:08:41:49 -0600] "GET /shop-goods/detail-828812130363 HTTP/1.1" 500 2576 "-" "Mozilla/5.0 AppleWebKit/537.36 (KHTML, like Gecko; compatible; ClaudeBot/1.0; +claudebot@anthropic.com)"
100.23.89.77 - - [16/Apr/2026:08:41:54 -0600] "GET /wp-content/uploads/2021/11/bannerslide1-2.jpg HTTP/1.1" 200 69459 "https://thelomad.com/" "Mozilla/5.0 (Linux; Android 13; SM-A037U) AppleWebKit/537.36 (KHTML, like Gecko) Chrome/140.0.0.0 Mobile Safari/537.36"
100.23.89.77 - - [16/Apr/2026:08:41:54 -0600] "GET /wp-content/uploads/2021/08/AdobeStock_108033031-D.jpg HTTP/1.1" 200 107876 "https://thelomad.com/" "Mozilla/5.0 (Linux; Android 13; SM-A037U) AppleWebKit/537.36 (KHTML, like Gecko) Chrome/140.0.0.0 Mobile Safari/537.36"
100.23.89.77 - - [16/Apr/2026:08:41:54 -0600] "GET /wp-content/uploads/2021/11/bannerslide3.jpeg HTTP/1.1" 200 98646 "https://thelomad.com/" "Mozilla/5.0 (Linux; Android 13; SM-A037U) AppleWebKit/537.36 (KHTML, like Gecko) Chrome/140.0.0.0 Mobile Safari/537.36"
100.23.89.77 - - [16/Apr/2026:08:41:54 -0600] "GET /wp-content/uploads/2021/11/bannerslid2.jpeg HTTP/1.1" 200 99293 "https://thelomad.com/" "Mozilla/5.0 (Linux; Android 13; SM-A037U) AppleWebKit/537.36 (KHTML, like Gecko) Chrome/140.0.0.0 Mobile Safari/537.36"
100.23.89.77 - - [16/Apr/2026:08:41:54 -0600] "GET /wp-contentlomad-test.getmad.today/wp-content/uploads/2021/09/AdobeStock_209705558.jpeg HTTP/1.1" 500 2576 "https://thelomad.com/" "Mozilla/5.0 (Linux; Android 13; SM-A037U) AppleWebKit/537.36 (KHTML, like Gecko) Chrome/140.0.0.0 Mobile Safari/537.36"
100.23.89.77 - - [16/Apr/2026:08:41:54 -0600] "GET /wp-content/uploads/2022/09/LOMAD-Logo-190x120-1.jpg HTTP/1.1" 200 13167 "https://thelomad.com/" "Mozilla/5.0 (Linux; Android 13; SM-A037U) AppleWebKit/537.36 (KHTML, like Gecko) Chrome/140.0.0.0 Mobile Safari/537.36"
100.23.89.77 - - [16/Apr/2026:08:41:54 -0600] "GET /wp-content/uploads/2021/09/MWBE-Logo-300x141-1.png HTTP/1.1" 200 30999 "https://thelomad.com/" "Mozilla/5.0 (Linux; Android 13; SM-A037U) AppleWebKit/537.36 (KHTML, like Gecko) Chrome/140.0.0.0 Mobile Safari/537.36"
100.23.89.77 - - [16/Apr/2026:08:41:54 -0600] "GET /wp-contentlomad-test.getmad.today/wp-content/uploads/2021/09/AdobeStock_443605491-1.jpg HTTP/1.1" 500 2576 "https://thelomad.com/" "Mozilla/5.0 (Linux; Android 13; SM-A037U) AppleWebKit/537.36 (KHTML, like Gecko) Chrome/140.0.0.0 Mobile Safari/537.36"
216.73.216.99 - - [16/Apr/2026:08:41:54 -0600] "GET /shop-goods/detail-828951781216 HTTP/1.1" 500 2576 "-" "Mozilla/5.0 AppleWebKit/537.36 (KHTML, like Gecko; compatible; ClaudeBot/1.0; +claudebot@anthropic.com)"
216.73.216.99 - - [16/Apr/2026:08:41:59 -0600] "GET /shop-goods/detail-82928495798 HTTP/1.1" 500 2576 "-" "Mozilla/5.0 AppleWebKit/537.36 (KHTML, like Gecko; compatible; ClaudeBot/1.0; +claudebot@anthropic.com)"
216.73.216.99 - - [16/Apr/2026:08:42:04 -0600] "GET /shop-goods/detail-829314702434 HTTP/1.1" 500 2576 "-" "Mozilla/5.0 AppleWebKit/537.36 (KHTML, like Gecko; compatible; ClaudeBot/1.0; +claudebot@anthropic.com)"
216.73.216.99 - - [16/Apr/2026:08:42:12 -0600] "GET /shop-goods/detail-82938874956 HTTP/1.1" 500 2576 "-" "Mozilla/5.0 AppleWebKit/537.36 (KHTML, like Gecko; compatible; ClaudeBot/1.0; +claudebot@anthropic.com)"
216.73.216.99 - - [16/Apr/2026:08:42:16 -0600] "GET /shop-goods/detail-82907470468 HTTP/1.1" 500 2576 "-" "Mozilla/5.0 AppleWebKit/537.36 (KHTML, like Gecko; compatible; ClaudeBot/1.0; +claudebot@anthropic.com)"
216.73.216.99 - - [16/Apr/2026:08:42:19 -0600] "GET /shop-goods/detail-829028159749 HTTP/1.1" 500 2576 "-" "Mozilla/5.0 AppleWebKit/537.36 (KHTML, like Gecko; compatible; ClaudeBot/1.0; +claudebot@anthropic.com)"
216.73.216.99 - - [16/Apr/2026:08:42:24 -0600] "GET /shop-goods/detail-82911615877 HTTP/1.1" 500 2576 "-" "Mozilla/5.0 AppleWebKit/537.36 (KHTML, like Gecko; compatible; ClaudeBot/1.0; +claudebot@anthropic.com)"
74.7.227.52 - - [16/Apr/2026:08:42:24 -0600] "GET /shop-goods/detail-829019397945 HTTP/1.1" 500 2576 "https://twb.ebh.mybluehost.me/sitemap_shop_941.xml" "Mozilla/5.0 AppleWebKit/537.36 (KHTML, like Gecko; compatible; GPTBot/1.3; +https://openai.com/gptbot)"
216.73.216.99 - - [16/Apr/2026:08:42:29 -0600] "GET /shop-goods/detail-829131910303 HTTP/1.1" 500 2576 "-" "Mozilla/5.0 AppleWebKit/537.36 (KHTML, like Gecko; compatible; ClaudeBot/1.0; +claudebot@anthropic.com)"
216.73.216.99 - - [16/Apr/2026:08:42:34 -0600] "GET /shop-goods/detail-829128982893 HTTP/1.1" 500 2576 "-" "Mozilla/5.0 AppleWebKit/537.36 (KHTML, like Gecko; compatible; ClaudeBot/1.0; +claudebot@anthropic.com)"
216.73.216.99 - - [16/Apr/2026:08:42:39 -0600] "GET /shop-goods/detail-82886267406 HTTP/1.1" 500 2576 "-" "Mozilla/5.0 AppleWebKit/537.36 (KHTML, like Gecko; compatible; ClaudeBot/1.0; +claudebot@anthropic.com)"
216.73.216.99 - - [16/Apr/2026:08:42:44 -0600] "GET /shop-goods/detail-82935561330 HTTP/1.1" 500 2576 "-" "Mozilla/5.0 AppleWebKit/537.36 (KHTML, like Gecko; compatible; ClaudeBot/1.0; +claudebot@anthropic.com)"
216.73.216.99 - - [16/Apr/2026:08:42:51 -0600] "GET /shop-goods/detail-829010061813 HTTP/1.1" 500 2576 "-" "Mozilla/5.0 AppleWebKit/537.36 (KHTML, like Gecko; compatible; ClaudeBot/1.0; +claudebot@anthropic.com)"
216.73.216.99 - - [16/Apr/2026:08:42:55 -0600] "GET /shop-goods/detail-82901485525 HTTP/1.1" 500 2576 "-" "Mozilla/5.0 AppleWebKit/537.36 (KHTML, like Gecko; compatible; ClaudeBot/1.0; +claudebot@anthropic.com)"
216.73.216.99 - - [16/Apr/2026:08:42:59 -0600] "GET /shop-goods/detail-82901209044 HTTP/1.1" 500 2576 "-" "Mozilla/5.0 AppleWebKit/537.36 (KHTML, like Gecko; compatible; ClaudeBot/1.0; +claudebot@anthropic.com)"
216.73.216.99 - - [16/Apr/2026:08:43:04 -0600] "GET /shop-goods/detail-829314523275 HTTP/1.1" 500 2576 "-" "Mozilla/5.0 AppleWebKit/537.36 (KHTML, like Gecko; compatible; ClaudeBot/1.0; +claudebot@anthropic.com)"
216.73.216.99 - - [16/Apr/2026:08:43:10 -0600] "GET /shop-goods/detail-829344773122 HTTP/1.1" 500 2576 "-" "Mozilla/5.0 AppleWebKit/537.36 (KHTML, like Gecko; compatible; ClaudeBot/1.0; +claudebot@anthropic.com)"
216.73.216.99 - - [16/Apr/2026:08:43:17 -0600] "GET /shop-goods/detail-82886224984 HTTP/1.1" 500 2576 "-" "Mozilla/5.0 AppleWebKit/537.36 (KHTML, like Gecko; compatible; ClaudeBot/1.0; +claudebot@anthropic.com)"
216.73.216.99 - - [16/Apr/2026:08:43:22 -0600] "GET /shop-goods/detail-82938994374 HTTP/1.1" 500 2576 "-" "Mozilla/5.0 AppleWebKit/537.36 (KHTML, like Gecko; compatible; ClaudeBot/1.0; +claudebot@anthropic.com)"
52.55.2.163 - - [16/Apr/2026:08:43:24 -0600] "GET / HTTP/1.1" 301 273 "-" "node-fetch/1.0 (+https://github.com/bitinn/node-fetch)"
52.55.2.163 - - [16/Apr/2026:08:43:24 -0600] "GET / HTTP/1.1" 301 273 "-" "node-fetch/1.0 (+https://github.com/bitinn/node-fetch)"
52.55.2.163 - - [16/Apr/2026:08:43:24 -0600] "GET / HTTP/1.1" 301 273 "-" "node-fetch/1.0 (+https://github.com/bitinn/node-fetch)"
52.55.2.163 - - [16/Apr/2026:08:43:24 -0600] "GET / HTTP/1.1" 301 273 "-" "node-fetch/1.0 (+https://github.com/bitinn/node-fetch)"
52.55.2.163 - - [16/Apr/2026:08:43:24 -0600] "GET / HTTP/1.1" 301 273 "-" "node-fetch/1.0 (+https://github.com/bitinn/node-fetch)"
52.55.2.163 - - [16/Apr/2026:08:43:24 -0600] "GET / HTTP/1.1" 301 273 "-" "node-fetch/1.0 (+https://github.com/bitinn/node-fetch)"
52.55.2.163 - - [16/Apr/2026:08:43:24 -0600] "GET / HTTP/1.1" 301 273 "-" "node-fetch/1.0 (+https://github.com/bitinn/node-fetch)"
52.55.2.163 - - [16/Apr/2026:08:43:24 -0600] "GET / HTTP/1.1" 301 273 "-" "node-fetch/1.0 (+https://github.com/bitinn/node-fetch)"
52.55.2.163 - - [16/Apr/2026:08:43:24 -0600] "GET / HTTP/1.1" 301 273 "-" "node-fetch/1.0 (+https://github.com/bitinn/node-fetch)"
52.55.2.163 - - [16/Apr/2026:08:43:24 -0600] "GET /robots.txt HTTP/1.1" 200 113 "-" "node-fetch/1.0 (+https://github.com/bitinn/node-fetch)"
52.55.2.163 - - [16/Apr/2026:08:43:24 -0600] "GET / HTTP/1.1" 301 273 "-" "node-fetch/1.0 (+https://github.com/bitinn/node-fetch)"
52.55.2.163 - - [16/Apr/2026:08:43:24 -0600] "GET / HTTP/1.1" 301 273 "-" "node-fetch/1.0 (+https://github.com/bitinn/node-fetch)"
52.55.2.163 - - [16/Apr/2026:08:43:24 -0600] "GET / HTTP/1.1" 301 273 "-" "node-fetch/1.0 (+https://github.com/bitinn/node-fetch)"
52.55.2.163 - - [16/Apr/2026:08:43:24 -0600] "GET / HTTP/1.1" 301 273 "-" "node-fetch/1.0 (+https://github.com/bitinn/node-fetch)"
52.55.2.163 - - [16/Apr/2026:08:43:24 -0600] "GET / HTTP/1.1" 301 273 "-" "node-fetch/1.0 (+https://github.com/bitinn/node-fetch)"
52.55.2.163 - - [16/Apr/2026:08:43:24 -0600] "GET / HTTP/1.1" 301 273 "-" "node-fetch/1.0 (+https://github.com/bitinn/node-fetch)"
52.55.2.163 - - [16/Apr/2026:08:43:24 -0600] "GET / HTTP/1.1" 301 273 "-" "node-fetch/1.0 (+https://github.com/bitinn/node-fetch)"
52.55.2.163 - - [16/Apr/2026:08:43:24 -0600] "GET / HTTP/1.1" 301 273 "-" "node-fetch/1.0 (+https://github.com/bitinn/node-fetch)"
52.55.2.163 - - [16/Apr/2026:08:43:24 -0600] "GET / HTTP/1.1" 301 273 "-" "node-fetch/1.0 (+https://github.com/bitinn/node-fetch)"
52.55.2.163 - - [16/Apr/2026:08:43:24 -0600] "GET / HTTP/1.1" 301 273 "-" "node-fetch/1.0 (+https://github.com/bitinn/node-fetch)"
52.55.2.163 - - [16/Apr/2026:08:43:24 -0600] "GET / HTTP/1.1" 301 273 "-" "node-fetch/1.0 (+https://github.com/bitinn/node-fetch)"
52.55.2.163 - - [16/Apr/2026:08:43:24 -0600] "GET / HTTP/1.1" 301 273 "-" "node-fetch/1.0 (+https://github.com/bitinn/node-fetch)"
52.55.2.163 - - [16/Apr/2026:08:43:24 -0600] "GET / HTTP/1.1" 301 273 "-" "node-fetch/1.0 (+https://github.com/bitinn/node-fetch)"
52.55.2.163 - - [16/Apr/2026:08:43:24 -0600] "GET / HTTP/1.1" 301 273 "-" "node-fetch/1.0 (+https://github.com/bitinn/node-fetch)"
52.55.2.163 - - [16/Apr/2026:08:43:24 -0600] "GET /index.html HTTP/1.1" 500 2576 "-" "node-fetch/1.0 (+https://github.com/bitinn/node-fetch)"
216.73.216.99 - - [16/Apr/2026:08:43:24 -0600] "GET /shop-goods/detail-828945829332 HTTP/1.1" 500 2576 "-" "Mozilla/5.0 AppleWebKit/537.36 (KHTML, like Gecko; compatible; ClaudeBot/1.0; +claudebot@anthropic.com)"
74.7.227.52 - - [16/Apr/2026:08:43:29 -0600] "GET /shop-goods/detail-829010253493 HTTP/1.1" 500 2576 "https://twb.ebh.mybluehost.me/sitemap_index.xml" "Mozilla/5.0 AppleWebKit/537.36 (KHTML, like Gecko; compatible; GPTBot/1.3; +https://openai.com/gptbot)"
216.73.216.99 - - [16/Apr/2026:08:43:29 -0600] "GET /shop-goods/detail-828851077381 HTTP/1.1" 500 2576 "-" "Mozilla/5.0 AppleWebKit/537.36 (KHTML, like Gecko; compatible; ClaudeBot/1.0; +claudebot@anthropic.com)"
216.73.216.99 - - [16/Apr/2026:08:43:39 -0600] "GET /shop-goods/detail-82932660538 HTTP/1.1" 500 2576 "-" "Mozilla/5.0 AppleWebKit/537.36 (KHTML, like Gecko; compatible; ClaudeBot/1.0; +claudebot@anthropic.com)"
216.73.216.99 - - [16/Apr/2026:08:43:41 -0600] "GET /shop-goods/detail-828927867975 HTTP/1.1" 500 2576 "-" "Mozilla/5.0 AppleWebKit/537.36 (KHTML, like Gecko; compatible; ClaudeBot/1.0; +claudebot@anthropic.com)"
216.73.216.99 - - [16/Apr/2026:08:43:44 -0600] "GET /shop-goods/detail-82911727463 HTTP/1.1" 500 2576 "-" "Mozilla/5.0 AppleWebKit/537.36 (KHTML, like Gecko; compatible; ClaudeBot/1.0; +claudebot@anthropic.com)"
40.77.167.16 - - [16/Apr/2026:08:43:46 -0600] "GET /shop-goods/detail-82922185500 HTTP/1.1" 200 197830 "-" "Mozilla/5.0 AppleWebKit/537.36 (KHTML, like Gecko; compatible; bingbot/2.0; +http://www.bing.com/bingbot.htm) Chrome/116.0.1938.76 Safari/537.36"
216.73.216.99 - - [16/Apr/2026:08:43:49 -0600] "GET /shop-goods/detail-829019468871 HTTP/1.1" 500 2576 "-" "Mozilla/5.0 AppleWebKit/537.36 (KHTML, like Gecko; compatible; ClaudeBot/1.0; +claudebot@anthropic.com)"
216.73.216.99 - - [16/Apr/2026:08:43:55 -0600] "GET /shop-goods/detail-82883159139 HTTP/1.1" 500 2576 "-" "Mozilla/5.0 AppleWebKit/537.36 (KHTML, like Gecko; compatible; ClaudeBot/1.0; +claudebot@anthropic.com)"
216.73.216.99 - - [16/Apr/2026:08:43:59 -0600] "GET /shop-goods/detail-82932577879 HTTP/1.1" 500 2576 "-" "Mozilla/5.0 AppleWebKit/537.36 (KHTML, like Gecko; compatible; ClaudeBot/1.0; +claudebot@anthropic.com)"
216.73.216.99 - - [16/Apr/2026:08:44:04 -0600] "GET /shop-goods/detail-82925407418 HTTP/1.1" 500 2576 "-" "Mozilla/5.0 AppleWebKit/537.36 (KHTML, like Gecko; compatible; ClaudeBot/1.0; +claudebot@anthropic.com)"
216.73.216.99 - - [16/Apr/2026:08:44:10 -0600] "GET /shop-goods/detail-82935563610 HTTP/1.1" 500 2576 "-" "Mozilla/5.0 AppleWebKit/537.36 (KHTML, like Gecko; compatible; ClaudeBot/1.0; +claudebot@anthropic.com)"
47.128.44.233 - - [16/Apr/2026:08:44:10 -0600] "GET /shop-goods/detail-82901275369 HTTP/1.1" 500 2576 "-" "Mozilla/5.0 (Linux; Android 5.0) AppleWebKit/537.36 (KHTML, like Gecko) Mobile Safari/537.36 (compatible; Bytespider; spider-feedback@bytedance.com)"
216.73.216.99 - - [16/Apr/2026:08:44:14 -0600] "GET /shop-goods/detail-82886270131 HTTP/1.1" 500 2576 "-" "Mozilla/5.0 AppleWebKit/537.36 (KHTML, like Gecko; compatible; ClaudeBot/1.0; +claudebot@anthropic.com)"
216.73.216.99 - - [16/Apr/2026:08:44:20 -0600] "GET /shop-goods/detail-82914684890 HTTP/1.1" 500 2576 "-" "Mozilla/5.0 AppleWebKit/537.36 (KHTML, like Gecko; compatible; ClaudeBot/1.0; +claudebot@anthropic.com)"
216.73.216.99 - - [16/Apr/2026:08:44:24 -0600] "GET /shop-goods/detail-82889303238 HTTP/1.1" 500 2576 "-" "Mozilla/5.0 AppleWebKit/537.36 (KHTML, like Gecko; compatible; ClaudeBot/1.0; +claudebot@anthropic.com)"
216.73.216.99 - - [16/Apr/2026:08:44:29 -0600] "GET /shop-goods/detail-82893670917 HTTP/1.1" 500 2576 "-" "Mozilla/5.0 AppleWebKit/537.36 (KHTML, like Gecko; compatible; ClaudeBot/1.0; +claudebot@anthropic.com)"
74.7.227.52 - - [16/Apr/2026:08:44:32 -0600] "GET /shop-goods/detail-829217018540 HTTP/1.1" 500 2576 "https://twb.ebh.mybluehost.me/sitemap_shop_941.xml" "Mozilla/5.0 AppleWebKit/537.36 (KHTML, like Gecko; compatible; GPTBot/1.3; +https://openai.com/gptbot)"
216.73.216.99 - - [16/Apr/2026:08:44:35 -0600] "GET /shop-goods/detail-82883188844 HTTP/1.1" 500 2576 "-" "Mozilla/5.0 AppleWebKit/537.36 (KHTML, like Gecko; compatible; ClaudeBot/1.0; +claudebot@anthropic.com)"
69.31.136.111 - - [16/Apr/2026:08:44:36 -0600] "GET / HTTP/1.1" 301 273 "-" "Mozilla/5.0 (X11; Linux x86_64; rv:23.0) Gecko/20100101 Firefox/23.0"
216.73.216.99 - - [16/Apr/2026:08:45:11 -0600] "GET /shop-goods/detail-829034458759 HTTP/1.1" 500 2576 "-" "Mozilla/5.0 AppleWebKit/537.36 (KHTML, like Gecko; compatible; ClaudeBot/1.0; +claudebot@anthropic.com)"
216.73.216.99 - - [16/Apr/2026:08:45:16 -0600] "GET /shop-goods/detail-82938673797 HTTP/1.1" 500 2576 "-" "Mozilla/5.0 AppleWebKit/537.36 (KHTML, like Gecko; compatible; ClaudeBot/1.0; +claudebot@anthropic.com)"
216.73.216.99 - - [16/Apr/2026:08:45:20 -0600] "GET /shop-goods/detail-829344900945 HTTP/1.1" 500 2576 "-" "Mozilla/5.0 AppleWebKit/537.36 (KHTML, like Gecko; compatible; ClaudeBot/1.0; +claudebot@anthropic.com)"
216.73.216.99 - - [16/Apr/2026:08:45:25 -0600] "GET /shop-goods/detail-82896600583 HTTP/1.1" 500 2576 "-" "Mozilla/5.0 AppleWebKit/537.36 (KHTML, like Gecko; compatible; ClaudeBot/1.0; +claudebot@anthropic.com)"
216.73.216.99 - - [16/Apr/2026:08:45:31 -0600] "GET /shop-goods/detail-829019379978 HTTP/1.1" 500 2576 "-" "Mozilla/5.0 AppleWebKit/537.36 (KHTML, like Gecko; compatible; ClaudeBot/1.0; +claudebot@anthropic.com)"
216.73.216.99 - - [16/Apr/2026:08:45:35 -0600] "GET /shop-goods/detail-82932502764 HTTP/1.1" 500 2576 "-" "Mozilla/5.0 AppleWebKit/537.36 (KHTML, like Gecko; compatible; ClaudeBot/1.0; +claudebot@anthropic.com)"
74.7.227.52 - - [16/Apr/2026:08:45:37 -0600] "GET /shop-goods/detail-829326695504 HTTP/1.1" 500 2576 "https://twb.ebh.mybluehost.me/sitemap_shop_302.xml" "Mozilla/5.0 AppleWebKit/537.36 (KHTML, like Gecko; compatible; GPTBot/1.3; +https://openai.com/gptbot)"
216.73.216.99 - - [16/Apr/2026:08:45:41 -0600] "GET /shop-goods/detail-828924504762 HTTP/1.1" 500 2576 "-" "Mozilla/5.0 AppleWebKit/537.36 (KHTML, like Gecko; compatible; ClaudeBot/1.0; +claudebot@anthropic.com)"
216.73.216.99 - - [16/Apr/2026:08:45:46 -0600] "GET /shop-goods/detail-828948640088 HTTP/1.1" 500 2576 "-" "Mozilla/5.0 AppleWebKit/537.36 (KHTML, like Gecko; compatible; ClaudeBot/1.0; +claudebot@anthropic.com)"
216.73.216.99 - - [16/Apr/2026:08:45:51 -0600] "GET /shop-goods/detail-829046330506 HTTP/1.1" 500 2576 "-" "Mozilla/5.0 AppleWebKit/537.36 (KHTML, like Gecko; compatible; ClaudeBot/1.0; +claudebot@anthropic.com)"
114.119.143.172 - - [16/Apr/2026:08:45:53 -0600] "GET /news-and-events-2/action~month/exact_date~1564632000/cat_ids~88,87,89/request_format~json?full-site=true HTTP/1.1" 500 2576 "https://getmad.today/news-and-events-2/action~month/exact_date~1564632000/cat_ids~88,87,89/request_format~json" "Mozilla/5.0 (Linux; Android 7.0;) AppleWebKit/537.36 (KHTML, like Gecko) Mobile Safari/537.36 (compatible; PetalBot;+https://webmaster.petalsearch.com/site/petalbot)"
216.73.216.99 - - [16/Apr/2026:08:45:56 -0600] "GET /shop-goods/detail-828942597674 HTTP/1.1" 500 2576 "-" "Mozilla/5.0 AppleWebKit/537.36 (KHTML, like Gecko; compatible; ClaudeBot/1.0; +claudebot@anthropic.com)"
216.73.216.99 - - [16/Apr/2026:08:46:01 -0600] "GET /shop-goods/detail-829043291206 HTTP/1.1" 500 2576 "-" "Mozilla/5.0 AppleWebKit/537.36 (KHTML, like Gecko; compatible; ClaudeBot/1.0; +claudebot@anthropic.com)"
216.73.216.99 - - [16/Apr/2026:08:46:06 -0600] "GET /shop-goods/detail-82938953905 HTTP/1.1" 500 2576 "-" "Mozilla/5.0 AppleWebKit/537.36 (KHTML, like Gecko; compatible; ClaudeBot/1.0; +claudebot@anthropic.com)"
216.73.216.99 - - [16/Apr/2026:08:46:11 -0600] "GET /shop-goods/detail-829043421014 HTTP/1.1" 500 2576 "-" "Mozilla/5.0 AppleWebKit/537.36 (KHTML, like Gecko; compatible; ClaudeBot/1.0; +claudebot@anthropic.com)"
216.73.216.99 - - [16/Apr/2026:08:46:16 -0600] "GET /shop-goods/detail-82922259291 HTTP/1.1" 500 2576 "-" "Mozilla/5.0 AppleWebKit/537.36 (KHTML, like Gecko; compatible; ClaudeBot/1.0; +claudebot@anthropic.com)"
216.73.216.99 - - [16/Apr/2026:08:46:22 -0600] "GET /shop-goods/detail-829223391023 HTTP/1.1" 500 2576 "-" "Mozilla/5.0 AppleWebKit/537.36 (KHTML, like Gecko; compatible; ClaudeBot/1.0; +claudebot@anthropic.com)"
216.73.216.99 - - [16/Apr/2026:08:46:26 -0600] "GET /shop-goods/detail-828942538979 HTTP/1.1" 500 2576 "-" "Mozilla/5.0 AppleWebKit/537.36 (KHTML, like Gecko; compatible; ClaudeBot/1.0; +claudebot@anthropic.com)"
216.73.216.99 - - [16/Apr/2026:08:46:31 -0600] "GET /shop-goods/detail-829110537505 HTTP/1.1" 500 2576 "-" "Mozilla/5.0 AppleWebKit/537.36 (KHTML, like Gecko; compatible; ClaudeBot/1.0; +claudebot@anthropic.com)"
216.73.216.99 - - [16/Apr/2026:08:46:37 -0600] "GET /shop-goods/detail-82925051309 HTTP/1.1" 500 2576 "-" "Mozilla/5.0 AppleWebKit/537.36 (KHTML, like Gecko; compatible; ClaudeBot/1.0; +claudebot@anthropic.com)"
216.73.216.99 - - [16/Apr/2026:08:46:41 -0600] "GET /shop-goods/detail-82922371215 HTTP/1.1" 500 2576 "-" "Mozilla/5.0 AppleWebKit/537.36 (KHTML, like Gecko; compatible; ClaudeBot/1.0; +claudebot@anthropic.com)"
74.7.227.52 - - [16/Apr/2026:08:46:42 -0600] "GET /shop-goods/detail-829217058619 HTTP/1.1" 500 2576 "https://twb.ebh.mybluehost.me/sitemap_shop_941.xml" "Mozilla/5.0 AppleWebKit/537.36 (KHTML, like Gecko; compatible; GPTBot/1.3; +https://openai.com/gptbot)"
216.73.216.99 - - [16/Apr/2026:08:46:46 -0600] "GET /shop-goods/detail-82922342311 HTTP/1.1" 500 2576 "-" "Mozilla/5.0 AppleWebKit/537.36 (KHTML, like Gecko; compatible; ClaudeBot/1.0; +claudebot@anthropic.com)"
216.73.216.99 - - [16/Apr/2026:08:46:51 -0600] "GET /shop-goods/detail-82899653158 HTTP/1.1" 500 2576 "-" "Mozilla/5.0 AppleWebKit/537.36 (KHTML, like Gecko; compatible; ClaudeBot/1.0; +claudebot@anthropic.com)"
216.73.216.99 - - [16/Apr/2026:08:46:56 -0600] "GET /shop-goods/detail-82932998955 HTTP/1.1" 500 2576 "-" "Mozilla/5.0 AppleWebKit/537.36 (KHTML, like Gecko; compatible; ClaudeBot/1.0; +claudebot@anthropic.com)"
216.73.216.99 - - [16/Apr/2026:08:47:01 -0600] "GET /shop-goods/detail-82932721706 HTTP/1.1" 500 2576 "-" "Mozilla/5.0 AppleWebKit/537.36 (KHTML, like Gecko; compatible; ClaudeBot/1.0; +claudebot@anthropic.com)"
216.73.216.99 - - [16/Apr/2026:08:47:06 -0600] "GET /shop-goods/detail-82932769768 HTTP/1.1" 500 2576 "-" "Mozilla/5.0 AppleWebKit/537.36 (KHTML, like Gecko; compatible; ClaudeBot/1.0; +claudebot@anthropic.com)"
216.73.216.99 - - [16/Apr/2026:08:47:13 -0600] "GET /shop-goods/detail-82922018980 HTTP/1.1" 500 2576 "-" "Mozilla/5.0 AppleWebKit/537.36 (KHTML, like Gecko; compatible; ClaudeBot/1.0; +claudebot@anthropic.com)"
216.73.216.99 - - [16/Apr/2026:08:47:16 -0600] "GET /shop-goods/detail-82932682976 HTTP/1.1" 500 2576 "-" "Mozilla/5.0 AppleWebKit/537.36 (KHTML, like Gecko; compatible; ClaudeBot/1.0; +claudebot@anthropic.com)"
216.73.216.99 - - [16/Apr/2026:08:47:22 -0600] "GET /shop-goods/detail-828830160766 HTTP/1.1" 500 2576 "-" "Mozilla/5.0 AppleWebKit/537.36 (KHTML, like Gecko; compatible; ClaudeBot/1.0; +claudebot@anthropic.com)"
66.249.74.70 - - [16/Apr/2026:08:47:23 -0600] "GET /shop-goods/detail-82922128216 HTTP/1.1" 200 196066 "-" "Mozilla/5.0 (Linux; Android 6.0.1; Nexus 5X Build/MMB29P) AppleWebKit/537.36 (KHTML, like Gecko) Chrome/146.0.7680.177 Mobile Safari/537.36 (compatible; Googlebot/2.1; +http://www.google.com/bot.html)"
216.73.216.99 - - [16/Apr/2026:08:47:27 -0600] "GET /shop-goods/detail-82904490113 HTTP/1.1" 500 2576 "-" "Mozilla/5.0 AppleWebKit/537.36 (KHTML, like Gecko; compatible; ClaudeBot/1.0; +claudebot@anthropic.com)"
216.73.216.99 - - [16/Apr/2026:08:47:32 -0600] "GET /shop-goods/detail-82889126537 HTTP/1.1" 500 2576 "-" "Mozilla/5.0 AppleWebKit/537.36 (KHTML, like Gecko; compatible; ClaudeBot/1.0; +claudebot@anthropic.com)"
216.73.216.99 - - [16/Apr/2026:08:47:37 -0600] "GET /shop-goods/detail-82935563908 HTTP/1.1" 500 2576 "-" "Mozilla/5.0 AppleWebKit/537.36 (KHTML, like Gecko; compatible; ClaudeBot/1.0; +claudebot@anthropic.com)"
216.73.216.99 - - [16/Apr/2026:08:47:42 -0600] "GET /shop-goods/detail-82911809685 HTTP/1.1" 500 2576 "-" "Mozilla/5.0 AppleWebKit/537.36 (KHTML, like Gecko; compatible; ClaudeBot/1.0; +claudebot@anthropic.com)"
74.7.227.52 - - [16/Apr/2026:08:47:43 -0600] "GET /shop-goods/detail-829317608749 HTTP/1.1" 500 2576 "https://twb.ebh.mybluehost.me/sitemap_shop_941.xml" "Mozilla/5.0 AppleWebKit/537.36 (KHTML, like Gecko; compatible; GPTBot/1.3; +https://openai.com/gptbot)"
216.73.216.99 - - [16/Apr/2026:08:47:47 -0600] "GET /shop-goods/detail-82886051213 HTTP/1.1" 500 2576 "-" "Mozilla/5.0 AppleWebKit/537.36 (KHTML, like Gecko; compatible; ClaudeBot/1.0; +claudebot@anthropic.com)"
216.73.216.99 - - [16/Apr/2026:08:47:52 -0600] "GET /shop-goods/detail-828824389773 HTTP/1.1" 500 2576 "-" "Mozilla/5.0 AppleWebKit/537.36 (KHTML, like Gecko; compatible; ClaudeBot/1.0; +claudebot@anthropic.com)"
216.73.216.99 - - [16/Apr/2026:08:47:57 -0600] "GET /shop-goods/detail-82883282090 HTTP/1.1" 500 2576 "-" "Mozilla/5.0 AppleWebKit/537.36 (KHTML, like Gecko; compatible; ClaudeBot/1.0; +claudebot@anthropic.com)"
216.73.216.99 - - [16/Apr/2026:08:48:02 -0600] "GET /shop-goods/detail-82914645815 HTTP/1.1" 500 2576 "-" "Mozilla/5.0 AppleWebKit/537.36 (KHTML, like Gecko; compatible; ClaudeBot/1.0; +claudebot@anthropic.com)"
216.73.216.99 - - [16/Apr/2026:08:48:07 -0600] "GET /shop-goods/detail-829326695546 HTTP/1.1" 500 2576 "-" "Mozilla/5.0 AppleWebKit/537.36 (KHTML, like Gecko; compatible; ClaudeBot/1.0; +claudebot@anthropic.com)"
216.73.216.99 - - [16/Apr/2026:08:48:12 -0600] "GET /shop-goods/detail-829125680805 HTTP/1.1" 500 2576 "-" "Mozilla/5.0 AppleWebKit/537.36 (KHTML, like Gecko; compatible; ClaudeBot/1.0; +claudebot@anthropic.com)"
47.128.44.40 - - [16/Apr/2026:08:48:13 -0600] "GET /shop-goods/detail-8288122176 HTTP/1.1" 500 2576 "-" "Mozilla/5.0 (Linux; Android 5.0) AppleWebKit/537.36 (KHTML, like Gecko) Mobile Safari/537.36 (compatible; Bytespider; spider-feedback@bytedance.com)"
216.73.216.99 - - [16/Apr/2026:08:48:34 -0600] "GET /shop-goods/detail-82883174822 HTTP/1.1" 500 2576 "-" "Mozilla/5.0 AppleWebKit/537.36 (KHTML, like Gecko; compatible; ClaudeBot/1.0; +claudebot@anthropic.com)"
216.73.216.99 - - [16/Apr/2026:08:48:35 -0600] "GET /shop-goods/detail-828824173728 HTTP/1.1" 500 2576 "-" "Mozilla/5.0 AppleWebKit/537.36 (KHTML, like Gecko; compatible; ClaudeBot/1.0; +claudebot@anthropic.com)"
216.73.216.99 - - [16/Apr/2026:08:48:40 -0600] "GET /shop-goods/detail-82932687401 HTTP/1.1" 500 2576 "-" "Mozilla/5.0 AppleWebKit/537.36 (KHTML, like Gecko; compatible; ClaudeBot/1.0; +claudebot@anthropic.com)"
216.73.216.99 - - [16/Apr/2026:08:48:45 -0600] "GET /shop-goods/detail-829028217007 HTTP/1.1" 500 2576 "-" "Mozilla/5.0 AppleWebKit/537.36 (KHTML, like Gecko; compatible; ClaudeBot/1.0; +claudebot@anthropic.com)"
74.7.227.52 - - [16/Apr/2026:08:48:45 -0600] "GET /shop-goods/detail-829317644609 HTTP/1.1" 500 2576 "https://twb.ebh.mybluehost.me/sitemap_shop_941.xml" "Mozilla/5.0 AppleWebKit/537.36 (KHTML, like Gecko; compatible; GPTBot/1.3; +https://openai.com/gptbot)"
216.73.216.99 - - [16/Apr/2026:08:48:50 -0600] "GET /shop-goods/detail-828827348319 HTTP/1.1" 500 2576 "-" "Mozilla/5.0 AppleWebKit/537.36 (KHTML, like Gecko; compatible; ClaudeBot/1.0; +claudebot@anthropic.com)"
216.73.216.99 - - [16/Apr/2026:08:48:55 -0600] "GET /shop-goods/detail-828875121820 HTTP/1.1" 500 2576 "-" "Mozilla/5.0 AppleWebKit/537.36 (KHTML, like Gecko; compatible; ClaudeBot/1.0; +claudebot@anthropic.com)"
216.73.216.99 - - [16/Apr/2026:08:49:01 -0600] "GET /shop-goods/detail-82907254440 HTTP/1.1" 500 2576 "-" "Mozilla/5.0 AppleWebKit/537.36 (KHTML, like Gecko; compatible; ClaudeBot/1.0; +claudebot@anthropic.com)"
216.73.216.99 - - [16/Apr/2026:08:49:05 -0600] "GET /shop-goods/detail-82893689153 HTTP/1.1" 500 2576 "-" "Mozilla/5.0 AppleWebKit/537.36 (KHTML, like Gecko; compatible; ClaudeBot/1.0; +claudebot@anthropic.com)"
216.73.216.99 - - [16/Apr/2026:08:49:10 -0600] "GET /shop-goods/detail-82938823640 HTTP/1.1" 500 2576 "-" "Mozilla/5.0 AppleWebKit/537.36 (KHTML, like Gecko; compatible; ClaudeBot/1.0; +claudebot@anthropic.com)"
216.73.216.99 - - [16/Apr/2026:08:49:15 -0600] "GET /shop-goods/detail-828927867948 HTTP/1.1" 500 2576 "-" "Mozilla/5.0 AppleWebKit/537.36 (KHTML, like Gecko; compatible; ClaudeBot/1.0; +claudebot@anthropic.com)"
216.73.216.99 - - [16/Apr/2026:08:49:20 -0600] "GET /shop-goods/detail-82893898065 HTTP/1.1" 500 2576 "-" "Mozilla/5.0 AppleWebKit/537.36 (KHTML, like Gecko; compatible; ClaudeBot/1.0; +claudebot@anthropic.com)"
216.73.216.99 - - [16/Apr/2026:08:49:25 -0600] "GET /shop-goods/detail-828815457000 HTTP/1.1" 500 2576 "-" "Mozilla/5.0 AppleWebKit/537.36 (KHTML, like Gecko; compatible; ClaudeBot/1.0; +claudebot@anthropic.com)"
216.73.216.99 - - [16/Apr/2026:08:49:30 -0600] "GET /shop-goods/detail-829052160002 HTTP/1.1" 500 2576 "-" "Mozilla/5.0 AppleWebKit/537.36 (KHTML, like Gecko; compatible; ClaudeBot/1.0; +claudebot@anthropic.com)"
216.73.216.99 - - [16/Apr/2026:08:49:35 -0600] "GET /shop-goods/detail-82917748638 HTTP/1.1" 500 2576 "-" "Mozilla/5.0 AppleWebKit/537.36 (KHTML, like Gecko; compatible; ClaudeBot/1.0; +claudebot@anthropic.com)"
216.73.216.99 - - [16/Apr/2026:08:49:40 -0600] "GET /shop-goods/detail-828815206678 HTTP/1.1" 500 2576 "-" "Mozilla/5.0 AppleWebKit/537.36 (KHTML, like Gecko; compatible; ClaudeBot/1.0; +claudebot@anthropic.com)"
216.73.216.99 - - [16/Apr/2026:08:49:45 -0600] "GET /shop-goods/detail-82922029128 HTTP/1.1" 500 2576 "-" "Mozilla/5.0 AppleWebKit/537.36 (KHTML, like Gecko; compatible; ClaudeBot/1.0; +claudebot@anthropic.com)"
216.73.216.99 - - [16/Apr/2026:08:49:50 -0600] "GET /shop-goods/detail-82938645502 HTTP/1.1" 500 2576 "-" "Mozilla/5.0 AppleWebKit/537.36 (KHTML, like Gecko; compatible; ClaudeBot/1.0; +claudebot@anthropic.com)"
74.7.227.52 - - [16/Apr/2026:08:49:50 -0600] "GET /shop-goods/detail-829119670857 HTTP/1.1" 500 2576 "https://twb.ebh.mybluehost.me/sitemap_shop_941.xml" "Mozilla/5.0 AppleWebKit/537.36 (KHTML, like Gecko; compatible; GPTBot/1.3; +https://openai.com/gptbot)"
216.73.216.99 - - [16/Apr/2026:08:49:55 -0600] "GET /shop-goods/detail-829128695232 HTTP/1.1" 500 2576 "-" "Mozilla/5.0 AppleWebKit/537.36 (KHTML, like Gecko; compatible; ClaudeBot/1.0; +claudebot@anthropic.com)"
216.73.216.99 - - [16/Apr/2026:08:50:00 -0600] "GET /shop-goods/detail-829128997432 HTTP/1.1" 500 2576 "-" "Mozilla/5.0 AppleWebKit/537.36 (KHTML, like Gecko; compatible; ClaudeBot/1.0; +claudebot@anthropic.com)"
216.73.216.99 - - [16/Apr/2026:08:50:05 -0600] "GET /shop-goods/detail-82893934012 HTTP/1.1" 500 2576 "-" "Mozilla/5.0 AppleWebKit/537.36 (KHTML, like Gecko; compatible; ClaudeBot/1.0; +claudebot@anthropic.com)"
216.73.216.99 - - [16/Apr/2026:08:50:10 -0600] "GET /shop-goods/detail-82935594812 HTTP/1.1" 500 2576 "-" "Mozilla/5.0 AppleWebKit/537.36 (KHTML, like Gecko; compatible; ClaudeBot/1.0; +claudebot@anthropic.com)"
216.73.216.99 - - [16/Apr/2026:08:50:15 -0600] "GET /shop-goods/detail-82935642258 HTTP/1.1" 500 2576 "-" "Mozilla/5.0 AppleWebKit/537.36 (KHTML, like Gecko; compatible; ClaudeBot/1.0; +claudebot@anthropic.com)"
216.73.216.99 - - [16/Apr/2026:08:50:22 -0600] "GET /shop-goods/detail-82893930874 HTTP/1.1" 500 2576 "-" "Mozilla/5.0 AppleWebKit/537.36 (KHTML, like Gecko; compatible; ClaudeBot/1.0; +claudebot@anthropic.com)"
216.73.216.99 - - [16/Apr/2026:08:50:25 -0600] "GET /shop-goods/detail-828818245051 HTTP/1.1" 500 2576 "-" "Mozilla/5.0 AppleWebKit/537.36 (KHTML, like Gecko; compatible; ClaudeBot/1.0; +claudebot@anthropic.com)"
216.73.216.99 - - [16/Apr/2026:08:50:30 -0600] "GET /shop-goods/detail-82886184181 HTTP/1.1" 500 2576 "-" "Mozilla/5.0 AppleWebKit/537.36 (KHTML, like Gecko; compatible; ClaudeBot/1.0; +claudebot@anthropic.com)"
40.77.167.132 - - [16/Apr/2026:08:50:33 -0600] "GET /shop-goods/detail-82922419318 HTTP/1.1" 200 191775 "-" "Mozilla/5.0 AppleWebKit/537.36 (KHTML, like Gecko; compatible; bingbot/2.0; +http://www.bing.com/bingbot.htm) Chrome/116.0.1938.76 Safari/537.36"
216.73.216.99 - - [16/Apr/2026:08:50:35 -0600] "GET /shop-goods/detail-82896711360 HTTP/1.1" 500 2576 "-" "Mozilla/5.0 AppleWebKit/537.36 (KHTML, like Gecko; compatible; ClaudeBot/1.0; +claudebot@anthropic.com)"
216.73.216.99 - - [16/Apr/2026:08:50:40 -0600] "GET /shop-goods/detail-82917614265 HTTP/1.1" 500 2576 "-" "Mozilla/5.0 AppleWebKit/537.36 (KHTML, like Gecko; compatible; ClaudeBot/1.0; +claudebot@anthropic.com)"
216.73.216.99 - - [16/Apr/2026:08:50:45 -0600] "GET /shop-goods/detail-829220111685 HTTP/1.1" 500 2576 "-" "Mozilla/5.0 AppleWebKit/537.36 (KHTML, like Gecko; compatible; ClaudeBot/1.0; +claudebot@anthropic.com)"
216.73.216.99 - - [16/Apr/2026:08:50:50 -0600] "GET /shop-goods/detail-82889161270 HTTP/1.1" 500 2576 "-" "Mozilla/5.0 AppleWebKit/537.36 (KHTML, like Gecko; compatible; ClaudeBot/1.0; +claudebot@anthropic.com)"
74.7.227.52 - - [16/Apr/2026:08:50:52 -0600] "GET /shop-goods/detail-829010256144 HTTP/1.1" 500 2576 "https://twb.ebh.mybluehost.me/sitemap_index.xml" "Mozilla/5.0 AppleWebKit/537.36 (KHTML, like Gecko; compatible; GPTBot/1.3; +https://openai.com/gptbot)"
216.73.216.99 - - [16/Apr/2026:08:50:55 -0600] "GET /shop-goods/detail-82928277075 HTTP/1.1" 500 2576 "-" "Mozilla/5.0 AppleWebKit/537.36 (KHTML, like Gecko; compatible; ClaudeBot/1.0; +claudebot@anthropic.com)"
216.73.216.99 - - [16/Apr/2026:08:51:00 -0600] "GET /shop-goods/detail-82911931245 HTTP/1.1" 500 2576 "-" "Mozilla/5.0 AppleWebKit/537.36 (KHTML, like Gecko; compatible; ClaudeBot/1.0; +claudebot@anthropic.com)"
216.73.216.99 - - [16/Apr/2026:08:51:05 -0600] "GET /shop-goods/detail-829052277460 HTTP/1.1" 500 2576 "-" "Mozilla/5.0 AppleWebKit/537.36 (KHTML, like Gecko; compatible; ClaudeBot/1.0; +claudebot@anthropic.com)"
216.73.216.99 - - [16/Apr/2026:08:51:11 -0600] "GET /shop-goods/detail-82896697031 HTTP/1.1" 500 2576 "-" "Mozilla/5.0 AppleWebKit/537.36 (KHTML, like Gecko; compatible; ClaudeBot/1.0; +claudebot@anthropic.com)"
216.73.216.99 - - [16/Apr/2026:08:51:15 -0600] "GET /shop-goods/detail-82893616882 HTTP/1.1" 500 2576 "-" "Mozilla/5.0 AppleWebKit/537.36 (KHTML, like Gecko; compatible; ClaudeBot/1.0; +claudebot@anthropic.com)"
216.73.216.99 - - [16/Apr/2026:08:51:20 -0600] "GET /shop-goods/detail-828945863445 HTTP/1.1" 500 2576 "-" "Mozilla/5.0 AppleWebKit/537.36 (KHTML, like Gecko; compatible; ClaudeBot/1.0; +claudebot@anthropic.com)"
216.73.216.99 - - [16/Apr/2026:08:51:25 -0600] "GET /shop-goods/detail-829028137768 HTTP/1.1" 500 2576 "-" "Mozilla/5.0 AppleWebKit/537.36 (KHTML, like Gecko; compatible; ClaudeBot/1.0; +claudebot@anthropic.com)"
216.73.216.99 - - [16/Apr/2026:08:51:30 -0600] "GET /shop-goods/detail-82928316039 HTTP/1.1" 500 2576 "-" "Mozilla/5.0 AppleWebKit/537.36 (KHTML, like Gecko; compatible; ClaudeBot/1.0; +claudebot@anthropic.com)"
216.73.216.99 - - [16/Apr/2026:08:51:35 -0600] "GET /shop-goods/detail-829076343976 HTTP/1.1" 500 2576 "-" "Mozilla/5.0 AppleWebKit/537.36 (KHTML, like Gecko; compatible; ClaudeBot/1.0; +claudebot@anthropic.com)"
216.73.216.99 - - [16/Apr/2026:08:51:40 -0600] "GET /shop-goods/detail-82922442930 HTTP/1.1" 500 2576 "-" "Mozilla/5.0 AppleWebKit/537.36 (KHTML, like Gecko; compatible; ClaudeBot/1.0; +claudebot@anthropic.com)"
216.73.216.99 - - [16/Apr/2026:08:51:45 -0600] "GET /shop-goods/detail-82886202732 HTTP/1.1" 500 2576 "-" "Mozilla/5.0 AppleWebKit/537.36 (KHTML, like Gecko; compatible; ClaudeBot/1.0; +claudebot@anthropic.com)"
216.73.216.99 - - [16/Apr/2026:08:51:50 -0600] "GET /shop-goods/detail-829250102820 HTTP/1.1" 500 2576 "-" "Mozilla/5.0 AppleWebKit/537.36 (KHTML, like Gecko; compatible; ClaudeBot/1.0; +claudebot@anthropic.com)"
74.7.227.52 - - [16/Apr/2026:08:51:53 -0600] "GET /shop-goods/detail-829010316743 HTTP/1.1" 500 2576 "https://twb.ebh.mybluehost.me/sitemap_index.xml" "Mozilla/5.0 AppleWebKit/537.36 (KHTML, like Gecko; compatible; GPTBot/1.3; +https://openai.com/gptbot)"
216.73.216.99 - - [16/Apr/2026:08:51:55 -0600] "GET /shop-goods/detail-82893550861 HTTP/1.1" 500 2576 "-" "Mozilla/5.0 AppleWebKit/537.36 (KHTML, like Gecko; compatible; ClaudeBot/1.0; +claudebot@anthropic.com)"
216.73.216.99 - - [16/Apr/2026:08:52:00 -0600] "GET /shop-goods/detail-82893816708 HTTP/1.1" 500 2576 "-" "Mozilla/5.0 AppleWebKit/537.36 (KHTML, like Gecko; compatible; ClaudeBot/1.0; +claudebot@anthropic.com)"
216.73.216.99 - - [16/Apr/2026:08:52:05 -0600] "GET /shop-goods/detail-828818063599 HTTP/1.1" 500 2576 "-" "Mozilla/5.0 AppleWebKit/537.36 (KHTML, like Gecko; compatible; ClaudeBot/1.0; +claudebot@anthropic.com)"
40.77.167.235 - - [16/Apr/2026:08:52:07 -0600] "GET /shop-goods/detail-82901006823 HTTP/1.1" 200 196153 "-" "Mozilla/5.0 AppleWebKit/537.36 (KHTML, like Gecko; compatible; bingbot/2.0; +http://www.bing.com/bingbot.htm) Chrome/116.0.1938.76 Safari/537.36"
